141.109.228.97 - - [02/Sep/2026:06:53:06 -0700] "GET /wp-content/themes/boldgrid-uptempo/inc/boldgrid-theme-framework/assets/js/bootstrap/bootstrap.min.js?ver=3.3.6 HTTP/2.0" 200 37045 "https://rockymountainlax.com/senior-b/" "Mozilla/5.0 (Macintosh; Intel Mac OS X 10_15_7) AppleWebKit/537.36 (KHTML, like Gecko) Chrome/150.0.0.0 Safari/537.36"
141.109.228.97 - - [02/Sep/2026:06:53:06 -0700] "GET /wp-content/themes/boldgrid-uptempo/inc/boldgrid-theme-framework/assets/js/smartmenus/jquery.smartmenus.min.js?ver=1.4 HTTP/2.0" 200 24548 "https://rockymountainlax.com/senior-b/" "Mozilla/5.0 (Macintosh; Intel Mac OS X 10_15_7) AppleWebKit/537.36 (KHTML, like Gecko) Chrome/150.0.0.0 Safari/537.36"
141.109.228.97 - - [02/Sep/2026:06:53:06 -0700] "GET /wp-content/themes/boldgrid-uptempo/inc/boldgrid-theme-framework/assets/js/smartmenus/addons/bootstrap/jquery.smartmenus.bootstrap.min.js?ver=1.4 HTTP/2.0" 200 2789 "https://rockymountainlax.com/senior-b/" "Mozilla/5.0 (Macintosh; Intel Mac OS X 10_15_7) AppleWebKit/537.36 (KHTML, like Gecko) Chrome/150.0.0.0 Safari/537.36"
141.109.228.97 - - [02/Sep/2026:06:53:06 -0700] "GET /wp-content/themes/boldgrid-uptempo/inc/boldgrid-theme-framework/assets/js/front-end.min.js?ver=1.19.1 HTTP/2.0" 200 6279 "https://rockymountainlax.com/senior-b/" "Mozilla/5.0 (Macintosh; Intel Mac OS X 10_15_7) AppleWebKit/537.36 (KHTML, like Gecko) Chrome/150.0.0.0 Safari/537.36"
141.109.228.97 - - [02/Sep/2026:06:53:06 -0700] "GET /wp-content/themes/boldgrid-uptempo/inc/boldgrid-theme-framework/assets/js/modernizr.min.js?ver=1.19.1 HTTP/2.0" 200 5190 "https://rockymountainlax.com/senior-b/" "Mozilla/5.0 (Macintosh; Intel Mac OS X 10_15_7) AppleWebKit/537.36 (KHTML, like Gecko) Chrome/150.0.0.0 Safari/537.36"
141.109.228.97 - - [02/Sep/2026:06:53:06 -0700] "GET /wp-content/plugins/post-and-page-builder/assets/dist/public.min.js?ver=1.27.13 HTTP/2.0" 200 20634 "https://rockymountainlax.com/senior-b/" "Mozilla/5.0 (Macintosh; Intel Mac OS X 10_15_7) AppleWebKit/537.36 (KHTML, like Gecko) Chrome/150.0.0.0 Safari/537.36"
141.109.228.97 - - [02/Sep/2026:06:53:06 -0700] "GET /wp-content/plugins/post-and-page-builder-premium/dist/application.min.js?ver=1.2.6 HTTP/2.0" 200 62807 "https://rockymountainlax.com/senior-b/" "Mozilla/5.0 (Macintosh; Intel Mac OS X 10_15_7) AppleWebKit/537.36 (KHTML, like Gecko) Chrome/150.0.0.0 Safari/537.36"
141.109.228.97 - - [02/Sep/2026:06:53:06 -0700] "GET /wp-content/themes/boldgrid-uptempo/inc/boldgrid-theme-framework/assets/fonts/fontawesome-webfont.woff2?v=4.7.0 HTTP/2.0" 200 77160 "https://rockymountainlax.com/wp-content/themes/boldgrid-uptempo/inc/boldgrid-theme-framework/assets/css/font-awesome/font-awesome.min.css?ver=4.7" "Mozilla/5.0 (Macintosh; Intel Mac OS X 10_15_7) AppleWebKit/537.36 (KHTML, like Gecko) Chrome/150.0.0.0 Safari/537.36"
141.109.228.97 - - [02/Sep/2026:06:53:06 -0700] "GET /wp-includes/js/wp-emoji-release.min.js?ver=6.7.7 HTTP/2.0" 200 18726 "https://rockymountainlax.com/senior-b/" "Mozilla/5.0 (Macintosh; Intel Mac OS X 10_15_7) AppleWebKit/537.36 (KHTML, like Gecko) Chrome/150.0.0.0 Safari/537.36"
141.109.228.97 - - [02/Sep/2026:06:53:06 -0700] "GET /wp-content/plugins/float-to-top-button/images/arrow005.png HTTP/2.0" 200 4018 "https://rockymountainlax.com/senior-b/" "Mozilla/5.0 (Macintosh; Intel Mac OS X 10_15_7) AppleWebKit/537.36 (KHTML, like Gecko) Chrome/150.0.0.0 Safari/537.36"
141.109.228.97 - - [02/Sep/2026:06:53:06 -0700] "GET /wp-content/uploads/2019/04/cropped-Untitled-design-21-32x32.png HTTP/2.0" 200 1000 "https://rockymountainlax.com/senior-b/" "Mozilla/5.0 (Macintosh; Intel Mac OS X 10_15_7) AppleWebKit/537.36 (KHTML, like Gecko) Chrome/150.0.0.0 Safari/537.36"
129.153.193.191 - - [02/Sep/2026:06:53:07 -0700] "GET /junior-b-tier-3/ HTTP/1.1" 200 89131 "https://rockymountainlax.com/?p=3490" "Mozilla/5.0 (X11; Linux aarch64) AppleWebKit/537.36 (KHTML, like Gecko) Chrome/139.0.0.0 Safari/537.36"
141.109.228.97 - - [02/Sep/2026:06:53:08 -0700] "GET /sr-b-teams/ HTTP/2.0" 200 86974 "https://rockymountainlax.com/senior-b/" "Mozilla/5.0 (Macintosh; Intel Mac OS X 10_15_7) AppleWebKit/537.36 (KHTML, like Gecko) Chrome/150.0.0.0 Safari/537.36"
122.51.174.48 - - [02/Sep/2026:06:48:08 -0700] "GET / HTTP/1.1" 200 106488 "-" "Mozilla/5.0 (Linux; Android 10; LIO-AN00 Build/HUAWEILIO-AN00; wv) MicroMessenger Weixin QQ AppleWebKit/537.36 (KHTML, like Gecko) Version/4.0 Chrome/78.0.3904.62 XWEB/2692 MMWEBSDK/200901 Mobile Safari/537.36"
149.88.16.181 - - [02/Sep/2026:06:53:32 -0700] "GET / HTTP/2.0" 200 150878 "-" "Mozilla/5.0 (iPhone; CPU iPhone OS 18_7 like Mac OS X) AppleWebKit/605.1.15 (KHTML, like Gecko) Version/26.6.1 Mobile/15E148 Safari/604.1"
149.88.16.181 - - [02/Sep/2026:06:53:32 -0700] "GET /wp-content/uploads/2026/08/Gold-Tier-II-Xtreme-2026-300x234.jpg HTTP/2.0" 304 - "https://rockymountainlax.com/" "Mozilla/5.0 (iPhone; CPU iPhone OS 18_7 like Mac OS X) AppleWebKit/605.1.15 (KHTML, like Gecko) Version/26.6 Mobile/15E148 Safari/604.1"
149.88.16.181 - - [02/Sep/2026:06:53:32 -0700] "GET /wp-content/uploads/2026/08/Gold-Miners-Sr.-B-2026-300x216.jpeg HTTP/2.0" 304 - "https://rockymountainlax.com/" "Mozilla/5.0 (iPhone; CPU iPhone OS 18_7 like Mac OS X) AppleWebKit/605.1.15 (KHTML, like Gecko) Version/26.6 Mobile/15E148 Safari/604.1"
149.88.16.181 - - [02/Sep/2026:06:53:32 -0700] "GET /wp-content/uploads/2026/08/mavericks-1-300x214.jpeg HTTP/2.0" 304 - "https://rockymountainlax.com/" "Mozilla/5.0 (iPhone; CPU iPhone OS 18_7 like Mac OS X) AppleWebKit/605.1.15 (KHTML, like Gecko) Version/26.6 Mobile/15E148 Safari/604.1"
149.88.16.181 - - [02/Sep/2026:06:53:32 -0700] "GET /wp-content/uploads/2026/08/Tier-I-North-Points-2026-225x300.jpeg HTTP/2.0" 304 - "https://rockymountainlax.com/" "Mozilla/5.0 (iPhone; CPU iPhone OS 18_7 like Mac OS X) AppleWebKit/605.1.15 (KHTML, like Gecko) Version/26.6 Mobile/15E148 Safari/604.1"
149.88.16.181 - - [02/Sep/2026:06:53:32 -0700] "GET /wp-content/uploads/2026/08/U22-Female-Gold-2026-300x200.png HTTP/2.0" 304 - "https://rockymountainlax.com/" "Mozilla/5.0 (iPhone; CPU iPhone OS 18_7 like Mac OS X) AppleWebKit/605.1.15 (KHTML, like Gecko) Version/26.6 Mobile/15E148 Safari/604.1"
149.88.16.181 - - [02/Sep/2026:06:53:32 -0700] "GET /wp-content/uploads/2026/08/Founders-Bronze-Mavericks-2026-300x225.png HTTP/2.0" 304 - "https://rockymountainlax.com/" "Mozilla/5.0 (iPhone; CPU iPhone OS 18_7 like Mac OS X) AppleWebKit/605.1.15 (KHTML, like Gecko) Version/26.6 Mobile/15E148 Safari/604.1"
149.88.16.181 - - [02/Sep/2026:06:53:32 -0700] "GET /wp-content/plugins/float-to-top-button/images/arrow005.png HTTP/2.0" 200 4018 "https://rockymountainlax.com/" "Mozilla/5.0 (iPhone; CPU iPhone OS 18_7 like Mac OS X) AppleWebKit/605.1.15 (KHTML, like Gecko) Version/26.6 Mobile/15E148 Safari/604.1"
149.88.16.181 - - [02/Sep/2026:06:53:32 -0700] "GET /wp-content/uploads/2025/11/2025-Bill-Sucha-Award-Terry-Dokken-scaled-e1763598300773-269x300.jpeg HTTP/2.0" 200 31443 "https://rockymountainlax.com/" "Mozilla/5.0 (iPhone; CPU iPhone OS 18_7 like Mac OS X) AppleWebKit/605.1.15 (KHTML, like Gecko) Version/26.6 Mobile/15E148 Safari/604.1"
149.88.16.181 - - [02/Sep/2026:06:53:32 -0700] "GET /wp-content/uploads/2026/07/Saints-Gold-2026-300x200.jpg HTTP/2.0" 304 - "https://rockymountainlax.com/" "Mozilla/5.0 (iPhone; CPU iPhone OS 18_7 like Mac OS X) AppleWebKit/605.1.15 (KHTML, like Gecko) Version/26.6 Mobile/15E148 Safari/604.1"
149.88.16.181 - - [02/Sep/2026:06:53:32 -0700] "GET /wp-content/uploads/2026/08/Founders-Bronze-Mavericks-2026.png HTTP/2.0" 304 - "https://rockymountainlax.com/" "Mozilla/5.0 (iPhone; CPU iPhone OS 18_7 like Mac OS X) AppleWebKit/605.1.15 (KHTML, like Gecko) Version/26.6 Mobile/15E148 Safari/604.1"
149.88.16.181 - - [02/Sep/2026:06:53:32 -0700] "GET /wp-content/uploads/2026/08/Jayden-Sommerfeld-226x300.jpeg HTTP/2.0" 304 - "https://rockymountainlax.com/" "Mozilla/5.0 (iPhone; CPU iPhone OS 18_7 like Mac OS X) AppleWebKit/605.1.15 (KHTML, like Gecko) Version/26.6 Mobile/15E148 Safari/604.1"
149.88.16.181 - - [02/Sep/2026:06:53:32 -0700] "GET /wp-content/uploads/2026/08/Raiders-Champs-300x225.jpeg HTTP/2.0" 304 - "https://rockymountainlax.com/" "Mozilla/5.0 (iPhone; CPU iPhone OS 18_7 like Mac OS X) AppleWebKit/605.1.15 (KHTML, like Gecko) Version/26.6 Mobile/15E148 Safari/604.1"
149.88.16.181 - - [02/Sep/2026:06:53:32 -0700] "GET /wp-content/uploads/2026/07/Tier-II-South-Division-Champs-Wranglers-2026-300x225.jpg HTTP/2.0" 304 - "https://rockymountainlax.com/" "Mozilla/5.0 (iPhone; CPU iPhone OS 18_7 like Mac OS X) AppleWebKit/605.1.15 (KHTML, like Gecko) Version/26.6 Mobile/15E148 Safari/604.1"
149.88.16.181 - - [02/Sep/2026:06:53:32 -0700] "GET /wp-content/uploads/2026/07/Tier-II-North-Playoff-Champs-2026-300x168.jpg HTTP/2.0" 304 - "https://rockymountainlax.com/" "Mozilla/5.0 (iPhone; CPU iPhone OS 18_7 like Mac OS X) AppleWebKit/605.1.15 (KHTML, like Gecko) Version/26.6 Mobile/15E148 Safari/604.1"
149.88.16.181 - - [02/Sep/2026:06:53:32 -0700] "GET /wp-content/uploads/2026/08/Gold-Miners-Sr.-B-2026-scaled.jpeg HTTP/2.0" 304 - "https://rockymountainlax.com/" "Mozilla/5.0 (iPhone; CPU iPhone OS 18_7 like Mac OS X) AppleWebKit/605.1.15 (KHTML, like Gecko) Version/26.6 Mobile/15E148 Safari/604.1"
149.88.16.181 - - [02/Sep/2026:06:53:32 -0700] "GET /wp-content/uploads/2026/09/New-Franchise-Tier-Change-Request-2-300x200.png HTTP/2.0" 200 100037 "https://rockymountainlax.com/" "Mozilla/5.0 (iPhone; CPU iPhone OS 18_7 like Mac OS X) AppleWebKit/605.1.15 (KHTML, like Gecko) Version/26.6.1 Mobile/15E148 Safari/604.1"
149.88.16.181 - - [02/Sep/2026:06:53:33 -0700] "GET /wp-content/plugins/unitegallery/unitegallery-plugin/images/lightbox-icon-close.png HTTP/2.0" 200 946 "https://rockymountainlax.com/" "Mozilla/5.0 (iPhone; CPU iPhone OS 18_7 like Mac OS X) AppleWebKit/605.1.15 (KHTML, like Gecko) Version/26.6.1 Mobile/15E148 Safari/604.1"
149.88.16.181 - - [02/Sep/2026:06:53:33 -0700] "GET /wp-content/uploads/2019/04/cropped-Untitled-design-21-32x32.png HTTP/2.0" 200 1000 "https://rockymountainlax.com/" "Mozilla/5.0 (iPhone; CPU iPhone OS 18_7 like Mac OS X) AppleWebKit/605.1.15 (KHTML, like Gecko) Version/26.6.1 Mobile/15E148 Safari/604.1"
173.231.200.77 - - [02/Sep/2026:06:53:34 -0700] "POST /wp-cron.php?doing_wp_cron=1788357214.0445220470428466796875 HTTP/1.1" 200 - "-" "WordPress/6.7.7; https://rockymountainlax.com"
149.88.16.181 - - [02/Sep/2026:06:53:33 -0700] "GET /apple-touch-icon-120x120-precomposed.png HTTP/2.0" 404 85067 "-" "Mozilla/5.0 (iPhone; CPU iPhone OS 18_7 like Mac OS X) AppleWebKit/605.1.15 (KHTML, like Gecko) Safari"
149.88.16.181 - - [02/Sep/2026:06:53:34 -0700] "GET /apple-touch-icon-120x120.png HTTP/2.0" 404 85067 "-" "Mozilla/5.0 (iPhone; CPU iPhone OS 18_7 like Mac OS X) AppleWebKit/605.1.15 (KHTML, like Gecko) Safari"
149.88.16.181 - - [02/Sep/2026:06:53:34 -0700] "GET /wp-content/uploads/2019/04/cropped-Untitled-design-21-180x180.png HTTP/2.0" 200 18331 "-" "Mozilla/5.0 (iPhone; CPU iPhone OS 18_7 like Mac OS X) AppleWebKit/605.1.15 (KHTML, like Gecko) Safari"
149.88.16.181 - - [02/Sep/2026:06:53:36 -0700] "GET /senior-b/ HTTP/2.0" 200 90317 "https://rockymountainlax.com/" "Mozilla/5.0 (iPhone; CPU iPhone OS 18_7 like Mac OS X) AppleWebKit/605.1.15 (KHTML, like Gecko) Version/26.6.1 Mobile/15E148 Safari/604.1"
162.120.185.218 - - [02/Sep/2026:06:54:18 -0700] "GET / HTTP/2.0" 200 150876 "https://www.google.com/" "Mozilla/5.0 (Macintosh; Intel Mac OS X 10_15_7) AppleWebKit/537.36 (KHTML, like Gecko) Chrome/150.0.0.0 Safari/537.36"
141.109.228.97 - - [02/Sep/2026:06:54:24 -0700] "GET /senior-c/ HTTP/2.0" 200 86585 "https://rockymountainlax.com/senior-b/" "Mozilla/5.0 (Macintosh; Intel Mac OS X 10_15_7) AppleWebKit/537.36 (KHTML, like Gecko) Chrome/150.0.0.0 Safari/537.36"
141.109.228.97 - - [02/Sep/2026:06:54:28 -0700] "GET /sr-c-teams/ HTTP/2.0" 200 86666 "https://rockymountainlax.com/senior-c/" "Mozilla/5.0 (Macintosh; Intel Mac OS X 10_15_7) AppleWebKit/537.36 (KHTML, like Gecko) Chrome/150.0.0.0 Safari/537.36"
141.109.228.97 - - [02/Sep/2026:06:54:28 -0700] "GET /sr-c-teams/images/ui-bg_gloss-wave_20_d5d3d3_500x100.png HTTP/2.0" 404 85067 "https://rockymountainlax.com/sr-c-teams/" "Mozilla/5.0 (Macintosh; Intel Mac OS X 10_15_7) AppleWebKit/537.36 (KHTML, like Gecko) Chrome/150.0.0.0 Safari/537.36"
141.109.228.97 - - [02/Sep/2026:06:54:28 -0700] "GET /sr-c-teams/images/ui-bg_diagonals-thick_10_002035_40x40.png HTTP/2.0" 404 85067 "https://rockymountainlax.com/sr-c-teams/" "Mozilla/5.0 (Macintosh; Intel Mac OS X 10_15_7) AppleWebKit/537.36 (KHTML, like Gecko) Chrome/150.0.0.0 Safari/537.36"
173.231.200.77 - - [02/Sep/2026:06:54:28 -0700] "POST /wp-cron.php?doing_wp_cron=1788357268.9328219890594482421875 HTTP/1.1" 200 - "-" "WordPress/6.7.7; https://rockymountainlax.com"
141.109.228.97 - - [02/Sep/2026:06:54:28 -0700] "GET /sr-c-teams/images/ui-bg_dots-small_20_333333_2x2.png HTTP/2.0" 404 85067 "https://rockymountainlax.com/sr-c-teams/" "Mozilla/5.0 (Macintosh; Intel Mac OS X 10_15_7) AppleWebKit/537.36 (KHTML, like Gecko) Chrome/150.0.0.0 Safari/537.36"
141.109.228.97 - - [02/Sep/2026:06:54:30 -0700] "GET /sr-c-teams/images/ui-bg_dots-small_40_560000_2x2.png HTTP/2.0" 404 85067 "https://rockymountainlax.com/sr-c-teams/" "Mozilla/5.0 (Macintosh; Intel Mac OS X 10_15_7) AppleWebKit/537.36 (KHTML, like Gecko) Chrome/150.0.0.0 Safari/537.36"
199.119.235.203 - - [02/Sep/2026:06:52:18 -0700] "GET /wp-content/uploads/2026/08/Founders-Bronze-Mavericks-2026.png HTTP/2.0" 200 5004844 "https://rockymountainlax.com/" "Mozilla/5.0 (Linux; Android 10; K) AppleWebKit/537.36 (KHTML, like Gecko) SamsungBrowser/30.0 Chrome/143.0.0.0 Mobile Safari/537.36"
173.231.200.77 - - [02/Sep/2026:06:55:52 -0700] "POST /wp-cron.php?doing_wp_cron=1788357352.3607630729675292968750 HTTP/1.1" 200 - "-" "WordPress/6.7.7; https://rockymountainlax.com"
52.167.144.192 - - [02/Sep/2026:06:55:52 -0700] "GET /wp-sitemap-posts-post-1.xml HTTP/2.0" 200 658 "-" "Mozilla/5.0 AppleWebKit/537.36 (KHTML, like Gecko; compatible; bingbot/2.0; +http://www.bing.com/bingbot.htm) Chrome/116.0.1938.76 Safari/537.36"
69.171.234.3 - - [02/Sep/2026:06:56:26 -0700] "GET /rmll-new-franchise-applications-and-tier-change-requests/ HTTP/2.0" 200 91007 "-" "facebookexternalhit/1.1 (+http://www.facebook.com/externalhit_uatext.php)"
68.148.125.45 - - [02/Sep/2026:06:56:38 -0700] "GET /junior-b-tier-ii-jim-andrews-contacts/ HTTP/2.0" 200 99429 "-" "Mozilla/5.0 (Macintosh; Intel Mac OS X 10_11_1) AppleWebKit/601.2.4 (KHTML, like Gecko) Version/9.0.1 Safari/601.2.4 facebookexternalhit/1.1 Facebot Twitterbot/1.0"
68.148.125.45 - - [02/Sep/2026:06:56:38 -0700] "GET /wp-content/uploads/2019/04/cropped-Untitled-design-21-192x192.png HTTP/2.0" 200 12434 "-" "NetworkingExtension/8624.4.5.10.5 Network/5812.160.9 iOS/26.6"
68.148.125.45 - - [02/Sep/2026:06:56:38 -0700] "GET /wp-content/uploads/2019/04/cropped-Untitled-design-21-32x32.png HTTP/2.0" 200 1000 "-" "NetworkingExtension/8624.4.5.10.5 Network/5812.160.9 iOS/26.6"
68.148.125.45 - - [02/Sep/2026:06:56:38 -0700] "GET /wp-content/uploads/2019/04/cropped-Untitled-design-21-180x180.png HTTP/2.0" 200 18331 "-" "NetworkingExtension/8624.4.5.10.5 Network/5812.160.9 iOS/26.6"
173.231.200.77 - - [02/Sep/2026:06:56:38 -0700] "POST /wp-cron.php?doing_wp_cron=1788357398.4533150196075439453125 HTTP/1.1" 200 - "-" "WordPress/6.7.7; https://rockymountainlax.com"
68.148.125.45 - - [02/Sep/2026:06:56:38 -0700] "GET /favicon.ico HTTP/2.0" 302 - "-" "NetworkingExtension/8624.4.5.10.5 Network/5812.160.9 iOS/26.6"
68.148.125.45 - - [02/Sep/2026:06:56:38 -0700] "GET /wp-content/uploads/2019/04/cropped-Untitled-design-21-32x32.png HTTP/2.0" 200 1000 "-" "NetworkingExtension/8624.4.5.10.5 Network/5812.160.9 iOS/26.6"
68.148.125.45 - - [02/Sep/2026:06:56:38 -0700] "GET /apple-touch-icon-precomposed.png HTTP/2.0" 404 85067 "-" "NetworkingExtension/8624.4.5.10.5 Network/5812.160.9 iOS/26.6"
68.148.125.45 - - [02/Sep/2026:06:56:38 -0700] "GET /apple-touch-icon.png HTTP/2.0" 404 85067 "-" "NetworkingExtension/8624.4.5.10.5 Network/5812.160.9 iOS/26.6"
99.250.105.220 - - [02/Sep/2026:06:57:04 -0700] "GET /jr-a-schedule/ HTTP/2.0" 200 88823 "-" "Mozilla/5.0 (iPhone; CPU iPhone OS 26_6_1 like Mac OS X) AppleWebKit/605.1.15 (KHTML, like Gecko) CriOS/152.0.7977.64 Mobile/15E148 Safari/604.1"
99.250.105.220 - - [02/Sep/2026:06:57:05 -0700] "GET /wp-content/themes/boldgrid-uptempo/inc/boldgrid-theme-framework/assets/css/font-awesome/font-awesome.min.css?ver=4.7 HTTP/2.0" 200 29290 "https://rockymountainlax.com/jr-a-schedule/" "Mozilla/5.0 (iPhone; CPU iPhone OS 26_6_1 like Mac OS X) AppleWebKit/605.1.15 (KHTML, like Gecko) CriOS/152.0.7977.64 Mobile/15E148 Safari/604.1"
99.250.105.220 - - [02/Sep/2026:06:57:05 -0700] "GET /wp-content/themes/boldgrid-uptempo/inc/boldgrid-theme-framework/assets/css/smartmenus/sm-core-css.css?ver=1.19.1 HTTP/2.0" 200 900 "https://rockymountainlax.com/jr-a-schedule/" "Mozilla/5.0 (iPhone; CPU iPhone OS 26_6_1 like Mac OS X) AppleWebKit/605.1.15 (KHTML, like Gecko) CriOS/152.0.7977.64 Mobile/15E148 Safari/604.1"
99.250.105.220 - - [02/Sep/2026:06:57:05 -0700] "GET /wp-content/plugins/float-to-top-button/css/float-to-top-button.min.css?ver=2.3.3 HTTP/2.0" 200 894 "https://rockymountainlax.com/jr-a-schedule/" "Mozilla/5.0 (iPhone; CPU iPhone OS 26_6_1 like Mac OS X) AppleWebKit/605.1.15 (KHTML, like Gecko) CriOS/152.0.7977.64 Mobile/15E148 Safari/604.1"
99.250.105.220 - - [02/Sep/2026:06:57:05 -0700] "GET /wp-content/themes/boldgrid-uptempo/inc/boldgrid-theme-framework/assets/css/boldgrid-theme-framework.min.css?ver=1.19.1 HTTP/2.0" 200 40854 "https://rockymountainlax.com/jr-a-schedule/" "Mozilla/5.0 (iPhone; CPU iPhone OS 26_6_1 like Mac OS X) AppleWebKit/605.1.15 (KHTML, like Gecko) CriOS/152.0.7977.64 Mobile/15E148 Safari/604.1"
99.250.105.220 - - [02/Sep/2026:06:57:05 -0700] "GET /wp-content/themes/boldgrid-uptempo/inc/boldgrid-theme-framework/assets/css/bootstrap/bootstrap.min.css?ver=3.3.1 HTTP/2.0" 200 104024 "https://rockymountainlax.com/jr-a-schedule/" "Mozilla/5.0 (iPhone; CPU iPhone OS 26_6_1 like Mac OS X) AppleWebKit/605.1.15 (KHTML, like Gecko) CriOS/152.0.7977.64 Mobile/15E148 Safari/604.1"
99.250.105.220 - - [02/Sep/2026:06:57:05 -0700] "GET /wp-includes/css/dist/block-library/style.min.css?ver=6.7.7 HTTP/2.0" 200 114706 "https://rockymountainlax.com/jr-a-schedule/" "Mozilla/5.0 (iPhone; CPU iPhone OS 26_6_1 like Mac OS X) AppleWebKit/605.1.15 (KHTML, like Gecko) CriOS/152.0.7977.64 Mobile/15E148 Safari/604.1"
99.250.105.220 - - [02/Sep/2026:06:57:05 -0700] "GET /wp-content/themes/boldgrid-uptempo/inc/boldgrid-theme-framework/includes/kirki/assets/css/kirki-styles.css HTTP/2.0" 200 - "https://rockymountainlax.com/jr-a-schedule/" "Mozilla/5.0 (iPhone; CPU iPhone OS 26_6_1 like Mac OS X) AppleWebKit/605.1.15 (KHTML, like Gecko) CriOS/152.0.7977.64 Mobile/15E148 Safari/604.1"
99.250.105.220 - - [02/Sep/2026:06:57:05 -0700] "GET /wp-content/themes/boldgrid-uptempo/inc/boldgrid-theme-framework/assets/css/smartmenus/bootstrap/jquery.smartmenus.bootstrap.css?ver=1.19.1 HTTP/2.0" 200 3632 "https://rockymountainlax.com/jr-a-schedule/" "Mozilla/5.0 (iPhone; CPU iPhone OS 26_6_1 like Mac OS X) AppleWebKit/605.1.15 (KHTML, like Gecko) CriOS/152.0.7977.64 Mobile/15E148 Safari/604.1"
99.250.105.220 - - [02/Sep/2026:06:57:05 -0700] "GET /wp-content/themes/boldgrid-uptempo/css/color-palettes.css?ver=1557851937 HTTP/2.0" 200 13410 "https://rockymountainlax.com/jr-a-schedule/" "Mozilla/5.0 (iPhone; CPU iPhone OS 26_6_1 like Mac OS X) AppleWebKit/605.1.15 (KHTML, like Gecko) CriOS/152.0.7977.64 Mobile/15E148 Safari/604.1"
99.250.105.220 - - [02/Sep/2026:06:57:05 -0700] "GET /wp-content/plugins/post-and-page-builder-premium/dist/application.min.css?ver=1.2.6 HTTP/2.0" 200 15594 "https://rockymountainlax.com/jr-a-schedule/" "Mozilla/5.0 (iPhone; CPU iPhone OS 26_6_1 like Mac OS X) AppleWebKit/605.1.15 (KHTML, like Gecko) CriOS/152.0.7977.64 Mobile/15E148 Safari/604.1"
99.250.105.220 - - [02/Sep/2026:06:57:05 -0700] "GET /wp-content/plugins/post-and-page-builder/assets/css/components.min.css?ver=2.16.5 HTTP/2.0" 200 28640 "https://rockymountainlax.com/jr-a-schedule/" "Mozilla/5.0 (iPhone; CPU iPhone OS 26_6_1 like Mac OS X) AppleWebKit/605.1.15 (KHTML, like Gecko) CriOS/152.0.7977.64 Mobile/15E148 Safari/604.1"
99.250.105.220 - - [02/Sep/2026:06:57:05 -0700] "GET /wp-content/themes/boldgrid-uptempo/css/buttons.css?ver=1557851937 HTTP/2.0" 200 50245 "https://rockymountainlax.com/jr-a-schedule/" "Mozilla/5.0 (iPhone; CPU iPhone OS 26_6_1 like Mac OS X) AppleWebKit/605.1.15 (KHTML, like Gecko) CriOS/152.0.7977.64 Mobile/15E148 Safari/604.1"
173.231.200.77 - - [02/Sep/2026:06:57:43 -0700] "POST /wp-cron.php?doing_wp_cron=1788357463.6937139034271240234375 HTTP/1.1" 200 - "-" "WordPress/6.7.7; https://rockymountainlax.com"
185.191.171.6 - - [02/Sep/2026:06:57:43 -0700] "GET /robots.txt HTTP/1.1" 200 121 "-" "Mozilla/5.0 (compatible; SemrushBot/7~bl; +http://www.semrush.com/bot.html)"
85.208.96.201 - - [02/Sep/2026:06:57:44 -0700] "GET /entries/ HTTP/1.1" 200 89857 "-" "Mozilla/5.0 (compatible; SemrushBot/7~bl; +http://www.semrush.com/bot.html)"
173.231.200.77 - - [02/Sep/2026:06:58:30 -0700] "POST /wp-cron.php?doing_wp_cron=1788357510.2683339118957519531250 HTTP/1.1" 200 - "-" "WordPress/6.7.7; https://rockymountainlax.com"
52.167.144.213 - - [02/Sep/2026:06:58:30 -0700] "GET /calgary-axemen-floor-times/ HTTP/2.0" 301 - "-" "Mozilla/5.0 AppleWebKit/537.36 (KHTML, like Gecko; compatible; bingbot/2.0; +http://www.bing.com/bingbot.htm) Chrome/116.0.1938.76 Safari/537.36"
66.249.69.11 - - [02/Sep/2026:06:58:45 -0700] "GET /wp-content/uploads/2026/07/Sr.-C-Gold-Medalists-Sylvan-Lake-2026-300x201.jpeg HTTP/1.1" 304 - "-" "Googlebot-Image/1.0"
74.7.242.143 - - [02/Sep/2026:06:59:02 -0700] "GET /junior-a-awards/ HTTP/2.0" 200 93436 "-" "Mozilla/5.0 (Macintosh; Intel Mac OS X 10_15_7) AppleWebKit/537.36 (KHTML, like Gecko) Chrome/131.0.0.0 Safari/537.36; compatible; OAI-SearchBot/1.4; +https://openai.com/searchbot"
74.7.175.155 - - [02/Sep/2026:06:59:02 -0700] "GET /robots.txt HTTP/2.0" 200 121 "-" "Mozilla/5.0 (Macintosh; Intel Mac OS X 10_15_7) AppleWebKit/537.36 (KHTML, like Gecko) Chrome/131.0.0.0 Safari/537.36; compatible; OAI-SearchBot/1.4; robots.txt; +https://openai.com/searchbot"
74.7.228.254 - - [02/Sep/2026:06:59:05 -0700] "GET /?p=5526 HTTP/2.0" 301 - "https://rockymountainlax.com/junior-a-awards/" "Mozilla/5.0 (Macintosh; Intel Mac OS X 10_15_7) AppleWebKit/537.36 (KHTML, like Gecko) Chrome/131.0.0.0 Safari/537.36; compatible; OAI-SearchBot/1.4; +https://openai.com/searchbot"
173.231.200.77 - - [02/Sep/2026:07:00:03 -0700] "POST /wp-cron.php?doing_wp_cron=1788357603.6084411144256591796875 HTTP/1.1" 200 - "-" "WordPress/6.7.7; https://rockymountainlax.com"
161.123.121.85 - - [02/Sep/2026:07:00:03 -0700] "GET /robots.txt HTTP/1.1" 200 121 "-" "Mozilla/5.0 (Linux; Android 14; 23127PN0CC) AppleWebKit/537.36 (KHTML, like Gecko) Chrome/147.0.0.0 Mobile Safari/537.36"
100.28.133.214 - - [02/Sep/2026:07:01:08 -0700] "GET /jr-b-t1-contacts/ HTTP/1.1" 200 105323 "-" "Mozilla/5.0 AppleWebKit/537.36 (KHTML, like Gecko; compatible; Amazonbot/0.1; +https://developer.amazon.com/support/amazonbot) Chrome/119.0.6045.214 Safari/537.36"
18.213.240.226 - - [02/Sep/2026:07:01:12 -0700] "GET /jr-b-t2-cg-drafts/ HTTP/1.1" 200 86378 "-" "Mozilla/5.0 AppleWebKit/537.36 (KHTML, like Gecko; compatible; Amazonbot/0.1; +https://developer.amazon.com/support/amazonbot) Chrome/119.0.6045.214 Safari/537.36"
44.221.37.41 - - [02/Sep/2026:07:01:16 -0700] "GET /sr-b-championships/ HTTP/1.1" 200 101086 "-" "Mozilla/5.0 AppleWebKit/537.36 (KHTML, like Gecko; compatible; Amazonbot/0.1; +https://developer.amazon.com/support/amazonbot) Chrome/119.0.6045.214 Safari/537.36"
23.23.99.55 - - [02/Sep/2026:07:01:20 -0700] "GET /sr-c-rec/ HTTP/1.1" 200 86297 "-" "Mozilla/5.0 AppleWebKit/537.36 (KHTML, like Gecko; compatible; Amazonbot/0.1; +https://developer.amazon.com/support/amazonbot) Chrome/119.0.6045.214 Safari/537.36"
54.152.163.42 - - [02/Sep/2026:07:01:24 -0700] "GET /2016-planning/ HTTP/1.1" 200 89376 "-" "Mozilla/5.0 AppleWebKit/537.36 (KHTML, like Gecko; compatible; Amazonbot/0.1; +https://developer.amazon.com/support/amazonbot) Chrome/119.0.6045.214 Safari/537.36"
173.231.200.77 - - [02/Sep/2026:07:01:29 -0700] "POST /wp-cron.php?doing_wp_cron=1788357689.1373689174652099609375 HTTP/1.1" 200 - "-" "WordPress/6.7.7; https://rockymountainlax.com"
52.1.106.130 - - [02/Sep/2026:07:01:28 -0700] "GET /2018-planning/embed/ HTTP/1.1" 200 102695 "-" "Mozilla/5.0 AppleWebKit/537.36 (KHTML, like Gecko; compatible; Amazonbot/0.1; +https://developer.amazon.com/support/amazonbot) Chrome/119.0.6045.214 Safari/537.36"
9.129.50.27 - - [02/Sep/2026:07:03:17 -0700] "GET /rmll-new-franchise-applications-and-tier-change-requests/ HTTP/2.0" 200 91007 "-" "Mozilla/5.0 AppleWebKit/537.36 (KHTML, like Gecko); compatible; ChatGPT-User/1.0; +https://openai.com/bot"
173.231.200.77 - - [02/Sep/2026:07:03:37 -0700] "POST /wp-cron.php?doing_wp_cron=1788357817.8915739059448242187500 HTTP/1.1" 200 - "-" "WordPress/6.7.7; https://rockymountainlax.com"
47.55.89.175 - - [02/Sep/2026:07:03:37 -0700] "GET /favicon.ico HTTP/2.0" 302 - "-" "NetworkingExtension/8624.4.5.10.5 Network/5812.160.9 iOS/26.6"
47.55.89.175 - - [02/Sep/2026:07:03:37 -0700] "GET /apple-touch-icon-precomposed.png HTTP/2.0" 404 85067 "-" "NetworkingExtension/8624.4.5.10.5 Network/5812.160.9 iOS/26.6"
47.55.89.175 - - [02/Sep/2026:07:03:37 -0700] "GET /apple-touch-icon.png HTTP/2.0" 404 85067 "-" "NetworkingExtension/8624.4.5.10.5 Network/5812.160.9 iOS/26.6"
47.55.89.175 - - [02/Sep/2026:07:03:38 -0700] "GET /wp-content/uploads/2019/04/cropped-Untitled-design-21-32x32.png HTTP/2.0" 200 1000 "-" "NetworkingExtension/8624.4.5.10.5 Network/5812.160.9 iOS/26.6"
47.55.89.175 - - [02/Sep/2026:07:03:38 -0700] "GET / HTTP/2.0" 200 150876 "-" "Mozilla/5.0 (Macintosh; Intel Mac OS X 10_11_1) AppleWebKit/601.2.4 (KHTML, like Gecko) Version/9.0.1 Safari/601.2.4 facebookexternalhit/1.1 Facebot Twitterbot/1.0"
47.55.89.175 - - [02/Sep/2026:07:03:40 -0700] "GET /wp-content/uploads/2019/04/cropped-Untitled-design-21-180x180.png HTTP/2.0" 200 18331 "-" "NetworkingExtension/8624.4.5.10.5 Network/5812.160.9 iOS/26.6"
47.55.89.175 - - [02/Sep/2026:07:03:40 -0700] "GET /wp-content/uploads/2019/04/cropped-Untitled-design-21-192x192.png HTTP/2.0" 200 12434 "-" "NetworkingExtension/8624.4.5.10.5 Network/5812.160.9 iOS/26.6"
47.55.89.175 - - [02/Sep/2026:07:03:40 -0700] "GET /wp-content/uploads/2019/04/cropped-Untitled-design-21-32x32.png HTTP/2.0" 200 1000 "-" "NetworkingExtension/8624.4.5.10.5 Network/5812.160.9 iOS/26.6"
64.71.131.243 - - [02/Sep/2026:07:03:55 -0700] "GET /robots.txt HTTP/1.1" 200 121 "-" "Mozilla/5.0 (compatible; ev-crawler/1.0; +https://headline.com/web-crawler)"
57.141.4.61 - - [02/Sep/2026:07:04:35 -0700] "GET /rmll-new-franchise-applications-and-tier-change-requests/ HTTP/2.0" 200 91007 "-" "Mozilla/5.0 (Windows NT 10.0; Win64; x64) AppleWebKit/537.36 (KHTML, like Gecko) Chrome/145.0.0.0 Safari/537.36 (compatible; meta-externalagent/1.1 (+https://developers.facebook.com/docs/sharing/webmasters/crawler))"
40.177.165.88 - - [02/Sep/2026:07:04:41 -0700] "GET /favicon.ico HTTP/2.0" 302 - "-" "NetworkingExtension/8624.5.1.10.3 Network/5812.160.9 iOS/26.6.1"
173.231.200.77 - - [02/Sep/2026:07:04:41 -0700] "POST /wp-cron.php?doing_wp_cron=1788357881.2528479099273681640625 HTTP/1.1" 200 - "-" "WordPress/6.7.7; https://rockymountainlax.com"
40.177.165.88 - - [02/Sep/2026:07:04:41 -0700] "GET /apple-touch-icon.png HTTP/2.0" 404 85067 "-" "NetworkingExtension/8624.5.1.10.3 Network/5812.160.9 iOS/26.6.1"
40.177.165.88 - - [02/Sep/2026:07:04:41 -0700] "GET / HTTP/2.0" 200 150876 "-" "Mozilla/5.0 (Macintosh; Intel Mac OS X 10_11_1) AppleWebKit/601.2.4 (KHTML, like Gecko) Version/9.0.1 Safari/601.2.4 facebookexternalhit/1.1 Facebot Twitterbot/1.0"
40.177.165.88 - - [02/Sep/2026:07:04:41 -0700] "GET /wp-content/uploads/2019/04/cropped-Untitled-design-21-32x32.png HTTP/2.0" 200 1000 "-" "NetworkingExtension/8624.5.1.10.3 Network/5812.160.9 iOS/26.6.1"
40.177.165.88 - - [02/Sep/2026:07:04:41 -0700] "GET /wp-content/uploads/2019/04/cropped-Untitled-design-21-180x180.png HTTP/2.0" 200 18331 "-" "NetworkingExtension/8624.5.1.10.3 Network/5812.160.9 iOS/26.6.1"
40.177.165.88 - - [02/Sep/2026:07:04:41 -0700] "GET /wp-content/uploads/2019/04/cropped-Untitled-design-21-192x192.png HTTP/2.0" 200 12434 "-" "NetworkingExtension/8624.5.1.10.3 Network/5812.160.9 iOS/26.6.1"
40.177.165.88 - - [02/Sep/2026:07:04:41 -0700] "GET /wp-content/uploads/2019/04/cropped-Untitled-design-21-32x32.png HTTP/2.0" 200 1000 "-" "NetworkingExtension/8624.5.1.10.3 Network/5812.160.9 iOS/26.6.1"
40.177.165.88 - - [02/Sep/2026:07:04:41 -0700] "GET /apple-touch-icon-precomposed.png HTTP/2.0" 404 85067 "-" "NetworkingExtension/8624.5.1.10.3 Network/5812.160.9 iOS/26.6.1"
173.231.200.77 - - [02/Sep/2026:07:07:02 -0700] "POST /wp-cron.php?doing_wp_cron=1788358022.5737309455871582031250 HTTP/1.1" 200 - "-" "WordPress/6.7.7; https://rockymountainlax.com"
216.244.66.241 - - [02/Sep/2026:07:07:02 -0700] "GET /Team/teamWeb.dll/TeamSite?TeamId=18051&defPage=Home HTTP/1.1" 301 - "-" "Mozilla/5.0 (compatible; DotBot/1.2; +https://opensiteexplorer.org/dotbot; help@moz.com)"
104.28.116.6 - - [02/Sep/2026:07:07:37 -0700] "GET /junior-a/ HTTP/2.0" 200 89470 "-" "Mozilla/5.0 (Macintosh; Intel Mac OS X 10_11_1) AppleWebKit/601.2.4 (KHTML, like Gecko) Version/9.0.1 Safari/601.2.4 facebookexternalhit/1.1 Facebot Twitterbot/1.0"
104.28.116.6 - - [02/Sep/2026:07:07:37 -0700] "GET /wp-content/uploads/2019/04/cropped-Untitled-design-21-32x32.png HTTP/2.0" 200 1000 "-" "NetworkingExtension/8624.4.5.10.5 Network/5812.160.9 iOS/26.6"
104.28.116.6 - - [02/Sep/2026:07:07:37 -0700] "GET /wp-content/uploads/2019/04/cropped-Untitled-design-21-180x180.png HTTP/2.0" 200 18331 "-" "NetworkingExtension/8624.4.5.10.5 Network/5812.160.9 iOS/26.6"
104.28.116.6 - - [02/Sep/2026:07:07:37 -0700] "GET /wp-content/uploads/2019/04/cropped-Untitled-design-21-192x192.png HTTP/2.0" 200 12434 "-" "NetworkingExtension/8624.4.5.10.5 Network/5812.160.9 iOS/26.6"
104.28.116.6 - - [02/Sep/2026:07:07:37 -0700] "GET /favicon.ico HTTP/2.0" 302 - "-" "NetworkingExtension/8624.4.5.10.5 Network/5812.160.9 iOS/26.6"
173.231.200.77 - - [02/Sep/2026:07:07:37 -0700] "POST /wp-cron.php?doing_wp_cron=1788358057.4678161144256591796875 HTTP/1.1" 200 - "-" "WordPress/6.7.7; https://rockymountainlax.com"
104.28.116.6 - - [02/Sep/2026:07:07:37 -0700] "GET /wp-content/uploads/2019/04/cropped-Untitled-design-21-32x32.png HTTP/2.0" 200 1000 "-" "NetworkingExtension/8624.4.5.10.5 Network/5812.160.9 iOS/26.6"
104.28.116.6 - - [02/Sep/2026:07:07:37 -0700] "GET /apple-touch-icon-precomposed.png HTTP/2.0" 404 85067 "-" "NetworkingExtension/8624.4.5.10.5 Network/5812.160.9 iOS/26.6"
104.28.116.6 - - [02/Sep/2026:07:07:37 -0700] "GET /apple-touch-icon.png HTTP/2.0" 404 85067 "-" "NetworkingExtension/8624.4.5.10.5 Network/5812.160.9 iOS/26.6"
173.231.200.77 - - [02/Sep/2026:07:08:35 -0700] "POST /wp-cron.php?doing_wp_cron=1788358115.3054330348968505859375 HTTP/1.1" 200 - "-" "WordPress/6.7.7; https://rockymountainlax.com"
49.12.134.190 - - [02/Sep/2026:07:08:35 -0700] "GET /feed/ HTTP/1.1" 200 10435 "-" "Mozilla/5.0 (Windows NT 10.0; Win64; x64) AppleWebKit/537.36 (KHTML, like Gecko) Chrome/124.0.0.0 Safari/537.36"
184.64.22.205 - - [02/Sep/2026:07:08:47 -0700] "GET /jr-a-standings/ HTTP/2.0" 200 88829 "-" "Mozilla/5.0 (Macintosh; Intel Mac OS X 10_11_1) AppleWebKit/601.2.4 (KHTML, like Gecko) Version/9.0.1 Safari/601.2.4 facebookexternalhit/1.1 Facebot Twitterbot/1.0"
184.64.22.205 - - [02/Sep/2026:07:08:47 -0700] "GET /wp-content/uploads/2019/04/cropped-Untitled-design-21-32x32.png HTTP/2.0" 200 1000 "-" "NetworkingExtension/8624.5.1.10.3 Network/5812.160.9 iOS/26.6.1"
184.64.22.205 - - [02/Sep/2026:07:08:47 -0700] "GET /wp-content/uploads/2019/04/cropped-Untitled-design-21-192x192.png HTTP/2.0" 200 12434 "-" "NetworkingExtension/8624.5.1.10.3 Network/5812.160.9 iOS/26.6.1"
184.64.22.205 - - [02/Sep/2026:07:08:47 -0700] "GET /wp-content/uploads/2019/04/cropped-Untitled-design-21-180x180.png HTTP/2.0" 200 18331 "-" "NetworkingExtension/8624.5.1.10.3 Network/5812.160.9 iOS/26.6.1"
184.64.22.205 - - [02/Sep/2026:07:08:47 -0700] "GET /favicon.ico HTTP/2.0" 302 - "-" "NetworkingExtension/8624.5.1.10.3 Network/5812.160.9 iOS/26.6.1"
184.64.22.205 - - [02/Sep/2026:07:08:47 -0700] "GET /wp-content/uploads/2019/04/cropped-Untitled-design-21-32x32.png HTTP/2.0" 200 1000 "-" "NetworkingExtension/8624.5.1.10.3 Network/5812.160.9 iOS/26.6.1"
184.64.22.205 - - [02/Sep/2026:07:08:47 -0700] "GET /apple-touch-icon-precomposed.png HTTP/2.0" 404 85067 "-" "NetworkingExtension/8624.5.1.10.3 Network/5812.160.9 iOS/26.6.1"
184.64.22.205 - - [02/Sep/2026:07:08:47 -0700] "GET /apple-touch-icon.png HTTP/2.0" 404 85067 "-" "NetworkingExtension/8624.5.1.10.3 Network/5812.160.9 iOS/26.6.1"
112.86.225.178 - - [02/Sep/2026:07:10:23 -0700] "GET /the-rmll-executives/ HTTP/1.1" 200 108064 "-" "Sogou web spider/4.0(+http://www.sogou.com/docs/help/webmasters.htm#07)"
66.249.69.12 - - [02/Sep/2026:07:10:29 -0700] "GET /wp-content/uploads/2018/11/GetImageDoc-2-150x150.jpg HTTP/1.1" 304 - "-" "Googlebot-Image/1.0"
173.231.200.77 - - [02/Sep/2026:07:11:13 -0700] "POST /wp-cron.php?doing_wp_cron=1788358273.1826629638671875000000 HTTP/1.1" 200 - "-" "WordPress/6.7.7; https://rockymountainlax.com"
129.146.119.199 - - [02/Sep/2026:07:11:12 -0700] "GET /wp-json/wp/v2/pages/3486 HTTP/1.1" 200 5001 "-" "Mozilla/5.0 (X11; Linux aarch64) AppleWebKit/537.36 (KHTML, like Gecko) Chrome/139.0.0.0 Safari/537.36"
198.103.184.85 - - [02/Sep/2026:07:11:20 -0700] "GET /suspensions/ HTTP/2.0" 200 562809 "https://www.google.com/" "Mozilla/5.0 (Windows NT 10.0; Win64; x64) AppleWebKit/537.36 (KHTML, like Gecko) Chrome/151.0.0.0 Safari/537.36"
198.103.184.85 - - [02/Sep/2026:07:11:20 -0700] "GET /wp-content/themes/boldgrid-uptempo/inc/boldgrid-theme-framework/includes/kirki/assets/css/kirki-styles.css HTTP/2.0" 200 - "https://rockymountainlax.com/suspensions/" "Mozilla/5.0 (Windows NT 10.0; Win64; x64) AppleWebKit/537.36 (KHTML, like Gecko) Chrome/151.0.0.0 Safari/537.36"
198.103.184.85 - - [02/Sep/2026:07:11:20 -0700] "GET /wp-content/plugins/float-to-top-button/css/float-to-top-button.min.css?ver=2.3.3 HTTP/2.0" 200 894 "https://rockymountainlax.com/suspensions/" "Mozilla/5.0 (Windows NT 10.0; Win64; x64) AppleWebKit/537.36 (KHTML, like Gecko) Chrome/151.0.0.0 Safari/537.36"
198.103.184.85 - - [02/Sep/2026:07:11:20 -0700] "GET /wp-includes/css/dist/block-library/style.min.css?ver=6.7.7 HTTP/2.0" 200 114706 "https://rockymountainlax.com/suspensions/" "Mozilla/5.0 (Windows NT 10.0; Win64; x64) AppleWebKit/537.36 (KHTML, like Gecko) Chrome/151.0.0.0 Safari/537.36"
198.103.184.85 - - [02/Sep/2026:07:11:20 -0700] "GET /wp-content/themes/boldgrid-uptempo/inc/boldgrid-theme-framework/assets/css/font-awesome/font-awesome.min.css?ver=4.7 HTTP/2.0" 200 29290 "https://rockymountainlax.com/suspensions/" "Mozilla/5.0 (Windows NT 10.0; Win64; x64) AppleWebKit/537.36 (KHTML, like Gecko) Chrome/151.0.0.0 Safari/537.36"
198.103.184.85 - - [02/Sep/2026:07:11:20 -0700] "GET /wp-content/themes/boldgrid-uptempo/inc/boldgrid-theme-framework/assets/css/bootstrap/bootstrap.min.css?ver=3.3.1 HTTP/2.0" 200 104024 "https://rockymountainlax.com/suspensions/" "Mozilla/5.0 (Windows NT 10.0; Win64; x64) AppleWebKit/537.36 (KHTML, like Gecko) Chrome/151.0.0.0 Safari/537.36"
198.103.184.85 - - [02/Sep/2026:07:11:20 -0700] "GET /wp-content/themes/boldgrid-uptempo/inc/boldgrid-theme-framework/assets/css/boldgrid-theme-framework.min.css?ver=1.19.1 HTTP/2.0" 200 40854 "https://rockymountainlax.com/suspensions/" "Mozilla/5.0 (Windows NT 10.0; Win64; x64) AppleWebKit/537.36 (KHTML, like Gecko) Chrome/151.0.0.0 Safari/537.36"
198.103.184.85 - - [02/Sep/2026:07:11:20 -0700] "GET /wp-content/themes/boldgrid-uptempo/inc/boldgrid-theme-framework/assets/css/smartmenus/bootstrap/jquery.smartmenus.bootstrap.css?ver=1.19.1 HTTP/2.0" 200 3632 "https://rockymountainlax.com/suspensions/" "Mozilla/5.0 (Windows NT 10.0; Win64; x64) AppleWebKit/537.36 (KHTML, like Gecko) Chrome/151.0.0.0 Safari/537.36"
198.103.184.85 - - [02/Sep/2026:07:11:20 -0700] "GET /wp-content/plugins/post-and-page-builder/assets/css/components.min.css?ver=2.16.5 HTTP/2.0" 200 28640 "https://rockymountainlax.com/suspensions/" "Mozilla/5.0 (Windows NT 10.0; Win64; x64) AppleWebKit/537.36 (KHTML, like Gecko) Chrome/151.0.0.0 Safari/537.36"
198.103.184.85 - - [02/Sep/2026:07:11:20 -0700] "GET /wp-content/themes/boldgrid-uptempo/style.css HTTP/2.0" 200 12787 "https://rockymountainlax.com/suspensions/" "Mozilla/5.0 (Windows NT 10.0; Win64; x64) AppleWebKit/537.36 (KHTML, like Gecko) Chrome/151.0.0.0 Safari/537.36"
198.103.184.85 - - [02/Sep/2026:07:11:20 -0700] "GET /wp-content/themes/boldgrid-uptempo/css/color-palettes.css?ver=1557851937 HTTP/2.0" 200 13410 "https://rockymountainlax.com/suspensions/" "Mozilla/5.0 (Windows NT 10.0; Win64; x64) AppleWebKit/537.36 (KHTML, like Gecko) Chrome/151.0.0.0 Safari/537.36"
198.103.184.85 - - [02/Sep/2026:07:11:20 -0700] "GET /wp-content/themes/boldgrid-uptempo/inc/boldgrid-theme-framework/assets/css/smartmenus/sm-core-css.css?ver=1.19.1 HTTP/2.0" 200 900 "https://rockymountainlax.com/suspensions/" "Mozilla/5.0 (Windows NT 10.0; Win64; x64) AppleWebKit/537.36 (KHTML, like Gecko) Chrome/151.0.0.0 Safari/537.36"
198.103.184.85 - - [02/Sep/2026:07:11:20 -0700] "GET /wp-content/themes/boldgrid-uptempo/css/buttons.css?ver=1557851937 HTTP/2.0" 200 50245 "https://rockymountainlax.com/suspensions/" "Mozilla/5.0 (Windows NT 10.0; Win64; x64) AppleWebKit/537.36 (KHTML, like Gecko) Chrome/151.0.0.0 Safari/537.36"
198.103.184.85 - - [02/Sep/2026:07:11:20 -0700] "GET /wp-content/plugins/post-and-page-builder-premium/dist/application.min.css?ver=1.2.6 HTTP/2.0" 200 15594 "https://rockymountainlax.com/suspensions/" "Mozilla/5.0 (Windows NT 10.0; Win64; x64) AppleWebKit/537.36 (KHTML, like Gecko) Chrome/151.0.0.0 Safari/537.36"
198.103.184.85 - - [02/Sep/2026:07:11:20 -0700] "GET /wp-includes/js/jquery/jquery.min.js?ver=3.7.1 HTTP/2.0" 200 87553 "https://rockymountainlax.com/suspensions/" "Mozilla/5.0 (Windows NT 10.0; Win64; x64) AppleWebKit/537.36 (KHTML, like Gecko) Chrome/151.0.0.0 Safari/537.36"
198.103.184.85 - - [02/Sep/2026:07:11:20 -0700] "GET /wp-includes/js/jquery/jquery-migrate.min.js?ver=3.4.1 HTTP/2.0" 200 13577 "https://rockymountainlax.com/suspensions/" "Mozilla/5.0 (Windows NT 10.0; Win64; x64) AppleWebKit/537.36 (KHTML, like Gecko) Chrome/151.0.0.0 Safari/537.36"
198.103.184.85 - - [02/Sep/2026:07:11:20 -0700] "GET /wp-content/plugins/twitter-tweets/js/weblizar-fronend-twitter-tweets.js?ver=1 HTTP/2.0" 200 324 "https://rockymountainlax.com/suspensions/" "Mozilla/5.0 (Windows NT 10.0; Win64; x64) AppleWebKit/537.36 (KHTML, like Gecko) Chrome/151.0.0.0 Safari/537.36"
198.103.184.85 - - [02/Sep/2026:07:11:20 -0700] "GET /wp-content/uploads/2018/11/RMLL-4.png HTTP/2.0" 200 182228 "https://rockymountainlax.com/suspensions/" "Mozilla/5.0 (Windows NT 10.0; Win64; x64) AppleWebKit/537.36 (KHTML, like Gecko) Chrome/151.0.0.0 Safari/537.36"
198.103.184.85 - - [02/Sep/2026:07:11:22 -0700] "GET /wp-content/plugins/float-to-top-button/js/jquery.scrollUp.min.js?ver=2.3.3 HTTP/2.0" 200 1868 "https://rockymountainlax.com/suspensions/" "Mozilla/5.0 (Windows NT 10.0; Win64; x64) AppleWebKit/537.36 (KHTML, like Gecko) Chrome/151.0.0.0 Safari/537.36"
198.103.184.85 - - [02/Sep/2026:07:11:22 -0700] "GET /wp-includes/js/jquery/ui/core.min.js?ver=1.13.3 HTTP/2.0" 200 21464 "https://rockymountainlax.com/suspensions/" "Mozilla/5.0 (Windows NT 10.0; Win64; x64) AppleWebKit/537.36 (KHTML, like Gecko) Chrome/151.0.0.0 Safari/537.36"
198.103.184.85 - - [02/Sep/2026:07:11:22 -0700] "GET /wp-content/plugins/float-to-top-button/js/float-to-top-button.min.js?ver=2.3.3 HTTP/2.0" 200 1817 "https://rockymountainlax.com/suspensions/" "Mozilla/5.0 (Windows NT 10.0; Win64; x64) AppleWebKit/537.36 (KHTML, like Gecko) Chrome/151.0.0.0 Safari/537.36"
198.103.184.85 - - [02/Sep/2026:07:11:22 -0700] "GET /wp-includes/js/jquery/ui/accordion.min.js?ver=1.13.3 HTTP/2.0" 200 8860 "https://rockymountainlax.com/suspensions/" "Mozilla/5.0 (Windows NT 10.0; Win64; x64) AppleWebKit/537.36 (KHTML, like Gecko) Chrome/151.0.0.0 Safari/537.36"
198.103.184.85 - - [02/Sep/2026:07:11:22 -0700] "GET /wp-includes/js/jquery/ui/tabs.min.js?ver=1.13.3 HTTP/2.0" 200 12008 "https://rockymountainlax.com/suspensions/" "Mozilla/5.0 (Windows NT 10.0; Win64; x64) AppleWebKit/537.36 (KHTML, like Gecko) Chrome/151.0.0.0 Safari/537.36"
198.103.184.85 - - [02/Sep/2026:07:11:22 -0700] "GET /wp-includes/js/jquery/ui/effect.min.js?ver=1.13.3 HTTP/2.0" 200 10332 "https://rockymountainlax.com/suspensions/" "Mozilla/5.0 (Windows NT 10.0; Win64; x64) AppleWebKit/537.36 (KHTML, like Gecko) Chrome/151.0.0.0 Safari/537.36"
198.103.184.85 - - [02/Sep/2026:07:11:22 -0700] "GET /wp-includes/js/jquery/ui/effect-blind.min.js?ver=1.13.3 HTTP/2.0" 200 880 "https://rockymountainlax.com/suspensions/" "Mozilla/5.0 (Windows NT 10.0; Win64; x64) AppleWebKit/537.36 (KHTML, like Gecko) Chrome/151.0.0.0 Safari/537.36"
198.103.184.85 - - [02/Sep/2026:07:11:22 -0700] "GET /wp-includes/js/jquery/ui/effect-bounce.min.js?ver=1.13.3 HTTP/2.0" 200 991 "https://rockymountainlax.com/suspensions/" "Mozilla/5.0 (Windows NT 10.0; Win64; x64) AppleWebKit/537.36 (KHTML, like Gecko) Chrome/151.0.0.0 Safari/537.36"
198.103.184.85 - - [02/Sep/2026:07:11:22 -0700] "GET /wp-includes/js/jquery/ui/effect-explode.min.js?ver=1.13.3 HTTP/2.0" 200 1122 "https://rockymountainlax.com/suspensions/" "Mozilla/5.0 (Windows NT 10.0; Win64; x64) AppleWebKit/537.36 (KHTML, like Gecko) Chrome/151.0.0.0 Safari/537.36"
198.103.184.85 - - [02/Sep/2026:07:11:22 -0700] "GET /wp-includes/js/jquery/ui/effect-size.min.js?ver=1.13.3 HTTP/2.0" 200 2491 "https://rockymountainlax.com/suspensions/" "Mozilla/5.0 (Windows NT 10.0; Win64; x64) AppleWebKit/537.36 (KHTML, like Gecko) Chrome/151.0.0.0 Safari/537.36"
198.103.184.85 - - [02/Sep/2026:07:11:22 -0700] "GET /wp-includes/js/jquery/ui/effect-fade.min.js?ver=1.13.3 HTTP/2.0" 200 525 "https://rockymountainlax.com/suspensions/" "Mozilla/5.0 (Windows NT 10.0; Win64; x64) AppleWebKit/537.36 (KHTML, like Gecko) Chrome/151.0.0.0 Safari/537.36"
198.103.184.85 - - [02/Sep/2026:07:11:22 -0700] "GET /wp-includes/js/jquery/ui/effect-clip.min.js?ver=1.13.3 HTTP/2.0" 200 796 "https://rockymountainlax.com/suspensions/" "Mozilla/5.0 (Windows NT 10.0; Win64; x64) AppleWebKit/537.36 (KHTML, like Gecko) Chrome/151.0.0.0 Safari/537.36"
198.103.184.85 - - [02/Sep/2026:07:11:22 -0700] "GET /wp-includes/js/jquery/ui/effect-pulsate.min.js?ver=1.13.3 HTTP/2.0" 200 688 "https://rockymountainlax.com/suspensions/" "Mozilla/5.0 (Windows NT 10.0; Win64; x64) AppleWebKit/537.36 (KHTML, like Gecko) Chrome/151.0.0.0 Safari/537.36"
198.103.184.85 - - [02/Sep/2026:07:11:22 -0700] "GET /wp-content/themes/boldgrid-uptempo/inc/boldgrid-theme-framework/assets/js/boldgrid-bootstrap-shim.min.js?ver=1.19.1 HTTP/2.0" 200 1146 "https://rockymountainlax.com/suspensions/" "Mozilla/5.0 (Windows NT 10.0; Win64; x64) AppleWebKit/537.36 (KHTML, like Gecko) Chrome/151.0.0.0 Safari/537.36"
198.103.184.85 - - [02/Sep/2026:07:11:22 -0700] "GET /wp-includes/js/jquery/ui/effect-drop.min.js?ver=1.13.3 HTTP/2.0" 200 753 "https://rockymountainlax.com/suspensions/" "Mozilla/5.0 (Windows NT 10.0; Win64; x64) AppleWebKit/537.36 (KHTML, like Gecko) Chrome/151.0.0.0 Safari/537.36"
198.103.184.85 - - [02/Sep/2026:07:11:22 -0700] "GET /wp-includes/js/jquery/ui/effect-transfer.min.js?ver=1.13.3 HTTP/2.0" 200 442 "https://rockymountainlax.com/suspensions/" "Mozilla/5.0 (Windows NT 10.0; Win64; x64) AppleWebKit/537.36 (KHTML, like Gecko) Chrome/151.0.0.0 Safari/537.36"
198.103.184.85 - - [02/Sep/2026:07:11:22 -0700] "GET /wp-includes/js/jquery/ui/effect-fold.min.js?ver=1.13.3 HTTP/2.0" 200 1020 "https://rockymountainlax.com/suspensions/" "Mozilla/5.0 (Windows NT 10.0; Win64; x64) AppleWebKit/537.36 (KHTML, like Gecko) Chrome/151.0.0.0 Safari/537.36"
198.103.184.85 - - [02/Sep/2026:07:11:22 -0700] "GET /wp-includes/js/jquery/ui/effect-highlight.min.js?ver=1.13.3 HTTP/2.0" 200 648 "https://rockymountainlax.com/suspensions/" "Mozilla/5.0 (Windows NT 10.0; Win64; x64) AppleWebKit/537.36 (KHTML, like Gecko) Chrome/151.0.0.0 Safari/537.36"
198.103.184.85 - - [02/Sep/2026:07:11:22 -0700] "GET /wp-includes/js/jquery/ui/effect-scale.min.js?ver=1.13.3 HTTP/2.0" 200 723 "https://rockymountainlax.com/suspensions/" "Mozilla/5.0 (Windows NT 10.0; Win64; x64) AppleWebKit/537.36 (KHTML, like Gecko) Chrome/151.0.0.0 Safari/537.36"
198.103.184.85 - - [02/Sep/2026:07:11:22 -0700] "GET /wp-includes/js/jquery/ui/effect-shake.min.js?ver=1.13.3 HTTP/2.0" 200 846 "https://rockymountainlax.com/suspensions/" "Mozilla/5.0 (Windows NT 10.0; Win64; x64) AppleWebKit/537.36 (KHTML, like Gecko) Chrome/151.0.0.0 Safari/537.36"
198.103.184.85 - - [02/Sep/2026:07:11:22 -0700] "GET /wp-includes/js/jquery/ui/effect-slide.min.js?ver=1.13.3 HTTP/2.0" 200 917 "https://rockymountainlax.com/suspensions/" "Mozilla/5.0 (Windows NT 10.0; Win64; x64) AppleWebKit/537.36 (KHTML, like Gecko) Chrome/151.0.0.0 Safari/537.36"
198.103.184.85 - - [02/Sep/2026:07:11:22 -0700] "GET /wp-content/themes/boldgrid-uptempo/inc/boldgrid-theme-framework/assets/js/bootstrap/bootstrap.min.js?ver=3.3.6 HTTP/2.0" 200 37045 "https://rockymountainlax.com/suspensions/" "Mozilla/5.0 (Windows NT 10.0; Win64; x64) AppleWebKit/537.36 (KHTML, like Gecko) Chrome/151.0.0.0 Safari/537.36"
198.103.184.85 - - [02/Sep/2026:07:11:22 -0700] "GET /wp-content/themes/boldgrid-uptempo/inc/boldgrid-theme-framework/assets/js/smartmenus/jquery.smartmenus.min.js?ver=1.4 HTTP/2.0" 200 24548 "https://rockymountainlax.com/suspensions/" "Mozilla/5.0 (Windows NT 10.0; Win64; x64) AppleWebKit/537.36 (KHTML, like Gecko) Chrome/151.0.0.0 Safari/537.36"
198.103.184.85 - - [02/Sep/2026:07:11:22 -0700] "GET /wp-content/themes/boldgrid-uptempo/inc/boldgrid-theme-framework/assets/js/smartmenus/addons/bootstrap/jquery.smartmenus.bootstrap.min.js?ver=1.4 HTTP/2.0" 200 2789 "https://rockymountainlax.com/suspensions/" "Mozilla/5.0 (Windows NT 10.0; Win64; x64) AppleWebKit/537.36 (KHTML, like Gecko) Chrome/151.0.0.0 Safari/537.36"
198.103.184.85 - - [02/Sep/2026:07:11:22 -0700] "GET /wp-content/themes/boldgrid-uptempo/inc/boldgrid-theme-framework/assets/js/front-end.min.js?ver=1.19.1 HTTP/2.0" 200 6279 "https://rockymountainlax.com/suspensions/" "Mozilla/5.0 (Windows NT 10.0; Win64; x64) AppleWebKit/537.36 (KHTML, like Gecko) Chrome/151.0.0.0 Safari/537.36"
198.103.184.85 - - [02/Sep/2026:07:11:22 -0700] "GET /wp-content/themes/boldgrid-uptempo/inc/boldgrid-theme-framework/assets/js/modernizr.min.js?ver=1.19.1 HTTP/2.0" 200 5190 "https://rockymountainlax.com/suspensions/" "Mozilla/5.0 (Windows NT 10.0; Win64; x64) AppleWebKit/537.36 (KHTML, like Gecko) Chrome/151.0.0.0 Safari/537.36"
198.103.184.85 - - [02/Sep/2026:07:11:22 -0700] "GET /wp-content/plugins/post-and-page-builder-premium/dist/application.min.js?ver=1.2.6 HTTP/2.0" 200 62807 "https://rockymountainlax.com/suspensions/" "Mozilla/5.0 (Windows NT 10.0; Win64; x64) AppleWebKit/537.36 (KHTML, like Gecko) Chrome/151.0.0.0 Safari/537.36"
198.103.184.85 - - [02/Sep/2026:07:11:22 -0700] "GET /wp-content/plugins/post-and-page-builder/assets/dist/public.min.js?ver=1.27.13 HTTP/2.0" 200 20634 "https://rockymountainlax.com/suspensions/" "Mozilla/5.0 (Windows NT 10.0; Win64; x64) AppleWebKit/537.36 (KHTML, like Gecko) Chrome/151.0.0.0 Safari/537.36"
198.103.184.85 - - [02/Sep/2026:07:11:23 -0700] "GET /wp-content/themes/boldgrid-uptempo/inc/boldgrid-theme-framework/assets/fonts/fontawesome-webfont.woff2?v=4.7.0 HTTP/2.0" 200 77160 "https://rockymountainlax.com/wp-content/themes/boldgrid-uptempo/inc/boldgrid-theme-framework/assets/css/font-awesome/font-awesome.min.css?ver=4.7" "Mozilla/5.0 (Windows NT 10.0; Win64; x64) AppleWebKit/537.36 (KHTML, like Gecko) Chrome/151.0.0.0 Safari/537.36"
198.103.184.85 - - [02/Sep/2026:07:11:24 -0700] "GET /wp-includes/js/wp-emoji-release.min.js?ver=6.7.7 HTTP/2.0" 200 18726 "https://rockymountainlax.com/suspensions/" "Mozilla/5.0 (Windows NT 10.0; Win64; x64) AppleWebKit/537.36 (KHTML, like Gecko) Chrome/151.0.0.0 Safari/537.36"
198.103.184.85 - - [02/Sep/2026:07:11:24 -0700] "GET /wp-content/plugins/float-to-top-button/images/arrow005.png HTTP/2.0" 200 4018 "https://rockymountainlax.com/suspensions/" "Mozilla/5.0 (Windows NT 10.0; Win64; x64) AppleWebKit/537.36 (KHTML, like Gecko) Chrome/151.0.0.0 Safari/537.36"
173.231.200.77 - - [02/Sep/2026:07:11:24 -0700] "POST /wp-cron.php?doing_wp_cron=1788358284.4601829051971435546875 HTTP/1.1" 200 - "-" "WordPress/6.7.7; https://rockymountainlax.com"
173.231.200.77 - - [02/Sep/2026:07:11:24 -0700] "POST /wp-cron.php?doing_wp_cron=1788358284.4598929882049560546875 HTTP/1.1" 200 - "-" "WordPress/6.7.7; https://rockymountainlax.com"
198.103.184.85 - - [02/Sep/2026:07:11:24 -0700] "GET /suspensions/images/ui-bg_diagonals-thick_10_002035_40x40.png HTTP/2.0" 404 85067 "https://rockymountainlax.com/suspensions/" "Mozilla/5.0 (Windows NT 10.0; Win64; x64) AppleWebKit/537.36 (KHTML, like Gecko) Chrome/151.0.0.0 Safari/537.36"
198.103.184.85 - - [02/Sep/2026:07:11:24 -0700] "GET /suspensions/images/ui-bg_dots-small_20_333333_2x2.png HTTP/2.0" 404 85067 "https://rockymountainlax.com/suspensions/" "Mozilla/5.0 (Windows NT 10.0; Win64; x64) AppleWebKit/537.36 (KHTML, like Gecko) Chrome/151.0.0.0 Safari/537.36"
