162.144.20.85 - - [02/Sep/2026:08:20:12 -0700] "POST /xmlrpc.php HTTP/2.0" 200 401 "-" "Mozilla/5.0 (Windows NT 10.0; Win64; x64) AppleWebKit/537.36 (KHTML, like Gecko) Chrome/151.0.0.0 Safari/537.36"
173.231.200.77 - - [02/Sep/2026:08:20:36 -0700] "POST /wp-cron.php?doing_wp_cron=1788362436.0736329555511474609375 HTTP/1.1" 200 - "-" "WordPress/6.7.7; https://rockymountainlax.com"
129.146.113.11 - - [02/Sep/2026:08:20:35 -0700] "GET /wp-json/wp/v2/pages/4512 HTTP/1.1" 200 10131 "-" "Mozilla/5.0 (X11; Linux aarch64) AppleWebKit/537.36 (KHTML, like Gecko) Chrome/139.0.0.0 Safari/537.36"
106.215.159.74 - - [02/Sep/2026:08:20:36 -0700] "POST /xmlrpc.php HTTP/1.1" 200 403 "-" "Jetpack by WordPress.com (Jetpack 12.0; WordPress 6.1)"
106.215.159.74 - - [02/Sep/2026:08:20:46 -0700] "POST /xmlrpc.php HTTP/1.1" 200 403 "-" "Jetpack/12.0; WordPress/6.2; http://site34762092.com"
193.186.4.244 - - [02/Sep/2026:08:20:53 -0700] "GET /jr-a-contacts/ HTTP/2.0" 200 92435 "https://www.google.com/" "Mozilla/5.0 (Windows NT 10.0; Win64; x64) AppleWebKit/537.36 (KHTML, like Gecko) Chrome/152.0.0.0 Safari/537.36"
192.178.15.4 - - [02/Sep/2026:08:20:53 -0700] "GET /.well-known/traffic-advice HTTP/1.1" 404 85067 "-" "Chrome Privacy Preserving Prefetch Proxy"
66.249.69.12 - - [02/Sep/2026:08:20:54 -0700] "GET /wp-content/uploads/2026/07/Cardinals-Bronze-2026-300x200.jpeg HTTP/1.1" 304 - "-" "Googlebot-Image/1.0"
106.215.159.74 - - [02/Sep/2026:08:20:57 -0700] "POST /xmlrpc.php HTTP/1.1" 200 403 "-" "Jetpack/12.1; WordPress/6.3; http://site61530148.com"
173.252.82.52 - - [02/Sep/2026:08:21:07 -0700] "GET /2024-rmll-box-diagram/ HTTP/2.0" 404 85067 "-" "Mozilla/5.0 (Macintosh; Intel Mac OS X 10_15_7) AppleWebKit/537.36 (KHTML, like Gecko) Chrome/145.0.0.0 Safari/537.36 (compatible; meta-webindexer/1.1 (+https://developers.facebook.com/docs/sharing/webmasters/crawler))"
106.215.159.74 - - [02/Sep/2026:08:21:08 -0700] "POST /xmlrpc.php HTTP/1.1" 200 403 "-" "Jetpack by WordPress.com"
173.231.200.77 - - [02/Sep/2026:08:21:19 -0700] "POST /wp-cron.php?doing_wp_cron=1788362479.8255650997161865234375 HTTP/1.1" 200 - "-" "WordPress/6.7.7; https://rockymountainlax.com"
106.215.159.74 - - [02/Sep/2026:08:21:19 -0700] "POST /xmlrpc.php HTTP/1.1" 200 403 "-" "Jetpack by WordPress.com"
106.215.159.74 - - [02/Sep/2026:08:21:30 -0700] "POST /xmlrpc.php HTTP/1.1" 200 403 "-" "Jetpack by WordPress.com"
106.215.159.74 - - [02/Sep/2026:08:21:40 -0700] "POST /xmlrpc.php HTTP/1.1" 200 403 "-" "WordPress.com; https://wordpress.com"
106.215.159.74 - - [02/Sep/2026:08:21:51 -0700] "POST /xmlrpc.php HTTP/1.1" 200 403 "-" "Jetpack/12.1; WordPress/6.1; http://site21245912.com"
106.215.159.74 - - [02/Sep/2026:08:22:02 -0700] "POST /xmlrpc.php HTTP/1.1" 200 403 "-" "WordPress.com; https://wordpress.com"
129.146.74.223 - - [02/Sep/2026:08:22:09 -0700] "GET /major-lax/ HTTP/1.1" 200 126742 "https://rockymountainlax.com/major-lax" "Mozilla/5.0 (X11; Linux aarch64) AppleWebKit/537.36 (KHTML, like Gecko) Chrome/139.0.0.0 Safari/537.36"
173.231.200.77 - - [02/Sep/2026:08:22:13 -0700] "POST /wp-cron.php?doing_wp_cron=1788362533.0666639804840087890625 HTTP/1.1" 200 - "-" "WordPress/6.7.7; https://rockymountainlax.com"
106.215.159.74 - - [02/Sep/2026:08:22:12 -0700] "POST /xmlrpc.php HTTP/1.1" 200 403 "-" "WordPress.com; https://wordpress.com"
173.231.200.77 - - [02/Sep/2026:08:22:23 -0700] "POST /wp-cron.php?doing_wp_cron=1788362543.8596370220184326171875 HTTP/1.1" 200 - "-" "WordPress/6.7.7; https://rockymountainlax.com"
106.215.159.74 - - [02/Sep/2026:08:22:23 -0700] "POST /xmlrpc.php HTTP/1.1" 200 403 "-" "Jetpack by WordPress.com (Jetpack 12.1; WordPress 6.2)"
106.215.159.74 - - [02/Sep/2026:08:22:34 -0700] "POST /xmlrpc.php HTTP/1.1" 200 403 "-" "WordPress.com; https://wordpress.com"
106.215.159.74 - - [02/Sep/2026:08:22:45 -0700] "POST /xmlrpc.php HTTP/1.1" 200 403 "-" "Jetpack by WordPress.com"
129.146.119.181 - - [02/Sep/2026:08:22:49 -0700] "GET /?p=4730 HTTP/1.1" 301 - "-" "Mozilla/5.0 (X11; Linux aarch64) AppleWebKit/537.36 (KHTML, like Gecko) Chrome/139.0.0.0 Safari/537.36"
106.215.159.74 - - [02/Sep/2026:08:22:55 -0700] "POST /xmlrpc.php HTTP/1.1" 200 403 "-" "WordPress.com; https://wordpress.com"
106.215.159.74 - - [02/Sep/2026:08:23:06 -0700] "POST /xmlrpc.php HTTP/1.1" 200 403 "-" "WordPress.com; https://wordpress.com"
106.215.159.74 - - [02/Sep/2026:08:23:16 -0700] "POST /xmlrpc.php HTTP/1.1" 200 403 "-" "Jetpack by WordPress.com (Jetpack 12.5; WordPress 6.1)"
173.231.200.77 - - [02/Sep/2026:08:23:27 -0700] "POST /wp-cron.php?doing_wp_cron=1788362607.7136220932006835937500 HTTP/1.1" 200 - "-" "WordPress/6.7.7; https://rockymountainlax.com"
106.215.159.74 - - [02/Sep/2026:08:23:27 -0700] "POST /xmlrpc.php HTTP/1.1" 200 403 "-" "Jetpack/12.1; WordPress/6.3; http://site15496728.com"
106.215.159.74 - - [02/Sep/2026:08:23:38 -0700] "POST /xmlrpc.php HTTP/1.1" 200 403 "-" "Jetpack by WordPress.com"
106.215.159.74 - - [02/Sep/2026:08:23:48 -0700] "POST /xmlrpc.php HTTP/1.1" 200 403 "-" "Jetpack by WordPress.com"
106.215.159.74 - - [02/Sep/2026:08:23:59 -0700] "POST /xmlrpc.php HTTP/1.1" 200 403 "-" "Jetpack/12.0; WordPress/6.4; http://site31258249.com"
106.215.159.74 - - [02/Sep/2026:08:24:10 -0700] "POST /xmlrpc.php HTTP/1.1" 200 403 "-" "WordPress.com; https://wordpress.com"
142.179.205.239 - - [02/Sep/2026:08:24:17 -0700] "GET /Team/teamWeb.dll/PageContent?MenuId=3244 HTTP/2.0" 301 - "-" "Mozilla/5.0 (Macintosh; Intel Mac OS X 10_15_7) AppleWebKit/605.1.15 (KHTML, like Gecko)"
142.179.205.239 - - [02/Sep/2026:08:24:17 -0700] "GET /Team/teamWeb.dll/PageContent?MenuId=3244 HTTP/2.0" 404 85067 "-" "Mozilla/5.0 (Macintosh; Intel Mac OS X 10_15_7) AppleWebKit/605.1.15 (KHTML, like Gecko)"
173.231.200.77 - - [02/Sep/2026:08:24:21 -0700] "POST /wp-cron.php?doing_wp_cron=1788362661.4425430297851562500000 HTTP/1.1" 200 - "-" "WordPress/6.7.7; https://rockymountainlax.com"
106.215.159.74 - - [02/Sep/2026:08:24:21 -0700] "POST /xmlrpc.php HTTP/1.1" 200 403 "-" "Jetpack by WordPress.com (Jetpack 12.0; WordPress 6.1)"
106.215.159.74 - - [02/Sep/2026:08:24:32 -0700] "POST /xmlrpc.php HTTP/1.1" 200 403 "-" "Jetpack by WordPress.com (Jetpack 13.0; WordPress 6.2)"
106.215.159.74 - - [02/Sep/2026:08:24:42 -0700] "POST /xmlrpc.php HTTP/1.1" 200 403 "-" "Jetpack/12.0; WordPress/6.2; http://site85343342.com"
106.215.159.74 - - [02/Sep/2026:08:24:53 -0700] "POST /xmlrpc.php HTTP/1.1" 200 403 "-" "WordPress.com; https://wordpress.com"
106.215.159.74 - - [02/Sep/2026:08:25:04 -0700] "POST /xmlrpc.php HTTP/1.1" 200 403 "-" "Jetpack by WordPress.com (Jetpack 13.0; WordPress 6.1)"
106.215.159.74 - - [02/Sep/2026:08:25:14 -0700] "POST /xmlrpc.php HTTP/1.1" 200 403 "-" "Jetpack by WordPress.com"
173.231.200.77 - - [02/Sep/2026:08:25:25 -0700] "POST /wp-cron.php?doing_wp_cron=1788362725.9195680618286132812500 HTTP/1.1" 200 - "-" "WordPress/6.7.7; https://rockymountainlax.com"
106.215.159.74 - - [02/Sep/2026:08:25:25 -0700] "POST /xmlrpc.php HTTP/1.1" 200 403 "-" "Jetpack by WordPress.com (Jetpack 13.0; WordPress 6.4)"
106.215.159.74 - - [02/Sep/2026:08:25:36 -0700] "POST /xmlrpc.php HTTP/1.1" 200 403 "-" "Jetpack/12.0; WordPress/6.1; http://site61521709.com"
20.119.102.71 - - [02/Sep/2026:08:25:37 -0700] "GET / HTTP/1.1" 301 - "-" "Mozilla/5.0 (Windows NT 10.0; Win64; x64) AppleWebKit/537.36"
20.119.102.71 - - [02/Sep/2026:08:25:41 -0700] "GET / HTTP/1.1" 200 150876 "-" "Mozilla/5.0 (Windows NT 10.0; Win64; x64) AppleWebKit/537.36"
20.119.102.71 - - [02/Sep/2026:08:25:44 -0700] "GET /careers HTTP/1.1" 404 85067 "-" "Mozilla/5.0 (Windows NT 10.0; Win64; x64) AppleWebKit/537.36"
106.215.159.74 - - [02/Sep/2026:08:25:47 -0700] "POST /xmlrpc.php HTTP/1.1" 200 403 "-" "Jetpack by WordPress.com"
20.119.102.71 - - [02/Sep/2026:08:25:55 -0700] "GET /sitemap.xml HTTP/1.1" 301 - "-" "Mozilla/5.0 (Windows NT 10.0; Win64; x64) AppleWebKit/537.36"
20.119.102.71 - - [02/Sep/2026:08:25:56 -0700] "GET /wp-sitemap.xml HTTP/1.1" 200 848 "-" "Mozilla/5.0 (Windows NT 10.0; Win64; x64) AppleWebKit/537.36"
106.215.159.74 - - [02/Sep/2026:08:25:57 -0700] "POST /xmlrpc.php HTTP/1.1" 200 403 "-" "WordPress.com; https://wordpress.com"
106.215.159.74 - - [02/Sep/2026:08:26:08 -0700] "POST /xmlrpc.php HTTP/1.1" 200 403 "-" "WordPress.com; https://wordpress.com"
173.231.200.77 - - [02/Sep/2026:08:26:19 -0700] "POST /wp-cron.php?doing_wp_cron=1788362779.5355319976806640625000 HTTP/1.1" 200 - "-" "WordPress/6.7.7; https://rockymountainlax.com"
106.215.159.74 - - [02/Sep/2026:08:26:19 -0700] "POST /xmlrpc.php HTTP/1.1" 200 403 "-" "Jetpack by WordPress.com"
106.215.159.74 - - [02/Sep/2026:08:26:29 -0700] "POST /xmlrpc.php HTTP/1.1" 200 403 "-" "WordPress.com; https://wordpress.com"
106.215.159.74 - - [02/Sep/2026:08:26:40 -0700] "POST /xmlrpc.php HTTP/1.1" 200 403 "-" "WordPress.com; https://wordpress.com"
52.167.144.174 - - [02/Sep/2026:08:26:45 -0700] "GET /Data/DocAssets520/2017%20agm/2017%20rmll%20jr%20b%20tier%20iii%20breakout%20meeting%20agenda%202018-1.doc HTTP/2.0" 404 85067 "-" "Mozilla/5.0 AppleWebKit/537.36 (KHTML, like Gecko; compatible; bingbot/2.0; +http://www.bing.com/bingbot.htm) Chrome/116.0.1938.76 Safari/537.36"
106.215.159.74 - - [02/Sep/2026:08:26:51 -0700] "POST /xmlrpc.php HTTP/1.1" 200 403 "-" "Jetpack/12.1; WordPress/6.1; http://site27092238.com"
106.215.159.74 - - [02/Sep/2026:08:27:02 -0700] "POST /xmlrpc.php HTTP/1.1" 200 403 "-" "WordPress.com; https://wordpress.com"
108.173.216.158 - - [02/Sep/2026:08:27:02 -0700] "GET /jr-b-t2-ja-teams/ HTTP/2.0" 200 86830 "-" "Mozilla/5.0 (iPhone; CPU iPhone OS 18_7 like Mac OS X) AppleWebKit/605.1.15 (KHTML, like Gecko) Mobile/15E148"
108.173.216.158 - - [02/Sep/2026:08:27:03 -0700] "GET /wp-content/themes/boldgrid-uptempo/inc/boldgrid-theme-framework/assets/css/smartmenus/sm-core-css.css?ver=1.19.1 HTTP/2.0" 200 900 "https://rockymountainlax.com/jr-b-t2-ja-teams/" "Mozilla/5.0 (iPhone; CPU iPhone OS 18_7 like Mac OS X) AppleWebKit/605.1.15 (KHTML, like Gecko) Mobile/15E148"
108.173.216.158 - - [02/Sep/2026:08:27:03 -0700] "GET /wp-content/plugins/float-to-top-button/css/float-to-top-button.min.css?ver=2.3.3 HTTP/2.0" 200 894 "https://rockymountainlax.com/jr-b-t2-ja-teams/" "Mozilla/5.0 (iPhone; CPU iPhone OS 18_7 like Mac OS X) AppleWebKit/605.1.15 (KHTML, like Gecko) Mobile/15E148"
108.173.216.158 - - [02/Sep/2026:08:27:03 -0700] "GET /wp-content/themes/boldgrid-uptempo/inc/boldgrid-theme-framework/assets/css/font-awesome/font-awesome.min.css?ver=4.7 HTTP/2.0" 200 29290 "https://rockymountainlax.com/jr-b-t2-ja-teams/" "Mozilla/5.0 (iPhone; CPU iPhone OS 18_7 like Mac OS X) AppleWebKit/605.1.15 (KHTML, like Gecko) Mobile/15E148"
108.173.216.158 - - [02/Sep/2026:08:27:03 -0700] "GET /wp-content/themes/boldgrid-uptempo/inc/boldgrid-theme-framework/assets/css/boldgrid-theme-framework.min.css?ver=1.19.1 HTTP/2.0" 200 40854 "https://rockymountainlax.com/jr-b-t2-ja-teams/" "Mozilla/5.0 (iPhone; CPU iPhone OS 18_7 like Mac OS X) AppleWebKit/605.1.15 (KHTML, like Gecko) Mobile/15E148"
108.173.216.158 - - [02/Sep/2026:08:27:03 -0700] "GET /wp-content/themes/boldgrid-uptempo/inc/boldgrid-theme-framework/assets/css/bootstrap/bootstrap.min.css?ver=3.3.1 HTTP/2.0" 200 104024 "https://rockymountainlax.com/jr-b-t2-ja-teams/" "Mozilla/5.0 (iPhone; CPU iPhone OS 18_7 like Mac OS X) AppleWebKit/605.1.15 (KHTML, like Gecko) Mobile/15E148"
108.173.216.158 - - [02/Sep/2026:08:27:03 -0700] "GET /wp-includes/css/dist/block-library/style.min.css?ver=6.7.7 HTTP/2.0" 200 114706 "https://rockymountainlax.com/jr-b-t2-ja-teams/" "Mozilla/5.0 (iPhone; CPU iPhone OS 18_7 like Mac OS X) AppleWebKit/605.1.15 (KHTML, like Gecko) Mobile/15E148"
108.173.216.158 - - [02/Sep/2026:08:27:03 -0700] "GET /wp-content/themes/boldgrid-uptempo/inc/boldgrid-theme-framework/includes/kirki/assets/css/kirki-styles.css HTTP/2.0" 200 - "https://rockymountainlax.com/jr-b-t2-ja-teams/" "Mozilla/5.0 (iPhone; CPU iPhone OS 18_7 like Mac OS X) AppleWebKit/605.1.15 (KHTML, like Gecko) Mobile/15E148"
108.173.216.158 - - [02/Sep/2026:08:27:03 -0700] "GET /wp-content/plugins/post-and-page-builder-premium/dist/application.min.css?ver=1.2.6 HTTP/2.0" 200 15594 "https://rockymountainlax.com/jr-b-t2-ja-teams/" "Mozilla/5.0 (iPhone; CPU iPhone OS 18_7 like Mac OS X) AppleWebKit/605.1.15 (KHTML, like Gecko) Mobile/15E148"
108.173.216.158 - - [02/Sep/2026:08:27:03 -0700] "GET /wp-content/themes/boldgrid-uptempo/inc/boldgrid-theme-framework/assets/css/smartmenus/bootstrap/jquery.smartmenus.bootstrap.css?ver=1.19.1 HTTP/2.0" 200 3632 "https://rockymountainlax.com/jr-b-t2-ja-teams/" "Mozilla/5.0 (iPhone; CPU iPhone OS 18_7 like Mac OS X) AppleWebKit/605.1.15 (KHTML, like Gecko) Mobile/15E148"
108.173.216.158 - - [02/Sep/2026:08:27:03 -0700] "GET /wp-content/themes/boldgrid-uptempo/css/color-palettes.css?ver=1557851937 HTTP/2.0" 200 13410 "https://rockymountainlax.com/jr-b-t2-ja-teams/" "Mozilla/5.0 (iPhone; CPU iPhone OS 18_7 like Mac OS X) AppleWebKit/605.1.15 (KHTML, like Gecko) Mobile/15E148"
108.173.216.158 - - [02/Sep/2026:08:27:03 -0700] "GET /wp-content/themes/boldgrid-uptempo/style.css HTTP/2.0" 200 12787 "https://rockymountainlax.com/jr-b-t2-ja-teams/" "Mozilla/5.0 (iPhone; CPU iPhone OS 18_7 like Mac OS X) AppleWebKit/605.1.15 (KHTML, like Gecko) Mobile/15E148"
108.173.216.158 - - [02/Sep/2026:08:27:03 -0700] "GET /wp-content/plugins/post-and-page-builder/assets/css/components.min.css?ver=2.16.5 HTTP/2.0" 200 28640 "https://rockymountainlax.com/jr-b-t2-ja-teams/" "Mozilla/5.0 (iPhone; CPU iPhone OS 18_7 like Mac OS X) AppleWebKit/605.1.15 (KHTML, like Gecko) Mobile/15E148"
108.173.216.158 - - [02/Sep/2026:08:27:03 -0700] "GET /wp-content/themes/boldgrid-uptempo/css/buttons.css?ver=1557851937 HTTP/2.0" 200 50245 "https://rockymountainlax.com/jr-b-t2-ja-teams/" "Mozilla/5.0 (iPhone; CPU iPhone OS 18_7 like Mac OS X) AppleWebKit/605.1.15 (KHTML, like Gecko) Mobile/15E148"
108.173.216.158 - - [02/Sep/2026:08:27:03 -0700] "GET /wp-content/uploads/2018/11/RMLL-4.png HTTP/2.0" 200 182228 "https://rockymountainlax.com/jr-b-t2-ja-teams/" "Mozilla/5.0 (iPhone; CPU iPhone OS 18_7 like Mac OS X) AppleWebKit/605.1.15 (KHTML, like Gecko) Mobile/15E148"
129.146.119.181 - - [02/Sep/2026:08:27:04 -0700] "GET /jr-b-t2-ja-season-info/ HTTP/1.1" 200 96103 "https://rockymountainlax.com/?p=4730" "Mozilla/5.0 (X11; Linux aarch64) AppleWebKit/537.36 (KHTML, like Gecko) Chrome/139.0.0.0 Safari/537.36"
173.231.200.77 - - [02/Sep/2026:08:27:12 -0700] "POST /wp-cron.php?doing_wp_cron=1788362832.8904540538787841796875 HTTP/1.1" 200 - "-" "WordPress/6.7.7; https://rockymountainlax.com"
106.215.159.74 - - [02/Sep/2026:08:27:12 -0700] "POST /xmlrpc.php HTTP/1.1" 200 403 "-" "Jetpack/12.1; WordPress/6.3; http://site84599400.com"
192.42.116.104 - - [02/Sep/2026:08:27:20 -0700] "GET / HTTP/2.0" 200 150878 "https://rockymountainlax.com" "Mozilla/5.0 (Linux; Android 9; ZTE 2050RU) AppleWebKit/537.36 (KHTML, like Gecko) Chrome/81.0.4044.138 Mobile Safari/537.36"
173.231.200.77 - - [02/Sep/2026:08:27:23 -0700] "POST /wp-cron.php?doing_wp_cron=1788362843.5786828994750976562500 HTTP/1.1" 200 - "-" "WordPress/6.7.7; https://rockymountainlax.com"
106.215.159.74 - - [02/Sep/2026:08:27:23 -0700] "POST /xmlrpc.php HTTP/1.1" 200 403 "-" "Jetpack by WordPress.com"
106.215.159.74 - - [02/Sep/2026:08:27:33 -0700] "POST /xmlrpc.php HTTP/1.1" 200 403 "-" "WordPress.com; https://wordpress.com"
106.215.159.74 - - [02/Sep/2026:08:27:44 -0700] "POST /xmlrpc.php HTTP/1.1" 200 403 "-" "WordPress.com; https://wordpress.com"
106.215.159.74 - - [02/Sep/2026:08:27:55 -0700] "POST /xmlrpc.php HTTP/1.1" 200 403 "-" "Jetpack by WordPress.com"
66.249.69.12 - - [02/Sep/2026:08:28:02 -0700] "GET /wp-content/uploads/2018/10/103_0_267_267_985_small.jpg HTTP/1.1" 304 - "-" "Googlebot-Image/1.0"
106.215.159.74 - - [02/Sep/2026:08:28:06 -0700] "POST /xmlrpc.php HTTP/1.1" 200 403 "-" "Jetpack/12.5; WordPress/6.3; http://site99075665.com"
106.215.159.74 - - [02/Sep/2026:08:28:17 -0700] "POST /xmlrpc.php HTTP/1.1" 200 403 "-" "Jetpack by WordPress.com (Jetpack 12.0; WordPress 6.1)"
173.231.200.77 - - [02/Sep/2026:08:28:27 -0700] "POST /wp-cron.php?doing_wp_cron=1788362907.8106958866119384765625 HTTP/1.1" 200 - "-" "WordPress/6.7.7; https://rockymountainlax.com"
106.215.159.74 - - [02/Sep/2026:08:28:27 -0700] "POST /xmlrpc.php HTTP/1.1" 200 403 "-" "Jetpack/12.5; WordPress/6.1; http://site87488634.com"
106.215.159.74 - - [02/Sep/2026:08:28:38 -0700] "POST /xmlrpc.php HTTP/1.1" 200 403 "-" "Jetpack by WordPress.com"
106.215.159.74 - - [02/Sep/2026:08:28:48 -0700] "POST /xmlrpc.php HTTP/1.1" 200 403 "-" "Jetpack by WordPress.com (Jetpack 12.5; WordPress 6.1)"
216.73.217.111 - - [02/Sep/2026:08:28:57 -0700] "GET /robots.txt HTTP/2.0" 200 121 "-" "Mozilla/5.0 AppleWebKit/537.36 (KHTML, like Gecko; compatible; ClaudeBot/1.0; +claudebot@anthropic.com)"
216.73.217.111 - - [02/Sep/2026:08:28:58 -0700] "GET /wp-sitemap.xml HTTP/2.0" 200 848 "-" "Mozilla/5.0 AppleWebKit/537.36 (KHTML, like Gecko; compatible; ClaudeBot/1.0; +claudebot@anthropic.com)"
106.215.159.74 - - [02/Sep/2026:08:28:59 -0700] "POST /xmlrpc.php HTTP/1.1" 200 403 "-" "Jetpack/12.1; WordPress/6.2; http://site70845207.com"
106.215.159.74 - - [02/Sep/2026:08:29:10 -0700] "POST /xmlrpc.php HTTP/1.1" 200 403 "-" "Jetpack/13.0; WordPress/6.4; http://site73924418.com"
165.225.210.255 - - [02/Sep/2026:08:29:11 -0700] "GET /sr-b-championships/ HTTP/2.0" 200 101086 "https://rockymountainlax.com/sr-b-teams/" "Mozilla/5.0 (Windows NT 10.0; Win64; x64) AppleWebKit/537.36 (KHTML, like Gecko) Chrome/152.0.0.0 Safari/537.36"
165.225.210.255 - - [02/Sep/2026:08:29:11 -0700] "GET /wp-content/plugins/float-to-top-button/css/float-to-top-button.min.css?ver=2.3.3 HTTP/2.0" 200 894 "https://rockymountainlax.com/sr-b-championships/" "Mozilla/5.0 (Windows NT 10.0; Win64; x64) AppleWebKit/537.36 (KHTML, like Gecko) Chrome/152.0.0.0 Safari/537.36"
165.225.210.255 - - [02/Sep/2026:08:29:11 -0700] "GET /wp-content/themes/boldgrid-uptempo/inc/boldgrid-theme-framework/assets/css/font-awesome/font-awesome.min.css?ver=4.7 HTTP/2.0" 200 29290 "https://rockymountainlax.com/sr-b-championships/" "Mozilla/5.0 (Windows NT 10.0; Win64; x64) AppleWebKit/537.36 (KHTML, like Gecko) Chrome/152.0.0.0 Safari/537.36"
165.225.210.255 - - [02/Sep/2026:08:29:11 -0700] "GET /wp-content/themes/boldgrid-uptempo/inc/boldgrid-theme-framework/assets/css/smartmenus/sm-core-css.css?ver=1.19.1 HTTP/2.0" 200 900 "https://rockymountainlax.com/sr-b-championships/" "Mozilla/5.0 (Windows NT 10.0; Win64; x64) AppleWebKit/537.36 (KHTML, like Gecko) Chrome/152.0.0.0 Safari/537.36"
165.225.210.255 - - [02/Sep/2026:08:29:11 -0700] "GET /wp-content/themes/boldgrid-uptempo/inc/boldgrid-theme-framework/assets/css/smartmenus/bootstrap/jquery.smartmenus.bootstrap.css?ver=1.19.1 HTTP/2.0" 200 3632 "https://rockymountainlax.com/sr-b-championships/" "Mozilla/5.0 (Windows NT 10.0; Win64; x64) AppleWebKit/537.36 (KHTML, like Gecko) Chrome/152.0.0.0 Safari/537.36"
165.225.210.255 - - [02/Sep/2026:08:29:11 -0700] "GET /wp-content/plugins/post-and-page-builder/assets/css/components.min.css?ver=2.16.5 HTTP/2.0" 200 28640 "https://rockymountainlax.com/sr-b-championships/" "Mozilla/5.0 (Windows NT 10.0; Win64; x64) AppleWebKit/537.36 (KHTML, like Gecko) Chrome/152.0.0.0 Safari/537.36"
165.225.210.255 - - [02/Sep/2026:08:29:11 -0700] "GET /wp-content/themes/boldgrid-uptempo/style.css HTTP/2.0" 200 12787 "https://rockymountainlax.com/sr-b-championships/" "Mozilla/5.0 (Windows NT 10.0; Win64; x64) AppleWebKit/537.36 (KHTML, like Gecko) Chrome/152.0.0.0 Safari/537.36"
165.225.210.255 - - [02/Sep/2026:08:29:11 -0700] "GET /wp-content/themes/boldgrid-uptempo/css/color-palettes.css?ver=1557851937 HTTP/2.0" 200 13410 "https://rockymountainlax.com/sr-b-championships/" "Mozilla/5.0 (Windows NT 10.0; Win64; x64) AppleWebKit/537.36 (KHTML, like Gecko) Chrome/152.0.0.0 Safari/537.36"
165.225.210.255 - - [02/Sep/2026:08:29:11 -0700] "GET /wp-includes/css/dist/block-library/style.min.css?ver=6.7.7 HTTP/2.0" 200 114706 "https://rockymountainlax.com/sr-b-championships/" "Mozilla/5.0 (Windows NT 10.0; Win64; x64) AppleWebKit/537.36 (KHTML, like Gecko) Chrome/152.0.0.0 Safari/537.36"
165.225.210.255 - - [02/Sep/2026:08:29:11 -0700] "GET /wp-content/themes/boldgrid-uptempo/inc/boldgrid-theme-framework/includes/kirki/assets/css/kirki-styles.css HTTP/2.0" 200 - "https://rockymountainlax.com/sr-b-championships/" "Mozilla/5.0 (Windows NT 10.0; Win64; x64) AppleWebKit/537.36 (KHTML, like Gecko) Chrome/152.0.0.0 Safari/537.36"
165.225.210.255 - - [02/Sep/2026:08:29:11 -0700] "GET /wp-content/plugins/post-and-page-builder-premium/dist/application.min.css?ver=1.2.6 HTTP/2.0" 200 15594 "https://rockymountainlax.com/sr-b-championships/" "Mozilla/5.0 (Windows NT 10.0; Win64; x64) AppleWebKit/537.36 (KHTML, like Gecko) Chrome/152.0.0.0 Safari/537.36"
165.225.210.255 - - [02/Sep/2026:08:29:11 -0700] "GET /wp-content/themes/boldgrid-uptempo/inc/boldgrid-theme-framework/assets/css/bootstrap/bootstrap.min.css?ver=3.3.1 HTTP/2.0" 200 104024 "https://rockymountainlax.com/sr-b-championships/" "Mozilla/5.0 (Windows NT 10.0; Win64; x64) AppleWebKit/537.36 (KHTML, like Gecko) Chrome/152.0.0.0 Safari/537.36"
165.225.210.255 - - [02/Sep/2026:08:29:11 -0700] "GET /wp-content/themes/boldgrid-uptempo/inc/boldgrid-theme-framework/assets/css/boldgrid-theme-framework.min.css?ver=1.19.1 HTTP/2.0" 200 40854 "https://rockymountainlax.com/sr-b-championships/" "Mozilla/5.0 (Windows NT 10.0; Win64; x64) AppleWebKit/537.36 (KHTML, like Gecko) Chrome/152.0.0.0 Safari/537.36"
165.225.210.255 - - [02/Sep/2026:08:29:11 -0700] "GET /wp-content/themes/boldgrid-uptempo/css/buttons.css?ver=1557851937 HTTP/2.0" 200 50245 "https://rockymountainlax.com/sr-b-championships/" "Mozilla/5.0 (Windows NT 10.0; Win64; x64) AppleWebKit/537.36 (KHTML, like Gecko) Chrome/152.0.0.0 Safari/537.36"
142.179.205.239 - - [02/Sep/2026:08:29:12 -0700] "GET /Team/teamWeb.dll/PageContent?MenuId=3244 HTTP/2.0" 301 - "-" "Mozilla/5.0 (Macintosh; Intel Mac OS X 10_15_7) AppleWebKit/605.1.15 (KHTML, like Gecko)"
165.225.210.255 - - [02/Sep/2026:08:29:12 -0700] "GET /wp-includes/js/wp-emoji-release.min.js?ver=6.7.7 HTTP/2.0" 200 18726 "https://rockymountainlax.com/sr-b-championships/" "Mozilla/5.0 (Windows NT 10.0; Win64; x64) AppleWebKit/537.36 (KHTML, like Gecko) Chrome/152.0.0.0 Safari/537.36"
142.179.205.239 - - [02/Sep/2026:08:29:12 -0700] "GET /Team/teamWeb.dll/PageContent?MenuId=3244 HTTP/2.0" 404 85067 "-" "Mozilla/5.0 (Macintosh; Intel Mac OS X 10_15_7) AppleWebKit/605.1.15 (KHTML, like Gecko)"
165.225.210.255 - - [02/Sep/2026:08:29:12 -0700] "GET /sr-b-championships/images/ui-bg_gloss-wave_20_d5d3d3_500x100.png HTTP/2.0" 404 85067 "https://rockymountainlax.com/sr-b-championships/" "Mozilla/5.0 (Windows NT 10.0; Win64; x64) AppleWebKit/537.36 (KHTML, like Gecko) Chrome/152.0.0.0 Safari/537.36"
165.225.210.255 - - [02/Sep/2026:08:29:12 -0700] "GET /sr-b-championships/images/ui-bg_diagonals-thick_10_002035_40x40.png HTTP/2.0" 404 85067 "https://rockymountainlax.com/sr-b-championships/" "Mozilla/5.0 (Windows NT 10.0; Win64; x64) AppleWebKit/537.36 (KHTML, like Gecko) Chrome/152.0.0.0 Safari/537.36"
165.225.210.255 - - [02/Sep/2026:08:29:12 -0700] "GET /sr-b-championships/images/ui-bg_dots-small_20_333333_2x2.png HTTP/2.0" 404 85067 "https://rockymountainlax.com/sr-b-championships/" "Mozilla/5.0 (Windows NT 10.0; Win64; x64) AppleWebKit/537.36 (KHTML, like Gecko) Chrome/152.0.0.0 Safari/537.36"
173.231.200.77 - - [02/Sep/2026:08:29:21 -0700] "POST /wp-cron.php?doing_wp_cron=1788362961.1033549308776855468750 HTTP/1.1" 200 - "-" "WordPress/6.7.7; https://rockymountainlax.com"
106.215.159.74 - - [02/Sep/2026:08:29:20 -0700] "POST /xmlrpc.php HTTP/1.1" 200 403 "-" "Jetpack/12.0; WordPress/6.1; http://site36700197.com"
66.249.69.11 - - [02/Sep/2026:08:29:29 -0700] "GET /jr-a-schedule//1000 HTTP/1.1" 301 - "-" "Mozilla/5.0 (Linux; Android 6.0.1; Nexus 5X Build/MMB29P) AppleWebKit/537.36 (KHTML, like Gecko) Chrome/151.0.7922.173 Mobile Safari/537.36 (compatible; Googlebot/2.1; +http://www.google.com/bot.html)"
66.249.69.12 - - [02/Sep/2026:08:29:29 -0700] "GET /jr-a-schedule/ HTTP/1.1" 200 88823 "-" "Mozilla/5.0 (Linux; Android 6.0.1; Nexus 5X Build/MMB29P) AppleWebKit/537.36 (KHTML, like Gecko) Chrome/151.0.7922.173 Mobile Safari/537.36 (compatible; Googlebot/2.1; +http://www.google.com/bot.html)"
106.215.159.74 - - [02/Sep/2026:08:29:31 -0700] "POST /xmlrpc.php HTTP/1.1" 200 403 "-" "Jetpack by WordPress.com"
106.215.159.74 - - [02/Sep/2026:08:29:42 -0700] "POST /xmlrpc.php HTTP/1.1" 200 403 "-" "Jetpack/13.0; WordPress/6.2; http://site69269764.com"
106.215.159.74 - - [02/Sep/2026:08:29:53 -0700] "POST /xmlrpc.php HTTP/1.1" 200 403 "-" "WordPress.com; https://wordpress.com"
106.215.159.74 - - [02/Sep/2026:08:30:03 -0700] "POST /xmlrpc.php HTTP/1.1" 200 403 "-" "Jetpack/12.0; WordPress/6.1; http://site91067706.com"
173.252.82.15 - - [02/Sep/2026:08:30:14 -0700] "GET /robots.txt HTTP/2.0" 200 121 "-" "facebookexternalhit/1.1 (+http://www.facebook.com/externalhit_uatext.php)"
106.215.159.74 - - [02/Sep/2026:08:30:14 -0700] "POST /xmlrpc.php HTTP/1.1" 200 403 "-" "Jetpack by WordPress.com"
54.84.169.196 - - [02/Sep/2026:08:30:16 -0700] "GET /wp-content/plugins/PDFEmbedder-premium/assets/js/pdfjs/locale/lt/ HTTP/1.1" 200 965 "-" "Mozilla/5.0 AppleWebKit/537.36 (KHTML, like Gecko; compatible; Amazonbot/0.1; +https://developer.amazon.com/support/amazonbot) Chrome/119.0.6045.214 Safari/537.36"
165.225.210.255 - - [02/Sep/2026:08:30:22 -0700] "GET /sr-b-awards/ HTTP/2.0" 200 95497 "https://rockymountainlax.com/sr-b-championships/" "Mozilla/5.0 (Windows NT 10.0; Win64; x64) AppleWebKit/537.36 (KHTML, like Gecko) Chrome/152.0.0.0 Safari/537.36"
165.225.210.255 - - [02/Sep/2026:08:30:22 -0700] "GET /wp-content/plugins/post-and-page-builder/assets/dist/public.min.js?ver=1.27.14 HTTP/2.0" 200 20634 "https://rockymountainlax.com/sr-b-awards/" "Mozilla/5.0 (Windows NT 10.0; Win64; x64) AppleWebKit/537.36 (KHTML, like Gecko) Chrome/152.0.0.0 Safari/537.36"
173.231.200.77 - - [02/Sep/2026:08:30:25 -0700] "POST /wp-cron.php?doing_wp_cron=1788363025.4903209209442138671875 HTTP/1.1" 200 - "-" "WordPress/6.7.7; https://rockymountainlax.com"
106.215.159.74 - - [02/Sep/2026:08:30:25 -0700] "POST /xmlrpc.php HTTP/1.1" 200 403 "-" "Jetpack by WordPress.com (Jetpack 12.0; WordPress 6.4)"
165.225.210.255 - - [02/Sep/2026:08:30:27 -0700] "GET /sr-b-minutes/ HTTP/2.0" 200 87298 "https://rockymountainlax.com/sr-b-awards/" "Mozilla/5.0 (Windows NT 10.0; Win64; x64) AppleWebKit/537.36 (KHTML, like Gecko) Chrome/152.0.0.0 Safari/537.36"
57.141.18.73 - - [02/Sep/2026:08:30:30 -0700] "GET /sr-b-divison-info/ HTTP/2.0" 200 94552 "-" "Mozilla/5.0 (Macintosh; Intel Mac OS X 10_15_7) AppleWebKit/537.36 (KHTML, like Gecko) Chrome/145.0.0.0 Safari/537.36 (compatible; meta-webindexer/1.1 (+https://developers.facebook.com/docs/sharing/webmasters/crawler))"
165.225.210.255 - - [02/Sep/2026:08:30:32 -0700] "GET /sr-b-transactions/ HTTP/2.0" 200 87203 "https://rockymountainlax.com/sr-b-minutes/" "Mozilla/5.0 (Windows NT 10.0; Win64; x64) AppleWebKit/537.36 (KHTML, like Gecko) Chrome/152.0.0.0 Safari/537.36"
106.215.159.74 - - [02/Sep/2026:08:30:35 -0700] "POST /xmlrpc.php HTTP/1.1" 200 403 "-" "Jetpack/12.1; WordPress/6.3; http://site23705106.com"
106.215.159.74 - - [02/Sep/2026:08:30:46 -0700] "POST /xmlrpc.php HTTP/1.1" 200 403 "-" "Jetpack by WordPress.com (Jetpack 12.0; WordPress 6.2)"
106.215.159.74 - - [02/Sep/2026:08:30:57 -0700] "POST /xmlrpc.php HTTP/1.1" 200 403 "-" "Jetpack/13.0; WordPress/6.4; http://site48844767.com"
192.0.102.14 - - [02/Sep/2026:08:31:02 -0700] "GET /feed/ HTTP/2.0" 200 10435 "-" "wp.com feedbot/1.0 (+https://wp.com)"
223.109.252.165 - - [02/Sep/2026:08:31:04 -0700] "GET /box-score-url/ HTTP/1.1" 200 84449 "-" "Sogou web spider/4.0(+http://www.sogou.com/docs/help/webmasters.htm#07)"
106.215.159.74 - - [02/Sep/2026:08:31:08 -0700] "POST /xmlrpc.php HTTP/1.1" 200 403 "-" "Jetpack by WordPress.com (Jetpack 12.1; WordPress 6.4)"
193.186.4.244 - - [02/Sep/2026:08:31:12 -0700] "GET /jr-b-t1-teams/ HTTP/2.0" 200 87466 "https://www.google.com/" "Mozilla/5.0 (Windows NT 10.0; Win64; x64) AppleWebKit/537.36 (KHTML, like Gecko) Chrome/152.0.0.0 Safari/537.36"
173.231.200.77 - - [02/Sep/2026:08:31:19 -0700] "POST /wp-cron.php?doing_wp_cron=1788363079.1326389312744140625000 HTTP/1.1" 200 - "-" "WordPress/6.7.7; https://rockymountainlax.com"
106.215.159.74 - - [02/Sep/2026:08:31:18 -0700] "POST /xmlrpc.php HTTP/1.1" 200 403 "-" "Jetpack/12.1; WordPress/6.4; http://site81518696.com"
106.215.159.74 - - [02/Sep/2026:08:31:29 -0700] "POST /xmlrpc.php HTTP/1.1" 200 403 "-" "WordPress.com; https://wordpress.com"
106.215.159.74 - - [02/Sep/2026:08:31:40 -0700] "POST /xmlrpc.php HTTP/1.1" 200 403 "-" "Jetpack/12.5; WordPress/6.4; http://site36667477.com"
106.215.159.74 - - [02/Sep/2026:08:31:51 -0700] "POST /xmlrpc.php HTTP/1.1" 200 403 "-" "Jetpack by WordPress.com"
35.87.67.9 - - [02/Sep/2026:08:31:55 -0700] "GET /wp-content/uploads/2020/01/Minutes-December-6-2019-Executive-Conference-Call.pdf HTTP/1.1" 200 151999 "-" "python-httpx/0.28.1"
106.215.159.74 - - [02/Sep/2026:08:32:01 -0700] "POST /xmlrpc.php HTTP/1.1" 200 403 "-" "Jetpack by WordPress.com (Jetpack 13.0; WordPress 6.1)"
173.231.200.77 - - [02/Sep/2026:08:32:12 -0700] "POST /wp-cron.php?doing_wp_cron=1788363132.8519239425659179687500 HTTP/1.1" 200 - "-" "WordPress/6.7.7; https://rockymountainlax.com"
106.215.159.74 - - [02/Sep/2026:08:32:12 -0700] "POST /xmlrpc.php HTTP/1.1" 200 403 "-" "Jetpack by WordPress.com"
173.231.200.77 - - [02/Sep/2026:08:32:23 -0700] "POST /wp-cron.php?doing_wp_cron=1788363143.9107279777526855468750 HTTP/1.1" 200 - "-" "WordPress/6.7.7; https://rockymountainlax.com"
106.215.159.74 - - [02/Sep/2026:08:32:23 -0700] "POST /xmlrpc.php HTTP/1.1" 200 403 "-" "Jetpack by WordPress.com"
106.215.159.74 - - [02/Sep/2026:08:32:34 -0700] "POST /xmlrpc.php HTTP/1.1" 200 403 "-" "Jetpack by WordPress.com"
106.215.159.74 - - [02/Sep/2026:08:32:45 -0700] "POST /xmlrpc.php HTTP/1.1" 200 403 "-" "Jetpack by WordPress.com"
40.77.167.85 - - [02/Sep/2026:08:32:53 -0700] "GET /robots.txt HTTP/2.0" 301 - "-" "Mozilla/5.0 AppleWebKit/537.36 (KHTML, like Gecko; compatible; bingbot/2.0; +http://www.bing.com/bingbot.htm) Chrome/116.0.1938.76 Safari/537.36"
40.77.167.85 - - [02/Sep/2026:08:32:53 -0700] "GET /robots.txt HTTP/2.0" 200 121 "-" "Mozilla/5.0 AppleWebKit/537.36 (KHTML, like Gecko; compatible; bingbot/2.0; +http://www.bing.com/bingbot.htm) Chrome/116.0.1938.76 Safari/537.36"
40.77.167.85 - - [02/Sep/2026:08:32:54 -0700] "GET /robots.txt HTTP/2.0" 301 - "-" "Mozilla/5.0 AppleWebKit/537.36 (KHTML, like Gecko; compatible; bingbot/2.0; +http://www.bing.com/bingbot.htm) Chrome/116.0.1938.76 Safari/537.36"
40.77.167.85 - - [02/Sep/2026:08:32:54 -0700] "GET /robots.txt HTTP/2.0" 200 121 "-" "Mozilla/5.0 AppleWebKit/537.36 (KHTML, like Gecko; compatible; bingbot/2.0; +http://www.bing.com/bingbot.htm) Chrome/116.0.1938.76 Safari/537.36"
106.215.159.74 - - [02/Sep/2026:08:32:55 -0700] "POST /xmlrpc.php HTTP/1.1" 200 403 "-" "WordPress.com; https://wordpress.com"
40.77.167.9 - - [02/Sep/2026:08:32:56 -0700] "GET / HTTP/2.0" 301 - "-" "Mozilla/5.0 AppleWebKit/537.36 (KHTML, like Gecko; compatible; bingbot/2.0; +http://www.bing.com/bingbot.htm) Chrome/116.0.1938.76 Safari/537.36"
142.179.205.239 - - [02/Sep/2026:08:32:56 -0700] "GET /Team/teamWeb.dll/PageContent?MenuId=3244 HTTP/2.0" 301 - "-" "Mozilla/5.0 (Macintosh; Intel Mac OS X 10_15_7) AppleWebKit/605.1.15 (KHTML, like Gecko)"
142.179.205.239 - - [02/Sep/2026:08:32:56 -0700] "GET /Team/teamWeb.dll/PageContent?MenuId=3244 HTTP/2.0" 404 85067 "-" "Mozilla/5.0 (Macintosh; Intel Mac OS X 10_15_7) AppleWebKit/605.1.15 (KHTML, like Gecko)"
40.77.167.2 - - [02/Sep/2026:08:32:57 -0700] "GET / HTTP/2.0" 200 150876 "-" "Mozilla/5.0 AppleWebKit/537.36 (KHTML, like Gecko; compatible; bingbot/2.0; +http://www.bing.com/bingbot.htm) Chrome/116.0.1938.76 Safari/537.36"
106.215.159.74 - - [02/Sep/2026:08:33:06 -0700] "POST /xmlrpc.php HTTP/1.1" 200 403 "-" "WordPress.com; https://wordpress.com"
142.179.205.239 - - [02/Sep/2026:08:33:07 -0700] "GET /Team/teamWeb.dll/PageContent?MenuId=3244 HTTP/2.0" 301 - "-" "Mozilla/5.0 (Macintosh; Intel Mac OS X 10_15_7) AppleWebKit/605.1.15 (KHTML, like Gecko)"
142.179.205.239 - - [02/Sep/2026:08:33:07 -0700] "GET /Team/teamWeb.dll/PageContent?MenuId=3244 HTTP/2.0" 404 85067 "-" "Mozilla/5.0 (Macintosh; Intel Mac OS X 10_15_7) AppleWebKit/605.1.15 (KHTML, like Gecko)"
106.215.159.74 - - [02/Sep/2026:08:33:17 -0700] "POST /xmlrpc.php HTTP/1.1" 200 403 "-" "Jetpack/13.0; WordPress/6.4; http://site43276980.com"
173.231.200.77 - - [02/Sep/2026:08:33:28 -0700] "POST /wp-cron.php?doing_wp_cron=1788363208.1153199672698974609375 HTTP/1.1" 200 - "-" "WordPress/6.7.7; https://rockymountainlax.com"
106.215.159.74 - - [02/Sep/2026:08:33:27 -0700] "POST /xmlrpc.php HTTP/1.1" 200 403 "-" "WordPress.com; https://wordpress.com"
106.215.159.74 - - [02/Sep/2026:08:33:38 -0700] "POST /xmlrpc.php HTTP/1.1" 200 403 "-" "Jetpack/12.5; WordPress/6.4; http://site17237087.com"
106.215.159.74 - - [02/Sep/2026:08:33:49 -0700] "POST /xmlrpc.php HTTP/1.1" 200 403 "-" "Jetpack/13.0; WordPress/6.1; http://site56473991.com"
106.215.159.74 - - [02/Sep/2026:08:33:59 -0700] "POST /xmlrpc.php HTTP/1.1" 200 403 "-" "WordPress.com; https://wordpress.com"
72.143.222.79 - - [02/Sep/2026:08:34:07 -0700] "GET / HTTP/2.0" 200 150878 "-" "Mozilla/5.0 (iPhone; CPU iPhone OS 18_7 like Mac OS X) AppleWebKit/605.1.15 (KHTML, like Gecko) Version/26.5.2 Mobile/15E148 Safari/604.1"
72.143.222.79 - - [02/Sep/2026:08:34:08 -0700] "GET /wp-content/themes/boldgrid-uptempo/inc/boldgrid-theme-framework/assets/css/smartmenus/sm-core-css.css?ver=1.19.1 HTTP/2.0" 200 900 "https://rockymountainlax.com/" "Mozilla/5.0 (iPhone; CPU iPhone OS 18_7 like Mac OS X) AppleWebKit/605.1.15 (KHTML, like Gecko) Version/26.5.2 Mobile/15E148 Safari/604.1"
72.143.222.79 - - [02/Sep/2026:08:34:08 -0700] "GET /wp-content/themes/boldgrid-uptempo/inc/boldgrid-theme-framework/assets/css/boldgrid-theme-framework.min.css?ver=1.19.1 HTTP/2.0" 200 40854 "https://rockymountainlax.com/" "Mozilla/5.0 (iPhone; CPU iPhone OS 18_7 like Mac OS X) AppleWebKit/605.1.15 (KHTML, like Gecko) Version/26.5.2 Mobile/15E148 Safari/604.1"
72.143.222.79 - - [02/Sep/2026:08:34:08 -0700] "GET /wp-includes/css/dist/block-library/style.min.css?ver=6.7.7 HTTP/2.0" 200 114706 "https://rockymountainlax.com/" "Mozilla/5.0 (iPhone; CPU iPhone OS 18_7 like Mac OS X) AppleWebKit/605.1.15 (KHTML, like Gecko) Version/26.5.2 Mobile/15E148 Safari/604.1"
72.143.222.79 - - [02/Sep/2026:08:34:08 -0700] "GET /wp-content/themes/boldgrid-uptempo/inc/boldgrid-theme-framework/includes/kirki/assets/css/kirki-styles.css HTTP/2.0" 200 - "https://rockymountainlax.com/" "Mozilla/5.0 (iPhone; CPU iPhone OS 18_7 like Mac OS X) AppleWebKit/605.1.15 (KHTML, like Gecko) Version/26.5.2 Mobile/15E148 Safari/604.1"
72.143.222.79 - - [02/Sep/2026:08:34:08 -0700] "GET /wp-content/themes/boldgrid-uptempo/css/color-palettes.css?ver=1557851937 HTTP/2.0" 200 13410 "https://rockymountainlax.com/" "Mozilla/5.0 (iPhone; CPU iPhone OS 18_7 like Mac OS X) AppleWebKit/605.1.15 (KHTML, like Gecko) Version/26.5.2 Mobile/15E148 Safari/604.1"
72.143.222.79 - - [02/Sep/2026:08:34:08 -0700] "GET /wp-content/themes/boldgrid-uptempo/style.css HTTP/2.0" 200 12787 "https://rockymountainlax.com/" "Mozilla/5.0 (iPhone; CPU iPhone OS 18_7 like Mac OS X) AppleWebKit/605.1.15 (KHTML, like Gecko) Version/26.5.2 Mobile/15E148 Safari/604.1"
72.143.222.79 - - [02/Sep/2026:08:34:08 -0700] "GET /wp-includes/js/jquery/jquery-migrate.min.js?ver=3.4.1 HTTP/2.0" 200 13577 "https://rockymountainlax.com/" "Mozilla/5.0 (iPhone; CPU iPhone OS 18_7 like Mac OS X) AppleWebKit/605.1.15 (KHTML, like Gecko) Version/26.5.2 Mobile/15E148 Safari/604.1"
72.143.222.79 - - [02/Sep/2026:08:34:08 -0700] "GET /wp-content/plugins/post-and-page-builder-premium/dist/application.min.css?ver=1.2.6 HTTP/2.0" 200 15594 "https://rockymountainlax.com/" "Mozilla/5.0 (iPhone; CPU iPhone OS 18_7 like Mac OS X) AppleWebKit/605.1.15 (KHTML, like Gecko) Version/26.5.2 Mobile/15E148 Safari/604.1"
72.143.222.79 - - [02/Sep/2026:08:34:08 -0700] "GET /wp-content/plugins/float-to-top-button/css/float-to-top-button.min.css?ver=2.3.3 HTTP/2.0" 200 894 "https://rockymountainlax.com/" "Mozilla/5.0 (iPhone; CPU iPhone OS 18_7 like Mac OS X) AppleWebKit/605.1.15 (KHTML, like Gecko) Version/26.5.2 Mobile/15E148 Safari/604.1"
72.143.222.79 - - [02/Sep/2026:08:34:08 -0700] "GET /wp-content/themes/boldgrid-uptempo/inc/boldgrid-theme-framework/assets/css/smartmenus/bootstrap/jquery.smartmenus.bootstrap.css?ver=1.19.1 HTTP/2.0" 200 3632 "https://rockymountainlax.com/" "Mozilla/5.0 (iPhone; CPU iPhone OS 18_7 like Mac OS X) AppleWebKit/605.1.15 (KHTML, like Gecko) Version/26.5.2 Mobile/15E148 Safari/604.1"
72.143.222.79 - - [02/Sep/2026:08:34:08 -0700] "GET /wp-content/plugins/twitter-tweets/js/weblizar-fronend-twitter-tweets.js?ver=1 HTTP/2.0" 200 324 "https://rockymountainlax.com/" "Mozilla/5.0 (iPhone; CPU iPhone OS 18_7 like Mac OS X) AppleWebKit/605.1.15 (KHTML, like Gecko) Version/26.5.2 Mobile/15E148 Safari/604.1"
72.143.222.79 - - [02/Sep/2026:08:34:08 -0700] "GET /wp-content/themes/boldgrid-uptempo/inc/boldgrid-theme-framework/assets/css/font-awesome/font-awesome.min.css?ver=4.7 HTTP/2.0" 200 29290 "https://rockymountainlax.com/" "Mozilla/5.0 (iPhone; CPU iPhone OS 18_7 like Mac OS X) AppleWebKit/605.1.15 (KHTML, like Gecko) Version/26.5.2 Mobile/15E148 Safari/604.1"
72.143.222.79 - - [02/Sep/2026:08:34:08 -0700] "GET /wp-content/plugins/post-and-page-builder/assets/css/components.min.css?ver=2.16.5 HTTP/2.0" 200 28640 "https://rockymountainlax.com/" "Mozilla/5.0 (iPhone; CPU iPhone OS 18_7 like Mac OS X) AppleWebKit/605.1.15 (KHTML, like Gecko) Version/26.5.2 Mobile/15E148 Safari/604.1"
72.143.222.79 - - [02/Sep/2026:08:34:08 -0700] "GET /wp-content/themes/boldgrid-uptempo/css/buttons.css?ver=1557851937 HTTP/2.0" 200 50245 "https://rockymountainlax.com/" "Mozilla/5.0 (iPhone; CPU iPhone OS 18_7 like Mac OS X) AppleWebKit/605.1.15 (KHTML, like Gecko) Version/26.5.2 Mobile/15E148 Safari/604.1"
72.143.222.79 - - [02/Sep/2026:08:34:08 -0700] "GET /wp-includes/js/jquery/jquery.min.js?ver=3.7.1 HTTP/2.0" 200 87553 "https://rockymountainlax.com/" "Mozilla/5.0 (iPhone; CPU iPhone OS 18_7 like Mac OS X) AppleWebKit/605.1.15 (KHTML, like Gecko) Version/26.5.2 Mobile/15E148 Safari/604.1"
72.143.222.79 - - [02/Sep/2026:08:34:08 -0700] "GET /wp-content/themes/boldgrid-uptempo/inc/boldgrid-theme-framework/assets/css/bootstrap/bootstrap.min.css?ver=3.3.1 HTTP/2.0" 200 104024 "https://rockymountainlax.com/" "Mozilla/5.0 (iPhone; CPU iPhone OS 18_7 like Mac OS X) AppleWebKit/605.1.15 (KHTML, like Gecko) Version/26.5.2 Mobile/15E148 Safari/604.1"
72.143.222.79 - - [02/Sep/2026:08:34:10 -0700] "GET /wp-content/uploads/2018/10/103_0_267_267_985_small.jpg HTTP/2.0" 200 - "https://rockymountainlax.com/" "Mozilla/5.0 (iPhone; CPU iPhone OS 18_7 like Mac OS X) AppleWebKit/605.1.15 (KHTML, like Gecko) Version/26.5.2 Mobile/15E148 Safari/604.1"
72.143.222.79 - - [02/Sep/2026:08:34:10 -0700] "GET /wp-content/plugins/unitegallery/unitegallery-plugin/css/unite-gallery.css?ver=6.7.7 HTTP/2.0" 200 - "https://rockymountainlax.com/" "Mozilla/5.0 (iPhone; CPU iPhone OS 18_7 like Mac OS X) AppleWebKit/605.1.15 (KHTML, like Gecko) Version/26.5.2 Mobile/15E148 Safari/604.1"
106.215.159.74 - - [02/Sep/2026:08:34:10 -0700] "POST /xmlrpc.php HTTP/1.1" 200 403 "-" "Jetpack by WordPress.com"
72.143.222.79 - - [02/Sep/2026:08:34:10 -0700] "GET /wp-content/plugins/float-to-top-button/css/float-to-top-button.min.css?ver=2.3.3 HTTP/2.0" 200 894 "https://rockymountainlax.com/" "Mozilla/5.0 (iPhone; CPU iPhone OS 18_7 like Mac OS X) AppleWebKit/605.1.15 (KHTML, like Gecko) Version/26.5.2 Mobile/15E148 Safari/604.1"
72.143.222.79 - - [02/Sep/2026:08:34:10 -0700] "GET /wp-content/themes/boldgrid-uptempo/inc/boldgrid-theme-framework/assets/css/smartmenus/bootstrap/jquery.smartmenus.bootstrap.css?ver=1.19.1 HTTP/2.0" 200 3632 "https://rockymountainlax.com/" "Mozilla/5.0 (iPhone; CPU iPhone OS 18_7 like Mac OS X) AppleWebKit/605.1.15 (KHTML, like Gecko) Version/26.5.2 Mobile/15E148 Safari/604.1"
72.143.222.79 - - [02/Sep/2026:08:34:10 -0700] "GET /wp-content/themes/boldgrid-uptempo/inc/boldgrid-theme-framework/assets/css/font-awesome/font-awesome.min.css?ver=4.7 HTTP/2.0" 200 29290 "https://rockymountainlax.com/" "Mozilla/5.0 (iPhone; CPU iPhone OS 18_7 like Mac OS X) AppleWebKit/605.1.15 (KHTML, like Gecko) Version/26.5.2 Mobile/15E148 Safari/604.1"
72.143.222.79 - - [02/Sep/2026:08:34:10 -0700] "GET /wp-content/themes/boldgrid-uptempo/inc/boldgrid-theme-framework/assets/css/bootstrap/bootstrap.min.css?ver=3.3.1 HTTP/2.0" 200 104024 "https://rockymountainlax.com/" "Mozilla/5.0 (iPhone; CPU iPhone OS 18_7 like Mac OS X) AppleWebKit/605.1.15 (KHTML, like Gecko) Version/26.5.2 Mobile/15E148 Safari/604.1"
72.143.222.79 - - [02/Sep/2026:08:34:10 -0700] "GET /wp-includes/css/dist/block-library/style.min.css?ver=6.7.7 HTTP/2.0" 200 114706 "https://rockymountainlax.com/" "Mozilla/5.0 (iPhone; CPU iPhone OS 18_7 like Mac OS X) AppleWebKit/605.1.15 (KHTML, like Gecko) Version/26.5.2 Mobile/15E148 Safari/604.1"
72.143.222.79 - - [02/Sep/2026:08:34:10 -0700] "GET /wp-content/plugins/post-and-page-builder/assets/css/components.min.css?ver=2.16.5 HTTP/2.0" 200 28640 "https://rockymountainlax.com/" "Mozilla/5.0 (iPhone; CPU iPhone OS 18_7 like Mac OS X) AppleWebKit/605.1.15 (KHTML, like Gecko) Version/26.5.2 Mobile/15E148 Safari/604.1"
72.143.222.79 - - [02/Sep/2026:08:34:10 -0700] "GET /wp-content/themes/boldgrid-uptempo/inc/boldgrid-theme-framework/includes/kirki/assets/css/kirki-styles.css HTTP/2.0" 200 - "https://rockymountainlax.com/" "Mozilla/5.0 (iPhone; CPU iPhone OS 18_7 like Mac OS X) AppleWebKit/605.1.15 (KHTML, like Gecko) Version/26.5.2 Mobile/15E148 Safari/604.1"
72.143.222.79 - - [02/Sep/2026:08:34:10 -0700] "GET /wp-content/themes/boldgrid-uptempo/css/color-palettes.css?ver=1557851937 HTTP/2.0" 200 13410 "https://rockymountainlax.com/" "Mozilla/5.0 (iPhone; CPU iPhone OS 18_7 like Mac OS X) AppleWebKit/605.1.15 (KHTML, like Gecko) Version/26.5.2 Mobile/15E148 Safari/604.1"
72.143.222.79 - - [02/Sep/2026:08:34:10 -0700] "GET /wp-content/themes/boldgrid-uptempo/style.css HTTP/2.0" 200 12787 "https://rockymountainlax.com/" "Mozilla/5.0 (iPhone; CPU iPhone OS 18_7 like Mac OS X) AppleWebKit/605.1.15 (KHTML, like Gecko) Version/26.5.2 Mobile/15E148 Safari/604.1"
72.143.222.79 - - [02/Sep/2026:08:34:10 -0700] "GET /wp-content/plugins/post-grid/assets/css/post-grid-shortcode-style.css?ver=6.7.7 HTTP/2.0" 200 10494 "https://rockymountainlax.com/" "Mozilla/5.0 (iPhone; CPU iPhone OS 18_7 like Mac OS X) AppleWebKit/605.1.15 (KHTML, like Gecko) Version/26.5.2 Mobile/15E148 Safari/604.1"
72.143.222.79 - - [02/Sep/2026:08:34:10 -0700] "GET /wp-content/plugins/twitter-tweets/js/weblizar-fronend-twitter-tweets.js?ver=1 HTTP/2.0" 200 324 "https://rockymountainlax.com/" "Mozilla/5.0 (iPhone; CPU iPhone OS 18_7 like Mac OS X) AppleWebKit/605.1.15 (KHTML, like Gecko) Version/26.5.2 Mobile/15E148 Safari/604.1"
72.143.222.79 - - [02/Sep/2026:08:34:10 -0700] "GET /wp-content/plugins/float-to-top-button/js/float-to-top-button.min.js?ver=2.3.3 HTTP/2.0" 200 1817 "https://rockymountainlax.com/" "Mozilla/5.0 (iPhone; CPU iPhone OS 18_7 like Mac OS X) AppleWebKit/605.1.15 (KHTML, like Gecko) Version/26.5.2 Mobile/15E148 Safari/604.1"
72.143.222.79 - - [02/Sep/2026:08:34:10 -0700] "GET /wp-content/plugins/post-and-page-builder-premium/dist/application.min.css?ver=1.2.6 HTTP/2.0" 200 15594 "https://rockymountainlax.com/" "Mozilla/5.0 (iPhone; CPU iPhone OS 18_7 like Mac OS X) AppleWebKit/605.1.15 (KHTML, like Gecko) Version/26.5.2 Mobile/15E148 Safari/604.1"
72.143.222.79 - - [02/Sep/2026:08:34:10 -0700] "GET /wp-includes/js/jquery/jquery-migrate.min.js?ver=3.4.1 HTTP/2.0" 200 13577 "https://rockymountainlax.com/" "Mozilla/5.0 (iPhone; CPU iPhone OS 18_7 like Mac OS X) AppleWebKit/605.1.15 (KHTML, like Gecko) Version/26.5.2 Mobile/15E148 Safari/604.1"
72.143.222.79 - - [02/Sep/2026:08:34:10 -0700] "GET /wp-content/uploads/2018/10/103_0_267_267_985_small.jpg HTTP/2.0" 200 21987 "https://rockymountainlax.com/" "Mozilla/5.0 (iPhone; CPU iPhone OS 18_7 like Mac OS X) AppleWebKit/605.1.15 (KHTML, like Gecko) Version/26.5.2 Mobile/15E148 Safari/604.1"
72.143.222.79 - - [02/Sep/2026:08:34:10 -0700] "GET /wp-content/plugins/unitegallery/unitegallery-plugin/css/unite-gallery.css?ver=6.7.7 HTTP/2.0" 200 32407 "https://rockymountainlax.com/" "Mozilla/5.0 (iPhone; CPU iPhone OS 18_7 like Mac OS X) AppleWebKit/605.1.15 (KHTML, like Gecko) Version/26.5.2 Mobile/15E148 Safari/604.1"
72.143.222.79 - - [02/Sep/2026:08:34:10 -0700] "GET /wp-content/themes/boldgrid-uptempo/css/buttons.css?ver=1557851937 HTTP/2.0" 200 50245 "https://rockymountainlax.com/" "Mozilla/5.0 (iPhone; CPU iPhone OS 18_7 like Mac OS X) AppleWebKit/605.1.15 (KHTML, like Gecko) Version/26.5.2 Mobile/15E148 Safari/604.1"
72.143.222.79 - - [02/Sep/2026:08:34:10 -0700] "GET /wp-includes/js/jquery/jquery.min.js?ver=3.7.1 HTTP/2.0" 200 87553 "https://rockymountainlax.com/" "Mozilla/5.0 (iPhone; CPU iPhone OS 18_7 like Mac OS X) AppleWebKit/605.1.15 (KHTML, like Gecko) Version/26.5.2 Mobile/15E148 Safari/604.1"
72.143.222.79 - - [02/Sep/2026:08:34:10 -0700] "GET /wp-content/plugins/float-to-top-button/js/jquery.scrollUp.min.js?ver=2.3.3 HTTP/2.0" 200 1868 "https://rockymountainlax.com/" "Mozilla/5.0 (iPhone; CPU iPhone OS 18_7 like Mac OS X) AppleWebKit/605.1.15 (KHTML, like Gecko) Version/26.5.2 Mobile/15E148 Safari/604.1"
72.143.222.79 - - [02/Sep/2026:08:34:10 -0700] "GET /wp-includes/js/jquery/ui/effect-fade.min.js?ver=1.13.3 HTTP/2.0" 200 525 "https://rockymountainlax.com/" "Mozilla/5.0 (iPhone; CPU iPhone OS 18_7 like Mac OS X) AppleWebKit/605.1.15 (KHTML, like Gecko) Version/26.5.2 Mobile/15E148 Safari/604.1"
72.143.222.79 - - [02/Sep/2026:08:34:10 -0700] "GET /wp-includes/js/jquery/ui/effect.min.js?ver=1.13.3 HTTP/2.0" 200 10332 "https://rockymountainlax.com/" "Mozilla/5.0 (iPhone; CPU iPhone OS 18_7 like Mac OS X) AppleWebKit/605.1.15 (KHTML, like Gecko) Version/26.5.2 Mobile/15E148 Safari/604.1"
72.143.222.79 - - [02/Sep/2026:08:34:10 -0700] "GET /wp-includes/js/jquery/ui/effect-blind.min.js?ver=1.13.3 HTTP/2.0" 200 880 "https://rockymountainlax.com/" "Mozilla/5.0 (iPhone; CPU iPhone OS 18_7 like Mac OS X) AppleWebKit/605.1.15 (KHTML, like Gecko) Version/26.5.2 Mobile/15E148 Safari/604.1"
72.143.222.79 - - [02/Sep/2026:08:34:10 -0700] "GET /wp-includes/js/jquery/ui/effect-bounce.min.js?ver=1.13.3 HTTP/2.0" 200 991 "https://rockymountainlax.com/" "Mozilla/5.0 (iPhone; CPU iPhone OS 18_7 like Mac OS X) AppleWebKit/605.1.15 (KHTML, like Gecko) Version/26.5.2 Mobile/15E148 Safari/604.1"
72.143.222.79 - - [02/Sep/2026:08:34:10 -0700] "GET /wp-includes/js/jquery/ui/effect-explode.min.js?ver=1.13.3 HTTP/2.0" 200 1122 "https://rockymountainlax.com/" "Mozilla/5.0 (iPhone; CPU iPhone OS 18_7 like Mac OS X) AppleWebKit/605.1.15 (KHTML, like Gecko) Version/26.5.2 Mobile/15E148 Safari/604.1"
72.143.222.79 - - [02/Sep/2026:08:34:10 -0700] "GET /wp-includes/js/jquery/ui/effect-drop.min.js?ver=1.13.3 HTTP/2.0" 200 753 "https://rockymountainlax.com/" "Mozilla/5.0 (iPhone; CPU iPhone OS 18_7 like Mac OS X) AppleWebKit/605.1.15 (KHTML, like Gecko) Version/26.5.2 Mobile/15E148 Safari/604.1"
72.143.222.79 - - [02/Sep/2026:08:34:10 -0700] "GET /wp-includes/js/jquery/ui/effect-pulsate.min.js?ver=1.13.3 HTTP/2.0" 200 688 "https://rockymountainlax.com/" "Mozilla/5.0 (iPhone; CPU iPhone OS 18_7 like Mac OS X) AppleWebKit/605.1.15 (KHTML, like Gecko) Version/26.5.2 Mobile/15E148 Safari/604.1"
72.143.222.79 - - [02/Sep/2026:08:34:10 -0700] "GET /wp-includes/js/jquery/ui/effect-slide.min.js?ver=1.13.3 HTTP/2.0" 200 917 "https://rockymountainlax.com/" "Mozilla/5.0 (iPhone; CPU iPhone OS 18_7 like Mac OS X) AppleWebKit/605.1.15 (KHTML, like Gecko) Version/26.5.2 Mobile/15E148 Safari/604.1"
72.143.222.79 - - [02/Sep/2026:08:34:10 -0700] "GET /wp-includes/js/jquery/ui/effect-scale.min.js?ver=1.13.3 HTTP/2.0" 200 723 "https://rockymountainlax.com/" "Mozilla/5.0 (iPhone; CPU iPhone OS 18_7 like Mac OS X) AppleWebKit/605.1.15 (KHTML, like Gecko) Version/26.5.2 Mobile/15E148 Safari/604.1"
72.143.222.79 - - [02/Sep/2026:08:34:10 -0700] "GET /wp-includes/js/jquery/ui/effect-shake.min.js?ver=1.13.3 HTTP/2.0" 200 846 "https://rockymountainlax.com/" "Mozilla/5.0 (iPhone; CPU iPhone OS 18_7 like Mac OS X) AppleWebKit/605.1.15 (KHTML, like Gecko) Version/26.5.2 Mobile/15E148 Safari/604.1"
72.143.222.79 - - [02/Sep/2026:08:34:10 -0700] "GET /wp-includes/js/jquery/ui/tabs.min.js?ver=1.13.3 HTTP/2.0" 200 12008 "https://rockymountainlax.com/" "Mozilla/5.0 (iPhone; CPU iPhone OS 18_7 like Mac OS X) AppleWebKit/605.1.15 (KHTML, like Gecko) Version/26.5.2 Mobile/15E148 Safari/604.1"
72.143.222.79 - - [02/Sep/2026:08:34:10 -0700] "GET /wp-includes/js/jquery/ui/accordion.min.js?ver=1.13.3 HTTP/2.0" 200 8860 "https://rockymountainlax.com/" "Mozilla/5.0 (iPhone; CPU iPhone OS 18_7 like Mac OS X) AppleWebKit/605.1.15 (KHTML, like Gecko) Version/26.5.2 Mobile/15E148 Safari/604.1"
72.143.222.79 - - [02/Sep/2026:08:34:10 -0700] "GET /wp-includes/js/jquery/ui/effect-fold.min.js?ver=1.13.3 HTTP/2.0" 200 1020 "https://rockymountainlax.com/" "Mozilla/5.0 (iPhone; CPU iPhone OS 18_7 like Mac OS X) AppleWebKit/605.1.15 (KHTML, like Gecko) Version/26.5.2 Mobile/15E148 Safari/604.1"
