/var/log/apache2/domlogs/altere25
NameSizeModeActions
altereddigital.com00640editdlrm
altereddigital.com-ssl_log9569890640editdlrm
attentivehomecare.altereddigital.com539830640editdlrm
attentivehomecare.altereddigital.com-ssl_log202484570640editdlrm
attentivehomecare2.altereddigital.com274030640editdlrm
attentivehomecare2.altereddigital.com-ssl_log2061020640editdlrm
berryglowbeauty.altereddigital.com534720640editdlrm
berryglowbeauty.altereddigital.com-ssl_log13399070640editdlrm
dev.usaigc.altereddigital.com00640editdlrm
dev.usaigc.altereddigital.com-ssl_log4500640editdlrm
dev.usaigc.com16020520640editdlrm
dev.usaigc.com-ssl_log46647540640editdlrm
highwoodoutdoorpool.altereddigital.com1596660640editdlrm
highwoodoutdoorpool.altereddigital.com-ssl_log37452240640editdlrm
highwoodpool.altereddigital.com890960640editdlrm
highwoodpool.altereddigital.com-ssl_log206315530640editdlrm
infinet.altereddigital.com1252720640editdlrm
infinet.altereddigital.com-ssl_log762470640editdlrm
labratnyc.altereddigital.com1277010640editdlrm
labratnyc.altereddigital.com-ssl_log21605880640editdlrm
legal.altereddigital.com38490640editdlrm
legal.altereddigital.com-ssl_log119080640editdlrm
livemeetdev.altereddigital.com787790640editdlrm
livemeetdev.altereddigital.com-ssl_log804850640editdlrm
quintelacrosse.altereddigital.com296640640editdlrm
quintelacrosse.altereddigital.com-ssl_log337940640editdlrm
rmlldev.altereddigital.com32630640editdlrm
rmlldev.altereddigital.com-ssl_log175340640editdlrm
rmllproject.altereddigital.com4805170640editdlrm
rmllproject.altereddigital.com-ssl_log398820640editdlrm
rockymountainlax.altereddigital.com6163590640editdlrm
rockymountainlax.altereddigital.com-ssl_log83390430640editdlrm
s2fitness.altereddigital.com1481860640editdlrm
s2fitness.altereddigital.com-ssl_log11518250640editdlrm
sportzsoft.altereddigital.com1838220640editdlrm
sportzsoft.altereddigital.com-ssl_log1217980640editdlrm
sportzsoftlivemeet.altereddigital.com1925730640editdlrm
sportzsoftlivemeet.altereddigital.com-ssl_log19868210640editdlrm
usa-igc.altereddigital.com38150640editdlrm
usa-igc.altereddigital.com-ssl_log169170640editdlrm
usaigc.com.altereddigital.com3495490640editdlrm
usaigc.com.altereddigital.com-ssl_log43179770640editdlrm
uxbridgelacrosse.altereddigital.com143010640editdlrm
uxbridgelacrosse.altereddigital.com-ssl_log759110640editdlrm
vaultcryptocurrency.altereddigital.com358140640editdlrm
vaultcryptocurrency.altereddigital.com-ssl_log276160640editdlrm
Edit: /var/log/apache2/domlogs/altere25/sportzsoftlivemeet.altereddigital.com (192573B)
173.231.200.77 - - [02/Sep/2026:05:18:04 -0700] "POST /wp-cron.php?doing_wp_cron=1788351484.9552729129791259765625 HTTP/1.1" 200 - "-" "WordPress/6.6.7; https://sportzsoftlivemeet.com"
80.94.95.173 - - [02/Sep/2026:05:18:04 -0700] "GET / HTTP/1.0" 301 - "http://sportzsoftlivemeet.com/" "Mozilla/5.0 (Windows NT 10.0; Win64; x64) AppleWebKit/537.36 (KHTML, like Gecko) Chrome/129.0.0.0 Safari/537.36"
173.231.200.77 - - [02/Sep/2026:05:26:49 -0700] "POST /wp-cron.php?doing_wp_cron=1788352009.9730029106140136718750 HTTP/1.1" 200 - "-" "WordPress/6.6.7; https://sportzsoftlivemeet.com"
145.239.10.137 - - [02/Sep/2026:05:26:49 -0700] "GET /wp-content/plugins/pwnd/uibvb.php HTTP/1.1" 301 - "http://sportzsoftlivemeet.com/wp-content/plugins/pwnd/uibvb.php" "Mozilla/5.0 (iPhone; CPU iPhone OS 17_5_1 like Mac OS X) AppleWebKit/605.1.15 (KHTML, like Gecko) Version/17.5 Mobile/15E148 Safari/604.1"
173.231.200.77 - - [02/Sep/2026:05:30:24 -0700] "POST /wp-cron.php?doing_wp_cron=1788352224.6926140785217285156250 HTTP/1.1" 200 - "-" "WordPress/6.6.7; https://sportzsoftlivemeet.com"
47.236.114.39 - - [02/Sep/2026:05:30:24 -0700] "GET / HTTP/1.1" 301 - "-" "rednote-websearch-bot"
173.231.200.77 - - [02/Sep/2026:05:47:40 -0700] "POST /wp-cron.php?doing_wp_cron=1788353260.4212629795074462890625 HTTP/1.1" 200 - "-" "WordPress/6.6.7; https://sportzsoftlivemeet.com"
195.178.110.48 - - [02/Sep/2026:05:47:40 -0700] "GET /api/session/properties HTTP/1.1" 301 - "-" "metabase-cve-2026-72898-detect/1.0 (benign detection probes only)"
173.231.200.77 - - [02/Sep/2026:05:51:26 -0700] "POST /wp-cron.php?doing_wp_cron=1788353486.0533180236816406250000 HTTP/1.1" 200 - "-" "WordPress/6.6.7; https://sportzsoftlivemeet.com"
43.153.76.247 - - [02/Sep/2026:05:51:25 -0700] "GET / HTTP/1.1" 301 - "-" "Mozilla/5.0 (iPhone; CPU iPhone OS 13_2_3 like Mac OS X) AppleWebKit/605.1.15 (KHTML, like Gecko) Version/13.0.3 Mobile/15E148 Safari/604.1"
173.231.200.77 - - [02/Sep/2026:05:53:16 -0700] "POST /wp-cron.php?doing_wp_cron=1788353596.8762559890747070312500 HTTP/1.1" 200 - "-" "WordPress/6.6.7; https://sportzsoftlivemeet.com"
185.19.40.63 - - [02/Sep/2026:05:53:16 -0700] "GET / HTTP/1.1" 301 - "-" "Mozilla/5.0 (Windows NT 10.0; Win64; x64) AppleWebKit/537.36 (KHTML, like Gecko) Chrome/78.0.3904.108 Safari/537.36"
43.136.167.197 - - [02/Sep/2026:05:55:11 -0700] "GET / HTTP/1.1" 301 - "-" "Mozilla/5.0 (iPhone; CPU iPhone OS 13_2_3 like Mac OS X) AppleWebKit/605.1.15 (KHTML, like Gecko) Version/13.0.3 Mobile/15E148 Safari/604.1"
173.231.200.77 - - [02/Sep/2026:05:55:21 -0700] "POST /wp-cron.php?doing_wp_cron=1788353721.0645909309387207031250 HTTP/1.1" 200 - "-" "WordPress/6.6.7; https://sportzsoftlivemeet.com"
210.195.17.48 - - [02/Sep/2026:05:55:20 -0700] "GET /features2/rotation-and-session-management/ HTTP/1.1" 301 - "-" "Mozilla/5.0 (Macintosh; Intel Mac OS X 11_6_8) AppleWebKit/537.36 (KHTML, like Gecko) Chrome/126.0.6478.55 Safari/537.36"
173.231.200.77 - - [02/Sep/2026:05:58:12 -0700] "POST /wp-cron.php?doing_wp_cron=1788353892.5365350246429443359375 HTTP/1.1" 200 - "-" "WordPress/6.6.7; https://sportzsoftlivemeet.com"
145.239.10.137 - - [02/Sep/2026:05:58:12 -0700] "GET /ultra.php HTTP/1.1" 301 - "http://sportzsoftlivemeet.com/ultra.php" "Mozilla/5.0 (iPhone; CPU iPhone OS 17_5_1 like Mac OS X) AppleWebKit/605.1.15 (KHTML, like Gecko) Version/17.5 Mobile/15E148 Safari/604.1"
18.97.14.85 - - [02/Sep/2026:06:09:56 -0700] "GET /robots.txt HTTP/1.1" 301 - "-" "CCBot/2.0 (https://commoncrawl.org/faq/)"
18.97.14.85 - - [02/Sep/2026:06:09:58 -0700] "GET / HTTP/1.1" 301 - "-" "CCBot/2.0 (https://commoncrawl.org/faq/)"
103.186.53.188 - - [02/Sep/2026:06:11:35 -0700] "GET / HTTP/1.1" 301 - "-" "Mozilla/5.0 (Windows NT 10.0; Win64; x64; rv:126.0) Gecko/20100101 Firefox/126.0"
54.174.58.246 - - [02/Sep/2026:06:21:45 -0700] "GET /robots.txt HTTP/1.1" 301 - "-" "Mozilla/5.0 AppleWebKit/537.36 (KHTML, like Gecko; compatible; HubSpot Crawler; +https://www.hubspot.com) Chrome/131.0.0.0 Safari/537.36"
216.73.216.180 - - [02/Sep/2026:06:23:13 -0700] "GET /robots.txt HTTP/1.1" 301 - "-" "Mozilla/5.0 AppleWebKit/537.36 (KHTML, like Gecko; compatible; ClaudeBot/1.0; +claudebot@anthropic.com)"
216.73.216.180 - - [02/Sep/2026:06:23:15 -0700] "GET /sitemap.xml HTTP/1.1" 301 - "-" "Mozilla/5.0 AppleWebKit/537.36 (KHTML, like Gecko; compatible; ClaudeBot/1.0; +claudebot@anthropic.com)"
54.174.58.246 - - [02/Sep/2026:06:27:04 -0700] "GET /robots.txt HTTP/1.1" 301 - "-" "Mozilla/5.0 AppleWebKit/537.36 (KHTML, like Gecko; compatible; HubSpot Crawler; +https://www.hubspot.com) Chrome/131.0.0.0 Safari/537.36"
173.231.200.77 - - [02/Sep/2026:06:35:27 -0700] "POST /wp-cron.php?doing_wp_cron=1788356127.1550660133361816406250 HTTP/1.1" 200 - "-" "WordPress/6.6.7; https://sportzsoftlivemeet.com"
54.37.86.223 - - [02/Sep/2026:06:35:26 -0700] "GET /robots.txt HTTP/1.1" 301 - "-" "Mozilla/5.0 (compatible; MJ12bot/v1.4.8; http://mj12bot.com/)"
54.37.86.223 - - [02/Sep/2026:06:35:32 -0700] "GET /find-meet/ HTTP/1.1" 301 - "-" "Mozilla/5.0 (compatible; MJ12bot/v1.4.8; http://mj12bot.com/)"
173.231.200.77 - - [02/Sep/2026:06:40:56 -0700] "POST /wp-cron.php?doing_wp_cron=1788356456.1262300014495849609375 HTTP/1.1" 200 - "-" "WordPress/6.6.7; https://sportzsoftlivemeet.com"
18.97.14.85 - - [02/Sep/2026:06:40:55 -0700] "GET /robots.txt HTTP/1.1" 301 - "-" "CCBot/2.0 (https://commoncrawl.org/faq/)"
18.97.14.85 - - [02/Sep/2026:06:40:56 -0700] "GET / HTTP/1.1" 301 - "-" "CCBot/2.0 (https://commoncrawl.org/faq/)"
173.231.200.77 - - [02/Sep/2026:06:45:18 -0700] "POST /wp-cron.php?doing_wp_cron=1788356718.5712070465087890625000 HTTP/1.1" 200 - "-" "WordPress/6.6.7; https://sportzsoftlivemeet.com"
43.157.175.122 - - [02/Sep/2026:06:45:18 -0700] "GET / HTTP/1.1" 301 - "-" "Mozilla/5.0 (iPhone; CPU iPhone OS 13_2_3 like Mac OS X) AppleWebKit/605.1.15 (KHTML, like Gecko) Version/13.0.3 Mobile/15E148 Safari/604.1"
45.83.220.208 - - [02/Sep/2026:06:45:21 -0700] "GET / HTTP/1.1" 301 - "-" "Mozilla/5.0 (Windows NT 10.0; Win64; x64) Chrome/120.0.0.0 Safari/537.36"
8.217.145.188 - - [02/Sep/2026:07:01:21 -0700] "GET / HTTP/1.1" 301 - "-" "Mozilla/5.0 (Windows NT 10.0; Win64; x64) AppleWebKit/537.36 (KHTML, like Gecko) Chrome/120.0.0.0 Safari/537.36"
34.178.92.164 - - [02/Sep/2026:07:08:13 -0700] "GET / HTTP/1.1" 301 - "-" "Mozilla/5.0 (compatible; CMS-Checker/1.0; +https://example.com)"
54.174.58.246 - - [02/Sep/2026:07:37:07 -0700] "GET /robots.txt HTTP/1.1" 301 - "-" "Mozilla/5.0 AppleWebKit/537.36 (KHTML, like Gecko; compatible; HubSpot Crawler; +https://www.hubspot.com) Chrome/131.0.0.0 Safari/537.36"
173.231.200.77 - - [02/Sep/2026:07:48:58 -0700] "POST /wp-cron.php?doing_wp_cron=1788360538.5663919448852539062500 HTTP/1.1" 200 - "-" "WordPress/6.6.7; https://sportzsoftlivemeet.com"
34.178.92.164 - - [02/Sep/2026:07:48:58 -0700] "GET / HTTP/1.1" 301 - "-" "Mozilla/5.0 (Windows NT 10.0; Win64; x64) AppleWebKit/537.36 (KHTML, like Gecko) Chrome/78.0.3904.108 Safari/537.36"
173.231.200.77 - - [02/Sep/2026:08:18:23 -0700] "POST /wp-cron.php?doing_wp_cron=1788362303.0197401046752929687500 HTTP/1.1" 200 - "-" "WordPress/6.6.7; https://sportzsoftlivemeet.com"
159.223.234.1 - - [02/Sep/2026:08:18:22 -0700] "GET / HTTP/1.1" 301 - "-" "Mozilla/5.0 (X11; Linux x86_64) AppleWebKit/537.36 (KHTML, like Gecko) Chrome/142.0.0.0 Safari/537.36"
159.223.234.1 - - [02/Sep/2026:08:18:23 -0700] "GET /favicon.ico HTTP/1.1" 301 - "http://sportzsoftlivemeet.com/" "Mozilla/5.0 (X11; Linux x86_64) AppleWebKit/537.36 (KHTML, like Gecko) Chrome/142.0.0.0 Safari/537.36"
173.231.200.77 - - [02/Sep/2026:08:22:09 -0700] "POST /wp-cron.php?doing_wp_cron=1788362529.5520949363708496093750 HTTP/1.1" 200 - "-" "WordPress/6.6.7; https://sportzsoftlivemeet.com"
51.68.111.215 - - [02/Sep/2026:08:22:09 -0700] "GET /robots.txt HTTP/1.1" 301 - "-" "Mozilla/5.0 (compatible; MJ12bot/v2.0.5; http://mj12bot.com/)"
51.68.111.215 - - [02/Sep/2026:08:22:10 -0700] "GET / HTTP/1.1" 302 201 "-" "Mozilla/5.0 (compatible; MJ12bot/v2.0.5; http://mj12bot.com/)"
47.79.13.222 - - [02/Sep/2026:08:27:10 -0700] "GET /robots.txt HTTP/1.1" 301 - "-" "Mozilla/5.0 (Macintosh; Intel Mac OS X 10_15_7) AppleWebKit/537.36 (KHTML, like Gecko) Chrome/128.0.0.0 Safari/537.36"
47.79.13.222 - - [02/Sep/2026:08:27:11 -0700] "GET /sitemap_index.xml HTTP/1.1" 200 739 "-" "Mozilla/5.0 (Macintosh; Intel Mac OS X 10_15_7) AppleWebKit/537.36 (KHTML, like Gecko) Chrome/128.0.0.0 Safari/537.36"
173.231.200.77 - - [02/Sep/2026:08:37:46 -0700] "POST /wp-cron.php?doing_wp_cron=1788363466.0569760799407958984375 HTTP/1.1" 200 - "-" "WordPress/6.6.7; https://sportzsoftlivemeet.com"
216.73.216.180 - - [02/Sep/2026:08:37:45 -0700] "GET /robots.txt HTTP/1.1" 301 - "-" "Mozilla/5.0 AppleWebKit/537.36 (KHTML, like Gecko; compatible; ClaudeBot/1.0; +claudebot@anthropic.com)"
216.73.216.180 - - [02/Sep/2026:08:37:47 -0700] "GET /sitemap.xml HTTP/1.1" 301 - "-" "Mozilla/5.0 AppleWebKit/537.36 (KHTML, like Gecko; compatible; ClaudeBot/1.0; +claudebot@anthropic.com)"
173.231.200.77 - - [02/Sep/2026:08:49:43 -0700] "POST /wp-cron.php?doing_wp_cron=1788364183.0761818885803222656250 HTTP/1.1" 200 - "-" "WordPress/6.6.7; https://sportzsoftlivemeet.com"
146.70.194.252 - - [02/Sep/2026:08:49:42 -0700] "GET / HTTP/1.1" 301 - "-" "Mozilla/5.0 (Windows NT 10.0; Win64; x64) AppleWebKit/537.36 (KHTML, like Gecko) Chrome/78.0.3904.108 Safari/537.36"
173.231.200.77 - - [02/Sep/2026:09:11:08 -0700] "POST /wp-cron.php?doing_wp_cron=1788365468.7074561119079589843750 HTTP/1.1" 200 - "-" "WordPress/6.6.7; https://sportzsoftlivemeet.com"
205.210.31.227 - - [02/Sep/2026:09:11:08 -0700] "GET / HTTP/1.1" 301 - "-" "Hello from Palo Alto Networks, find out more about our scans in https://docs-cortex.paloaltonetworks.com/r/1/Cortex-Xpanse/Scanning-activity"
173.231.200.77 - - [02/Sep/2026:09:11:40 -0700] "POST /wp-cron.php?doing_wp_cron=1788365500.8779959678649902343750 HTTP/1.1" 200 - "-" "WordPress/6.6.7; https://sportzsoftlivemeet.com"
34.145.215.206 - - [02/Sep/2026:09:11:40 -0700] "GET / HTTP/1.1" 301 - "-" "Mozilla/5.0 (compatible; CMS-Checker/1.0; +https://example.com)"
4.204.224.164 - - [02/Sep/2026:09:11:57 -0700] "GET /wp-content/plugins/hellopress/wp_filemanager.php HTTP/1.1" 301 - "-" "-"
4.204.224.164 - - [02/Sep/2026:09:11:58 -0700] "GET /this_is_a_new_hello_world.php HTTP/1.1" 301 - "-" "-"
4.204.224.164 - - [02/Sep/2026:09:11:59 -0700] "GET /aaaa.php HTTP/1.1" 301 - "-" "-"
4.204.224.164 - - [02/Sep/2026:09:12:01 -0700] "GET /config.php HTTP/1.1" 301 - "-" "-"
4.204.224.164 - - [02/Sep/2026:09:12:02 -0700] "GET /ho.php HTTP/1.1" 301 - "-" "-"
4.204.224.164 - - [02/Sep/2026:09:12:03 -0700] "GET /x.php HTTP/1.1" 301 - "-" "-"
4.204.224.164 - - [02/Sep/2026:09:12:04 -0700] "GET /min.php HTTP/1.1" 301 - "-" "-"
4.204.224.164 - - [02/Sep/2026:09:12:05 -0700] "GET /f35.update.php HTTP/1.1" 301 - "-" "-"
4.204.224.164 - - [02/Sep/2026:09:12:06 -0700] "GET //admin1.php HTTP/1.1" 301 - "-" "-"
4.204.224.164 - - [02/Sep/2026:09:12:07 -0700] "GET /silver.php HTTP/1.1" 301 - "-" "-"
4.204.224.164 - - [02/Sep/2026:09:12:08 -0700] "GET /file-gertdxz.php HTTP/1.1" 301 - "-" "-"
4.204.224.164 - - [02/Sep/2026:09:12:09 -0700] "GET /ddd.php HTTP/1.1" 301 - "-" "-"
4.204.224.164 - - [02/Sep/2026:09:12:10 -0700] "GET /file58.php HTTP/1.1" 301 - "-" "-"
4.204.224.164 - - [02/Sep/2026:09:12:11 -0700] "GET /888.php HTTP/1.1" 301 - "-" "-"
4.204.224.164 - - [02/Sep/2026:09:12:12 -0700] "GET /bibil.php HTTP/1.1" 301 - "-" "-"
4.204.224.164 - - [02/Sep/2026:09:12:13 -0700] "GET /file48.php HTTP/1.1" 301 - "-" "-"
4.204.224.164 - - [02/Sep/2026:09:12:14 -0700] "GET /file10.php HTTP/1.1" 301 - "-" "-"
4.204.224.164 - - [02/Sep/2026:09:12:15 -0700] "GET /moon.php?p HTTP/1.1" 301 - "-" "-"
4.204.224.164 - - [02/Sep/2026:09:12:16 -0700] "GET /file88.php HTTP/1.1" 301 - "-" "-"
4.204.224.164 - - [02/Sep/2026:09:12:17 -0700] "GET /class.5.php HTTP/1.1" 301 - "-" "-"
4.204.224.164 - - [02/Sep/2026:09:12:18 -0700] "GET /class.2.php HTTP/1.1" 301 - "-" "-"
4.204.224.164 - - [02/Sep/2026:09:12:19 -0700] "GET /cccc.php HTTP/1.1" 301 - "-" "-"
4.204.224.164 - - [02/Sep/2026:09:12:20 -0700] "GET /efile.php HTTP/1.1" 301 - "-" "-"
4.204.224.164 - - [02/Sep/2026:09:12:21 -0700] "GET /dox.php HTTP/1.1" 301 - "-" "-"
4.204.224.164 - - [02/Sep/2026:09:12:22 -0700] "GET /b8.php HTTP/1.1" 301 - "-" "-"
4.204.224.164 - - [02/Sep/2026:09:12:23 -0700] "GET /file9.php HTTP/1.1" 301 - "-" "-"
4.204.224.164 - - [02/Sep/2026:09:12:24 -0700] "GET /file8.php HTTP/1.1" 301 - "-" "-"
4.204.224.164 - - [02/Sep/2026:09:12:25 -0700] "GET /file6.php HTTP/1.1" 301 - "-" "-"
4.204.224.164 - - [02/Sep/2026:09:12:26 -0700] "GET /file4.php HTTP/1.1" 301 - "-" "-"
4.204.224.164 - - [02/Sep/2026:09:12:27 -0700] "GET /media.php HTTP/1.1" 301 - "-" "-"
4.204.224.164 - - [02/Sep/2026:09:12:28 -0700] "GET //adminfuns.php HTTP/1.1" 301 - "-" "-"
4.204.224.164 - - [02/Sep/2026:09:12:29 -0700] "GET /classwithtostring.php?p= HTTP/1.1" 301 - "-" "-"
4.204.224.164 - - [02/Sep/2026:09:12:30 -0700] "GET /3PJcpMFsD8B.php HTTP/1.1" 301 - "-" "-"
4.204.224.164 - - [02/Sep/2026:09:12:31 -0700] "GET /4PJcpMFsD8B.php HTTP/1.1" 301 - "-" "-"
4.204.224.164 - - [02/Sep/2026:09:12:32 -0700] "GET /wsd.php HTTP/1.1" 301 - "-" "-"
4.204.224.164 - - [02/Sep/2026:09:12:33 -0700] "GET /bulet.php HTTP/1.1" 301 - "-" "-"
4.204.224.164 - - [02/Sep/2026:09:12:35 -0700] "GET //av.php HTTP/1.1" 301 - "-" "-"
4.204.224.164 - - [02/Sep/2026:09:12:36 -0700] "GET /images.php HTTP/1.1" 301 - "-" "-"
4.204.224.164 - - [02/Sep/2026:09:12:37 -0700] "GET /ops.php HTTP/1.1" 301 - "-" "-"
4.204.224.164 - - [02/Sep/2026:09:12:38 -0700] "GET /BDKR28WP.php HTTP/1.1" 301 - "-" "-"
4.204.224.164 - - [02/Sep/2026:09:12:39 -0700] "GET /k.php?p= HTTP/1.1" 301 - "-" "-"
4.204.224.164 - - [02/Sep/2026:09:12:41 -0700] "GET /dex.php HTTP/1.1" 301 - "-" "-"
4.204.224.164 - - [02/Sep/2026:09:12:42 -0700] "GET /img.php HTTP/1.1" 301 - "-" "-"
4.204.224.164 - - [02/Sep/2026:09:12:43 -0700] "GET /222.php HTTP/1.1" 301 - "-" "-"
4.204.224.164 - - [02/Sep/2026:09:12:44 -0700] "GET /key.php HTTP/1.1" 301 - "-" "-"
4.204.224.164 - - [02/Sep/2026:09:12:45 -0700] "GET /chosen.php HTTP/1.1" 301 - "-" "-"
4.204.224.164 - - [02/Sep/2026:09:12:46 -0700] "GET /file1221.php HTTP/1.1" 301 - "-" "-"
4.204.224.164 - - [02/Sep/2026:09:12:47 -0700] "GET /nox.php HTTP/1.1" 301 - "-" "-"
4.204.224.164 - - [02/Sep/2026:09:12:48 -0700] "GET /1.php?p= HTTP/1.1" 301 - "-" "-"
4.204.224.164 - - [02/Sep/2026:09:12:49 -0700] "GET /m.php?p= HTTP/1.1" 301 - "-" "-"
4.204.224.164 - - [02/Sep/2026:09:12:50 -0700] "GET /fling.php?p= HTTP/1.1" 301 - "-" "-"
4.204.224.164 - - [02/Sep/2026:09:12:52 -0700] "GET /btyuio.php HTTP/1.1" 301 - "-" "-"
4.204.224.164 - - [02/Sep/2026:09:12:53 -0700] "GET /dehnl.php HTTP/1.1" 301 - "-" "-"
4.204.224.164 - - [02/Sep/2026:09:12:54 -0700] "GET /zoo1.php?p= HTTP/1.1" 301 - "-" "-"
4.204.224.164 - - [02/Sep/2026:09:12:55 -0700] "GET /radio.php HTTP/1.1" 301 - "-" "-"
4.204.224.164 - - [02/Sep/2026:09:12:56 -0700] "GET /one.php HTTP/1.1" 301 - "-" "-"
4.204.224.164 - - [02/Sep/2026:09:12:57 -0700] "GET /504.php HTTP/1.1" 301 - "-" "-"
4.204.224.164 - - [02/Sep/2026:09:12:58 -0700] "GET /ano.php HTTP/1.1" 301 - "-" "-"
4.204.224.164 - - [02/Sep/2026:09:12:59 -0700] "GET /mac.php HTTP/1.1" 301 - "-" "-"
4.204.224.164 - - [02/Sep/2026:09:13:00 -0700] "GET /simple.php HTTP/1.1" 301 - "-" "-"
4.204.224.164 - - [02/Sep/2026:09:13:01 -0700] "GET /sallu.php HTTP/1.1" 301 - "-" "-"
4.204.224.164 - - [02/Sep/2026:09:13:02 -0700] "GET /biufile.php HTTP/1.1" 301 - "-" "-"
4.204.224.164 - - [02/Sep/2026:09:13:03 -0700] "GET /blacks.php HTTP/1.1" 301 - "-" "-"
4.204.224.164 - - [02/Sep/2026:09:13:04 -0700] "GET /wp.php HTTP/1.1" 301 - "-" "-"
4.204.224.164 - - [02/Sep/2026:09:13:05 -0700] "GET /wander.php HTTP/1.1" 301 - "-" "-"
4.204.224.164 - - [02/Sep/2026:09:13:06 -0700] "GET /abcd.php HTTP/1.1" 301 - "-" "-"
4.204.224.164 - - [02/Sep/2026:09:13:07 -0700] "GET /nofile.php HTTP/1.1" 301 - "-" "-"
4.204.224.164 - - [02/Sep/2026:09:13:08 -0700] "GET /run.php HTTP/1.1" 301 - "-" "-"
4.204.224.164 - - [02/Sep/2026:09:13:09 -0700] "GET /new.php HTTP/1.1" 301 - "-" "-"
4.204.224.164 - - [02/Sep/2026:09:13:10 -0700] "GET /vpn.php HTTP/1.1" 301 - "-" "-"
4.204.224.164 - - [02/Sep/2026:09:13:11 -0700] "GET /goods.php HTTP/1.1" 301 - "-" "-"
4.204.224.164 - - [02/Sep/2026:09:13:12 -0700] "GET /alfa.php HTTP/1.1" 301 - "-" "-"
4.204.224.164 - - [02/Sep/2026:09:13:13 -0700] "GET /133.php HTTP/1.1" 301 - "-" "-"
4.204.224.164 - - [02/Sep/2026:09:13:14 -0700] "GET /sym.php?p= HTTP/1.1" 301 - "-" "-"
4.204.224.164 - - [02/Sep/2026:09:13:15 -0700] "GET /8.php HTTP/1.1" 301 - "-" "-"
4.204.224.164 - - [02/Sep/2026:09:13:16 -0700] "GET /ws55.php?p= HTTP/1.1" 301 - "-" "-"
4.204.224.164 - - [02/Sep/2026:09:13:17 -0700] "GET /indo.php HTTP/1.1" 301 - "-" "-"
4.204.224.164 - - [02/Sep/2026:09:13:18 -0700] "GET /wnnjpsby.php HTTP/1.1" 301 - "-" "-"
4.204.224.164 - - [02/Sep/2026:09:13:19 -0700] "GET /info.php/new.php HTTP/1.1" 301 - "-" "-"
4.204.224.164 - - [02/Sep/2026:09:13:20 -0700] "GET /wp-content/uploads/ HTTP/1.1" 301 - "-" "-"
4.204.224.164 - - [02/Sep/2026:09:13:21 -0700] "GET /w.php HTTP/1.1" 301 - "-" "-"
4.204.224.164 - - [02/Sep/2026:09:13:22 -0700] "GET /dk.php HTTP/1.1" 301 - "-" "-"
4.204.224.164 - - [02/Sep/2026:09:13:23 -0700] "GET /xc.php HTTP/1.1" 301 - "-" "-"
4.204.224.164 - - [02/Sep/2026:09:13:24 -0700] "GET /dev.php?p HTTP/1.1" 301 - "-" "-"
4.204.224.164 - - [02/Sep/2026:09:13:26 -0700] "GET /wp_blog_footer.php HTTP/1.1" 301 - "-" "-"
4.204.224.164 - - [02/Sep/2026:09:13:27 -0700] "GET /wefile.php HTTP/1.1" 301 - "-" "-"
4.204.224.164 - - [02/Sep/2026:09:13:27 -0700] "GET /wp-load.php HTTP/1.1" 200 - "-" "-"
4.204.224.164 - - [02/Sep/2026:09:13:28 -0700] "GET /robot.php HTTP/1.1" 301 - "-" "-"
4.204.224.164 - - [02/Sep/2026:09:13:29 -0700] "GET /sss.php?p= HTTP/1.1" 301 - "-" "-"
4.204.224.164 - - [02/Sep/2026:09:13:30 -0700] "GET /xmini4.php HTTP/1.1" 301 - "-" "-"
4.204.224.164 - - [02/Sep/2026:09:13:31 -0700] "GET /gulu.php HTTP/1.1" 301 - "-" "-"
4.204.224.164 - - [02/Sep/2026:09:13:32 -0700] "GET /replace.php HTTP/1.1" 301 - "-" "-"
4.204.224.164 - - [02/Sep/2026:09:13:33 -0700] "GET /c4.php HTTP/1.1" 301 - "-" "-"
4.204.224.164 - - [02/Sep/2026:09:13:34 -0700] "GET /rxr.php HTTP/1.1" 301 - "-" "-"
4.204.224.164 - - [02/Sep/2026:09:13:35 -0700] "GET /reviall.php HTTP/1.1" 301 - "-" "-"
4.204.224.164 - - [02/Sep/2026:09:13:36 -0700] "GET /os.php HTTP/1.1" 301 - "-" "-"
4.204.224.164 - - [02/Sep/2026:09:13:37 -0700] "GET /44.php HTTP/1.1" 301 - "-" "-"
4.204.224.164 - - [02/Sep/2026:09:13:38 -0700] "GET /ant.php HTTP/1.1" 301 - "-" "-"
4.204.224.164 - - [02/Sep/2026:09:13:39 -0700] "GET /mari.php HTTP/1.1" 301 - "-" "-"
4.204.224.164 - - [02/Sep/2026:09:13:40 -0700] "GET /bp.php HTTP/1.1" 301 - "-" "-"
4.204.224.164 - - [02/Sep/2026:09:13:41 -0700] "GET /file61.php HTTP/1.1" 301 - "-" "-"
4.204.224.164 - - [02/Sep/2026:09:13:42 -0700] "GET /file59.php HTTP/1.1" 301 - "-" "-"
4.204.224.164 - - [02/Sep/2026:09:13:43 -0700] "GET /ded.php HTTP/1.1" 301 - "-" "-"
4.204.224.164 - - [02/Sep/2026:09:13:44 -0700] "GET /BDKR28Wo.php HTTP/1.1" 301 - "-" "-"
4.204.224.164 - - [02/Sep/2026:09:13:45 -0700] "GET /autoload_classmap.php HTTP/1.1" 301 - "-" "-"
4.204.224.164 - - [02/Sep/2026:09:13:46 -0700] "GET /menu.php HTTP/1.1" 301 - "-" "-"
4.204.224.164 - - [02/Sep/2026:09:13:47 -0700] "GET /nxc.php HTTP/1.1" 301 - "-" "-"
4.204.224.164 - - [02/Sep/2026:09:13:48 -0700] "GET /or.php HTTP/1.1" 301 - "-" "-"
4.204.224.164 - - [02/Sep/2026:09:13:48 -0700] "GET /das.php HTTP/1.1" 301 - "-" "-"
4.204.224.164 - - [02/Sep/2026:09:13:49 -0700] "GET /kir.php HTTP/1.1" 301 - "-" "-"
173.231.200.77 - - [02/Sep/2026:09:14:45 -0700] "POST /wp-cron.php?doing_wp_cron=1788365685.8850810527801513671875 HTTP/1.1" 200 - "-" "WordPress/6.6.7; https://sportzsoftlivemeet.com"
44.209.164.247 - - [02/Sep/2026:09:14:45 -0700] "GET /robots.txt HTTP/1.1" 301 - "-" "Mozilla/5.0 (Macintosh; Intel Mac OS X 10_10_1) AppleWebKit/600.2.5 (KHTML, like Gecko) Version/8.0.2 Safari/600.2.5 (Gort)"
51.68.111.202 - - [02/Sep/2026:09:18:34 -0700] "GET /robots.txt HTTP/1.1" 301 - "-" "Mozilla/5.0 (compatible; MJ12bot/v2.0.5; http://mj12bot.com/)"
51.68.111.202 - - [02/Sep/2026:09:18:36 -0700] "GET / HTTP/1.1" 302 201 "-" "Mozilla/5.0 (compatible; MJ12bot/v2.0.5; http://mj12bot.com/)"
173.231.200.77 - - [02/Sep/2026:09:28:13 -0700] "POST /wp-cron.php?doing_wp_cron=1788366493.4158010482788085937500 HTTP/1.1" 200 - "-" "WordPress/6.6.7; https://sportzsoftlivemeet.com"
136.107.138.38 - - [02/Sep/2026:09:28:13 -0700] "GET / HTTP/1.1" 301 - "-" "Mozilla/5.0 (Windows NT 10.0; Win64; x64) AppleWebKit/537.36 (KHTML, like Gecko) Chrome/78.0.3904.108 Safari/537.36"
173.231.200.77 - - [02/Sep/2026:09:37:26 -0700] "POST /wp-cron.php?doing_wp_cron=1788367046.2374899387359619140625 HTTP/1.1" 200 - "-" "WordPress/6.6.7; https://sportzsoftlivemeet.com"
43.172.194.143 - - [02/Sep/2026:09:37:25 -0700] "GET / HTTP/1.1" 301 - "-" "Mozilla/5.0 (Windows NT 10.0; Win64; x64) AppleWebKit/537.36 (KHTML, like Gecko) Chrome/120.0.0.0 Safari/537.36"
173.231.200.77 - - [02/Sep/2026:09:37:40 -0700] "POST /wp-cron.php?doing_wp_cron=1788367060.5015330314636230468750 HTTP/1.1" 200 - "-" "WordPress/6.6.7; https://sportzsoftlivemeet.com"
43.172.197.4 - - [02/Sep/2026:09:37:40 -0700] "GET / HTTP/1.1" 301 - "-" "Mozilla/5.0 (Windows NT 10.0; Win64; x64) AppleWebKit/537.36 (KHTML, like Gecko) Chrome/104.0.5112.81 Safari/537.36"
173.231.200.77 - - [02/Sep/2026:09:42:49 -0700] "POST /wp-cron.php?doing_wp_cron=1788367369.5380599498748779296875 HTTP/1.1" 200 - "-" "WordPress/6.6.7; https://sportzsoftlivemeet.com"
199.244.88.221 - - [02/Sep/2026:09:42:49 -0700] "GET / HTTP/1.1" 301 - "-" "Mozilla/5.0 (X11; Linux x86_64) AppleWebKit/537.36 (KHTML, like Gecko) Chrome/105.0.0.0 Safari/537.36"
173.231.200.77 - - [02/Sep/2026:09:55:32 -0700] "POST /wp-cron.php?doing_wp_cron=1788368132.5317280292510986328125 HTTP/1.1" 200 - "-" "WordPress/6.6.7; https://sportzsoftlivemeet.com"
18.97.9.175 - - [02/Sep/2026:09:55:32 -0700] "GET /robots.txt HTTP/1.1" 301 - "-" "CCBot/2.0 (https://commoncrawl.org/faq/)"
18.97.9.175 - - [02/Sep/2026:09:55:33 -0700] "GET /Meet/index.htm HTTP/1.1" 301 - "-" "CCBot/2.0 (https://commoncrawl.org/faq/)"
173.231.200.77 - - [02/Sep/2026:09:58:02 -0700] "POST /wp-cron.php?doing_wp_cron=1788368282.6175611019134521484375 HTTP/1.1" 200 - "-" "WordPress/6.6.7; https://sportzsoftlivemeet.com"
34.145.215.206 - - [02/Sep/2026:09:58:02 -0700] "GET / HTTP/1.1" 301 - "-" "Mozilla/5.0 (Windows NT 10.0; Win64; x64) AppleWebKit/537.36 (KHTML, like Gecko) Chrome/78.0.3904.108 Safari/537.36"
173.231.200.77 - - [02/Sep/2026:10:35:58 -0700] "POST /wp-cron.php?doing_wp_cron=1788370558.3499040603637695312500 HTTP/1.1" 200 - "-" "WordPress/6.6.7; https://sportzsoftlivemeet.com"
42.193.171.36 - - [02/Sep/2026:10:35:57 -0700] "HEAD / HTTP/1.1" 301 - "https://m.baidu.com/s?word=www.qgxsyg.cn" "Mozilla/5.0 (Linux; U; Android 9; zh-cn; ONEPLUS A6010 Build/PKQ1.180716.001) AppleWebKit/537.36 (KHTML, like Gecko) Version/4.0 Chrome/66.0.3359.126 MQQBrowser/9.6 Mobile Safari/537.36"
216.73.216.180 - - [02/Sep/2026:10:36:04 -0700] "GET /robots.txt HTTP/1.1" 301 - "-" "Mozilla/5.0 AppleWebKit/537.36 (KHTML, like Gecko; compatible; ClaudeBot/1.0; +claudebot@anthropic.com)"
216.73.216.180 - - [02/Sep/2026:10:36:06 -0700] "GET /sitemap.xml HTTP/1.1" 301 - "-" "Mozilla/5.0 AppleWebKit/537.36 (KHTML, like Gecko; compatible; ClaudeBot/1.0; +claudebot@anthropic.com)"
173.231.200.77 - - [02/Sep/2026:10:42:11 -0700] "POST /wp-cron.php?doing_wp_cron=1788370931.7321059703826904296875 HTTP/1.1" 200 - "-" "WordPress/6.6.7; https://sportzsoftlivemeet.com"
170.106.35.137 - - [02/Sep/2026:10:42:11 -0700] "GET / HTTP/1.1" 301 - "-" "Mozilla/5.0 (iPhone; CPU iPhone OS 13_2_3 like Mac OS X) AppleWebKit/605.1.15 (KHTML, like Gecko) Version/13.0.3 Mobile/15E148 Safari/604.1"
173.231.200.77 - - [02/Sep/2026:10:45:58 -0700] "POST /wp-cron.php?doing_wp_cron=1788371158.5183029174804687500000 HTTP/1.1" 200 - "-" "WordPress/6.6.7; https://sportzsoftlivemeet.com"
192.253.248.173 - - [02/Sep/2026:10:45:58 -0700] "GET /.aws/config HTTP/1.1" 301 - "-" "Mozilla/5.0 (X11; Linux x86_64; rv:126.0) Gecko/20100101 Firefox/126.0"
192.253.248.173 - - [02/Sep/2026:10:45:58 -0700] "GET /.gcloud/credentials.json HTTP/1.1" 301 - "-" "Mozilla/5.0 (Windows NT 10.0; Win64; x64) AppleWebKit/537.36 (KHTML, like Gecko) Chrome/125.0.0.0 Safari/537.36"
192.253.248.173 - - [02/Sep/2026:10:45:58 -0700] "GET /.htaccess HTTP/1.1" 301 - "-" "Mozilla/5.0 (Macintosh; Intel Mac OS X 14_4_1) AppleWebKit/537.36 (KHTML, like Gecko) Chrome/124.0.0.0 Safari/537.36"
192.253.248.173 - - [02/Sep/2026:10:45:58 -0700] "GET /.gitlab-ci.yml HTTP/1.1" 301 - "-" "Mozilla/5.0 (Macintosh; Intel Mac OS X 14_5) AppleWebKit/605.1.15 (KHTML, like Gecko) Version/17.5 Safari/605.1.15"
192.253.248.173 - - [02/Sep/2026:10:45:58 -0700] "GET /.env.development HTTP/1.1" 301 - "-" "Mozilla/5.0 (Windows NT 10.0; Win64; x64) AppleWebKit/537.36 (KHTML, like Gecko) Chrome/124.0.0.0 Safari/537.36 Edg/124.0.0.0"
192.253.248.173 - - [02/Sep/2026:10:45:58 -0700] "GET /.env.encrypted HTTP/1.1" 301 - "-" "Mozilla/5.0 (Windows NT 10.0; Win64; x64) AppleWebKit/537.36 (KHTML, like Gecko) Chrome/125.0.0.0 Safari/537.36"
192.253.248.173 - - [02/Sep/2026:10:45:58 -0700] "GET /.env.test HTTP/1.1" 301 - "-" "Mozilla/5.0 (Windows NT 10.0; Win64; x64) AppleWebKit/537.36 (KHTML, like Gecko) Chrome/124.0.0.0 Safari/537.36 Edg/124.0.0.0"
192.253.248.173 - - [02/Sep/2026:10:45:58 -0700] "GET /.secrets.json HTTP/1.1" 301 - "-" "Mozilla/5.0 (Windows NT 10.0; Win64; x64; rv:126.0) Gecko/20100101 Firefox/126.0"
192.253.248.173 - - [02/Sep/2026:10:45:58 -0700] "GET /.dockercfg HTTP/1.1" 301 - "-" "Mozilla/5.0 (Macintosh; Intel Mac OS X 14_4_1) AppleWebKit/537.36 (KHTML, like Gecko) Chrome/124.0.0.0 Safari/537.36"
192.253.248.173 - - [02/Sep/2026:10:45:58 -0700] "GET /.secrets HTTP/1.1" 301 - "-" "Mozilla/5.0 (Macintosh; Intel Mac OS X 14_5) AppleWebKit/605.1.15 (KHTML, like Gecko) Version/17.5 Safari/605.1.15"
192.253.248.173 - - [02/Sep/2026:10:45:58 -0700] "GET /.env.staging HTTP/1.1" 301 - "-" "Mozilla/5.0 (Macintosh; Intel Mac OS X 14_5) AppleWebKit/605.1.15 (KHTML, like Gecko) Version/17.5 Safari/605.1.15"
192.253.248.173 - - [02/Sep/2026:10:45:58 -0700] "GET /.yarnrc.yml HTTP/1.1" 301 - "-" "Mozilla/5.0 (X11; Linux x86_64) AppleWebKit/537.36 (KHTML, like Gecko) Chrome/125.0.0.0 Safari/537.36"
192.253.248.173 - - [02/Sep/2026:10:45:58 -0700] "GET /.terraformrc.hcl HTTP/1.1" 301 - "-" "Mozilla/5.0 (Windows NT 10.0; Win64; x64; rv:126.0) Gecko/20100101 Firefox/126.0"
192.253.248.173 - - [02/Sep/2026:10:45:58 -0700] "GET /.env.ci HTTP/1.1" 301 - "-" "Mozilla/5.0 (X11; Linux x86_64) AppleWebKit/537.36 (KHTML, like Gecko) Chrome/125.0.0.0 Safari/537.36"
192.253.248.173 - - [02/Sep/2026:10:45:58 -0700] "GET /.pip.conf HTTP/1.1" 301 - "-" "Mozilla/5.0 (Macintosh; Intel Mac OS X 14_5) AppleWebKit/605.1.15 (KHTML, like Gecko) Version/17.5 Safari/605.1.15"
192.253.248.173 - - [02/Sep/2026:10:45:58 -0700] "GET /.azure/credentials HTTP/1.1" 301 - "-" "Mozilla/5.0 (Windows NT 10.0; Win64; x64; rv:126.0) Gecko/20100101 Firefox/126.0"
192.253.248.173 - - [02/Sep/2026:10:45:58 -0700] "GET /.env.template HTTP/1.1" 301 - "-" "Mozilla/5.0 (Windows NT 10.0; Win64; x64) AppleWebKit/537.36 (KHTML, like Gecko) Chrome/125.0.0.0 Safari/537.36"
192.253.248.173 - - [02/Sep/2026:10:45:58 -0700] "GET /.docker/config.json HTTP/1.1" 301 - "-" "Mozilla/5.0 (Windows NT 10.0; Win64; x64) AppleWebKit/537.36 (KHTML, like Gecko) Chrome/125.0.0.0 Safari/537.36"
192.253.248.173 - - [02/Sep/2026:10:45:58 -0700] "GET /.npmrc HTTP/1.1" 301 - "-" "Mozilla/5.0 (Macintosh; Intel Mac OS X 14_4_1) AppleWebKit/537.36 (KHTML, like Gecko) Chrome/124.0.0.0 Safari/537.36"
192.253.248.173 - - [02/Sep/2026:10:45:58 -0700] "GET /.env HTTP/1.1" 301 - "-" "Mozilla/5.0 (Windows NT 10.0; Win64; x64) AppleWebKit/537.36 (KHTML, like Gecko) Chrome/125.0.0.0 Safari/537.36"
192.253.248.173 - - [02/Sep/2026:10:45:58 -0700] "GET /.pypirc HTTP/1.1" 301 - "-" "Mozilla/5.0 (X11; Linux x86_64) AppleWebKit/537.36 (KHTML, like Gecko) Chrome/125.0.0.0 Safari/537.36"
192.253.248.173 - - [02/Sep/2026:10:45:58 -0700] "GET /.secrets.toml HTTP/1.1" 301 - "-" "Mozilla/5.0 (Windows NT 10.0; Win64; x64) AppleWebKit/537.36 (KHTML, like Gecko) Chrome/125.0.0.0 Safari/537.36"
192.253.248.173 - - [02/Sep/2026:10:45:58 -0700] "GET /.env.local HTTP/1.1" 301 - "-" "Mozilla/5.0 (Macintosh; Intel Mac OS X 14_5) AppleWebKit/605.1.15 (KHTML, like Gecko) Version/17.5 Safari/605.1.15"
192.253.248.173 - - [02/Sep/2026:10:45:58 -0700] "GET /.env.travis HTTP/1.1" 301 - "-" "Mozilla/5.0 (Windows NT 10.0; Win64; x64; rv:125.0) Gecko/20100101 Firefox/125.0"
192.253.248.173 - - [02/Sep/2026:10:45:58 -0700] "GET /.user.ini HTTP/1.1" 301 - "-" "Mozilla/5.0 (Windows NT 10.0; Win64; x64) AppleWebKit/537.36 (KHTML, like Gecko) Chrome/124.0.0.0 Safari/537.36 Edg/124.0.0.0"
192.253.248.173 - - [02/Sep/2026:10:45:58 -0700] "GET /.env.production HTTP/1.1" 301 - "-" "Mozilla/5.0 (Windows NT 10.0; Win64; x64) AppleWebKit/537.36 (KHTML, like Gecko) Chrome/124.0.0.0 Safari/537.36 Edg/124.0.0.0"
192.253.248.173 - - [02/Sep/2026:10:45:58 -0700] "GET /.htpasswd HTTP/1.1" 301 - "-" "Mozilla/5.0 (Macintosh; Intel Mac OS X 14_5) AppleWebKit/605.1.15 (KHTML, like Gecko) Version/17.5 Safari/605.1.15"
192.253.248.173 - - [02/Sep/2026:10:45:58 -0700] "GET /.env.example HTTP/1.1" 301 - "-" "Mozilla/5.0 (Windows NT 10.0; Win64; x64; rv:125.0) Gecko/20100101 Firefox/125.0"
192.253.248.173 - - [02/Sep/2026:10:45:58 -0700] "GET /.aws/credentials HTTP/1.1" 301 - "-" "Mozilla/5.0 (X11; Linux x86_64; rv:126.0) Gecko/20100101 Firefox/126.0"
192.253.248.173 - - [02/Sep/2026:10:45:58 -0700] "GET /.netrc HTTP/1.1" 301 - "-" "Mozilla/5.0 (Windows NT 10.0; Win64; x64) AppleWebKit/537.36 (KHTML, like Gecko) Chrome/125.0.0.0 Safari/537.36"
192.253.248.173 - - [02/Sep/2026:10:45:58 -0700] "GET /.terraformrc HTTP/1.1" 301 - "-" "Mozilla/5.0 (Windows NT 10.0; Win64; x64) AppleWebKit/537.36 (KHTML, like Gecko) Chrome/125.0.0.0 Safari/537.36"
192.253.248.173 - - [02/Sep/2026:10:45:58 -0700] "GET /.pgpass HTTP/1.1" 301 - "-" "Mozilla/5.0 (X11; Linux x86_64; rv:126.0) Gecko/20100101 Firefox/126.0"
192.253.248.173 - - [02/Sep/2026:10:45:59 -0700] "GET /application.properties HTTP/1.1" 301 - "-" "Mozilla/5.0 (Windows NT 10.0; Win64; x64; rv:125.0) Gecko/20100101 Firefox/125.0"
192.253.248.173 - - [02/Sep/2026:10:45:59 -0700] "GET /application.yaml HTTP/1.1" 301 - "-" "Mozilla/5.0 (Windows NT 10.0; Win64; x64) AppleWebKit/537.36 (KHTML, like Gecko) Chrome/125.0.0.0 Safari/537.36"
192.253.248.173 - - [02/Sep/2026:10:45:59 -0700] "GET /appsettings.json HTTP/1.1" 301 - "-" "Mozilla/5.0 (Windows NT 10.0; Win64; x64) AppleWebKit/537.36 (KHTML, like Gecko) Chrome/125.0.0.0 Safari/537.36"
192.253.248.173 - - [02/Sep/2026:10:45:59 -0700] "GET /bootstrap.properties HTTP/1.1" 301 - "-" "Mozilla/5.0 (Macintosh; Intel Mac OS X 14_5) AppleWebKit/605.1.15 (KHTML, like Gecko) Version/17.5 Safari/605.1.15"
192.253.248.173 - - [02/Sep/2026:10:45:59 -0700] "GET /application.yml HTTP/1.1" 301 - "-" "Mozilla/5.0 (X11; Linux x86_64; rv:126.0) Gecko/20100101 Firefox/126.0"
192.253.248.173 - - [02/Sep/2026:10:45:59 -0700] "GET /appsettings.Development.json HTTP/1.1" 301 - "-" "Mozilla/5.0 (Macintosh; Intel Mac OS X 14_5) AppleWebKit/605.1.15 (KHTML, like Gecko) Version/17.5 Safari/605.1.15"
192.253.248.173 - - [02/Sep/2026:10:45:59 -0700] "GET /bootstrap.yml HTTP/1.1" 301 - "-" "Mozilla/5.0 (Windows NT 10.0; Win64; x64; rv:126.0) Gecko/20100101 Firefox/126.0"
192.253.248.173 - - [02/Sep/2026:10:45:59 -0700] "GET /config.ini HTTP/1.1" 301 - "-" "Mozilla/5.0 (Macintosh; Intel Mac OS X 14_4_1) AppleWebKit/537.36 (KHTML, like Gecko) Chrome/124.0.0.0 Safari/537.36"
192.253.248.173 - - [02/Sep/2026:10:45:59 -0700] "GET /config.cfg HTTP/1.1" 301 - "-" "Mozilla/5.0 (Macintosh; Intel Mac OS X 14_5) AppleWebKit/605.1.15 (KHTML, like Gecko) Version/17.5 Safari/605.1.15"
192.253.248.173 - - [02/Sep/2026:10:45:59 -0700] "GET /config.php HTTP/1.1" 301 - "-" "Mozilla/5.0 (Windows NT 10.0; Win64; x64; rv:126.0) Gecko/20100101 Firefox/126.0"
192.253.248.173 - - [02/Sep/2026:10:45:59 -0700] "GET /config.properties HTTP/1.1" 301 - "-" "Mozilla/5.0 (Macintosh; Intel Mac OS X 14_5) AppleWebKit/605.1.15 (KHTML, like Gecko) Version/17.5 Safari/605.1.15"
192.253.248.173 - - [02/Sep/2026:10:46:00 -0700] "GET /configuration.php HTTP/1.1" 301 - "-" "Mozilla/5.0 (Windows NT 10.0; Win64; x64; rv:126.0) Gecko/20100101 Firefox/126.0"
192.253.248.173 - - [02/Sep/2026:10:46:00 -0700] "GET /credentials.json HTTP/1.1" 301 - "-" "Mozilla/5.0 (Windows NT 10.0; Win64; x64) AppleWebKit/537.36 (KHTML, like Gecko) Chrome/125.0.0.0 Safari/537.36"
192.253.248.173 - - [02/Sep/2026:10:46:00 -0700] "GET /credentials HTTP/1.1" 301 - "-" "Mozilla/5.0 (Macintosh; Intel Mac OS X 14_5) AppleWebKit/605.1.15 (KHTML, like Gecko) Version/17.5 Safari/605.1.15"
192.253.248.173 - - [02/Sep/2026:10:46:00 -0700] "GET /db.properties HTTP/1.1" 301 - "-" "Mozilla/5.0 (X11; Linux x86_64; rv:126.0) Gecko/20100101 Firefox/126.0"
192.253.248.173 - - [02/Sep/2026:10:45:59 -0700] "GET /.env.docker HTTP/1.1" 301 - "-" "Mozilla/5.0 (Windows NT 10.0; Win64; x64; rv:126.0) Gecko/20100101 Firefox/126.0"
192.253.248.173 - - [02/Sep/2026:10:46:00 -0700] "GET /docker-compose.yaml HTTP/1.1" 301 - "-" "Mozilla/5.0 (Windows NT 10.0; Win64; x64; rv:125.0) Gecko/20100101 Firefox/125.0"
192.253.248.173 - - [02/Sep/2026:10:46:00 -0700] "GET /docker-compose.override.yml HTTP/1.1" 301 - "-" "Mozilla/5.0 (Windows NT 10.0; Win64; x64; rv:125.0) Gecko/20100101 Firefox/125.0"
192.253.248.173 - - [02/Sep/2026:10:46:00 -0700] "GET /grafana.ini HTTP/1.1" 301 - "-" "Mozilla/5.0 (Windows NT 10.0; Win64; x64) AppleWebKit/537.36 (KHTML, like Gecko) Chrome/124.0.0.0 Safari/537.36 Edg/124.0.0.0"
192.253.248.173 - - [02/Sep/2026:10:46:00 -0700] "GET /docker-compose.yml HTTP/1.1" 301 - "-" "Mozilla/5.0 (Windows NT 10.0; Win64; x64; rv:126.0) Gecko/20100101 Firefox/126.0"
192.253.248.173 - - [02/Sep/2026:10:46:00 -0700] "GET /hibernate.properties HTTP/1.1" 301 - "-" "Mozilla/5.0 (Windows NT 10.0; Win64; x64; rv:126.0) Gecko/20100101 Firefox/126.0"
192.253.248.173 - - [02/Sep/2026:10:46:00 -0700] "GET /id_ecdsa HTTP/1.1" 301 - "-" "Mozilla/5.0 (Windows NT 10.0; Win64; x64) AppleWebKit/537.36 (KHTML, like Gecko) Chrome/124.0.0.0 Safari/537.36 Edg/124.0.0.0"
192.253.248.173 - - [02/Sep/2026:10:46:00 -0700] "GET /id_rsa HTTP/1.1" 301 - "-" "Mozilla/5.0 (X11; Linux x86_64) AppleWebKit/537.36 (KHTML, like Gecko) Chrome/125.0.0.0 Safari/537.36"
192.253.248.173 - - [02/Sep/2026:10:46:00 -0700] "GET /id_dsa HTTP/1.1" 301 - "-" "Mozilla/5.0 (Windows NT 10.0; Win64; x64; rv:126.0) Gecko/20100101 Firefox/126.0"
192.253.248.173 - - [02/Sep/2026:10:46:00 -0700] "GET /id_ed25519 HTTP/1.1" 301 - "-" "Mozilla/5.0 (Macintosh; Intel Mac OS X 14_5) AppleWebKit/605.1.15 (KHTML, like Gecko) Version/17.5 Safari/605.1.15"
192.253.248.173 - - [02/Sep/2026:10:46:00 -0700] "GET /jdbc.properties HTTP/1.1" 301 - "-" "Mozilla/5.0 (Macintosh; Intel Mac OS X 14_5) AppleWebKit/605.1.15 (KHTML, like Gecko) Version/17.5 Safari/605.1.15"
192.253.248.173 - - [02/Sep/2026:10:46:01 -0700] "GET /key.pem HTTP/1.1" 301 - "-" "Mozilla/5.0 (Macintosh; Intel Mac OS X 14_5) AppleWebKit/605.1.15 (KHTML, like Gecko) Version/17.5 Safari/605.1.15"
192.253.248.173 - - [02/Sep/2026:10:46:01 -0700] "GET /Jenkinsfile HTTP/1.1" 301 - "-" "Mozilla/5.0 (Macintosh; Intel Mac OS X 14_5) AppleWebKit/605.1.15 (KHTML, like Gecko) Version/17.5 Safari/605.1.15"
192.253.248.173 - - [02/Sep/2026:10:46:01 -0700] "GET /keystore.jks HTTP/1.1" 301 - "-" "Mozilla/5.0 (X11; Linux x86_64; rv:126.0) Gecko/20100101 Firefox/126.0"
192.253.248.173 - - [02/Sep/2026:10:46:01 -0700] "GET /kustomization.yaml HTTP/1.1" 301 - "-" "Mozilla/5.0 (Windows NT 10.0; Win64; x64; rv:125.0) Gecko/20100101 Firefox/125.0"
192.253.248.173 - - [02/Sep/2026:10:46:01 -0700] "GET /keystore.properties HTTP/1.1" 301 - "-" "Mozilla/5.0 (Windows NT 10.0; Win64; x64) AppleWebKit/537.36 (KHTML, like Gecko) Chrome/124.0.0.0 Safari/537.36 Edg/124.0.0.0"
192.253.248.173 - - [02/Sep/2026:10:46:01 -0700] "GET /local.settings.json HTTP/1.1" 301 - "-" "Mozilla/5.0 (Windows NT 10.0; Win64; x64) AppleWebKit/537.36 (KHTML, like Gecko) Chrome/125.0.0.0 Safari/537.36"
192.253.248.173 - - [02/Sep/2026:10:46:01 -0700] "GET /ldap.properties HTTP/1.1" 301 - "-" "Mozilla/5.0 (Windows NT 10.0; Win64; x64; rv:126.0) Gecko/20100101 Firefox/126.0"
192.253.248.173 - - [02/Sep/2026:10:46:01 -0700] "GET /my.cnf HTTP/1.1" 301 - "-" "Mozilla/5.0 (X11; Linux x86_64; rv:126.0) Gecko/20100101 Firefox/126.0"
192.253.248.173 - - [02/Sep/2026:10:46:01 -0700] "GET /mongod.conf HTTP/1.1" 301 - "-" "Mozilla/5.0 (X11; Linux x86_64; rv:126.0) Gecko/20100101 Firefox/126.0"
192.253.248.173 - - [02/Sep/2026:10:46:01 -0700] "GET /my.ini HTTP/1.1" 301 - "-" "Mozilla/5.0 (X11; Linux x86_64) AppleWebKit/537.36 (KHTML, like Gecko) Chrome/125.0.0.0 Safari/537.36"
192.253.248.173 - - [02/Sep/2026:10:46:01 -0700] "GET /mysqld.cnf HTTP/1.1" 301 - "-" "Mozilla/5.0 (X11; Linux x86_64) AppleWebKit/537.36 (KHTML, like Gecko) Chrome/125.0.0.0 Safari/537.36"
192.253.248.173 - - [02/Sep/2026:10:46:01 -0700] "GET /oauth.properties HTTP/1.1" 301 - "-" "Mozilla/5.0 (X11; Linux x86_64) AppleWebKit/537.36 (KHTML, like Gecko) Chrome/125.0.0.0 Safari/537.36"
192.253.248.173 - - [02/Sep/2026:10:46:01 -0700] "GET /oidc.properties HTTP/1.1" 301 - "-" "Mozilla/5.0 (Windows NT 10.0; Win64; x64) AppleWebKit/537.36 (KHTML, like Gecko) Chrome/125.0.0.0 Safari/537.36"
192.253.248.173 - - [02/Sep/2026:10:46:02 -0700] "GET /personal.auto.tfvars HTTP/1.1" 301 - "-" "Mozilla/5.0 (Windows NT 10.0; Win64; x64; rv:125.0) Gecko/20100101 Firefox/125.0"
192.253.248.173 - - [02/Sep/2026:10:46:01 -0700] "GET /oidc-config.yaml HTTP/1.1" 301 - "-" "Mozilla/5.0 (Windows NT 10.0; Win64; x64) AppleWebKit/537.36 (KHTML, like Gecko) Chrome/125.0.0.0 Safari/537.36"
192.253.248.173 - - [02/Sep/2026:10:46:02 -0700] "GET /pg_hba.conf HTTP/1.1" 301 - "-" "Mozilla/5.0 (Macintosh; Intel Mac OS X 14_5) AppleWebKit/605.1.15 (KHTML, like Gecko) Version/17.5 Safari/605.1.15"
192.253.248.173 - - [02/Sep/2026:10:46:02 -0700] "GET /pg_service.conf HTTP/1.1" 301 - "-" "Mozilla/5.0 (Windows NT 10.0; Win64; x64) AppleWebKit/537.36 (KHTML, like Gecko) Chrome/125.0.0.0 Safari/537.36"
192.253.248.173 - - [02/Sep/2026:10:46:02 -0700] "GET /postgresql.conf HTTP/1.1" 301 - "-" "Mozilla/5.0 (Windows NT 10.0; Win64; x64) AppleWebKit/537.36 (KHTML, like Gecko) Chrome/124.0.0.0 Safari/537.36 Edg/124.0.0.0"
192.253.248.173 - - [02/Sep/2026:10:46:02 -0700] "GET /private.key HTTP/1.1" 301 - "-" "Mozilla/5.0 (Windows NT 10.0; Win64; x64) AppleWebKit/537.36 (KHTML, like Gecko) Chrome/124.0.0.0 Safari/537.36 Edg/124.0.0.0"
192.253.248.173 - - [02/Sep/2026:10:46:02 -0700] "GET /secret.properties HTTP/1.1" 301 - "-" "Mozilla/5.0 (Windows NT 10.0; Win64; x64) AppleWebKit/537.36 (KHTML, like Gecko) Chrome/125.0.0.0 Safari/537.36"
192.253.248.173 - - [02/Sep/2026:10:46:02 -0700] "GET /private.pem HTTP/1.1" 301 - "-" "Mozilla/5.0 (X11; Linux x86_64) AppleWebKit/537.36 (KHTML, like Gecko) Chrome/125.0.0.0 Safari/537.36"
192.253.248.173 - - [02/Sep/2026:10:46:02 -0700] "GET /redis.conf HTTP/1.1" 301 - "-" "Mozilla/5.0 (Windows NT 10.0; Win64; x64) AppleWebKit/537.36 (KHTML, like Gecko) Chrome/124.0.0.0 Safari/537.36 Edg/124.0.0.0"
192.253.248.173 - - [02/Sep/2026:10:46:02 -0700] "GET /secret.yml HTTP/1.1" 301 - "-" "Mozilla/5.0 (Macintosh; Intel Mac OS X 14_4_1) AppleWebKit/537.36 (KHTML, like Gecko) Chrome/124.0.0.0 Safari/537.36"
192.253.248.173 - - [02/Sep/2026:10:46:02 -0700] "GET /secrets.json HTTP/1.1" 301 - "-" "Mozilla/5.0 (Macintosh; Intel Mac OS X 14_5) AppleWebKit/605.1.15 (KHTML, like Gecko) Version/17.5 Safari/605.1.15"
192.253.248.173 - - [02/Sep/2026:10:46:02 -0700] "GET /secrets.yaml HTTP/1.1" 301 - "-" "Mozilla/5.0 (Windows NT 10.0; Win64; x64; rv:126.0) Gecko/20100101 Firefox/126.0"
192.253.248.173 - - [02/Sep/2026:10:46:03 -0700] "GET /settings.ini HTTP/1.1" 301 - "-" "Mozilla/5.0 (Macintosh; Intel Mac OS X 14_5) AppleWebKit/605.1.15 (KHTML, like Gecko) Version/17.5 Safari/605.1.15"
192.253.248.173 - - [02/Sep/2026:10:46:02 -0700] "GET /secrets.yml HTTP/1.1" 301 - "-" "Mozilla/5.0 (Macintosh; Intel Mac OS X 14_5) AppleWebKit/605.1.15 (KHTML, like Gecko) Version/17.5 Safari/605.1.15"
192.253.248.173 - - [02/Sep/2026:10:46:02 -0700] "GET /server.key HTTP/1.1" 301 - "-" "Mozilla/5.0 (X11; Linux x86_64; rv:126.0) Gecko/20100101 Firefox/126.0"
192.253.248.173 - - [02/Sep/2026:10:46:03 -0700] "GET /settings.php HTTP/1.1" 301 - "-" "Mozilla/5.0 (Windows NT 10.0; Win64; x64; rv:125.0) Gecko/20100101 Firefox/125.0"
192.253.248.173 - - [02/Sep/2026:10:46:03 -0700] "GET /terraform.tfvars HTTP/1.1" 301 - "-" "Mozilla/5.0 (Macintosh; Intel Mac OS X 14_5) AppleWebKit/605.1.15 (KHTML, like Gecko) Version/17.5 Safari/605.1.15"
192.253.248.173 - - [02/Sep/2026:10:46:03 -0700] "GET /terraform.tfvars.json HTTP/1.1" 301 - "-" "Mozilla/5.0 (X11; Linux x86_64; rv:126.0) Gecko/20100101 Firefox/126.0"
192.253.248.173 - - [02/Sep/2026:10:46:03 -0700] "GET /values.yaml HTTP/1.1" 301 - "-" "Mozilla/5.0 (Macintosh; Intel Mac OS X 14_5) AppleWebKit/605.1.15 (KHTML, like Gecko) Version/17.5 Safari/605.1.15"
192.253.248.173 - - [02/Sep/2026:10:46:03 -0700] "GET /user.ini HTTP/1.1" 301 - "-" "Mozilla/5.0 (Windows NT 10.0; Win64; x64; rv:126.0) Gecko/20100101 Firefox/126.0"
192.253.248.173 - - [02/Sep/2026:10:46:03 -0700] "GET /values.yml HTTP/1.1" 301 - "-" "Mozilla/5.0 (Windows NT 10.0; Win64; x64) AppleWebKit/537.36 (KHTML, like Gecko) Chrome/125.0.0.0 Safari/537.36"
192.253.248.173 - - [02/Sep/2026:10:46:03 -0700] "GET /variables.tf HTTP/1.1" 301 - "-" "Mozilla/5.0 (Macintosh; Intel Mac OS X 14_4_1) AppleWebKit/537.36 (KHTML, like Gecko) Chrome/124.0.0.0 Safari/537.36"
192.253.248.173 - - [02/Sep/2026:10:46:03 -0700] "GET /_netrc HTTP/1.1" 301 - "-" "Mozilla/5.0 (Macintosh; Intel Mac OS X 14_4_1) AppleWebKit/537.36 (KHTML, like Gecko) Chrome/124.0.0.0 Safari/537.36"
192.253.248.173 - - [02/Sep/2026:10:46:03 -0700] "GET /web.config HTTP/1.1" 301 - "-" "Mozilla/5.0 (Windows NT 10.0; Win64; x64) AppleWebKit/537.36 (KHTML, like Gecko) Chrome/125.0.0.0 Safari/537.36"
192.253.248.173 - - [02/Sep/2026:10:46:03 -0700] "GET /wp-config.php HTTP/1.1" 301 - "-" "Mozilla/5.0 (X11; Linux x86_64) AppleWebKit/537.36 (KHTML, like Gecko) Chrome/125.0.0.0 Safari/537.36"
173.231.200.77 - - [02/Sep/2026:10:55:57 -0700] "POST /wp-cron.php?doing_wp_cron=1788371757.6911029815673828125000 HTTP/1.1" 200 - "-" "WordPress/6.6.7; https://sportzsoftlivemeet.com"
152.58.43.250 - - [02/Sep/2026:10:55:57 -0700] "GET /news/ HTTP/1.1" 301 - "-" "Mozilla/5.0 (Macintosh; Intel Mac OS X 10_15_7) AppleWebKit/537.36 (KHTML, like Gecko) Chrome/130.0.6723.69 Safari/537.36"
173.231.200.77 - - [02/Sep/2026:10:59:13 -0700] "POST /wp-cron.php?doing_wp_cron=1788371953.6822609901428222656250 HTTP/1.1" 200 - "-" "WordPress/6.6.7; https://sportzsoftlivemeet.com"
104.239.116.145 - - [02/Sep/2026:10:59:13 -0700] "GET /2016/02/12/markup-html-tags-and-formatting/ HTTP/1.1" 301 - "-" "Mozilla/5.0 (Windows NT 10.0; Win64; x64) AppleWebKit/537.36 (KHTML, like Gecko) Chrome/131.0.0.0 Safari/537.36"
173.231.200.77 - - [02/Sep/2026:10:59:18 -0700] "POST /wp-cron.php?doing_wp_cron=1788371958.5199720859527587890625 HTTP/1.1" 200 - "-" "WordPress/6.6.7; https://sportzsoftlivemeet.com"
64.112.56.123 - - [02/Sep/2026:10:59:18 -0700] "GET / HTTP/1.1" 301 - "-" "Mozilla/5.0 (Macintosh; Intel Mac OS X 10_15_7) AppleWebKit/537.36 (KHTML, like Gecko) Chrome/136.0.0.0 Safari/537.36"
64.112.56.194 - - [02/Sep/2026:10:59:18 -0700] "GET /Meet/index.htm HTTP/1.1" 301 - "-" "Mozilla/5.0 (Macintosh; Intel Mac OS X 10_15_7) AppleWebKit/537.36 (KHTML, like Gecko) Chrome/136.0.0.0 Safari/537.36"
173.231.200.77 - - [02/Sep/2026:11:11:58 -0700] "POST /wp-cron.php?doing_wp_cron=1788372718.2243039608001708984375 HTTP/1.1" 200 - "-" "WordPress/6.6.7; https://sportzsoftlivemeet.com"
200.86.221.168 - - [02/Sep/2026:11:11:57 -0700] "GET /2018/04/20/release-notes-2-0-26-january-12-2018/ HTTP/1.1" 301 - "-" "Mozilla/5.0 (Macintosh; Intel Mac OS X 14_5_1) AppleWebKit/537.36 (KHTML, like Gecko) Chrome/125.0.6422.141 Safari/537.36"
173.231.200.77 - - [02/Sep/2026:11:13:42 -0700] "POST /wp-cron.php?doing_wp_cron=1788372822.5565419197082519531250 HTTP/1.1" 200 - "-" "WordPress/6.6.7; https://sportzsoftlivemeet.com"
91.142.73.116 - - [02/Sep/2026:11:13:42 -0700] "GET /2016/02/12/markup-html-tags-and-formatting/ HTTP/1.0" 301 - "http://sportzsoftlivemeet.com/2016/02/12/markup-html-tags-and-formatting/" "Mozilla/5.0 (Windows NT 10.0; Win64; x64) AppleWebKit/537.36 (KHTML, like Gecko) Chrome/130.0.0.0 Safari/537.36 CCleaner/130.0.0.0"
173.231.200.77 - - [02/Sep/2026:11:27:30 -0700] "POST /wp-cron.php?doing_wp_cron=1788373650.8370859622955322265625 HTTP/1.1" 200 - "-" "WordPress/6.6.7; https://sportzsoftlivemeet.com"
65.108.58.219 - - [02/Sep/2026:11:27:30 -0700] "GET / HTTP/1.1" 301 - "-" "GuzzleHttp/7"
173.231.200.77 - - [02/Sep/2026:11:47:04 -0700] "POST /wp-cron.php?doing_wp_cron=1788374824.0669798851013183593750 HTTP/1.1" 200 - "-" "WordPress/6.6.7; https://sportzsoftlivemeet.com"
185.19.40.63 - - [02/Sep/2026:11:47:03 -0700] "GET / HTTP/1.1" 301 - "-" "Mozilla/5.0 (Windows NT 10.0; Win64; x64) AppleWebKit/537.36 (KHTML, like Gecko) Chrome/78.0.3904.108 Safari/537.36"
173.231.200.77 - - [02/Sep/2026:11:48:34 -0700] "POST /wp-cron.php?doing_wp_cron=1788374914.3451631069183349609375 HTTP/1.1" 200 - "-" "WordPress/6.6.7; https://sportzsoftlivemeet.com"
185.19.40.63 - - [02/Sep/2026:11:48:34 -0700] "GET / HTTP/1.1" 301 - "-" "Mozilla/5.0 (Windows NT 10.0; Win64; x64) AppleWebKit/537.36 (KHTML, like Gecko) Chrome/78.0.3904.108 Safari/537.36"
173.231.200.77 - - [02/Sep/2026:11:51:10 -0700] "POST /wp-cron.php?doing_wp_cron=1788375070.8951189517974853515625 HTTP/1.1" 200 - "-" "WordPress/6.6.7; https://sportzsoftlivemeet.com"
173.252.82.62 - - [02/Sep/2026:11:51:10 -0700] "GET /robots.txt HTTP/1.1" 301 - "-" "facebookexternalhit/1.1 (+http://www.facebook.com/externalhit_uatext.php)"
173.231.200.77 - - [02/Sep/2026:11:52:18 -0700] "POST /wp-cron.php?doing_wp_cron=1788375138.4660561084747314453125 HTTP/1.1" 200 - "-" "WordPress/6.6.7; https://sportzsoftlivemeet.com"
93.123.109.52 - - [02/Sep/2026:11:52:18 -0700] "GET / HTTP/1.1" 301 - "-" "Mozilla/5.0 (X11; Linux x86_64; rv:133.0) Gecko/20100101 Firefox/133.0"
93.123.109.52 - - [02/Sep/2026:11:52:18 -0700] "GET / HTTP/1.1" 301 - "-" "Mozilla/5.0 (X11; Linux x86_64; rv:133.0) Gecko/20100101 Firefox/133.0"
173.231.200.77 - - [02/Sep/2026:12:01:17 -0700] "POST /wp-cron.php?doing_wp_cron=1788375677.1565089225769042968750 HTTP/1.1" 200 - "-" "WordPress/6.6.7; https://sportzsoftlivemeet.com"
3.75.89.9 - - [02/Sep/2026:12:01:16 -0700] "GET /.git/config HTTP/1.1" 301 - "-" "Uzbl (Webkit 1.3) (Linux i686 [i686])"
