89.46.108.138 - - [02/Sep/2026:12:09:00 -0700] "GET / HTTP/1.1" 301 - "-" "Mozilla/5.0 (Windows NT 10.0; Win64; x64; rv:79.0) Gecko/20100101 Firefox/79.0"
173.231.200.77 - - [02/Sep/2026:12:13:23 -0700] "POST /wp-cron.php?doing_wp_cron=1788376403.8624548912048339843750 HTTP/1.1" 200 - "-" "WordPress/6.6.7; https://sportzsoftlivemeet.com"
136.243.220.213 - - [02/Sep/2026:12:13:23 -0700] "GET /robots.txt HTTP/1.1" 301 - "-" "Mozilla/5.0 (compatible; DataForSeoBot/1.0; +https://dataforseo.com/dataforseo-bot)"
173.231.200.77 - - [02/Sep/2026:12:14:50 -0700] "POST /wp-cron.php?doing_wp_cron=1788376490.3443319797515869140625 HTTP/1.1" 200 - "-" "WordPress/6.6.7; https://sportzsoftlivemeet.com"
43.157.22.57 - - [02/Sep/2026:12:14:49 -0700] "GET / HTTP/1.1" 301 - "-" "Mozilla/5.0 (iPhone; CPU iPhone OS 13_2_3 like Mac OS X) AppleWebKit/605.1.15 (KHTML, like Gecko) Version/13.0.3 Mobile/15E148 Safari/604.1"
173.231.200.77 - - [02/Sep/2026:12:18:50 -0700] "POST /wp-cron.php?doing_wp_cron=1788376730.9017930030822753906250 HTTP/1.1" 200 - "-" "WordPress/6.6.7; https://sportzsoftlivemeet.com"
213.177.179.44 - - [02/Sep/2026:12:18:50 -0700] "GET /.env HTTP/1.1" 301 - "-" "Mozilla/5.0 (Linux; U; Android 4.4.2; en-US; HM NOTE 1W Build/KOT49H) AppleWebKit/534.30 (KHTML, like Gecko) Version/4.0 UCBrowser/11.0.5.850 U3/0.8.0 Mobile Safari/534.30"
213.177.179.44 - - [02/Sep/2026:12:18:51 -0700] "POST / HTTP/1.1" 301 - "-" "Mozilla/5.0 (Linux; U; Android 4.4.2; en-US; HM NOTE 1W Build/KOT49H) AppleWebKit/534.30 (KHTML, like Gecko) Version/4.0 UCBrowser/11.0.5.850 U3/0.8.0 Mobile Safari/534.30"
213.177.179.44 - - [02/Sep/2026:12:18:51 -0700] "POST / HTTP/1.1" 302 201 "-" "python-requests/2.32.3"
213.177.179.44 - - [02/Sep/2026:12:18:52 -0700] "GET /?%3Cplay%3Ewithme%3C/%3E HTTP/1.1" 302 225 "-" "python-requests/2.32.3"
173.231.200.77 - - [02/Sep/2026:12:20:12 -0700] "POST /wp-cron.php?doing_wp_cron=1788376812.1360309123992919921875 HTTP/1.1" 200 - "-" "WordPress/6.6.7; https://sportzsoftlivemeet.com"
129.28.84.30 - - [02/Sep/2026:12:20:11 -0700] "GET / HTTP/1.1" 301 - "-" "Mozilla/5.0 (iPhone; CPU iPhone OS 13_2_3 like Mac OS X) AppleWebKit/605.1.15 (KHTML, like Gecko) Version/13.0.3 Mobile/15E148 Safari/604.1"
173.231.200.77 - - [02/Sep/2026:12:25:48 -0700] "POST /wp-cron.php?doing_wp_cron=1788377148.9107179641723632812500 HTTP/1.1" 200 - "-" "WordPress/6.6.7; https://sportzsoftlivemeet.com"
195.96.139.222 - - [02/Sep/2026:12:25:48 -0700] "GET / HTTP/1.1" 301 - "-" "Mozilla/5.0 (compatible; InternetMeasurement/1.0; +https://internet-measurement.com/)"
173.231.200.77 - - [02/Sep/2026:12:36:27 -0700] "POST /wp-cron.php?doing_wp_cron=1788377787.1016659736633300781250 HTTP/1.1" 200 - "-" "WordPress/6.6.7; https://sportzsoftlivemeet.com"
216.73.216.180 - - [02/Sep/2026:12:36:26 -0700] "GET /robots.txt HTTP/1.1" 301 - "-" "Mozilla/5.0 AppleWebKit/537.36 (KHTML, like Gecko; compatible; ClaudeBot/1.0; +claudebot@anthropic.com)"
216.73.216.180 - - [02/Sep/2026:12:36:28 -0700] "GET /sitemap.xml HTTP/1.1" 301 - "-" "Mozilla/5.0 AppleWebKit/537.36 (KHTML, like Gecko; compatible; ClaudeBot/1.0; +claudebot@anthropic.com)"
173.231.200.77 - - [02/Sep/2026:12:47:42 -0700] "POST /wp-cron.php?doing_wp_cron=1788378462.3210000991821289062500 HTTP/1.1" 200 - "-" "WordPress/6.6.7; https://sportzsoftlivemeet.com"
91.193.232.77 - - [02/Sep/2026:12:47:41 -0700] "GET /wp-login.php HTTP/1.1" 302 - "-" "Mozilla/5.0"
173.231.200.77 - - [02/Sep/2026:12:55:51 -0700] "POST /wp-cron.php?doing_wp_cron=1788378951.8539249897003173828125 HTTP/1.1" 200 - "-" "WordPress/6.6.7; https://sportzsoftlivemeet.com"
185.19.40.61 - - [02/Sep/2026:12:55:51 -0700] "GET / HTTP/1.1" 301 - "-" "Mozilla/5.0 (Windows NT 10.0; Win64; x64) AppleWebKit/537.36 (KHTML, like Gecko) Chrome/78.0.3904.108 Safari/537.36"
173.231.200.77 - - [02/Sep/2026:13:01:08 -0700] "POST /wp-cron.php?doing_wp_cron=1788379268.1507959365844726562500 HTTP/1.1" 200 - "-" "WordPress/6.6.7; https://sportzsoftlivemeet.com"
136.144.19.69 - - [02/Sep/2026:13:01:07 -0700] "GET /wp-login.php HTTP/1.1" 302 - "-" "Mozilla/5.0"
173.231.200.77 - - [02/Sep/2026:13:04:08 -0700] "POST /wp-cron.php?doing_wp_cron=1788379448.8316440582275390625000 HTTP/1.1" 200 - "-" "WordPress/6.6.7; https://sportzsoftlivemeet.com"
192.42.116.94 - - [02/Sep/2026:13:04:08 -0700] "GET / HTTP/1.1" 301 - "http://www.sportzsoftlivemeet.com" "Mozilla/5.0 (Linux; Android 8.1.0; MAX1) AppleWebKit/537.36 (KHTML, like Gecko) Chrome/81.0.4044.111 Mobile Safari/537.36"
173.231.200.77 - - [02/Sep/2026:13:05:20 -0700] "POST /wp-cron.php?doing_wp_cron=1788379520.4603509902954101562500 HTTP/1.1" 200 - "-" "WordPress/6.6.7; https://sportzsoftlivemeet.com"
192.42.116.94 - - [02/Sep/2026:13:05:20 -0700] "GET /Meet/index.htm HTTP/1.1" 301 - "http://www.sportzsoftlivemeet.com/Meet/index.htm" "Mozilla/5.0 (Linux; Android 8.1.0; MAX1) AppleWebKit/537.36 (KHTML, like Gecko) Chrome/81.0.4044.111 Mobile Safari/537.36"
194.103.211.97 - - [02/Sep/2026:13:05:45 -0700] "GET /robots.txt HTTP/1.1" 301 - "-" "Mozilla/5.0 (Linux; Android 14; SM-S901B) AppleWebKit/537.36 (KHTML, like Gecko) Chrome/120.0.6099.280 Mobile Safari/537.36 OPR/80.4.4244.7786"
192.121.135.97 - - [02/Sep/2026:13:05:47 -0700] "GET /llms.txt HTTP/1.1" 301 - "-" "Mozilla/5.0 (Linux; Android 14; SM-S901B) AppleWebKit/537.36 (KHTML, like Gecko) Chrome/120.0.6099.280 Mobile Safari/537.36 OPR/80.4.4244.7786"
80.248.226.21 - - [02/Sep/2026:13:05:49 -0700] "GET / HTTP/1.1" 301 - "-" "Mozilla/5.0 (Linux; Android 14; SM-S901B) AppleWebKit/537.36 (KHTML, like Gecko) Chrome/120.0.6099.280 Mobile Safari/537.36 OPR/80.4.4244.7786"
173.231.200.77 - - [02/Sep/2026:13:25:30 -0700] "POST /wp-cron.php?doing_wp_cron=1788380730.5042901039123535156250 HTTP/1.1" 200 - "-" "WordPress/6.6.7; https://sportzsoftlivemeet.com"
89.117.104.6 - - [02/Sep/2026:13:25:30 -0700] "GET / HTTP/1.1" 301 - "-" "Mozilla/5.0 (Windows NT 10.0; Win64; x64) AppleWebKit/537.36 (KHTML, like Gecko) Chrome/78.0.3904.108 Safari/537.36"
173.231.200.77 - - [02/Sep/2026:13:40:56 -0700] "POST /wp-cron.php?doing_wp_cron=1788381656.4299759864807128906250 HTTP/1.1" 200 - "-" "WordPress/6.6.7; https://sportzsoftlivemeet.com"
5.188.86.234 - - [02/Sep/2026:13:40:56 -0700] "GET /wp-login.php HTTP/1.1" 302 - "-" "Mozilla/5.0 (Windows NT 10.0; Win64; x64) AppleWebKit/537.36 (KHTML, like Gecko) Chrome/146.0.0.0 Safari/537.36 Edg/146.0.0.0"
173.231.200.77 - - [02/Sep/2026:13:44:08 -0700] "POST /wp-cron.php?doing_wp_cron=1788381848.8846199512481689453125 HTTP/1.1" 200 - "-" "WordPress/6.6.7; https://sportzsoftlivemeet.com"
51.15.192.215 - - [02/Sep/2026:13:44:08 -0700] "GET / HTTP/1.1" 301 - "-" "Mozilla/5.0 (Windows NT 10.0; Win64; x64) AppleWebKit/537.36 (KHTML, like Gecko) Chrome/126.0 Safari/537.36"
173.231.200.77 - - [02/Sep/2026:14:05:53 -0700] "POST /wp-cron.php?doing_wp_cron=1788383153.7491919994354248046875 HTTP/1.1" 200 - "-" "WordPress/6.6.7; https://sportzsoftlivemeet.com"
34.148.73.104 - - [02/Sep/2026:14:05:53 -0700] "HEAD /blog/ HTTP/1.1" 301 - "-" "Mozilla/5.0 (Macintosh; Intel Mac OS X 13_5) AppleWebKit/605.1.15 (KHTML, like Gecko) Version/16.5 Safari/605.1.15"
34.148.73.104 - - [02/Sep/2026:14:05:54 -0700] "HEAD /wp/ HTTP/1.1" 301 - "-" "Mozilla/5.0 (X11; Linux x86_64; rv:127.0) Gecko/20100101 Firefox/127.0"
34.148.73.104 - - [02/Sep/2026:14:05:55 -0700] "HEAD /old/ HTTP/1.1" 301 - "-" "Mozilla/5.0 (Linux; Android 13; Infinix X688B) AppleWebKit/537.36 (KHTML, like Gecko) Chrome/124.0.6367.48 Mobile Safari/537.36"
34.148.73.104 - - [02/Sep/2026:14:05:55 -0700] "HEAD /wordpress/ HTTP/1.1" 301 - "-" "Mozilla/5.0 (Linux; Android 13; Infinix X688B) AppleWebKit/537.36 (KHTML, like Gecko) Chrome/124.0.6367.48 Mobile Safari/537.36"
34.148.73.104 - - [02/Sep/2026:14:05:56 -0700] "HEAD /new/ HTTP/1.1" 301 - "-" "Mozilla/5.0 (Linux; Android 14; RMX3842) AppleWebKit/537.36 (KHTML, like Gecko) Chrome/126.0.6478.44 Mobile Safari/537.36"
34.148.73.104 - - [02/Sep/2026:14:05:57 -0700] "HEAD / HTTP/1.1" 301 - "-" "Mozilla/5.0 (X11; Linux x86_64) AppleWebKit/537.36 (KHTML, like Gecko) Chrome/125.0.6422.76 Safari/537.36"
34.148.73.104 - - [02/Sep/2026:14:05:58 -0700] "HEAD /backup/ HTTP/1.1" 301 - "-" "Mozilla/5.0 (Linux; Android 11; moto g31) AppleWebKit/537.36 (KHTML, like Gecko) Chrome/122.0.6261.96 Mobile Safari/537.36"
173.231.200.77 - - [02/Sep/2026:14:23:58 -0700] "POST /wp-cron.php?doing_wp_cron=1788384238.3429510593414306640625 HTTP/1.1" 200 - "-" "WordPress/6.6.7; https://sportzsoftlivemeet.com"
167.71.190.103 - - [02/Sep/2026:14:23:57 -0700] "GET / HTTP/1.1" 301 - "-" "Mozilla/5.0 (Windows NT 10.0; Win64; x64) AppleWebKit/537.36 (KHTML, like Gecko) Chrome/80.0.3987.149 Safari/537.36"
173.231.200.77 - - [02/Sep/2026:14:25:51 -0700] "POST /wp-cron.php?doing_wp_cron=1788384351.0631370544433593750000 HTTP/1.1" 200 - "-" "WordPress/6.6.7; https://sportzsoftlivemeet.com"
114.119.133.98 - - [02/Sep/2026:14:25:50 -0700] "GET /robots.txt HTTP/1.1" 301 - "http://sportzsoftlivemeet.com/robots.txt" "Mozilla/5.0 (compatible;PetalBot;+https://webmaster.petalsearch.com/site/petalbot)"
173.231.200.77 - - [02/Sep/2026:14:33:41 -0700] "POST /wp-cron.php?doing_wp_cron=1788384821.1526329517364501953125 HTTP/1.1" 200 - "-" "WordPress/6.6.7; https://sportzsoftlivemeet.com"
24.65.0.131 - - [02/Sep/2026:14:33:40 -0700] "GET /find-meet/ HTTP/1.1" 301 - "-" "Mozilla/5.0 (Macintosh; Intel Mac OS X 10_15_7) AppleWebKit/605.1.15 (KHTML, like Gecko)"
173.231.200.77 - - [02/Sep/2026:14:36:07 -0700] "POST /wp-cron.php?doing_wp_cron=1788384967.1892659664154052734375 HTTP/1.1" 200 - "-" "WordPress/6.6.7; https://sportzsoftlivemeet.com"
40.88.21.235 - - [02/Sep/2026:14:36:06 -0700] "GET / HTTP/1.1" 301 - "-" "DuckDuckBot/1.1; (+http://duckduckgo.com/duckduckbot.html)"
173.231.200.77 - - [02/Sep/2026:14:36:30 -0700] "POST /wp-cron.php?doing_wp_cron=1788384990.6084880828857421875000 HTTP/1.1" 200 - "-" "WordPress/6.6.7; https://sportzsoftlivemeet.com"
216.73.216.180 - - [02/Sep/2026:14:36:30 -0700] "GET /robots.txt HTTP/1.1" 301 - "-" "Mozilla/5.0 AppleWebKit/537.36 (KHTML, like Gecko; compatible; ClaudeBot/1.0; +claudebot@anthropic.com)"
216.73.216.180 - - [02/Sep/2026:14:36:33 -0700] "GET /sitemap.xml HTTP/1.1" 301 - "-" "Mozilla/5.0 AppleWebKit/537.36 (KHTML, like Gecko; compatible; ClaudeBot/1.0; +claudebot@anthropic.com)"
173.231.200.77 - - [02/Sep/2026:15:13:07 -0700] "POST /wp-cron.php?doing_wp_cron=1788387187.6010370254516601562500 HTTP/1.1" 200 - "-" "WordPress/6.6.7; https://sportzsoftlivemeet.com"
156.245.205.34 - - [02/Sep/2026:15:13:07 -0700] "GET /wp-login.php HTTP/1.1" 302 - "-" "Mozilla/5.0 (Windows NT 10.0; WOW64; rv:48.0) Gecko/20100101 Firefox/48.0"
173.231.200.77 - - [02/Sep/2026:15:13:09 -0700] "POST /wp-cron.php HTTP/1.1" 200 - "-" "WordPress/6.6.7; https://sportzsoftlivemeet.com"
173.231.200.77 - - [02/Sep/2026:15:13:57 -0700] "POST /wp-cron.php?doing_wp_cron=1788387237.2814741134643554687500 HTTP/1.1" 200 - "-" "WordPress/6.6.7; https://sportzsoftlivemeet.com"
156.245.205.34 - - [02/Sep/2026:15:13:56 -0700] "GET /1234.php HTTP/1.1" 301 - "-" "Mozilla/5.0 (Windows NT 10.0; WOW64; rv:48.0) Gecko/20100101 Firefox/48.0"
173.231.200.77 - - [02/Sep/2026:15:20:26 -0700] "POST /wp-cron.php?doing_wp_cron=1788387626.8230180740356445312500 HTTP/1.1" 200 - "-" "WordPress/6.6.7; https://sportzsoftlivemeet.com"
43.172.194.5 - - [02/Sep/2026:15:20:26 -0700] "GET / HTTP/1.1" 301 - "-" "Mozilla/5.0 (Windows NT 10.0; Win64; x64) AppleWebKit/537.36 (KHTML, like Gecko) Chrome/111.0.0.0 Safari/537.36"
173.231.200.77 - - [02/Sep/2026:15:20:55 -0700] "POST /wp-cron.php?doing_wp_cron=1788387655.8590240478515625000000 HTTP/1.1" 200 - "-" "WordPress/6.6.7; https://sportzsoftlivemeet.com"
42.83.147.56 - - [02/Sep/2026:15:20:55 -0700] "GET / HTTP/1.1" 301 - "-" "Mozilla/5.0 (Windows NT 6.1; Win64; x64) AppleWebKit/537.36 (KHTML, like Gecko)Chrome/74.0.3729.169 Safari/537.36"
173.231.200.77 - - [02/Sep/2026:15:31:17 -0700] "POST /wp-cron.php?doing_wp_cron=1788388277.6095829010009765625000 HTTP/1.1" 200 - "-" "WordPress/6.6.7; https://sportzsoftlivemeet.com"
136.64.84.117 - - [02/Sep/2026:15:31:17 -0700] "GET /Meet HTTP/1.1" 301 - "-" "Mozilla/5.0 (compatible; Reflectionbot/1.0; +https://reflection.ai/bot)"
173.231.200.77 - - [02/Sep/2026:15:35:36 -0700] "POST /wp-cron.php?doing_wp_cron=1788388536.6314420700073242187500 HTTP/1.1" 200 - "-" "WordPress/6.6.7; https://sportzsoftlivemeet.com"
110.172.98.2 - - [02/Sep/2026:15:35:36 -0700] "GET / HTTP/1.1" 301 - "-" "Mozilla/5.0 (Windows NT 10.0; Win64; x64) AppleWebKit/537.36 (KHTML, like Gecko) Chrome/79.0.3945.130 Safari/537.36"
173.231.200.77 - - [02/Sep/2026:15:46:42 -0700] "POST /wp-cron.php?doing_wp_cron=1788389202.1442859172821044921875 HTTP/1.1" 200 - "-" "WordPress/6.6.7; https://sportzsoftlivemeet.com"
4.204.224.164 - - [02/Sep/2026:15:46:41 -0700] "GET /wp-content/plugins/hellopress/wp_filemanager.php HTTP/1.1" 301 - "-" "-"
4.204.224.164 - - [02/Sep/2026:15:46:42 -0700] "GET /this_is_a_new_hello_world.php HTTP/1.1" 301 - "-" "-"
4.204.224.164 - - [02/Sep/2026:15:46:43 -0700] "GET /f35.update.php HTTP/1.1" 301 - "-" "-"
4.204.224.164 - - [02/Sep/2026:15:46:45 -0700] "GET /silver.php HTTP/1.1" 301 - "-" "-"
4.204.224.164 - - [02/Sep/2026:15:46:45 -0700] "GET /moon.php?p HTTP/1.1" 301 - "-" "-"
4.204.224.164 - - [02/Sep/2026:15:46:47 -0700] "GET /media.php HTTP/1.1" 301 - "-" "-"
4.204.224.164 - - [02/Sep/2026:15:46:48 -0700] "GET //adminfuns.php HTTP/1.1" 301 - "-" "-"
4.204.224.164 - - [02/Sep/2026:15:46:49 -0700] "GET /classwithtostring.php?p= HTTP/1.1" 301 - "-" "-"
4.204.224.164 - - [02/Sep/2026:15:46:50 -0700] "GET /3PJcpMFsD8B.php HTTP/1.1" 301 - "-" "-"
4.204.224.164 - - [02/Sep/2026:15:46:51 -0700] "GET /4PJcpMFsD8B.php HTTP/1.1" 301 - "-" "-"
4.204.224.164 - - [02/Sep/2026:15:46:52 -0700] "GET /wsd.php HTTP/1.1" 301 - "-" "-"
4.204.224.164 - - [02/Sep/2026:15:46:53 -0700] "GET /bulet.php HTTP/1.1" 301 - "-" "-"
4.204.224.164 - - [02/Sep/2026:15:46:54 -0700] "GET //av.php HTTP/1.1" 301 - "-" "-"
4.204.224.164 - - [02/Sep/2026:15:46:55 -0700] "GET /images.php HTTP/1.1" 301 - "-" "-"
4.204.224.164 - - [02/Sep/2026:15:46:56 -0700] "GET /ops.php HTTP/1.1" 301 - "-" "-"
4.204.224.164 - - [02/Sep/2026:15:46:57 -0700] "GET /BDKR28WP.php HTTP/1.1" 301 - "-" "-"
4.204.224.164 - - [02/Sep/2026:15:46:58 -0700] "GET /k.php?p= HTTP/1.1" 301 - "-" "-"
4.204.224.164 - - [02/Sep/2026:15:47:00 -0700] "GET /dex.php HTTP/1.1" 301 - "-" "-"
4.204.224.164 - - [02/Sep/2026:15:47:01 -0700] "GET /img.php HTTP/1.1" 301 - "-" "-"
4.204.224.164 - - [02/Sep/2026:15:47:02 -0700] "GET /222.php HTTP/1.1" 301 - "-" "-"
4.204.224.164 - - [02/Sep/2026:15:47:03 -0700] "GET /key.php HTTP/1.1" 301 - "-" "-"
4.204.224.164 - - [02/Sep/2026:15:47:04 -0700] "GET /chosen.php HTTP/1.1" 301 - "-" "-"
4.204.224.164 - - [02/Sep/2026:15:47:04 -0700] "GET /file1221.php HTTP/1.1" 301 - "-" "-"
4.204.224.164 - - [02/Sep/2026:15:47:05 -0700] "GET /nox.php HTTP/1.1" 301 - "-" "-"
4.204.224.164 - - [02/Sep/2026:15:47:06 -0700] "GET /1.php?p= HTTP/1.1" 301 - "-" "-"
4.204.224.164 - - [02/Sep/2026:15:47:08 -0700] "GET /fling.php?p= HTTP/1.1" 301 - "-" "-"
4.204.224.164 - - [02/Sep/2026:15:47:09 -0700] "GET /radio.php HTTP/1.1" 301 - "-" "-"
4.204.224.164 - - [02/Sep/2026:15:47:10 -0700] "GET /one.php HTTP/1.1" 301 - "-" "-"
4.204.224.164 - - [02/Sep/2026:15:47:11 -0700] "GET /ano.php HTTP/1.1" 301 - "-" "-"
4.204.224.164 - - [02/Sep/2026:15:47:12 -0700] "GET /mac.php HTTP/1.1" 301 - "-" "-"
4.204.224.164 - - [02/Sep/2026:15:47:13 -0700] "GET /simple.php HTTP/1.1" 301 - "-" "-"
4.204.224.164 - - [02/Sep/2026:15:47:14 -0700] "GET /sallu.php HTTP/1.1" 301 - "-" "-"
4.204.224.164 - - [02/Sep/2026:15:47:15 -0700] "GET /biufile.php HTTP/1.1" 301 - "-" "-"
4.204.224.164 - - [02/Sep/2026:15:47:16 -0700] "GET /blacks.php HTTP/1.1" 301 - "-" "-"
173.231.200.77 - - [02/Sep/2026:15:47:17 -0700] "POST /wp-cron.php?doing_wp_cron=1788389237.4185209274291992187500 HTTP/1.1" 200 - "-" "WordPress/6.6.7; https://sportzsoftlivemeet.com"
4.204.224.164 - - [02/Sep/2026:15:47:17 -0700] "GET /wp.php HTTP/1.1" 301 - "-" "-"
4.204.224.164 - - [02/Sep/2026:15:47:18 -0700] "GET /wander.php HTTP/1.1" 301 - "-" "-"
4.204.224.164 - - [02/Sep/2026:15:47:19 -0700] "GET /abcd.php HTTP/1.1" 301 - "-" "-"
4.204.224.164 - - [02/Sep/2026:15:47:20 -0700] "GET /nofile.php HTTP/1.1" 301 - "-" "-"
4.204.224.164 - - [02/Sep/2026:15:47:21 -0700] "GET /run.php HTTP/1.1" 301 - "-" "-"
4.204.224.164 - - [02/Sep/2026:15:47:22 -0700] "GET /new.php HTTP/1.1" 301 - "-" "-"
4.204.224.164 - - [02/Sep/2026:15:47:23 -0700] "GET /vpn.php HTTP/1.1" 301 - "-" "-"
4.204.224.164 - - [02/Sep/2026:15:47:24 -0700] "GET /goods.php HTTP/1.1" 301 - "-" "-"
4.204.224.164 - - [02/Sep/2026:15:47:25 -0700] "GET /alfa.php HTTP/1.1" 301 - "-" "-"
4.204.224.164 - - [02/Sep/2026:15:47:26 -0700] "GET /133.php HTTP/1.1" 301 - "-" "-"
4.204.224.164 - - [02/Sep/2026:15:47:27 -0700] "GET /sym.php?p= HTTP/1.1" 301 - "-" "-"
4.204.224.164 - - [02/Sep/2026:15:47:28 -0700] "GET /indo.php HTTP/1.1" 301 - "-" "-"
4.204.224.164 - - [02/Sep/2026:15:47:29 -0700] "GET /wp-content/uploads/ HTTP/1.1" 301 - "-" "-"
4.204.224.164 - - [02/Sep/2026:15:47:30 -0700] "GET /w.php HTTP/1.1" 301 - "-" "-"
4.204.224.164 - - [02/Sep/2026:15:47:31 -0700] "GET /dk.php HTTP/1.1" 301 - "-" "-"
4.204.224.164 - - [02/Sep/2026:15:47:32 -0700] "GET /wp_blog_footer.php HTTP/1.1" 301 - "-" "-"
4.204.224.164 - - [02/Sep/2026:15:47:33 -0700] "GET /robot.php HTTP/1.1" 301 - "-" "-"
4.204.224.164 - - [02/Sep/2026:15:47:34 -0700] "GET /sss.php?p= HTTP/1.1" 301 - "-" "-"
4.204.224.164 - - [02/Sep/2026:15:47:35 -0700] "GET /gulu.php HTTP/1.1" 301 - "-" "-"
4.204.224.164 - - [02/Sep/2026:15:47:36 -0700] "GET /replace.php HTTP/1.1" 301 - "-" "-"
4.204.224.164 - - [02/Sep/2026:15:47:37 -0700] "GET /rxr.php HTTP/1.1" 301 - "-" "-"
4.204.224.164 - - [02/Sep/2026:15:47:38 -0700] "GET /reviall.php HTTP/1.1" 301 - "-" "-"
4.204.224.164 - - [02/Sep/2026:15:47:39 -0700] "GET /os.php HTTP/1.1" 301 - "-" "-"
4.204.224.164 - - [02/Sep/2026:15:47:40 -0700] "GET /44.php HTTP/1.1" 301 - "-" "-"
4.204.224.164 - - [02/Sep/2026:15:47:41 -0700] "GET /file61.php HTTP/1.1" 301 - "-" "-"
4.204.224.164 - - [02/Sep/2026:15:47:42 -0700] "GET /file59.php HTTP/1.1" 301 - "-" "-"
4.204.224.164 - - [02/Sep/2026:15:47:43 -0700] "GET /ded.php HTTP/1.1" 301 - "-" "-"
4.204.224.164 - - [02/Sep/2026:15:47:44 -0700] "GET /BDKR28Wo.php HTTP/1.1" 301 - "-" "-"
4.204.224.164 - - [02/Sep/2026:15:47:45 -0700] "GET /autoload_classmap.php HTTP/1.1" 301 - "-" "-"
4.204.224.164 - - [02/Sep/2026:15:47:46 -0700] "GET /menu.php HTTP/1.1" 301 - "-" "-"
4.204.224.164 - - [02/Sep/2026:15:47:47 -0700] "GET /nxc.php HTTP/1.1" 301 - "-" "-"
4.204.224.164 - - [02/Sep/2026:15:47:48 -0700] "GET /or.php HTTP/1.1" 301 - "-" "-"
4.204.224.164 - - [02/Sep/2026:15:47:49 -0700] "GET /das.php HTTP/1.1" 301 - "-" "-"
4.204.224.164 - - [02/Sep/2026:15:47:50 -0700] "GET /kir.php HTTP/1.1" 301 - "-" "-"
4.204.224.164 - - [02/Sep/2026:15:47:51 -0700] "GET /naxc.php HTTP/1.1" 301 - "-" "-"
4.204.224.164 - - [02/Sep/2026:15:47:52 -0700] "GET /LegioN_LeakeRs.php HTTP/1.1" 301 - "-" "-"
4.204.224.164 - - [02/Sep/2026:15:47:53 -0700] "GET /lib.php HTTP/1.1" 301 - "-" "-"
4.204.224.164 - - [02/Sep/2026:15:47:54 -0700] "GET /abruzi.php HTTP/1.1" 301 - "-" "-"
4.204.224.164 - - [02/Sep/2026:15:47:55 -0700] "GET /.well-known/nam.php HTTP/1.1" 301 - "-" "-"
4.204.224.164 - - [02/Sep/2026:15:47:56 -0700] "GET /wp-admin/css/colors/blue/wp-hayato.php HTTP/1.1" 301 - "-" "-"
4.204.224.164 - - [02/Sep/2026:15:47:57 -0700] "GET /fwe.php HTTP/1.1" 301 - "-" "-"
4.204.224.164 - - [02/Sep/2026:15:47:58 -0700] "GET /wp-includes/ID3/Auth.php HTTP/1.1" 301 - "-" "-"
4.204.224.164 - - [02/Sep/2026:15:47:59 -0700] "GET /xkmon.php HTTP/1.1" 301 - "-" "-"
4.204.224.164 - - [02/Sep/2026:15:48:00 -0700] "GET /wp-admin/js/5uk1n.php HTTP/1.1" 301 - "-" "-"
4.204.224.164 - - [02/Sep/2026:15:48:01 -0700] "GET /wp-admin/js/widgets/14r5t.php HTTP/1.1" 301 - "-" "-"
4.204.224.164 - - [02/Sep/2026:15:48:02 -0700] "GET /dsokw.php HTTP/1.1" 301 - "-" "-"
173.231.200.77 - - [02/Sep/2026:15:51:49 -0700] "POST /wp-cron.php?doing_wp_cron=1788389509.0924620628356933593750 HTTP/1.1" 200 - "-" "WordPress/6.6.7; https://sportzsoftlivemeet.com"
45.205.1.124 - - [02/Sep/2026:15:51:48 -0700] "GET /assets/plugins/file-uploader/server/php/index.php?file=tf2rghf.jpg HTTP/1.1" 301 - "-" "ALittle Client"
173.231.200.77 - - [02/Sep/2026:15:54:29 -0700] "POST /wp-cron.php?doing_wp_cron=1788389669.9582118988037109375000 HTTP/1.1" 200 - "-" "WordPress/6.6.7; https://sportzsoftlivemeet.com"
169.58.216.98 - - [02/Sep/2026:15:54:29 -0700] "GET / HTTP/1.1" 301 - "-" "Mozilla/5.0 (compatible; t3versionsBot/1.2; +https://www.t3versions.com/bot)"
87.106.32.6 - - [02/Sep/2026:15:54:59 -0700] "GET /wp-cron-daig.php?action=add HTTP/1.1" 200 55 "-" "Mozilla/5.0 (Macintosh; Intel Mac OS X 13_6_1) AppleWebKit/605.1.15 (KHTML, like Gecko) Version/17.1 Safari/605.1.15"
87.106.32.6 - - [02/Sep/2026:15:55:00 -0700] "POST /wp-cron-daig.php HTTP/1.1" 200 36 "-" "Mozilla/5.0 (Macintosh; Intel Mac OS X 12_6_2) AppleWebKit/605.1.15 (KHTML, like Gecko) Version/16.6.1 Safari/605.1.15"
87.106.32.6 - - [02/Sep/2026:16:03:14 -0700] "GET /khttohkd.php HTTP/1.1" 200 20780 "www.google.com" "Mozlila/5.0 (Linux; Android 7.0; SM-G892A Bulid/NRD90M; wv) AppleWebKit/537.36 (KHTML, like Gecko) Version/4.0 Chrome/60.0.3112.107 Moblie Safari/537.36"
173.231.200.77 - - [02/Sep/2026:16:21:55 -0700] "POST /wp-cron.php?doing_wp_cron=1788391315.4920849800109863281250 HTTP/1.1" 200 - "-" "WordPress/6.6.7; https://sportzsoftlivemeet.com"
123.160.223.73 - - [02/Sep/2026:16:21:55 -0700] "GET / HTTP/1.1" 301 - "-" "Mozilla/5.0 (Macintosh; Intel Mac OS X 10_15_7) AppleWebKit/537.36 (KHTML, like Gecko) Chrome/120.0.0.0 Safari/537.36"
123.160.223.73 - - [02/Sep/2026:16:22:01 -0700] "GET / HTTP/1.1" 301 - "-" "Mozilla/5.0 (Macintosh; Intel Mac OS X 10_15_7) AppleWebKit/537.36 (KHTML, like Gecko) Chrome/120.0.0.0 Safari/537.36"
173.231.200.77 - - [02/Sep/2026:16:26:00 -0700] "POST /wp-cron.php?doing_wp_cron=1788391560.9607720375061035156250 HTTP/1.1" 200 - "-" "WordPress/6.6.7; https://sportzsoftlivemeet.com"
216.73.216.180 - - [02/Sep/2026:16:26:00 -0700] "GET /robots.txt HTTP/1.1" 301 - "-" "Mozilla/5.0 AppleWebKit/537.36 (KHTML, like Gecko; compatible; ClaudeBot/1.0; +claudebot@anthropic.com)"
216.73.216.180 - - [02/Sep/2026:16:26:02 -0700] "GET /sitemap.xml HTTP/1.1" 301 - "-" "Mozilla/5.0 AppleWebKit/537.36 (KHTML, like Gecko; compatible; ClaudeBot/1.0; +claudebot@anthropic.com)"
173.231.200.77 - - [02/Sep/2026:16:33:04 -0700] "POST /wp-cron.php?doing_wp_cron=1788391984.9380710124969482421875 HTTP/1.1" 200 - "-" "WordPress/6.6.7; https://sportzsoftlivemeet.com"
104.238.222.26 - - [02/Sep/2026:16:33:04 -0700] "GET /wp-login.php HTTP/1.1" 302 - "" "Mozilla/5.0 (X11; Ubuntu; Linux x86_64) AppleWebKit/537.36 (KHTML, like Gecko) Chrome/121.0.0.0 Safari/537.36"
104.238.222.26 - - [02/Sep/2026:16:33:05 -0700] "GET /?author=1 HTTP/1.1" 301 - "" "Mozilla/5.0 (X11; Ubuntu; Linux x86_64) AppleWebKit/537.36 (KHTML, like Gecko) Chrome/119.0.0.0 Safari/537.36"
104.238.222.26 - - [02/Sep/2026:16:33:06 -0700] "GET /?author=2 HTTP/1.1" 301 - "" "Mozilla/5.0 (Windows NT 10.0; Win64; x64; rv:118.0) Gecko/20100101 Firefox/118.0"
104.238.222.26 - - [02/Sep/2026:16:33:07 -0700] "GET /?author=3 HTTP/1.1" 301 - "-" "Mozilla/5.0 (Macintosh; Intel Mac OS X 10_15_7) AppleWebKit/605.1.15 (KHTML, like Gecko) Version/16.6 Safari/605.1.15"
104.238.222.26 - - [02/Sep/2026:16:33:08 -0700] "GET /?author=4 HTTP/1.1" 301 - "https://www.google.com/search?q=wordpress" "Mozilla/5.0 (Macintosh; Intel Mac OS X 10_15_7) AppleWebKit/537.36 (KHTML, like Gecko) Chrome/121.0.0.0 Safari/537.36"
104.238.222.26 - - [02/Sep/2026:16:33:08 -0700] "GET /?author=5 HTTP/1.1" 301 - "https://www.bing.com/" "Mozilla/5.0 (Macintosh; Intel Mac OS X 10_15_7) AppleWebKit/605.1.15 (KHTML, like Gecko) Version/17.2 Safari/605.1.15"
104.238.222.26 - - [02/Sep/2026:16:33:09 -0700] "GET /wp-json/wp/v2/users HTTP/1.1" 301 - "https://www.google.com/" "Mozilla/5.0 (Windows NT 11.0; Win64; x64) AppleWebKit/537.36 (KHTML, like Gecko) Chrome/119.0.0.0 Safari/537.36"
104.238.222.26 - - [02/Sep/2026:16:33:10 -0700] "POST /wp-login.php HTTP/1.1" 302 - "http://www.sportzsoftlivemeet.altereddigital.com/wp-login.php" "Mozilla/5.0 (Macintosh; Intel Mac OS X 10_15_7) AppleWebKit/605.1.15 (KHTML, like Gecko) Version/17.2 Safari/605.1.15"
104.238.222.26 - - [02/Sep/2026:16:33:10 -0700] "GET /wp-admin/index.php HTTP/1.1" 302 - "http://www.sportzsoftlivemeet.altereddigital.com/wp-login.php" "Mozilla/5.0 (Macintosh; Intel Mac OS X 10_15_7) AppleWebKit/605.1.15 (KHTML, like Gecko) Version/17.0 Safari/605.1.15"
104.238.222.26 - - [02/Sep/2026:16:33:11 -0700] "GET /wp-admin/index.php HTTP/1.1" 302 - "http://www.sportzsoftlivemeet.altereddigital.com/wp-login.php" "Mozilla/5.0 (Macintosh; Intel Mac OS X 10_15_7) AppleWebKit/605.1.15 (KHTML, like Gecko) Version/17.0 Safari/605.1.15"
104.238.222.26 - - [02/Sep/2026:16:33:12 -0700] "POST /wp-login.php HTTP/1.1" 302 - "http://www.sportzsoftlivemeet.altereddigital.com/wp-login.php" "Mozilla/5.0 (X11; Linux x86_64) AppleWebKit/537.36 (KHTML, like Gecko) Chrome/119.0.0.0 Safari/537.36"
104.238.222.26 - - [02/Sep/2026:16:33:13 -0700] "GET /wp-admin/index.php HTTP/1.1" 302 - "http://www.sportzsoftlivemeet.altereddigital.com/wp-login.php" "Mozilla/5.0 (X11; Ubuntu; Linux x86_64) AppleWebKit/537.36 (KHTML, like Gecko) Chrome/120.0.0.0 Safari/537.36"
104.238.222.26 - - [02/Sep/2026:16:33:14 -0700] "GET /wp-admin/index.php HTTP/1.1" 302 - "http://www.sportzsoftlivemeet.altereddigital.com/wp-login.php" "Mozilla/5.0 (X11; Ubuntu; Linux x86_64) AppleWebKit/537.36 (KHTML, like Gecko) Chrome/120.0.0.0 Safari/537.36"
104.238.222.26 - - [02/Sep/2026:16:33:15 -0700] "POST /wp-login.php HTTP/1.1" 302 - "http://www.sportzsoftlivemeet.altereddigital.com/wp-login.php" "Mozilla/5.0 (Windows NT 10.0; Win64; x64) AppleWebKit/537.36 (KHTML, like Gecko) Chrome/121.0.0.0 Safari/537.36"
104.238.222.26 - - [02/Sep/2026:16:33:15 -0700] "GET /wp-admin/index.php HTTP/1.1" 302 - "http://www.sportzsoftlivemeet.altereddigital.com/wp-login.php" "Mozilla/5.0 (X11; Linux x86_64) AppleWebKit/537.36 (KHTML, like Gecko) Chrome/121.0.0.0 Safari/537.36"
173.231.200.77 - - [02/Sep/2026:16:33:17 -0700] "POST /wp-cron.php?doing_wp_cron=1788391997.0780029296875000000000 HTTP/1.1" 200 - "-" "WordPress/6.6.7; https://sportzsoftlivemeet.com"
104.238.222.26 - - [02/Sep/2026:16:33:16 -0700] "GET /wp-admin/index.php HTTP/1.1" 302 - "http://www.sportzsoftlivemeet.altereddigital.com/wp-login.php" "Mozilla/5.0 (X11; Linux x86_64) AppleWebKit/537.36 (KHTML, like Gecko) Chrome/121.0.0.0 Safari/537.36"
104.238.222.26 - - [02/Sep/2026:16:33:17 -0700] "POST /wp-login.php HTTP/1.1" 302 - "http://www.sportzsoftlivemeet.altereddigital.com/wp-login.php" "Mozilla/5.0 (Macintosh; Intel Mac OS X 13_6_1; rv:121.0) Gecko/20100101 Firefox/121.0"
104.238.222.26 - - [02/Sep/2026:16:33:18 -0700] "GET /wp-admin/index.php HTTP/1.1" 302 - "http://www.sportzsoftlivemeet.altereddigital.com/wp-login.php" "Mozilla/5.0 (Macintosh; Intel Mac OS X 10_15_7; rv:120.0) Gecko/20100101 Firefox/120.0"
104.238.222.26 - - [02/Sep/2026:16:33:19 -0700] "GET /wp-admin/index.php HTTP/1.1" 302 - "http://www.sportzsoftlivemeet.altereddigital.com/wp-login.php" "Mozilla/5.0 (Macintosh; Intel Mac OS X 10_15_7; rv:120.0) Gecko/20100101 Firefox/120.0"
104.238.222.26 - - [02/Sep/2026:16:33:20 -0700] "POST /wp-login.php HTTP/1.1" 302 - "http://www.sportzsoftlivemeet.altereddigital.com/wp-login.php" "Mozilla/5.0 (Macintosh; Intel Mac OS X 13_6_1) AppleWebKit/605.1.15 (KHTML, like Gecko) Version/16.6 Safari/605.1.15"
104.238.222.26 - - [02/Sep/2026:16:33:20 -0700] "GET /wp-admin/index.php HTTP/1.1" 302 - "http://www.sportzsoftlivemeet.altereddigital.com/wp-login.php" "Mozilla/5.0 (Macintosh; Intel Mac OS X 13_6_1) AppleWebKit/537.36 (KHTML, like Gecko) Chrome/119.0.0.0 Safari/537.36"
104.238.222.26 - - [02/Sep/2026:16:33:21 -0700] "GET /wp-admin/index.php HTTP/1.1" 302 - "http://www.sportzsoftlivemeet.altereddigital.com/wp-login.php" "Mozilla/5.0 (Macintosh; Intel Mac OS X 13_6_1) AppleWebKit/537.36 (KHTML, like Gecko) Chrome/119.0.0.0 Safari/537.36"
104.238.222.26 - - [02/Sep/2026:16:33:22 -0700] "POST /wp-login.php HTTP/1.1" 302 - "http://www.sportzsoftlivemeet.altereddigital.com/wp-login.php" "Mozilla/5.0 (Macintosh; Intel Mac OS X 10_15_7; rv:118.0) Gecko/20100101 Firefox/118.0"
104.238.222.26 - - [02/Sep/2026:16:33:23 -0700] "GET /wp-admin/index.php HTTP/1.1" 302 - "http://www.sportzsoftlivemeet.altereddigital.com/wp-login.php" "Mozilla/5.0 (Windows NT 10.0; Win64; x64) AppleWebKit/537.36 (KHTML, like Gecko) Chrome/118.0.0.0 Safari/537.36"
104.238.222.26 - - [02/Sep/2026:16:33:24 -0700] "GET /wp-admin/index.php HTTP/1.1" 302 - "http://www.sportzsoftlivemeet.altereddigital.com/wp-login.php" "Mozilla/5.0 (Windows NT 10.0; Win64; x64) AppleWebKit/537.36 (KHTML, like Gecko) Chrome/118.0.0.0 Safari/537.36"
104.238.222.26 - - [02/Sep/2026:16:33:25 -0700] "POST /wp-login.php HTTP/1.1" 302 - "http://www.sportzsoftlivemeet.altereddigital.com/wp-login.php" "Mozilla/5.0 (Windows NT 10.0; Win64; x64; rv:118.0) Gecko/20100101 Firefox/118.0"
173.231.200.77 - - [02/Sep/2026:16:33:30 -0700] "POST /wp-cron.php?doing_wp_cron=1788392010.2538399696350097656250 HTTP/1.1" 200 - "-" "WordPress/6.6.7; https://sportzsoftlivemeet.com"
104.238.222.26 - - [02/Sep/2026:16:33:25 -0700] "GET /wp-admin/index.php HTTP/1.1" 302 - "http://www.sportzsoftlivemeet.altereddigital.com/wp-login.php" "Mozilla/5.0 (Macintosh; Intel Mac OS X 13_6_1) AppleWebKit/605.1.15 (KHTML, like Gecko) Version/17.1 Safari/605.1.15"
104.238.222.26 - - [02/Sep/2026:16:33:31 -0700] "GET /wp-admin/index.php HTTP/1.1" 302 - "http://www.sportzsoftlivemeet.altereddigital.com/wp-login.php" "Mozilla/5.0 (Macintosh; Intel Mac OS X 13_6_1) AppleWebKit/605.1.15 (KHTML, like Gecko) Version/17.1 Safari/605.1.15"
104.238.222.26 - - [02/Sep/2026:16:33:32 -0700] "POST /wp-login.php HTTP/1.1" 302 - "http://www.sportzsoftlivemeet.altereddigital.com/wp-login.php" "Mozilla/5.0 (Macintosh; Intel Mac OS X 10_15_7; rv:118.0) Gecko/20100101 Firefox/118.0"
104.238.222.26 - - [02/Sep/2026:16:33:32 -0700] "GET /wp-admin/index.php HTTP/1.1" 302 - "http://www.sportzsoftlivemeet.altereddigital.com/wp-login.php" "Mozilla/5.0 (Windows NT 10.0; Win64; x64) AppleWebKit/537.36 (KHTML, like Gecko) Chrome/118.0.0.0 Safari/537.36"
104.238.222.26 - - [02/Sep/2026:16:33:33 -0700] "GET /wp-admin/index.php HTTP/1.1" 302 - "http://www.sportzsoftlivemeet.altereddigital.com/wp-login.php" "Mozilla/5.0 (Windows NT 10.0; Win64; x64) AppleWebKit/537.36 (KHTML, like Gecko) Chrome/118.0.0.0 Safari/537.36"
104.238.222.26 - - [02/Sep/2026:16:33:34 -0700] "POST /wp-login.php HTTP/1.1" 302 - "http://www.sportzsoftlivemeet.altereddigital.com/wp-login.php" "Mozilla/5.0 (Windows NT 11.0; Win64; x64) AppleWebKit/537.36 (KHTML, like Gecko) Chrome/121.0.0.0 Safari/537.36"
104.238.222.26 - - [02/Sep/2026:16:33:35 -0700] "GET /wp-admin/index.php HTTP/1.1" 302 - "http://www.sportzsoftlivemeet.altereddigital.com/wp-login.php" "Mozilla/5.0 (Windows NT 10.0; Win64; x64) AppleWebKit/537.36 (KHTML, like Gecko) Chrome/118.0.0.0 Safari/537.36"
104.238.222.26 - - [02/Sep/2026:16:33:36 -0700] "GET /wp-admin/index.php HTTP/1.1" 302 - "http://www.sportzsoftlivemeet.altereddigital.com/wp-login.php" "Mozilla/5.0 (Windows NT 10.0; Win64; x64) AppleWebKit/537.36 (KHTML, like Gecko) Chrome/118.0.0.0 Safari/537.36"
104.238.222.26 - - [02/Sep/2026:16:33:37 -0700] "POST /wp-login.php HTTP/1.1" 302 - "http://www.sportzsoftlivemeet.altereddigital.com/wp-login.php" "Mozilla/5.0 (Windows NT 10.0; Win64; x64; rv:119.0) Gecko/20100101 Firefox/119.0"
104.238.222.26 - - [02/Sep/2026:16:33:37 -0700] "GET /wp-admin/index.php HTTP/1.1" 302 - "http://www.sportzsoftlivemeet.altereddigital.com/wp-login.php" "Mozilla/5.0 (Windows NT 10.0; Win64; x64; rv:120.0) Gecko/20100101 Firefox/120.0"
104.238.222.26 - - [02/Sep/2026:16:33:38 -0700] "GET /wp-admin/index.php HTTP/1.1" 302 - "http://www.sportzsoftlivemeet.altereddigital.com/wp-login.php" "Mozilla/5.0 (Windows NT 10.0; Win64; x64; rv:120.0) Gecko/20100101 Firefox/120.0"
104.238.222.26 - - [02/Sep/2026:16:33:39 -0700] "POST /wp-login.php HTTP/1.1" 302 - "http://www.sportzsoftlivemeet.altereddigital.com/wp-login.php" "Mozilla/5.0 (Macintosh; Intel Mac OS X 10_15_7) AppleWebKit/605.1.15 (KHTML, like Gecko) Version/17.2 Safari/605.1.15"
104.238.222.26 - - [02/Sep/2026:16:33:40 -0700] "GET /wp-admin/index.php HTTP/1.1" 302 - "http://www.sportzsoftlivemeet.altereddigital.com/wp-login.php" "Mozilla/5.0 (Windows NT 11.0; Win64; x64) AppleWebKit/537.36 (KHTML, like Gecko) Chrome/119.0.0.0 Safari/537.36"
104.238.222.26 - - [02/Sep/2026:16:33:41 -0700] "GET /wp-admin/index.php HTTP/1.1" 302 - "http://www.sportzsoftlivemeet.altereddigital.com/wp-login.php" "Mozilla/5.0 (Windows NT 11.0; Win64; x64) AppleWebKit/537.36 (KHTML, like Gecko) Chrome/119.0.0.0 Safari/537.36"
104.238.222.26 - - [02/Sep/2026:16:33:42 -0700] "POST /wp-login.php HTTP/1.1" 302 - "http://www.sportzsoftlivemeet.altereddigital.com/wp-login.php" "Mozilla/5.0 (Windows NT 11.0; Win64; x64) AppleWebKit/537.36 (KHTML, like Gecko) Chrome/118.0.0.0 Safari/537.36"
104.238.222.26 - - [02/Sep/2026:16:33:42 -0700] "GET /wp-admin/index.php HTTP/1.1" 302 - "http://www.sportzsoftlivemeet.altereddigital.com/wp-login.php" "Mozilla/5.0 (Macintosh; Intel Mac OS X 13_6_1; rv:120.0) Gecko/20100101 Firefox/120.0"
104.238.222.26 - - [02/Sep/2026:16:33:44 -0700] "GET /wp-admin/index.php HTTP/1.1" 302 - "http://www.sportzsoftlivemeet.altereddigital.com/wp-login.php" "Mozilla/5.0 (Macintosh; Intel Mac OS X 13_6_1; rv:120.0) Gecko/20100101 Firefox/120.0"
104.238.222.26 - - [02/Sep/2026:16:33:47 -0700] "POST /wp-login.php HTTP/1.1" 302 - "http://www.sportzsoftlivemeet.altereddigital.com/wp-login.php" "Mozilla/5.0 (Macintosh; Intel Mac OS X 10_15_7) AppleWebKit/605.1.15 (KHTML, like Gecko) Version/16.6 Safari/605.1.15"
104.238.222.26 - - [02/Sep/2026:16:33:47 -0700] "GET /wp-admin/index.php HTTP/1.1" 302 - "http://www.sportzsoftlivemeet.altereddigital.com/wp-login.php" "Mozilla/5.0 (Windows NT 11.0; Win64; x64) AppleWebKit/537.36 (KHTML, like Gecko) Chrome/118.0.0.0 Safari/537.36"
104.238.222.26 - - [02/Sep/2026:16:33:48 -0700] "GET /wp-admin/index.php HTTP/1.1" 302 - "http://www.sportzsoftlivemeet.altereddigital.com/wp-login.php" "Mozilla/5.0 (Windows NT 11.0; Win64; x64) AppleWebKit/537.36 (KHTML, like Gecko) Chrome/118.0.0.0 Safari/537.36"
104.238.222.26 - - [02/Sep/2026:16:33:50 -0700] "POST /wp-login.php HTTP/1.1" 302 - "http://www.sportzsoftlivemeet.altereddigital.com/wp-login.php" "Mozilla/5.0 (Macintosh; Intel Mac OS X 10_15_7; rv:121.0) Gecko/20100101 Firefox/121.0"
104.238.222.26 - - [02/Sep/2026:16:33:50 -0700] "GET /wp-admin/index.php HTTP/1.1" 302 - "http://www.sportzsoftlivemeet.altereddigital.com/wp-login.php" "Mozilla/5.0 (Macintosh; Intel Mac OS X 13_6_1) AppleWebKit/537.36 (KHTML, like Gecko) Chrome/121.0.0.0 Safari/537.36"
104.238.222.26 - - [02/Sep/2026:16:33:51 -0700] "GET /wp-admin/index.php HTTP/1.1" 302 - "http://www.sportzsoftlivemeet.altereddigital.com/wp-login.php" "Mozilla/5.0 (Macintosh; Intel Mac OS X 13_6_1) AppleWebKit/537.36 (KHTML, like Gecko) Chrome/121.0.0.0 Safari/537.36"
104.238.222.26 - - [02/Sep/2026:16:33:52 -0700] "POST /wp-login.php HTTP/1.1" 302 - "http://www.sportzsoftlivemeet.altereddigital.com/wp-login.php" "Mozilla/5.0 (Macintosh; Intel Mac OS X 13_6_1; rv:121.0) Gecko/20100101 Firefox/121.0"
104.238.222.26 - - [02/Sep/2026:16:33:52 -0700] "GET /wp-admin/index.php HTTP/1.1" 302 - "http://www.sportzsoftlivemeet.altereddigital.com/wp-login.php" "Mozilla/5.0 (Windows NT 11.0; Win64; x64; rv:119.0) Gecko/20100101 Firefox/119.0"
104.238.222.26 - - [02/Sep/2026:16:33:53 -0700] "GET /wp-admin/index.php HTTP/1.1" 302 - "http://www.sportzsoftlivemeet.altereddigital.com/wp-login.php" "Mozilla/5.0 (Windows NT 11.0; Win64; x64; rv:119.0) Gecko/20100101 Firefox/119.0"
104.238.222.26 - - [02/Sep/2026:16:33:54 -0700] "POST /wp-login.php HTTP/1.1" 302 - "http://www.sportzsoftlivemeet.altereddigital.com/wp-login.php" "Mozilla/5.0 (Windows NT 10.0; Win64; x64; rv:121.0) Gecko/20100101 Firefox/121.0"
104.238.222.26 - - [02/Sep/2026:16:33:55 -0700] "GET /wp-admin/index.php HTTP/1.1" 302 - "http://www.sportzsoftlivemeet.altereddigital.com/wp-login.php" "Mozilla/5.0 (Windows NT 11.0; Win64; x64; rv:120.0) Gecko/20100101 Firefox/120.0"
104.238.222.26 - - [02/Sep/2026:16:33:56 -0700] "GET /wp-admin/index.php HTTP/1.1" 302 - "http://www.sportzsoftlivemeet.altereddigital.com/wp-login.php" "Mozilla/5.0 (Windows NT 11.0; Win64; x64; rv:120.0) Gecko/20100101 Firefox/120.0"
104.238.222.26 - - [02/Sep/2026:16:33:57 -0700] "POST /wp-login.php HTTP/1.1" 302 - "http://www.sportzsoftlivemeet.altereddigital.com/wp-login.php" "Mozilla/5.0 (Macintosh; Intel Mac OS X 10_15_7; rv:119.0) Gecko/20100101 Firefox/119.0"
104.238.222.26 - - [02/Sep/2026:16:33:57 -0700] "GET /wp-admin/index.php HTTP/1.1" 302 - "http://www.sportzsoftlivemeet.altereddigital.com/wp-login.php" "Mozilla/5.0 (Macintosh; Intel Mac OS X 13_6_1; rv:120.0) Gecko/20100101 Firefox/120.0"
104.238.222.26 - - [02/Sep/2026:16:33:58 -0700] "GET /wp-admin/index.php HTTP/1.1" 302 - "http://www.sportzsoftlivemeet.altereddigital.com/wp-login.php" "Mozilla/5.0 (Macintosh; Intel Mac OS X 13_6_1; rv:120.0) Gecko/20100101 Firefox/120.0"
104.238.222.26 - - [02/Sep/2026:16:33:59 -0700] "POST /wp-login.php HTTP/1.1" 302 - "http://www.sportzsoftlivemeet.altereddigital.com/wp-login.php" "Mozilla/5.0 (Macintosh; Intel Mac OS X 10_15_7) AppleWebKit/537.36 (KHTML, like Gecko) Chrome/119.0.0.0 Safari/537.36"
104.238.222.26 - - [02/Sep/2026:16:34:00 -0700] "GET /wp-admin/index.php HTTP/1.1" 302 - "http://www.sportzsoftlivemeet.altereddigital.com/wp-login.php" "Mozilla/5.0 (Macintosh; Intel Mac OS X 13_6_1; rv:118.0) Gecko/20100101 Firefox/118.0"
104.238.222.26 - - [02/Sep/2026:16:34:01 -0700] "GET /wp-admin/index.php HTTP/1.1" 302 - "http://www.sportzsoftlivemeet.altereddigital.com/wp-login.php" "Mozilla/5.0 (Macintosh; Intel Mac OS X 13_6_1; rv:118.0) Gecko/20100101 Firefox/118.0"
104.238.222.26 - - [02/Sep/2026:16:34:02 -0700] "POST /wp-login.php HTTP/1.1" 302 - "http://www.sportzsoftlivemeet.altereddigital.com/wp-login.php" "Mozilla/5.0 (X11; Linux x86_64) AppleWebKit/537.36 (KHTML, like Gecko) Chrome/119.0.0.0 Safari/537.36"
104.238.222.26 - - [02/Sep/2026:16:34:02 -0700] "GET /wp-admin/index.php HTTP/1.1" 302 - "http://www.sportzsoftlivemeet.altereddigital.com/wp-login.php" "Mozilla/5.0 (Windows NT 10.0; Win64; x64; rv:119.0) Gecko/20100101 Firefox/119.0"
104.238.222.26 - - [02/Sep/2026:16:34:03 -0700] "GET /wp-admin/index.php HTTP/1.1" 302 - "http://www.sportzsoftlivemeet.altereddigital.com/wp-login.php" "Mozilla/5.0 (Windows NT 10.0; Win64; x64; rv:119.0) Gecko/20100101 Firefox/119.0"
104.238.222.26 - - [02/Sep/2026:16:34:05 -0700] "POST /wp-login.php HTTP/1.1" 302 - "http://www.sportzsoftlivemeet.altereddigital.com/wp-login.php" "Mozilla/5.0 (X11; Linux x86_64) AppleWebKit/537.36 (KHTML, like Gecko) Chrome/118.0.0.0 Safari/537.36"
104.238.222.26 - - [02/Sep/2026:16:34:05 -0700] "GET /wp-admin/index.php HTTP/1.1" 302 - "http://www.sportzsoftlivemeet.altereddigital.com/wp-login.php" "Mozilla/5.0 (Windows NT 11.0; Win64; x64; rv:120.0) Gecko/20100101 Firefox/120.0"
104.238.222.26 - - [02/Sep/2026:16:34:06 -0700] "GET /wp-admin/index.php HTTP/1.1" 302 - "http://www.sportzsoftlivemeet.altereddigital.com/wp-login.php" "Mozilla/5.0 (Windows NT 11.0; Win64; x64; rv:120.0) Gecko/20100101 Firefox/120.0"
104.238.222.26 - - [02/Sep/2026:16:34:07 -0700] "POST /wp-login.php HTTP/1.1" 302 - "http://www.sportzsoftlivemeet.altereddigital.com/wp-login.php" "Mozilla/5.0 (Macintosh; Intel Mac OS X 13_6_1; rv:119.0) Gecko/20100101 Firefox/119.0"
104.238.222.26 - - [02/Sep/2026:16:34:08 -0700] "GET /wp-admin/index.php HTTP/1.1" 302 - "http://www.sportzsoftlivemeet.altereddigital.com/wp-login.php" "Mozilla/5.0 (Macintosh; Intel Mac OS X 13_6_1) AppleWebKit/605.1.15 (KHTML, like Gecko) Version/17.0 Safari/605.1.15"
104.238.222.26 - - [02/Sep/2026:16:34:09 -0700] "GET /wp-admin/index.php HTTP/1.1" 302 - "http://www.sportzsoftlivemeet.altereddigital.com/wp-login.php" "Mozilla/5.0 (Macintosh; Intel Mac OS X 13_6_1) AppleWebKit/605.1.15 (KHTML, like Gecko) Version/17.0 Safari/605.1.15"
104.238.222.26 - - [02/Sep/2026:16:34:10 -0700] "POST /wp-login.php HTTP/1.1" 302 - "http://www.sportzsoftlivemeet.altereddigital.com/wp-login.php" "Mozilla/5.0 (Macintosh; Intel Mac OS X 13_6_1; rv:118.0) Gecko/20100101 Firefox/118.0"
104.238.222.26 - - [02/Sep/2026:16:34:10 -0700] "GET /wp-admin/index.php HTTP/1.1" 302 - "http://www.sportzsoftlivemeet.altereddigital.com/wp-login.php" "Mozilla/5.0 (Macintosh; Intel Mac OS X 10_15_7) AppleWebKit/537.36 (KHTML, like Gecko) Chrome/120.0.0.0 Safari/537.36"
104.238.222.26 - - [02/Sep/2026:16:34:11 -0700] "GET /wp-admin/index.php HTTP/1.1" 302 - "http://www.sportzsoftlivemeet.altereddigital.com/wp-login.php" "Mozilla/5.0 (Macintosh; Intel Mac OS X 10_15_7) AppleWebKit/537.36 (KHTML, like Gecko) Chrome/120.0.0.0 Safari/537.36"
104.238.222.26 - - [02/Sep/2026:16:34:12 -0700] "POST /wp-login.php HTTP/1.1" 302 - "http://www.sportzsoftlivemeet.altereddigital.com/wp-login.php" "Mozilla/5.0 (Windows NT 11.0; Win64; x64; rv:120.0) Gecko/20100101 Firefox/120.0"
104.238.222.26 - - [02/Sep/2026:16:34:13 -0700] "GET /wp-admin/index.php HTTP/1.1" 302 - "http://www.sportzsoftlivemeet.altereddigital.com/wp-login.php" "Mozilla/5.0 (X11; Linux x86_64) AppleWebKit/537.36 (KHTML, like Gecko) Chrome/118.0.0.0 Safari/537.36"
104.238.222.26 - - [02/Sep/2026:16:34:14 -0700] "GET /wp-admin/index.php HTTP/1.1" 302 - "http://www.sportzsoftlivemeet.altereddigital.com/wp-login.php" "Mozilla/5.0 (X11; Linux x86_64) AppleWebKit/537.36 (KHTML, like Gecko) Chrome/118.0.0.0 Safari/537.36"
104.238.222.26 - - [02/Sep/2026:16:34:15 -0700] "POST /wp-login.php HTTP/1.1" 302 - "http://www.sportzsoftlivemeet.altereddigital.com/wp-login.php" "Mozilla/5.0 (X11; Linux x86_64) AppleWebKit/537.36 (KHTML, like Gecko) Chrome/118.0.0.0 Safari/537.36"
104.238.222.26 - - [02/Sep/2026:16:34:15 -0700] "GET /wp-admin/index.php HTTP/1.1" 302 - "http://www.sportzsoftlivemeet.altereddigital.com/wp-login.php" "Mozilla/5.0 (Macintosh; Intel Mac OS X 13_6_1; rv:118.0) Gecko/20100101 Firefox/118.0"
104.238.222.26 - - [02/Sep/2026:16:34:16 -0700] "GET /wp-admin/index.php HTTP/1.1" 302 - "http://www.sportzsoftlivemeet.altereddigital.com/wp-login.php" "Mozilla/5.0 (Macintosh; Intel Mac OS X 13_6_1; rv:118.0) Gecko/20100101 Firefox/118.0"
104.238.222.26 - - [02/Sep/2026:16:34:17 -0700] "POST /wp-login.php HTTP/1.1" 302 - "http://www.sportzsoftlivemeet.altereddigital.com/wp-login.php" "Mozilla/5.0 (Macintosh; Intel Mac OS X 10_15_7) AppleWebKit/605.1.15 (KHTML, like Gecko) Version/17.1 Safari/605.1.15"
104.238.222.26 - - [02/Sep/2026:16:34:18 -0700] "GET /wp-admin/index.php HTTP/1.1" 302 - "http://www.sportzsoftlivemeet.altereddigital.com/wp-login.php" "Mozilla/5.0 (Windows NT 11.0; Win64; x64) AppleWebKit/537.36 (KHTML, like Gecko) Chrome/120.0.0.0 Safari/537.36"
104.238.222.26 - - [02/Sep/2026:16:34:19 -0700] "GET /wp-admin/index.php HTTP/1.1" 302 - "http://www.sportzsoftlivemeet.altereddigital.com/wp-login.php" "Mozilla/5.0 (Windows NT 11.0; Win64; x64) AppleWebKit/537.36 (KHTML, like Gecko) Chrome/120.0.0.0 Safari/537.36"
104.238.222.26 - - [02/Sep/2026:16:34:20 -0700] "POST /wp-login.php HTTP/1.1" 302 - "http://www.sportzsoftlivemeet.altereddigital.com/wp-login.php" "Mozilla/5.0 (Windows NT 10.0; Win64; x64; rv:118.0) Gecko/20100101 Firefox/118.0"
104.238.222.26 - - [02/Sep/2026:16:34:21 -0700] "GET /wp-admin/index.php HTTP/1.1" 302 - "http://www.sportzsoftlivemeet.altereddigital.com/wp-login.php" "Mozilla/5.0 (Macintosh; Intel Mac OS X 10_15_7) AppleWebKit/605.1.15 (KHTML, like Gecko) Version/17.0 Safari/605.1.15"
104.238.222.26 - - [02/Sep/2026:16:34:22 -0700] "GET /wp-admin/index.php HTTP/1.1" 302 - "http://www.sportzsoftlivemeet.altereddigital.com/wp-login.php" "Mozilla/5.0 (Macintosh; Intel Mac OS X 10_15_7) AppleWebKit/605.1.15 (KHTML, like Gecko) Version/17.0 Safari/605.1.15"
104.238.222.26 - - [02/Sep/2026:16:34:23 -0700] "POST /wp-login.php HTTP/1.1" 302 - "http://www.sportzsoftlivemeet.altereddigital.com/wp-login.php" "Mozilla/5.0 (Windows NT 11.0; Win64; x64) AppleWebKit/537.36 (KHTML, like Gecko) Chrome/121.0.0.0 Safari/537.36"
47.77.220.146 - - [02/Sep/2026:16:34:26 -0700] "GET / HTTP/1.1" 301 - "-" "Mozilla/5.0 (Macintosh; Intel Mac OS X 10_15_7) AppleWebKit/537.36 (KHTML, like Gecko) Chrome/120.0.0.0 Safari/537.36"
104.238.222.26 - - [02/Sep/2026:16:34:23 -0700] "GET /wp-admin/index.php HTTP/1.1" 302 - "http://www.sportzsoftlivemeet.altereddigital.com/wp-login.php" "Mozilla/5.0 (Windows NT 11.0; Win64; x64) AppleWebKit/537.36 (KHTML, like Gecko) Chrome/119.0.0.0 Safari/537.36"
47.251.79.205 - - [02/Sep/2026:16:34:28 -0700] "GET / HTTP/1.1" 301 - "-" "Mozilla/5.0 (Macintosh; Intel Mac OS X 10_15_7) AppleWebKit/537.36 (KHTML, like Gecko) Chrome/114.0.0.0 Safari/537.36"
104.238.222.26 - - [02/Sep/2026:16:34:28 -0700] "GET /wp-admin/index.php HTTP/1.1" 302 - "http://www.sportzsoftlivemeet.altereddigital.com/wp-login.php" "Mozilla/5.0 (Windows NT 11.0; Win64; x64) AppleWebKit/537.36 (KHTML, like Gecko) Chrome/119.0.0.0 Safari/537.36"
104.238.222.26 - - [02/Sep/2026:16:34:29 -0700] "POST /wp-login.php HTTP/1.1" 302 - "http://www.sportzsoftlivemeet.altereddigital.com/wp-login.php" "Mozilla/5.0 (Macintosh; Intel Mac OS X 10_15_7) AppleWebKit/537.36 (KHTML, like Gecko) Chrome/121.0.0.0 Safari/537.36"
104.238.222.26 - - [02/Sep/2026:16:34:29 -0700] "GET /wp-admin/index.php HTTP/1.1" 302 - "http://www.sportzsoftlivemeet.altereddigital.com/wp-login.php" "Mozilla/5.0 (Macintosh; Intel Mac OS X 10_15_7) AppleWebKit/605.1.15 (KHTML, like Gecko) Version/16.6 Safari/605.1.15"
104.238.222.26 - - [02/Sep/2026:16:34:30 -0700] "GET /wp-admin/index.php HTTP/1.1" 302 - "http://www.sportzsoftlivemeet.altereddigital.com/wp-login.php" "Mozilla/5.0 (Macintosh; Intel Mac OS X 10_15_7) AppleWebKit/605.1.15 (KHTML, like Gecko) Version/16.6 Safari/605.1.15"
104.238.222.26 - - [02/Sep/2026:16:34:31 -0700] "POST /wp-login.php HTTP/1.1" 302 - "http://www.sportzsoftlivemeet.altereddigital.com/wp-login.php" "Mozilla/5.0 (Windows NT 10.0; Win64; x64; rv:119.0) Gecko/20100101 Firefox/119.0"
104.238.222.26 - - [02/Sep/2026:16:34:32 -0700] "GET /wp-admin/index.php HTTP/1.1" 302 - "http://www.sportzsoftlivemeet.altereddigital.com/wp-login.php" "Mozilla/5.0 (Macintosh; Intel Mac OS X 10_15_7; rv:118.0) Gecko/20100101 Firefox/118.0"
104.238.222.26 - - [02/Sep/2026:16:34:33 -0700] "GET /wp-admin/index.php HTTP/1.1" 302 - "http://www.sportzsoftlivemeet.altereddigital.com/wp-login.php" "Mozilla/5.0 (Macintosh; Intel Mac OS X 10_15_7; rv:118.0) Gecko/20100101 Firefox/118.0"
104.238.222.26 - - [02/Sep/2026:16:34:34 -0700] "POST /wp-login.php HTTP/1.1" 302 - "http://www.sportzsoftlivemeet.altereddigital.com/wp-login.php" "Mozilla/5.0 (Macintosh; Intel Mac OS X 10_15_7) AppleWebKit/537.36 (KHTML, like Gecko) Chrome/120.0.0.0 Safari/537.36"
104.238.222.26 - - [02/Sep/2026:16:34:34 -0700] "GET /wp-admin/index.php HTTP/1.1" 302 - "http://www.sportzsoftlivemeet.altereddigital.com/wp-login.php" "Mozilla/5.0 (X11; Ubuntu; Linux x86_64) AppleWebKit/537.36 (KHTML, like Gecko) Chrome/121.0.0.0 Safari/537.36"
104.238.222.26 - - [02/Sep/2026:16:34:35 -0700] "GET /wp-admin/index.php HTTP/1.1" 302 - "http://www.sportzsoftlivemeet.altereddigital.com/wp-login.php" "Mozilla/5.0 (X11; Ubuntu; Linux x86_64) AppleWebKit/537.36 (KHTML, like Gecko) Chrome/121.0.0.0 Safari/537.36"
104.238.222.26 - - [02/Sep/2026:16:34:36 -0700] "POST /wp-login.php HTTP/1.1" 302 - "http://www.sportzsoftlivemeet.altereddigital.com/wp-login.php" "Mozilla/5.0 (X11; Ubuntu; Linux x86_64) AppleWebKit/537.36 (KHTML, like Gecko) Chrome/120.0.0.0 Safari/537.36"
104.238.222.26 - - [02/Sep/2026:16:34:37 -0700] "GET /wp-admin/index.php HTTP/1.1" 302 - "http://www.sportzsoftlivemeet.altereddigital.com/wp-login.php" "Mozilla/5.0 (Windows NT 11.0; Win64; x64; rv:121.0) Gecko/20100101 Firefox/121.0"
104.238.222.26 - - [02/Sep/2026:16:34:38 -0700] "GET /wp-admin/index.php HTTP/1.1" 302 - "http://www.sportzsoftlivemeet.altereddigital.com/wp-login.php" "Mozilla/5.0 (Windows NT 11.0; Win64; x64; rv:121.0) Gecko/20100101 Firefox/121.0"
104.238.222.26 - - [02/Sep/2026:16:34:39 -0700] "POST /wp-login.php HTTP/1.1" 302 - "http://www.sportzsoftlivemeet.altereddigital.com/wp-login.php" "Mozilla/5.0 (Macintosh; Intel Mac OS X 10_15_7; rv:121.0) Gecko/20100101 Firefox/121.0"
104.238.222.26 - - [02/Sep/2026:16:34:39 -0700] "GET /wp-admin/index.php HTTP/1.1" 302 - "http://www.sportzsoftlivemeet.altereddigital.com/wp-login.php" "Mozilla/5.0 (Windows NT 11.0; Win64; x64) AppleWebKit/537.36 (KHTML, like Gecko) Chrome/121.0.0.0 Safari/537.36"
104.238.222.26 - - [02/Sep/2026:16:34:40 -0700] "GET /wp-admin/index.php HTTP/1.1" 302 - "http://www.sportzsoftlivemeet.altereddigital.com/wp-login.php" "Mozilla/5.0 (Windows NT 11.0; Win64; x64) AppleWebKit/537.36 (KHTML, like Gecko) Chrome/121.0.0.0 Safari/537.36"
104.238.222.26 - - [02/Sep/2026:16:34:41 -0700] "POST /wp-login.php HTTP/1.1" 302 - "http://www.sportzsoftlivemeet.altereddigital.com/wp-login.php" "Mozilla/5.0 (Macintosh; Intel Mac OS X 13_6_1) AppleWebKit/605.1.15 (KHTML, like Gecko) Version/16.6 Safari/605.1.15"
