216.244.66.236 - - [02/Sep/2026:13:43:29 -0700] "GET /athlete_form.cfm?CFID=1560907&CFTOKEN=17e047ac6f6b7732-0F945001-EF8C-1621-6AEFF3D84C55F297 HTTP/1.1" 301 - "-" "Mozilla/5.0 (compatible; DotBot/1.2; +https://opensiteexplorer.org/dotbot; help@moz.com)"
216.244.66.236 - - [02/Sep/2026:13:43:30 -0700] "GET /athlete_form.cfm?CFID=1561017&CFTOKEN=ab85491090885c42-0F9CC749-EF8C-1621-6AE768F047116A33 HTTP/1.1" 301 - "-" "Mozilla/5.0 (compatible; DotBot/1.2; +https://opensiteexplorer.org/dotbot; help@moz.com)"
216.244.66.236 - - [02/Sep/2026:13:43:30 -0700] "GET /athlete_form.cfm?CFID=156160&CFTOKEN=9ba4ffeb8c2b517c-F4D27ABC-EF8C-1621-6AE79847505CA996 HTTP/1.1" 301 - "-" "Mozilla/5.0 (compatible; DotBot/1.2; +https://opensiteexplorer.org/dotbot; help@moz.com)"
216.244.66.236 - - [02/Sep/2026:13:43:31 -0700] "GET /athlete_form.cfm?CFID=1562076&CFTOKEN=318d28262e6ad138-12A4DBFA-EF8C-1621-6AE99E82F8464696 HTTP/1.1" 301 - "-" "Mozilla/5.0 (compatible; DotBot/1.2; +https://opensiteexplorer.org/dotbot; help@moz.com)"
216.244.66.236 - - [02/Sep/2026:13:43:32 -0700] "GET /athlete_form.cfm?CFID=1562131&CFTOKEN=f851480523236db2-12A87853-EF8C-1621-6AE804903329E07A HTTP/1.1" 301 - "-" "Mozilla/5.0 (compatible; DotBot/1.2; +https://opensiteexplorer.org/dotbot; help@moz.com)"
216.244.66.236 - - [02/Sep/2026:13:43:32 -0700] "GET /athlete_form.cfm?CFID=1562716&CFTOKEN=f154a4357455de0-14439021-EF8C-1621-6AE08E64DEBB6FD8 HTTP/1.1" 301 - "-" "Mozilla/5.0 (compatible; DotBot/1.2; +https://opensiteexplorer.org/dotbot; help@moz.com)"
216.244.66.236 - - [02/Sep/2026:13:43:33 -0700] "GET /athlete_form.cfm?CFID=1563418&CFTOKEN=898e2045556863a5-15EB81CD-EF8C-1621-6AEEE530C1E844A4 HTTP/1.1" 301 - "-" "Mozilla/5.0 (compatible; DotBot/1.2; +https://opensiteexplorer.org/dotbot; help@moz.com)"
216.244.66.236 - - [02/Sep/2026:13:43:33 -0700] "GET /athlete_form.cfm?CFID=1565209&CFTOKEN=21c5a09f73640ae0-1A5F685E-EF8C-1621-6AEC93F89C73D5B6 HTTP/1.1" 301 - "-" "Mozilla/5.0 (compatible; DotBot/1.2; +https://opensiteexplorer.org/dotbot; help@moz.com)"
216.244.66.236 - - [02/Sep/2026:13:43:35 -0700] "GET /athlete_form.cfm?CFID=1566471&CFTOKEN=5967aee6dfd43d2b-1DA46A44-EF8C-1621-6AEB3AC71C6A8232 HTTP/1.1" 301 - "-" "Mozilla/5.0 (compatible; DotBot/1.2; +https://opensiteexplorer.org/dotbot; help@moz.com)"
216.244.66.236 - - [02/Sep/2026:13:43:36 -0700] "GET /athlete_form.cfm?CFID=1566837&CFTOKEN=ef89274d5c0e0807-1F1F0A2D-EF8C-1621-6AE0D49DA1C23D4C HTTP/1.1" 301 - "-" "Mozilla/5.0 (compatible; DotBot/1.2; +https://opensiteexplorer.org/dotbot; help@moz.com)"
216.244.66.236 - - [02/Sep/2026:13:43:38 -0700] "GET /athlete_form.cfm?CFID=1566889&CFTOKEN=4e3021846fe32736-1F22C7A0-EF8C-1621-6AEB1042F606668A HTTP/1.1" 301 - "-" "Mozilla/5.0 (compatible; DotBot/1.2; +https://opensiteexplorer.org/dotbot; help@moz.com)"
216.244.66.236 - - [02/Sep/2026:13:43:39 -0700] "GET /athlete_form.cfm?CFID=1566982&CFTOKEN=4d2efc20fde1e0e-1F294A88-EF8C-1621-6AE62A0D2254C2C7 HTTP/1.1" 301 - "-" "Mozilla/5.0 (compatible; DotBot/1.2; +https://opensiteexplorer.org/dotbot; help@moz.com)"
216.244.66.236 - - [02/Sep/2026:13:43:40 -0700] "GET /athlete_form.cfm?CFID=1567110&CFTOKEN=702005afa90c5d34-1F310781-EF8C-1621-6AEC1C3E6DAA2951 HTTP/1.1" 301 - "-" "Mozilla/5.0 (compatible; DotBot/1.2; +https://opensiteexplorer.org/dotbot; help@moz.com)"
62.60.130.198 - - [02/Sep/2026:13:43:42 -0700] "GET /wp-admin/includes/ HTTP/1.1" 200 20996 "binance.com" "Mozilla/5.0 (Windows NT 10.0; Win64; x64) AppleWebKit/537.36 (KHTML, like Gecko) Chrome/90.0.4430.85 Safari/537.36"
216.244.66.236 - - [02/Sep/2026:13:43:42 -0700] "GET /athlete_form.cfm?CFID=1567320&CFTOKEN=7acf20097c74098e-20ACCFFE-EF8C-1621-6AE1DD9AD478F14E HTTP/1.1" 301 - "-" "Mozilla/5.0 (compatible; DotBot/1.2; +https://opensiteexplorer.org/dotbot; help@moz.com)"
216.244.66.236 - - [02/Sep/2026:13:43:44 -0700] "GET /athlete_form.cfm?CFID=1567906&CFTOKEN=e260672a3e13bbf9-2227C063-EF8C-1621-6AE490C190A994C4 HTTP/1.1" 301 - "-" "Mozilla/5.0 (compatible; DotBot/1.2; +https://opensiteexplorer.org/dotbot; help@moz.com)"
216.244.66.236 - - [02/Sep/2026:13:43:45 -0700] "GET /athlete_form.cfm?CFID=1569953&CFTOKEN=5f3ddd5104964234-269CDC88-EF8C-1621-6AED2997DE958391 HTTP/1.1" 301 - "-" "Mozilla/5.0 (compatible; DotBot/1.2; +https://opensiteexplorer.org/dotbot; help@moz.com)"
216.244.66.236 - - [02/Sep/2026:13:43:46 -0700] "GET /athlete_form.cfm?CFID=1570001&CFTOKEN=a904dd580a430e1a-269FE021-EF8C-1621-6AEEEDBABFA39718 HTTP/1.1" 301 - "-" "Mozilla/5.0 (compatible; DotBot/1.2; +https://opensiteexplorer.org/dotbot; help@moz.com)"
216.244.66.236 - - [02/Sep/2026:13:43:47 -0700] "GET /athlete_form.cfm?CFID=1571489&CFTOKEN=99f85ca2668324f0-299C9B0A-EF8C-1621-6AE52509F735C58F HTTP/1.1" 301 - "-" "Mozilla/5.0 (compatible; DotBot/1.2; +https://opensiteexplorer.org/dotbot; help@moz.com)"
216.244.66.236 - - [02/Sep/2026:13:43:47 -0700] "GET /athlete_form.cfm?CFID=1572226&CFTOKEN=dfa098082a0f020e-2B4A3EEC-EF8C-1621-6AE4AAE068875B22 HTTP/1.1" 301 - "-" "Mozilla/5.0 (compatible; DotBot/1.2; +https://opensiteexplorer.org/dotbot; help@moz.com)"
216.244.66.236 - - [02/Sep/2026:13:43:48 -0700] "GET /athlete_form.cfm?CFID=1573216&CFTOKEN=aca929e2bc6f70c4-2D0ED1F4-EF8C-1621-6AE6E28A2993F8D8 HTTP/1.1" 301 - "-" "Mozilla/5.0 (compatible; DotBot/1.2; +https://opensiteexplorer.org/dotbot; help@moz.com)"
216.244.66.236 - - [02/Sep/2026:13:43:49 -0700] "GET /athlete_form.cfm?CFID=1573370&CFTOKEN=99deadd4358c2f0-2E5ABB49-EF8C-1621-6AECCE180820ADFD HTTP/1.1" 301 - "-" "Mozilla/5.0 (compatible; DotBot/1.2; +https://opensiteexplorer.org/dotbot; help@moz.com)"
216.244.66.236 - - [02/Sep/2026:13:43:49 -0700] "GET /athlete_form.cfm?CFID=1573407&CFTOKEN=26250e4abdc8a79b-2E5DB809-EF8C-1621-6AEBB86B3A9BACB4 HTTP/1.1" 301 - "-" "Mozilla/5.0 (compatible; DotBot/1.2; +https://opensiteexplorer.org/dotbot; help@moz.com)"
216.244.66.236 - - [02/Sep/2026:13:43:50 -0700] "GET /athlete_form.cfm?CFID=1574454&CFTOKEN=bc3351613cedf9b9-2FDD6857-EF8C-1621-6AEE121FFD9453FB HTTP/1.1" 301 - "-" "Mozilla/5.0 (compatible; DotBot/1.2; +https://opensiteexplorer.org/dotbot; help@moz.com)"
216.244.66.236 - - [02/Sep/2026:13:43:50 -0700] "GET /athlete_form.cfm?CFID=157446&CFTOKEN=619fd962a294f768-F607F3C9-EF8C-1621-6AE9530687FA431C HTTP/1.1" 301 - "-" "Mozilla/5.0 (compatible; DotBot/1.2; +https://opensiteexplorer.org/dotbot; help@moz.com)"
216.244.66.236 - - [02/Sep/2026:13:43:51 -0700] "GET /athlete_form.cfm?CFID=1574722&CFTOKEN=3a80f460c24aa50b-2FEFE33B-EF8C-1621-6AE11EBADD573944 HTTP/1.1" 301 - "-" "Mozilla/5.0 (compatible; DotBot/1.2; +https://opensiteexplorer.org/dotbot; help@moz.com)"
216.244.66.236 - - [02/Sep/2026:13:43:51 -0700] "GET /athlete_form.cfm?CFID=1575563&CFTOKEN=816ab41d877c7bf0-3180C020-EF8C-1621-6AE25C546D363678 HTTP/1.1" 301 - "-" "Mozilla/5.0 (compatible; DotBot/1.2; +https://opensiteexplorer.org/dotbot; help@moz.com)"
216.244.66.236 - - [02/Sep/2026:13:43:51 -0700] "GET /athlete_form.cfm?CFID=1577416&CFTOKEN=745dd15b80958827-3486AC72-EF8C-1621-6AEEC67A4A2D684F HTTP/1.1" 301 - "-" "Mozilla/5.0 (compatible; DotBot/1.2; +https://opensiteexplorer.org/dotbot; help@moz.com)"
216.244.66.236 - - [02/Sep/2026:13:43:52 -0700] "GET /athlete_form.cfm?CFID=1583260&CFTOKEN=1de17a315d8b31ee-3C6E37B1-EF8C-1621-6AEEA6352D7186B8 HTTP/1.1" 301 - "-" "Mozilla/5.0 (compatible; DotBot/1.2; +https://opensiteexplorer.org/dotbot; help@moz.com)"
216.244.66.236 - - [02/Sep/2026:13:43:52 -0700] "GET /athlete_form.cfm?CFID=1583935&CFTOKEN=5c1272869ee28b14-3DDAC169-EF8C-1621-6AED9611A88746D9 HTTP/1.1" 301 - "-" "Mozilla/5.0 (compatible; DotBot/1.2; +https://opensiteexplorer.org/dotbot; help@moz.com)"
216.244.66.236 - - [02/Sep/2026:13:43:54 -0700] "GET /athlete_form.cfm?CFID=1584903&CFTOKEN=dc208b12ce4681bc-3F618C95-EF8C-1621-6AE8DCA3A2222DC9 HTTP/1.1" 301 - "-" "Mozilla/5.0 (compatible; DotBot/1.2; +https://opensiteexplorer.org/dotbot; help@moz.com)"
62.60.130.198 - - [02/Sep/2026:13:43:54 -0700] "GET /wp-admin/includes/ HTTP/1.1" 200 20996 "binance.com" "Mozilla/5.0 (Windows NT 10.0; Win64; x64) AppleWebKit/537.36 (KHTML, like Gecko) Chrome/90.0.4430.85 Safari/537.36"
192.178.6.168 - - [02/Sep/2026:13:43:54 -0700] "GET /club-directory/ HTTP/1.1" 200 97709 "-" "Mozilla/5.0 (Linux; Android 6.0.1; Nexus 5X Build/MMB29P) AppleWebKit/537.36 (KHTML, like Gecko) Chrome/151.0.7922.173 Mobile Safari/537.36 (compatible; Googlebot/2.1; +http://www.google.com/bot.html)"
216.244.66.236 - - [02/Sep/2026:13:43:55 -0700] "GET /athlete_form.cfm?CFID=1587185&CFTOKEN=a7f2fbb988dd35cb-42903906-EF8C-1621-6AEEF4D91748C53A HTTP/1.1" 301 - "-" "Mozilla/5.0 (compatible; DotBot/1.2; +https://opensiteexplorer.org/dotbot; help@moz.com)"
216.244.66.236 - - [02/Sep/2026:13:43:57 -0700] "GET /athlete_form.cfm?CFID=1587272&CFTOKEN=9e9d4e95685963d9-42961A4C-EF8C-1621-6AE4C72EC0C183FD HTTP/1.1" 301 - "-" "Mozilla/5.0 (compatible; DotBot/1.2; +https://opensiteexplorer.org/dotbot; help@moz.com)"
216.244.66.236 - - [02/Sep/2026:13:43:58 -0700] "GET /athlete_form.cfm?CFID=1591369&CFTOKEN=fa8cdfef2748131-53A24BBB-EF8C-1621-6AE27DAF4CFE7D55 HTTP/1.1" 301 - "-" "Mozilla/5.0 (compatible; DotBot/1.2; +https://opensiteexplorer.org/dotbot; help@moz.com)"
216.244.66.236 - - [02/Sep/2026:13:43:59 -0700] "GET /athlete_form.cfm?CFID=1591642&CFTOKEN=25c1113b3d84a7a-53BAADAB-EF8C-1621-6AE8B896BBF0F444 HTTP/1.1" 301 - "-" "Mozilla/5.0 (compatible; DotBot/1.2; +https://opensiteexplorer.org/dotbot; help@moz.com)"
216.244.66.236 - - [02/Sep/2026:13:44:00 -0700] "GET /athlete_form.cfm?CFID=1591969&CFTOKEN=9bfb01a5d7628763-53D28954-EF8C-1621-6AE18C688078FB6A HTTP/1.1" 301 - "-" "Mozilla/5.0 (compatible; DotBot/1.2; +https://opensiteexplorer.org/dotbot; help@moz.com)"
62.60.130.198 - - [02/Sep/2026:13:44:03 -0700] "GET /wp-admin/maint/ HTTP/1.1" 200 805 "binance.com" "Mozilla/5.0 (Windows NT 10.0; Win64; x64) AppleWebKit/537.36 (KHTML, like Gecko) Chrome/90.0.4430.85 Safari/537.36"
62.60.130.198 - - [02/Sep/2026:13:44:10 -0700] "GET /wp-admin/maint/ HTTP/1.1" 200 805 "binance.com" "Mozilla/5.0 (Windows NT 10.0; Win64; x64) AppleWebKit/537.36 (KHTML, like Gecko) Chrome/90.0.4430.85 Safari/537.36"
216.244.66.236 - - [02/Sep/2026:13:44:12 -0700] "GET /athlete_form.cfm?CFID=1594656&CFTOKEN=5e60a987faae4d7d-60733CB8-EF8C-1621-6AECC78760A34C3A HTTP/1.1" 301 - "-" "Mozilla/5.0 (compatible; DotBot/1.2; +https://opensiteexplorer.org/dotbot; help@moz.com)"
216.244.66.236 - - [02/Sep/2026:13:44:13 -0700] "GET /athlete_form.cfm?CFID=1594774&CFTOKEN=317ae38fe2e2adfe-607AA03E-EF8C-1621-6AE24867D96DF705 HTTP/1.1" 301 - "-" "Mozilla/5.0 (compatible; DotBot/1.2; +https://opensiteexplorer.org/dotbot; help@moz.com)"
216.244.66.236 - - [02/Sep/2026:13:44:14 -0700] "GET /athlete_form.cfm?CFID=1595058&CFTOKEN=81717a91cdc3b90-61D18DE6-EF8C-1621-6AE1D1A0AFFADBEC HTTP/1.1" 301 - "-" "Mozilla/5.0 (compatible; DotBot/1.2; +https://opensiteexplorer.org/dotbot; help@moz.com)"
62.60.130.198 - - [02/Sep/2026:13:44:19 -0700] "GET /wp-admin/network/ HTTP/1.1" 302 - "binance.com" "Mozilla/5.0 (Windows NT 10.0; Win64; x64) AppleWebKit/537.36 (KHTML, like Gecko) Chrome/90.0.4430.85 Safari/537.36"
216.244.66.236 - - [02/Sep/2026:13:44:20 -0700] "GET /athlete_form.cfm?CFID=1596385&CFTOKEN=dcd420c790814cd9-635C8567-EF8C-1621-6AEEE62BC76873AB HTTP/1.1" 301 - "-" "Mozilla/5.0 (compatible; DotBot/1.2; +https://opensiteexplorer.org/dotbot; help@moz.com)"
173.231.200.77 - - [02/Sep/2026:13:44:21 -0700] "POST /wp-cron.php?doing_wp_cron=1788381861.0386879444122314453125 HTTP/1.1" 200 - "-" "WordPress/7.1; https://usaigc.com"
62.60.130.198 - - [02/Sep/2026:13:44:20 -0700] "GET /wp-login.php?redirect_to=https%3A%2F%2Fusaigc.com%2Fwp-admin%2Fnetwork%2F&reauth=1 HTTP/1.1" 200 7219 "binance.com" "Mozilla/5.0 (Windows NT 10.0; Win64; x64) AppleWebKit/537.36 (KHTML, like Gecko) Chrome/90.0.4430.85 Safari/537.36"
173.231.200.77 - - [02/Sep/2026:13:44:25 -0700] "POST /wp-cron.php?doing_wp_cron=1788381865.1773009300231933593750 HTTP/1.1" 200 - "-" "WordPress/7.1; https://usaigc.com"
173.231.200.77 - - [02/Sep/2026:13:44:19 -0700] "POST /wp-admin/admin-ajax.php?action=as_async_request_queue_runner&nonce=a8697696bc HTTP/1.1" 200 - "-" "WordPress/7.1; https://usaigc.com"
62.60.130.198 - - [02/Sep/2026:13:44:33 -0700] "GET /wp-admin/user/ HTTP/1.1" 302 - "binance.com" "Mozilla/5.0 (Windows NT 10.0; Win64; x64) AppleWebKit/537.36 (KHTML, like Gecko) Chrome/90.0.4430.85 Safari/537.36"
62.60.130.198 - - [02/Sep/2026:13:44:33 -0700] "GET /wp-login.php?redirect_to=https%3A%2F%2Fusaigc.com%2Fwp-admin%2Fuser%2F&reauth=1 HTTP/1.1" 200 7216 "binance.com" "Mozilla/5.0 (Windows NT 10.0; Win64; x64) AppleWebKit/537.36 (KHTML, like Gecko) Chrome/90.0.4430.85 Safari/537.36"
112.86.225.125 - - [02/Sep/2026:13:44:35 -0700] "GET /contact/ HTTP/1.1" 200 105204 "-" "Sogou web spider/4.0(+http://www.sogou.com/docs/help/webmasters.htm#07)"
216.244.66.236 - - [02/Sep/2026:13:44:38 -0700] "GET /athlete_form.cfm?CFID=1597018&CFTOKEN=83f405aea05beb2b-638A5CC3-EF8C-1621-6AE9E0AF7A14F3E3 HTTP/1.1" 301 - "-" "Mozilla/5.0 (compatible; DotBot/1.2; +https://opensiteexplorer.org/dotbot; help@moz.com)"
62.60.130.198 - - [02/Sep/2026:13:44:42 -0700] "GET /wp-admin/css/ HTTP/1.1" 200 20496 "binance.com" "Mozilla/5.0 (Windows NT 10.0; Win64; x64) AppleWebKit/537.36 (KHTML, like Gecko) Chrome/90.0.4430.85 Safari/537.36"
62.60.130.198 - - [02/Sep/2026:13:44:51 -0700] "GET /wp-admin/css/colors/ HTTP/1.1" 200 2765 "binance.com" "Mozilla/5.0 (Windows NT 10.0; Win64; x64) AppleWebKit/537.36 (KHTML, like Gecko) Chrome/90.0.4430.85 Safari/537.36"
216.244.66.236 - - [02/Sep/2026:13:44:54 -0700] "GET /athlete_form.cfm?CFID=1598173&CFTOKEN=186b3c0ad17235df-66B6847B-EF8C-1621-6AE7892CAEF03004 HTTP/1.1" 301 - "-" "Mozilla/5.0 (compatible; DotBot/1.2; +https://opensiteexplorer.org/dotbot; help@moz.com)"
62.60.130.198 - - [02/Sep/2026:13:45:00 -0700] "GET /wp-admin/css/colors/blue/ HTTP/1.1" 200 1565 "binance.com" "Mozilla/5.0 (Windows NT 10.0; Win64; x64) AppleWebKit/537.36 (KHTML, like Gecko) Chrome/90.0.4430.85 Safari/537.36"
34.79.211.252 - - [02/Sep/2026:13:45:00 -0700] "GET /robots.txt HTTP/1.1" 301 - "-" "DnBCrawler-Analytics"
34.79.211.252 - - [02/Sep/2026:13:45:01 -0700] "GET /robots.txt HTTP/1.1" 200 153 "-" "DnBCrawler-Analytics"
34.79.211.252 - - [02/Sep/2026:13:45:02 -0700] "GET / HTTP/1.1" 301 - "-" "DnBCrawler-Analytics"
34.79.211.252 - - [02/Sep/2026:13:45:02 -0700] "GET / HTTP/1.1" 200 131156 "-" "DnBCrawler-Analytics"
62.60.130.198 - - [02/Sep/2026:13:45:08 -0700] "GET /wp-admin/css/colors/coffee/ HTTP/1.1" 200 1569 "binance.com" "Mozilla/5.0 (Windows NT 10.0; Win64; x64) AppleWebKit/537.36 (KHTML, like Gecko) Chrome/90.0.4430.85 Safari/537.36"
216.244.66.236 - - [02/Sep/2026:13:45:10 -0700] "GET /athlete_form.cfm?CFID=159876&CFTOKEN=a5dd6c92c1453623-F76DE8AB-EF8C-1621-6AE448D196906F97 HTTP/1.1" 301 - "-" "Mozilla/5.0 (compatible; DotBot/1.2; +https://opensiteexplorer.org/dotbot; help@moz.com)"
62.60.130.198 - - [02/Sep/2026:13:45:16 -0700] "GET /wp-admin/css/colors/ectoplasm/ HTTP/1.1" 200 1575 "binance.com" "Mozilla/5.0 (Windows NT 10.0; Win64; x64) AppleWebKit/537.36 (KHTML, like Gecko) Chrome/90.0.4430.85 Safari/537.36"
216.244.66.236 - - [02/Sep/2026:13:45:24 -0700] "GET /athlete_form.cfm?CFID=1598848&CFTOKEN=d0c45e452933f723-682F0EDE-EF8C-1621-6AEA190FE1A2667A HTTP/1.1" 301 - "-" "Mozilla/5.0 (compatible; DotBot/1.2; +https://opensiteexplorer.org/dotbot; help@moz.com)"
62.60.130.198 - - [02/Sep/2026:13:45:26 -0700] "GET /wp-admin/css/colors/light/ HTTP/1.1" 200 1567 "binance.com" "Mozilla/5.0 (Windows NT 10.0; Win64; x64) AppleWebKit/537.36 (KHTML, like Gecko) Chrome/90.0.4430.85 Safari/537.36"
62.60.130.198 - - [02/Sep/2026:13:45:35 -0700] "GET /wp-admin/css/colors/midnight/ HTTP/1.1" 200 1573 "binance.com" "Mozilla/5.0 (Windows NT 10.0; Win64; x64) AppleWebKit/537.36 (KHTML, like Gecko) Chrome/90.0.4430.85 Safari/537.36"
173.231.200.77 - - [02/Sep/2026:13:45:38 -0700] "POST /wp-cron.php?doing_wp_cron=1788381938.7023169994354248046875 HTTP/1.1" 200 - "-" "WordPress/7.1; https://usaigc.com"
216.244.66.236 - - [02/Sep/2026:13:45:38 -0700] "GET /athlete_form.cfm?CFID=1602663&CFTOKEN=ca7ed2ca54127b18-6FDD9118-EF8C-1621-6AE279B09389AF4B HTTP/1.1" 301 - "-" "Mozilla/5.0 (compatible; DotBot/1.2; +https://opensiteexplorer.org/dotbot; help@moz.com)"
62.60.130.198 - - [02/Sep/2026:13:45:44 -0700] "GET /wp-admin/css/colors/modern/ HTTP/1.1" 200 1569 "binance.com" "Mozilla/5.0 (Windows NT 10.0; Win64; x64) AppleWebKit/537.36 (KHTML, like Gecko) Chrome/90.0.4430.85 Safari/537.36"
216.244.66.236 - - [02/Sep/2026:13:45:50 -0700] "GET /athlete_form.cfm?CFID=1602695&CFTOKEN=c152541a4781504f-6FE0EC01-EF8C-1621-6AEBD19EA152D300 HTTP/1.1" 301 - "-" "Mozilla/5.0 (compatible; DotBot/1.2; +https://opensiteexplorer.org/dotbot; help@moz.com)"
62.60.130.198 - - [02/Sep/2026:13:45:55 -0700] "GET /wp-admin/css/colors/ocean/ HTTP/1.1" 200 1567 "binance.com" "Mozilla/5.0 (Windows NT 10.0; Win64; x64) AppleWebKit/537.36 (KHTML, like Gecko) Chrome/90.0.4430.85 Safari/537.36"
216.244.66.236 - - [02/Sep/2026:13:46:02 -0700] "GET /athlete_form.cfm?CFID=1602879&CFTOKEN=4e60702c22b7ef80-6FF0A32E-EF8C-1621-6AEAD257F709D7BC HTTP/1.1" 301 - "-" "Mozilla/5.0 (compatible; DotBot/1.2; +https://opensiteexplorer.org/dotbot; help@moz.com)"
62.60.130.198 - - [02/Sep/2026:13:46:04 -0700] "GET /wp-admin/css/colors/sunrise/%20 HTTP/1.1" 301 - "binance.com" "Mozilla/5.0 (Windows NT 10.0; Win64; x64) AppleWebKit/537.36 (KHTML, like Gecko) Chrome/90.0.4430.85 Safari/537.36"
62.60.130.198 - - [02/Sep/2026:13:46:05 -0700] "GET /wp-admin/css/colors/sunrise/ HTTP/1.1" 200 1571 "binance.com" "Mozilla/5.0 (Windows NT 10.0; Win64; x64) AppleWebKit/537.36 (KHTML, like Gecko) Chrome/90.0.4430.85 Safari/537.36"
216.244.66.236 - - [02/Sep/2026:13:46:12 -0700] "GET /athlete_form.cfm?CFID=1603432&CFTOKEN=b77d6500f7280596-7192E930-EF8C-1621-6AEBDE2A31C6B5BD HTTP/1.1" 301 - "-" "Mozilla/5.0 (compatible; DotBot/1.2; +https://opensiteexplorer.org/dotbot; help@moz.com)"
62.60.130.198 - - [02/Sep/2026:13:46:17 -0700] "GET /wp-admin/images/ HTTP/1.1" 200 18026 "binance.com" "Mozilla/5.0 (Windows NT 10.0; Win64; x64) AppleWebKit/537.36 (KHTML, like Gecko) Chrome/90.0.4430.85 Safari/537.36"
173.231.200.77 - - [02/Sep/2026:13:46:22 -0700] "POST /wp-cron.php?doing_wp_cron=1788381982.0913820266723632812500 HTTP/1.1" 200 - "-" "WordPress/7.1; https://usaigc.com"
216.244.66.236 - - [02/Sep/2026:13:46:21 -0700] "GET /athlete_form.cfm?CFID=1604775&CFTOKEN=4510b4457e1f7767-74C2FEE9-EF8C-1621-6AED35519057666C HTTP/1.1" 301 - "-" "Mozilla/5.0 (compatible; DotBot/1.2; +https://opensiteexplorer.org/dotbot; help@moz.com)"
216.244.66.236 - - [02/Sep/2026:13:46:30 -0700] "GET /athlete_form.cfm?CFID=1606162&CFTOKEN=c02e46757c1e5dae-7C49368B-EF8C-1621-6AE653ED30FB1C6E HTTP/1.1" 301 - "-" "Mozilla/5.0 (compatible; DotBot/1.2; +https://opensiteexplorer.org/dotbot; help@moz.com)"
62.60.130.198 - - [02/Sep/2026:13:46:32 -0700] "GET /wp-admin/js/ HTTP/1.1" 200 18683 "binance.com" "Mozilla/5.0 (Windows NT 10.0; Win64; x64) AppleWebKit/537.36 (KHTML, like Gecko) Chrome/90.0.4430.85 Safari/537.36"
216.244.66.236 - - [02/Sep/2026:13:46:37 -0700] "GET /athlete_form.cfm?CFID=1606518&CFTOKEN=719aefc23f6ba37d-7C6022A7-EF8C-1621-6AE2F55C962178E6 HTTP/1.1" 301 - "-" "Mozilla/5.0 (compatible; DotBot/1.2; +https://opensiteexplorer.org/dotbot; help@moz.com)"
216.244.66.236 - - [02/Sep/2026:13:46:43 -0700] "GET /athlete_form.cfm?CFID=1608179&CFTOKEN=df0ef099339223c9-8B8FD324-EF8C-1621-6AE5A5BC41ADD376 HTTP/1.1" 301 - "-" "Mozilla/5.0 (compatible; DotBot/1.2; +https://opensiteexplorer.org/dotbot; help@moz.com)"
62.60.130.198 - - [02/Sep/2026:13:46:44 -0700] "GET /wp-admin/js/widgets/ HTTP/1.1" 200 3313 "binance.com" "Mozilla/5.0 (Windows NT 10.0; Win64; x64) AppleWebKit/537.36 (KHTML, like Gecko) Chrome/90.0.4430.85 Safari/537.36"
216.244.66.236 - - [02/Sep/2026:13:46:49 -0700] "GET /athlete_form.cfm?CFID=1608190&CFTOKEN=8b089ec3662924ca-8B908117-EF8C-1621-6AE950EA1904BA14 HTTP/1.1" 301 - "-" "Mozilla/5.0 (compatible; DotBot/1.2; +https://opensiteexplorer.org/dotbot; help@moz.com)"
216.244.66.236 - - [02/Sep/2026:13:46:54 -0700] "GET /athlete_form.cfm?CFID=1608210&CFTOKEN=da294760744e81a7-8B91E159-EF8C-1621-6AE38E4ABA2FD32A HTTP/1.1" 301 - "-" "Mozilla/5.0 (compatible; DotBot/1.2; +https://opensiteexplorer.org/dotbot; help@moz.com)"
62.60.130.198 - - [02/Sep/2026:13:46:56 -0700] "GET /wp-includes/ HTTP/1.1" 200 55623 "binance.com" "Mozilla/5.0 (Windows NT 10.0; Win64; x64) AppleWebKit/537.36 (KHTML, like Gecko) Chrome/90.0.4430.85 Safari/537.36"
216.244.66.236 - - [02/Sep/2026:13:46:57 -0700] "GET /athlete_form.cfm?CFID=1609876&CFTOKEN=a19179e3a4ea5457-97AD63E8-EF8C-1621-6AE1A3C88E55FC74 HTTP/1.1" 301 - "-" "Mozilla/5.0 (compatible; DotBot/1.2; +https://opensiteexplorer.org/dotbot; help@moz.com)"
216.244.66.236 - - [02/Sep/2026:13:47:01 -0700] "GET /athlete_form.cfm?CFID=1610785&CFTOKEN=b6cbf6d6825158c6-994EBE92-EF8C-1621-6AE976FE1E607048 HTTP/1.1" 301 - "-" "Mozilla/5.0 (compatible; DotBot/1.2; +https://opensiteexplorer.org/dotbot; help@moz.com)"
216.244.66.236 - - [02/Sep/2026:13:47:04 -0700] "GET /athlete_form.cfm?CFID=1611387&CFTOKEN=8120f2ce5db6f996-9ADADC85-EF8C-1621-6AE70CD1E74BC856 HTTP/1.1" 301 - "-" "Mozilla/5.0 (compatible; DotBot/1.2; +https://opensiteexplorer.org/dotbot; help@moz.com)"
216.244.66.236 - - [02/Sep/2026:13:47:06 -0700] "GET /athlete_form.cfm?CFID=1612237&CFTOKEN=b05cdb269729cba2-A0E9E749-EF8C-1621-6AE5D379FE62B27A HTTP/1.1" 301 - "-" "Mozilla/5.0 (compatible; DotBot/1.2; +https://opensiteexplorer.org/dotbot; help@moz.com)"
62.60.130.198 - - [02/Sep/2026:13:47:10 -0700] "GET /wp-includes/ HTTP/1.1" 200 55623 "binance.com" "Mozilla/5.0 (Windows NT 10.0; Win64; x64) AppleWebKit/537.36 (KHTML, like Gecko) Chrome/90.0.4430.85 Safari/537.36"
173.231.200.77 - - [02/Sep/2026:13:47:22 -0700] "POST /wp-cron.php?doing_wp_cron=1788382042.3365929126739501953125 HTTP/1.1" 200 - "-" "WordPress/7.1; https://usaigc.com"
216.244.66.236 - - [02/Sep/2026:13:47:22 -0700] "GET /athlete_form.cfm?CFID=1616282&CFTOKEN=e72422bc33f94adb-AA0B2591-EF8C-1621-6AE2EED088BD9944 HTTP/1.1" 301 - "-" "Mozilla/5.0 (compatible; DotBot/1.2; +https://opensiteexplorer.org/dotbot; help@moz.com)"
62.60.130.198 - - [02/Sep/2026:13:47:25 -0700] "GET /wp-includes/abilities-api.php HTTP/1.1" 200 - "binance.com" "Mozilla/5.0 (Windows NT 10.0; Win64; x64) AppleWebKit/537.36 (KHTML, like Gecko) Chrome/90.0.4430.85 Safari/537.36"
216.244.66.236 - - [02/Sep/2026:13:47:25 -0700] "GET /athlete_form.cfm?CFID=1617632&CFTOKEN=4901cabd00cfd55a-AB9A8BE6-EF8C-1621-6AE46D5D803FC8EB HTTP/1.1" 301 - "-" "Mozilla/5.0 (compatible; DotBot/1.2; +https://opensiteexplorer.org/dotbot; help@moz.com)"
46.101.1.225 - - [02/Sep/2026:13:47:27 -0700] "GET / HTTP/1.1" 200 131156 "-" "Mozilla/5.0 (l9scan/2.0.7373e2030323e2133323e2337313; +https://leakix.net)"
216.244.66.236 - - [02/Sep/2026:13:47:28 -0700] "GET /athlete_form.cfm?CFID=161803&CFTOKEN=d73110c741aa777d-F7D55EFA-EF8C-1621-6AEA264AAB8004FA HTTP/1.1" 301 - "-" "Mozilla/5.0 (compatible; DotBot/1.2; +https://opensiteexplorer.org/dotbot; help@moz.com)"
46.101.1.225 - - [02/Sep/2026:13:47:28 -0700] "GET /console/ HTTP/1.1" 404 100511 "-" "Mozilla/5.0 (l9scan/2.0.7373e2030323e2133323e2337313; +https://leakix.net)"
216.244.66.236 - - [02/Sep/2026:13:47:30 -0700] "GET /athlete_form.cfm?CFID=1621107&CFTOKEN=81f799fd0628b5b5-B05F99DE-EF8C-1621-6AEE8430F067C877 HTTP/1.1" 301 - "-" "Mozilla/5.0 (compatible; DotBot/1.2; +https://opensiteexplorer.org/dotbot; help@moz.com)"
46.101.1.225 - - [02/Sep/2026:13:47:30 -0700] "GET /server HTTP/1.1" 404 100503 "-" "Mozilla/5.0 (l9scan/2.0.7373e2030323e2133323e2337313; +https://leakix.net)"
46.101.1.225 - - [02/Sep/2026:13:47:32 -0700] "GET /server-status HTTP/1.1" 404 100559 "-" "Mozilla/5.0 (l9scan/2.0.7373e2030323e2133323e2337313; +https://leakix.net)"
216.244.66.236 - - [02/Sep/2026:13:47:33 -0700] "GET /athlete_form.cfm?CFID=1621203&CFTOKEN=c066ede4b0ca62fc-B066EDD0-EF8C-1621-6AE28EE0BB43D1A9 HTTP/1.1" 301 - "-" "Mozilla/5.0 (compatible; DotBot/1.2; +https://opensiteexplorer.org/dotbot; help@moz.com)"
46.101.1.225 - - [02/Sep/2026:13:47:34 -0700] "GET /about HTTP/1.1" 301 - "-" "Mozilla/5.0 (l9scan/2.0.7373e2030323e2133323e2337313; +https://leakix.net)"
46.101.1.225 - - [02/Sep/2026:13:47:35 -0700] "GET /login.action HTTP/1.1" 404 100551 "-" "Mozilla/5.0 (l9scan/2.0.7373e2030323e2133323e2337313; +https://leakix.net)"
216.244.66.236 - - [02/Sep/2026:13:47:36 -0700] "GET /athlete_form.cfm?CFID=162149&CFTOKEN=c0ccbc92ead04eb1-F7E9F8BD-EF8C-1621-6AECAE8759636EAC HTTP/1.1" 301 - "-" "Mozilla/5.0 (compatible; DotBot/1.2; +https://opensiteexplorer.org/dotbot; help@moz.com)"
46.101.1.225 - - [02/Sep/2026:13:47:37 -0700] "GET / HTTP/1.1" 200 131156 "-" "Mozilla/5.0 (l9scan/2.0.7373e2030323e2133323e2337313; +https://leakix.net)"
216.244.66.236 - - [02/Sep/2026:13:47:38 -0700] "GET /athlete_form.cfm?CFID=1622935&CFTOKEN=87d5e9fba8ed0dbe-B35F096C-EF8C-1621-6AE9E9441DE73E3E HTTP/1.1" 301 - "-" "Mozilla/5.0 (compatible; DotBot/1.2; +https://opensiteexplorer.org/dotbot; help@moz.com)"
46.101.1.225 - - [02/Sep/2026:13:47:38 -0700] "GET /___proxy_subdomain_whm/login HTTP/1.1" 401 12525 "-" "Mozilla/5.0 (l9scan/2.0.7373e2030323e2133323e2337313; +https://leakix.net)"
46.101.1.225 - - [02/Sep/2026:13:47:39 -0700] "POST /___proxy_subdomain_whm/login/?login_only=1 HTTP/1.1" 401 38 "-" "Mozilla/5.0 (l9scan/2.0.7373e2030323e2133323e2337313; +https://leakix.net)"
216.244.66.236 - - [02/Sep/2026:13:47:39 -0700] "GET /athlete_form.cfm?CFID=1623097&CFTOKEN=89855c67b964bac5-B369F8BF-EF8C-1621-6AE6EDFE8BC10DD5 HTTP/1.1" 301 - "-" "Mozilla/5.0 (compatible; DotBot/1.2; +https://opensiteexplorer.org/dotbot; help@moz.com)"
46.101.1.225 - - [02/Sep/2026:13:47:41 -0700] "GET /___proxy_subdomain_whm HTTP/1.1" 307 102 "-" "Mozilla/5.0 (l9scan/2.0.7373e2030323e2133323e2337313; +https://leakix.net)"
216.244.66.236 - - [02/Sep/2026:13:47:41 -0700] "GET /athlete_form.cfm?CFID=162347&CFTOKEN=4be2dd9814ba8234-F7F5DB2F-EF8C-1621-6AEEF29655844B47 HTTP/1.1" 301 - "-" "Mozilla/5.0 (compatible; DotBot/1.2; +https://opensiteexplorer.org/dotbot; help@moz.com)"
62.60.130.198 - - [02/Sep/2026:13:47:42 -0700] "GET /wp-includes/abilities.php HTTP/1.1" 200 - "binance.com" "Mozilla/5.0 (Windows NT 10.0; Win64; x64) AppleWebKit/537.36 (KHTML, like Gecko) Chrome/90.0.4430.85 Safari/537.36"
216.244.66.236 - - [02/Sep/2026:13:47:42 -0700] "GET /athlete_form.cfm?CFID=1623851&CFTOKEN=fc8d84a79e7bcc8-B4E0B301-EF8C-1621-6AE0EBA013E86069 HTTP/1.1" 301 - "-" "Mozilla/5.0 (compatible; DotBot/1.2; +https://opensiteexplorer.org/dotbot; help@moz.com)"
46.101.1.225 - - [02/Sep/2026:13:47:42 -0700] "GET /___proxy_subdomain_whm/scripts2/listaccts HTTP/1.1" 200 12526 "-" "Mozilla/5.0 (l9scan/2.0.7373e2030323e2133323e2337313; +https://leakix.net)"
216.244.66.236 - - [02/Sep/2026:13:47:43 -0700] "GET /athlete_form.cfm?CFID=1626878&CFTOKEN=1f6d0031be330841-BB290CC9-EF8C-1621-6AEE855541C54A6A HTTP/1.1" 301 - "-" "Mozilla/5.0 (compatible; DotBot/1.2; +https://opensiteexplorer.org/dotbot; help@moz.com)"
46.101.1.225 - - [02/Sep/2026:13:47:43 -0700] "GET /v2/_catalog HTTP/1.1" 404 100551 "-" "Mozilla/5.0 (l9scan/2.0.7373e2030323e2133323e2337313; +https://leakix.net)"
216.244.66.236 - - [02/Sep/2026:13:47:44 -0700] "GET /athlete_form.cfm?CFID=1628043&CFTOKEN=7bf04bd3ac57ab39-BE0D6CCA-EF8C-1621-6AE15386C4F2C25D HTTP/1.1" 301 - "-" "Mozilla/5.0 (compatible; DotBot/1.2; +https://opensiteexplorer.org/dotbot; help@moz.com)"
46.101.1.225 - - [02/Sep/2026:13:47:45 -0700] "GET /.DS_Store HTTP/1.1" 404 100527 "-" "Mozilla/5.0 (l9scan/2.0.7373e2030323e2133323e2337313; +https://leakix.net)"
216.244.66.236 - - [02/Sep/2026:13:47:45 -0700] "GET /athlete_form.cfm?CFID=1630789&CFTOKEN=7c56e70e83a2a041-C2B9CFAE-EF8C-1621-6AE6438A6B2406F4 HTTP/1.1" 301 - "-" "Mozilla/5.0 (compatible; DotBot/1.2; +https://opensiteexplorer.org/dotbot; help@moz.com)"
216.244.66.236 - - [02/Sep/2026:13:47:46 -0700] "GET /athlete_form.cfm?CFID=1634108&CFTOKEN=d952ef55f8889e85-CA54DC4F-EF8C-1621-6AECE9CA066A5C9C HTTP/1.1" 301 - "-" "Mozilla/5.0 (compatible; DotBot/1.2; +https://opensiteexplorer.org/dotbot; help@moz.com)"
216.244.66.236 - - [02/Sep/2026:13:47:47 -0700] "GET /athlete_form.cfm?CFID=1634330&CFTOKEN=8084fca8e4e2c47a-CA61A6B4-EF8C-1621-6AEF3C108293796F HTTP/1.1" 301 - "-" "Mozilla/5.0 (compatible; DotBot/1.2; +https://opensiteexplorer.org/dotbot; help@moz.com)"
46.101.1.225 - - [02/Sep/2026:13:47:47 -0700] "GET /.env HTTP/1.1" 404 100487 "-" "Mozilla/5.0 (l9scan/2.0.7373e2030323e2133323e2337313; +https://leakix.net)"
216.244.66.236 - - [02/Sep/2026:13:47:48 -0700] "GET /athlete_form.cfm?CFID=1635252&CFTOKEN=6f9efc8a7ae38b7c-CC0A0010-EF8C-1621-6AE1995F1975A158 HTTP/1.1" 301 - "-" "Mozilla/5.0 (compatible; DotBot/1.2; +https://opensiteexplorer.org/dotbot; help@moz.com)"
216.244.66.236 - - [02/Sep/2026:13:47:49 -0700] "GET /athlete_form.cfm?CFID=1638771&CFTOKEN=a09968f7aa6fa88c-D3928543-EF8C-1621-6AE77127A940D765 HTTP/1.1" 301 - "-" "Mozilla/5.0 (compatible; DotBot/1.2; +https://opensiteexplorer.org/dotbot; help@moz.com)"
216.244.66.236 - - [02/Sep/2026:13:47:50 -0700] "GET /athlete_form.cfm?CFID=163940&CFTOKEN=fc09be02a55fd3e5-F91021CE-EF8C-1621-6AE5018B01D8B4E3 HTTP/1.1" 301 - "-" "Mozilla/5.0 (compatible; DotBot/1.2; +https://opensiteexplorer.org/dotbot; help@moz.com)"
46.101.1.225 - - [02/Sep/2026:13:47:50 -0700] "GET /ecp/Current/exporttool/microsoft.exchange.ediscovery.exporttool.application HTTP/1.1" 404 101079 "-" "Mozilla/5.0 (l9scan/2.0.7373e2030323e2133323e2337313; +https://leakix.net)"
216.244.66.236 - - [02/Sep/2026:13:47:50 -0700] "GET /athlete_form.cfm?CFID=1639922&CFTOKEN=d2f5e86fcac4e0ff-D5199150-EF8C-1621-6AE8619BF7704769 HTTP/1.1" 301 - "-" "Mozilla/5.0 (compatible; DotBot/1.2; +https://opensiteexplorer.org/dotbot; help@moz.com)"
216.244.66.236 - - [02/Sep/2026:13:47:51 -0700] "GET /athlete_form.cfm?CFID=1640745&CFTOKEN=b8b445d8994ee2fd-D6ABFE64-EF8C-1621-6AE17C709CB5120C HTTP/1.1" 301 - "-" "Mozilla/5.0 (compatible; DotBot/1.2; +https://opensiteexplorer.org/dotbot; help@moz.com)"
216.244.66.236 - - [02/Sep/2026:13:47:51 -0700] "GET /athlete_form.cfm?CFID=1640941&CFTOKEN=f35219642096e8cf-D8207455-EF8C-1621-6AE142EBDB3118B2 HTTP/1.1" 301 - "-" "Mozilla/5.0 (compatible; DotBot/1.2; +https://opensiteexplorer.org/dotbot; help@moz.com)"
62.60.130.198 - - [02/Sep/2026:13:47:52 -0700] "GET /wp-includes/ai-client.php HTTP/1.1" 200 - "binance.com" "Mozilla/5.0 (Windows NT 10.0; Win64; x64) AppleWebKit/537.36 (KHTML, like Gecko) Chrome/90.0.4430.85 Safari/537.36"
216.244.66.236 - - [02/Sep/2026:13:47:52 -0700] "GET /athlete_form.cfm?CFID=1641170&CFTOKEN=b68cd2437a6ce3f1-D82E390B-EF8C-1621-6AEAAE9BB116018C HTTP/1.1" 301 - "-" "Mozilla/5.0 (compatible; DotBot/1.2; +https://opensiteexplorer.org/dotbot; help@moz.com)"
216.244.66.236 - - [02/Sep/2026:13:47:52 -0700] "GET /athlete_form.cfm?CFID=1641922&CFTOKEN=5bc7aeb1e042fb0-D9AC7041-EF8C-1621-6AE9C9087B111E9A HTTP/1.1" 301 - "-" "Mozilla/5.0 (compatible; DotBot/1.2; +https://opensiteexplorer.org/dotbot; help@moz.com)"
216.244.66.236 - - [02/Sep/2026:13:47:53 -0700] "GET /athlete_form.cfm?CFID=1643842&CFTOKEN=27b8fe9e370ca6f9-DE60EE78-EF8C-1621-6AE8347FEADA2DE1 HTTP/1.1" 301 - "-" "Mozilla/5.0 (compatible; DotBot/1.2; +https://opensiteexplorer.org/dotbot; help@moz.com)"
46.101.1.225 - - [02/Sep/2026:13:47:53 -0700] "GET /.git/config HTTP/1.1" 404 100551 "-" "Mozilla/5.0 (l9scan/2.0.7373e2030323e2133323e2337313; +https://leakix.net)"
216.244.66.236 - - [02/Sep/2026:13:47:53 -0700] "GET /athlete_form.cfm?CFID=1644055&CFTOKEN=56f8a777bca6eab7-DE6D8FF9-EF8C-1621-6AE13A9F151C09F5 HTTP/1.1" 301 - "-" "Mozilla/5.0 (compatible; DotBot/1.2; +https://opensiteexplorer.org/dotbot; help@moz.com)"
216.244.66.236 - - [02/Sep/2026:13:47:54 -0700] "GET /athlete_form.cfm?CFID=1644060&CFTOKEN=b6ab130a472a4d6e-DE6E01D2-EF8C-1621-6AE32C114C5C5976 HTTP/1.1" 301 - "-" "Mozilla/5.0 (compatible; DotBot/1.2; +https://opensiteexplorer.org/dotbot; help@moz.com)"
216.244.66.236 - - [02/Sep/2026:13:47:54 -0700] "GET /athlete_form.cfm?CFID=1644514&CFTOKEN=1128348c47f128b3-DFCADA9B-EF8C-1621-6AE51B5BC9086451 HTTP/1.1" 301 - "-" "Mozilla/5.0 (compatible; DotBot/1.2; +https://opensiteexplorer.org/dotbot; help@moz.com)"
216.244.66.236 - - [02/Sep/2026:13:47:55 -0700] "GET /athlete_form.cfm?CFID=1644944&CFTOKEN=6a0572b417131844-DFE5D5F2-EF8C-1621-6AEC0E6508FEC3F2 HTTP/1.1" 301 - "-" "Mozilla/5.0 (compatible; DotBot/1.2; +https://opensiteexplorer.org/dotbot; help@moz.com)"
46.101.1.225 - - [02/Sep/2026:13:47:55 -0700] "POST /graphql HTTP/1.1" 404 100511 "-" "Mozilla/5.0 (l9scan/2.0.7373e2030323e2133323e2337313; +https://leakix.net)"
216.244.66.236 - - [02/Sep/2026:13:47:56 -0700] "GET /athlete_form.cfm?CFID=1645689&CFTOKEN=fdd3d289c95be481-E16A286D-EF8C-1621-6AE8C42E09D0A487 HTTP/1.1" 301 - "-" "Mozilla/5.0 (compatible; DotBot/1.2; +https://opensiteexplorer.org/dotbot; help@moz.com)"
216.244.66.236 - - [02/Sep/2026:13:47:56 -0700] "GET /athlete_form.cfm?CFID=1646702&CFTOKEN=b4641fe09db1c546-E2DCAF70-EF8C-1621-6AE43CFDFF2C0A18 HTTP/1.1" 301 - "-" "Mozilla/5.0 (compatible; DotBot/1.2; +https://opensiteexplorer.org/dotbot; help@moz.com)"
216.244.66.236 - - [02/Sep/2026:13:47:57 -0700] "GET /athlete_form.cfm?CFID=1646771&CFTOKEN=54035df7406d91ce-E2E0DD33-EF8C-1621-6AEDA79BE46ACE33 HTTP/1.1" 301 - "-" "Mozilla/5.0 (compatible; DotBot/1.2; +https://opensiteexplorer.org/dotbot; help@moz.com)"
216.244.66.236 - - [02/Sep/2026:13:47:57 -0700] "GET /athlete_form.cfm?CFID=1647137&CFTOKEN=f1ddeb805eb5eab7-E2F8D2B6-EF8C-1621-6AE27225DCBB1338 HTTP/1.1" 301 - "-" "Mozilla/5.0 (compatible; DotBot/1.2; +https://opensiteexplorer.org/dotbot; help@moz.com)"
46.101.1.225 - - [02/Sep/2026:13:47:56 -0700] "POST /api HTTP/1.1" 404 100479 "-" "Mozilla/5.0 (l9scan/2.0.7373e2030323e2133323e2337313; +https://leakix.net)"
216.244.66.236 - - [02/Sep/2026:13:47:57 -0700] "GET /athlete_form.cfm?CFID=1647819&CFTOKEN=5b326c3337492b38-E44B58DF-EF8C-1621-6AEB84885281E121 HTTP/1.1" 301 - "-" "Mozilla/5.0 (compatible; DotBot/1.2; +https://opensiteexplorer.org/dotbot; help@moz.com)"
216.244.66.236 - - [02/Sep/2026:13:47:58 -0700] "GET /athlete_form.cfm?CFID=1649584&CFTOKEN=7d73735b4e9345f-E5E512E4-EF8C-1621-6AEDCEE85A577F56 HTTP/1.1" 301 - "-" "Mozilla/5.0 (compatible; DotBot/1.2; +https://opensiteexplorer.org/dotbot; help@moz.com)"
216.244.66.236 - - [02/Sep/2026:13:47:58 -0700] "GET /athlete_form.cfm?CFID=1650267&CFTOKEN=566c99a21580074e-E74445E4-EF8C-1621-6AE2DAB43A96CED6 HTTP/1.1" 301 - "-" "Mozilla/5.0 (compatible; DotBot/1.2; +https://opensiteexplorer.org/dotbot; help@moz.com)"
46.101.1.225 - - [02/Sep/2026:13:47:58 -0700] "POST /api/graphql HTTP/1.1" 404 100551 "-" "Mozilla/5.0 (l9scan/2.0.7373e2030323e2133323e2337313; +https://leakix.net)"
216.244.66.236 - - [02/Sep/2026:13:47:59 -0700] "GET /athlete_form.cfm?CFID=165038&CFTOKEN=30f56fff011db4de-F949EF8E-EF8C-1621-6AE6C9581E7E9CA5 HTTP/1.1" 301 - "-" "Mozilla/5.0 (compatible; DotBot/1.2; +https://opensiteexplorer.org/dotbot; help@moz.com)"
216.244.66.236 - - [02/Sep/2026:13:47:59 -0700] "GET /athlete_form.cfm?CFID=1650624&CFTOKEN=9c887b4671867f7f-E75ACA61-EF8C-1621-6AEAF1FF2CA61925 HTTP/1.1" 301 - "-" "Mozilla/5.0 (compatible; DotBot/1.2; +https://opensiteexplorer.org/dotbot; help@moz.com)"
216.244.66.236 - - [02/Sep/2026:13:48:00 -0700] "GET /athlete_form.cfm?CFID=1651935&CFTOKEN=ac24c8dbf0aa9de7-E8E5B5C6-EF8C-1621-6AEEA3326259A878 HTTP/1.1" 301 - "-" "Mozilla/5.0 (compatible; DotBot/1.2; +https://opensiteexplorer.org/dotbot; help@moz.com)"
216.244.66.236 - - [02/Sep/2026:13:48:00 -0700] "GET /athlete_form.cfm?CFID=1653217&CFTOKEN=f12cd815833fa2f9-EA6FADE1-EF8C-1621-6AE992D12134AB80 HTTP/1.1" 301 - "-" "Mozilla/5.0 (compatible; DotBot/1.2; +https://opensiteexplorer.org/dotbot; help@moz.com)"
46.101.1.225 - - [02/Sep/2026:13:48:00 -0700] "POST /graphql/api HTTP/1.1" 404 100551 "-" "Mozilla/5.0 (l9scan/2.0.7373e2030323e2133323e2337313; +https://leakix.net)"
216.244.66.236 - - [02/Sep/2026:13:48:02 -0700] "GET /athlete_form.cfm?CFID=1653412&CFTOKEN=bc891efce2cb28f2-EA7A8059-EF8C-1621-6AE4E15AE6ADEAD8 HTTP/1.1" 301 - "-" "Mozilla/5.0 (compatible; DotBot/1.2; +https://opensiteexplorer.org/dotbot; help@moz.com)"
46.101.1.225 - - [02/Sep/2026:13:48:02 -0700] "POST /api/gql HTTP/1.1" 404 100519 "-" "Mozilla/5.0 (l9scan/2.0.7373e2030323e2133323e2337313; +https://leakix.net)"
216.244.66.236 - - [02/Sep/2026:13:48:03 -0700] "GET /athlete_form.cfm?CFID=1653461&CFTOKEN=8c18faae5e58040-EA7D60ED-EF8C-1621-6AE67B7790902C9A HTTP/1.1" 301 - "-" "Mozilla/5.0 (compatible; DotBot/1.2; +https://opensiteexplorer.org/dotbot; help@moz.com)"
216.244.66.236 - - [02/Sep/2026:13:48:04 -0700] "GET /athlete_form.cfm?CFID=1656927&CFTOKEN=b9a354980755d5f7-EEF83E99-EF8C-1621-6AE2185C5C22F009 HTTP/1.1" 301 - "-" "Mozilla/5.0 (compatible; DotBot/1.2; +https://opensiteexplorer.org/dotbot; help@moz.com)"
46.101.1.225 - - [02/Sep/2026:13:48:04 -0700] "GET /s/7373e2030323e2133323e2337313/_/;/META-INF/maven/com.atlassian.jira/jira-webapp-dist/pom.properties HTTP/1.1" 404 101319 "-" "Mozilla/5.0 (l9scan/2.0.7373e2030323e2133323e2337313; +https://leakix.net)"
216.244.66.236 - - [02/Sep/2026:13:48:05 -0700] "GET /athlete_form.cfm?CFID=1657050&CFTOKEN=5bf155b653a37e6c-EF00C2C2-EF8C-1621-6AE9B33B71041249 HTTP/1.1" 301 - "-" "Mozilla/5.0 (compatible; DotBot/1.2; +https://opensiteexplorer.org/dotbot; help@moz.com)"
216.244.66.236 - - [02/Sep/2026:13:48:05 -0700] "GET /athlete_form.cfm?CFID=1657830&CFTOKEN=d901c4b66ca40200-F039D3C3-EF8C-1621-6AE94CF432387B48 HTTP/1.1" 301 - "-" "Mozilla/5.0 (compatible; DotBot/1.2; +https://opensiteexplorer.org/dotbot; help@moz.com)"
216.244.66.236 - - [02/Sep/2026:13:48:06 -0700] "GET /athlete_form.cfm?CFID=1662929&CFTOKEN=4c852fc47b87427a-F4F14FA7-EF8C-1621-6AE5DDAF9DC6BBDB HTTP/1.1" 301 - "-" "Mozilla/5.0 (compatible; DotBot/1.2; +https://opensiteexplorer.org/dotbot; help@moz.com)"
46.101.1.225 - - [02/Sep/2026:13:48:06 -0700] "GET /config.json HTTP/1.1" 404 100543 "-" "Mozilla/5.0 (l9scan/2.0.7373e2030323e2133323e2337313; +https://leakix.net)"
216.244.66.236 - - [02/Sep/2026:13:48:08 -0700] "GET /athlete_form.cfm?CFID=1663961&CFTOKEN=fb5b91f230510268-F533B929-EF8C-1621-6AE2EA88091398E9 HTTP/1.1" 301 - "-" "Mozilla/5.0 (compatible; DotBot/1.2; +https://opensiteexplorer.org/dotbot; help@moz.com)"
46.101.1.225 - - [02/Sep/2026:13:48:08 -0700] "GET /telescope/requests HTTP/1.1" 404 100607 "-" "Mozilla/5.0 (l9scan/2.0.7373e2030323e2133323e2337313; +https://leakix.net)"
62.60.130.198 - - [02/Sep/2026:13:48:09 -0700] "GET /wp-includes/block-bindings.php HTTP/1.1" 200 - "binance.com" "Mozilla/5.0 (Windows NT 10.0; Win64; x64) AppleWebKit/537.36 (KHTML, like Gecko) Chrome/90.0.4430.85 Safari/537.36"
216.244.66.236 - - [02/Sep/2026:13:48:10 -0700] "GET /athlete_form.cfm?CFID=1663976&CFTOKEN=1331a15ab9b4190f-F534BB61-EF8C-1621-6AE1503E67171D9F HTTP/1.1" 301 - "-" "Mozilla/5.0 (compatible; DotBot/1.2; +https://opensiteexplorer.org/dotbot; help@moz.com)"
46.101.1.225 - - [02/Sep/2026:13:48:10 -0700] "GET /info.php HTTP/1.1" 404 100519 "-" "Mozilla/5.0 (l9scan/2.0.7373e2030323e2133323e2337313; +https://leakix.net)"
216.244.66.236 - - [02/Sep/2026:13:48:11 -0700] "GET /athlete_form.cfm?CFID=1664846&CFTOKEN=42bf011d961fffa1-F67C3D3D-EF8C-1621-6AE1CB874FFD407E HTTP/1.1" 301 - "-" "Mozilla/5.0 (compatible; DotBot/1.2; +https://opensiteexplorer.org/dotbot; help@moz.com)"
216.244.66.236 - - [02/Sep/2026:13:48:12 -0700] "GET /athlete_form.cfm?CFID=1665195&CFTOKEN=840145a563da2281-F691EE1C-EF8C-1621-6AEA2228F1CB484A HTTP/1.1" 301 - "-" "Mozilla/5.0 (compatible; DotBot/1.2; +https://opensiteexplorer.org/dotbot; help@moz.com)"
46.101.1.225 - - [02/Sep/2026:13:48:12 -0700] "GET /.well-known/security.txt HTTP/1.1" 404 100655 "-" "Mozilla/5.0 (l9scan/2.0.7373e2030323e2133323e2337313; +https://leakix.net)"
216.244.66.236 - - [02/Sep/2026:13:48:13 -0700] "GET /athlete_form.cfm?CFID=1666322&CFTOKEN=638f1a60c412b56a-F7F4FD98-EF8C-1621-6AE3C7D690F8FD62 HTTP/1.1" 301 - "-" "Mozilla/5.0 (compatible; DotBot/1.2; +https://opensiteexplorer.org/dotbot; help@moz.com)"
216.244.66.236 - - [02/Sep/2026:13:48:14 -0700] "GET /athlete_form.cfm?CFID=1666683&CFTOKEN=689075f3088b5b9c-F80C22C8-EF8C-1621-6AE440A70B883D93 HTTP/1.1" 301 - "-" "Mozilla/5.0 (compatible; DotBot/1.2; +https://opensiteexplorer.org/dotbot; help@moz.com)"
46.101.1.225 - - [02/Sep/2026:13:48:14 -0700] "GET /actuator/env HTTP/1.1" 404 100559 "-" "Mozilla/5.0 (l9scan/2.0.7373e2030323e2133323e2337313; +https://leakix.net)"
216.244.66.236 - - [02/Sep/2026:13:48:15 -0700] "GET /athlete_form.cfm?CFID=1668223&CFTOKEN=6555c537af1af3e7-F9708A75-EF8C-1621-6AE66B5C7C96733A HTTP/1.1" 301 - "-" "Mozilla/5.0 (compatible; DotBot/1.2; +https://opensiteexplorer.org/dotbot; help@moz.com)"
216.244.66.236 - - [02/Sep/2026:13:48:15 -0700] "GET /athlete_form.cfm?CFID=1669611&CFTOKEN=243ca88a7c54b915-FAEA99C0-EF8C-1621-6AE3D760E2EB4C8B HTTP/1.1" 301 - "-" "Mozilla/5.0 (compatible; DotBot/1.2; +https://opensiteexplorer.org/dotbot; help@moz.com)"
216.244.66.236 - - [02/Sep/2026:13:48:16 -0700] "GET /athlete_form.cfm?CFID=1673245&CFTOKEN=b19e363979754f4b-FF72C446-EF8C-1621-6AEB2AE2F413F299 HTTP/1.1" 301 - "-" "Mozilla/5.0 (compatible; DotBot/1.2; +https://opensiteexplorer.org/dotbot; help@moz.com)"
46.101.1.225 - - [02/Sep/2026:13:48:16 -0700] "GET /trace.axd HTTP/1.1" 404 100527 "-" "Mozilla/5.0 (l9scan/2.0.7373e2030323e2133323e2337313; +https://leakix.net)"
216.244.66.236 - - [02/Sep/2026:13:48:17 -0700] "GET /athlete_form.cfm?CFID=1675365&CFTOKEN=eedfcfcc29345009-00EDCC92-EF8C-1621-6AE3BABB3B469355 HTTP/1.1" 301 - "-" "Mozilla/5.0 (compatible; DotBot/1.2; +https://opensiteexplorer.org/dotbot; help@moz.com)"
216.244.66.236 - - [02/Sep/2026:13:48:17 -0700] "GET /athlete_form.cfm?CFID=1675385&CFTOKEN=fad8f156407508ba-00EEFF96-EF8C-1621-6AE446EA528954FB HTTP/1.1" 301 - "-" "Mozilla/5.0 (compatible; DotBot/1.2; +https://opensiteexplorer.org/dotbot; help@moz.com)"
216.244.66.236 - - [02/Sep/2026:13:48:18 -0700] "GET /athlete_form.cfm?CFID=1675757&CFTOKEN=8e51bd899a1587fd-0105FE62-EF8C-1621-6AEF1304B824C285 HTTP/1.1" 301 - "-" "Mozilla/5.0 (compatible; DotBot/1.2; +https://opensiteexplorer.org/dotbot; help@moz.com)"
216.244.66.236 - - [02/Sep/2026:13:48:18 -0700] "GET /athlete_form.cfm?CFID=1675963&CFTOKEN=dab7e201cc5e22ce-0112FABD-EF8C-1621-6AE92643B43F569B HTTP/1.1" 301 - "-" "Mozilla/5.0 (compatible; DotBot/1.2; +https://opensiteexplorer.org/dotbot; help@moz.com)"
46.101.1.225 - - [02/Sep/2026:13:48:18 -0700] "GET /@vite/env HTTP/1.1" 404 100535 "-" "Mozilla/5.0 (l9scan/2.0.7373e2030323e2133323e2337313; +https://leakix.net)"
216.244.66.236 - - [02/Sep/2026:13:48:20 -0700] "GET /athlete_form.cfm?CFID=1676394&CFTOKEN=1d171b5b2c40d841-0264ACAA-EF8C-1621-6AE9D27CA7079615 HTTP/1.1" 301 - "-" "Mozilla/5.0 (compatible; DotBot/1.2; +https://opensiteexplorer.org/dotbot; help@moz.com)"
46.101.1.225 - - [02/Sep/2026:13:48:20 -0700] "GET /.vscode/sftp.json HTTP/1.1" 404 100599 "-" "Mozilla/5.0 (l9scan/2.0.7373e2030323e2133323e2337313; +https://leakix.net)"
173.231.200.77 - - [02/Sep/2026:13:48:21 -0700] "POST /wp-cron.php?doing_wp_cron=1788382101.8978559970855712890625 HTTP/1.1" 200 - "-" "WordPress/7.1; https://usaigc.com"
216.244.66.236 - - [02/Sep/2026:13:48:21 -0700] "GET /athlete_form.cfm?CFID=1677626&CFTOKEN=566386a59142f332-03F4895A-EF8C-1621-6AE2BA59CFFD1F69 HTTP/1.1" 301 - "-" "Mozilla/5.0 (compatible; DotBot/1.2; +https://opensiteexplorer.org/dotbot; help@moz.com)"
46.101.1.225 - - [02/Sep/2026:13:48:22 -0700] "OPTIONS / HTTP/1.1" 200 130931 "-" "Mozilla/5.0 (l9scan/2.0.7373e2030323e2133323e2337313; +https://leakix.net)"
216.244.66.236 - - [02/Sep/2026:13:48:23 -0700] "GET /athlete_form.cfm?CFID=1678731&CFTOKEN=cd1d004b8bff0f27-05882886-EF8C-1621-6AE51B2D2485DB77 HTTP/1.1" 301 - "-" "Mozilla/5.0 (compatible; DotBot/1.2; +https://opensiteexplorer.org/dotbot; help@moz.com)"
216.244.66.236 - - [02/Sep/2026:13:48:24 -0700] "GET /athlete_form.cfm?CFID=1680243&CFTOKEN=1e1dfa3ff38f6cf9-06F160DE-EF8C-1621-6AE555F1C5401ABF HTTP/1.1" 301 - "-" "Mozilla/5.0 (compatible; DotBot/1.2; +https://opensiteexplorer.org/dotbot; help@moz.com)"
46.101.1.225 - - [02/Sep/2026:13:48:25 -0700] "POST /?rest_route=/batch/v1 HTTP/1.1" 207 628 "-" "Mozilla/5.0 (l9scan/2.0.7373e2030323e2133323e2337313; +https://leakix.net)"
62.60.130.198 - - [02/Sep/2026:13:48:25 -0700] "GET /wp-includes/block-editor.php HTTP/1.1" 200 - "binance.com" "Mozilla/5.0 (Windows NT 10.0; Win64; x64) AppleWebKit/537.36 (KHTML, like Gecko) Chrome/90.0.4430.85 Safari/537.36"
216.244.66.236 - - [02/Sep/2026:13:48:25 -0700] "GET /athlete_form.cfm?CFID=1682986&CFTOKEN=82abc4db08b61ccc-0A1752E2-EF8C-1621-6AE5BD1E2AF56CF2 HTTP/1.1" 301 - "-" "Mozilla/5.0 (compatible; DotBot/1.2; +https://opensiteexplorer.org/dotbot; help@moz.com)"
216.244.66.236 - - [02/Sep/2026:13:48:26 -0700] "GET /athlete_form.cfm?CFID=1684023&CFTOKEN=37ebf17f6d0f9dcd-0B6B1806-EF8C-1621-6AE7D9160CE8845A HTTP/1.1" 301 - "-" "Mozilla/5.0 (compatible; DotBot/1.2; +https://opensiteexplorer.org/dotbot; help@moz.com)"
46.101.1.225 - - [02/Sep/2026:13:48:26 -0700] "POST /?rest_route=/batch/v1 HTTP/1.1" 207 628 "-" "Mozilla/5.0 (l9scan/2.0.7373e2030323e2133323e2337313; +https://leakix.net)"
216.244.66.236 - - [02/Sep/2026:13:48:27 -0700] "GET /athlete_form.cfm?CFID=1684575&CFTOKEN=9a1117efb32cfdba-0B8F73C5-EF8C-1621-6AE4585D9B48E4D3 HTTP/1.1" 301 - "-" "Mozilla/5.0 (compatible; DotBot/1.2; +https://opensiteexplorer.org/dotbot; help@moz.com)"
46.101.1.225 - - [02/Sep/2026:13:48:27 -0700] "POST /wp-json/batch/v1 HTTP/1.1" 207 628 "-" "Mozilla/5.0 (l9scan/2.0.7373e2030323e2133323e2337313; +https://leakix.net)"
216.244.66.236 - - [02/Sep/2026:13:48:28 -0700] "GET /athlete_form.cfm?CFID=1684975&CFTOKEN=47b6751136a9e120-0BABF09D-EF8C-1621-6AEEA8A4C0540ECD HTTP/1.1" 301 - "-" "Mozilla/5.0 (compatible; DotBot/1.2; +https://opensiteexplorer.org/dotbot; help@moz.com)"
216.244.66.236 - - [02/Sep/2026:13:48:28 -0700] "GET /athlete_form.cfm?CFID=1685090&CFTOKEN=246e64d369979983-0BB3D907-EF8C-1621-6AEA05BB723A9EA7 HTTP/1.1" 301 - "-" "Mozilla/5.0 (compatible; DotBot/1.2; +https://opensiteexplorer.org/dotbot; help@moz.com)"
46.101.1.225 - - [02/Sep/2026:13:48:29 -0700] "POST /wp-json/batch/v1 HTTP/1.1" 207 628 "-" "Mozilla/5.0 (l9scan/2.0.7373e2030323e2133323e2337313; +https://leakix.net)"
216.244.66.236 - - [02/Sep/2026:13:48:29 -0700] "GET /athlete_form.cfm?CFID=1685127&CFTOKEN=854e31c1548a8887-0BB6E013-EF8C-1621-6AE0D4524C42C344 HTTP/1.1" 301 - "-" "Mozilla/5.0 (compatible; DotBot/1.2; +https://opensiteexplorer.org/dotbot; help@moz.com)"
216.244.66.236 - - [02/Sep/2026:13:48:29 -0700] "GET /athlete_form.cfm?CFID=1685178&CFTOKEN=fb16fb5364620fa2-0BBA990F-EF8C-1621-6AE62A0797C1E840 HTTP/1.1" 301 - "-" "Mozilla/5.0 (compatible; DotBot/1.2; +https://opensiteexplorer.org/dotbot; help@moz.com)"
216.244.66.236 - - [02/Sep/2026:13:48:30 -0700] "GET /athlete_form.cfm?CFID=1685318&CFTOKEN=9dbec57063a1c843-0BC634FC-EF8C-1621-6AE2BF07C0A9F2AC HTTP/1.1" 301 - "-" "Mozilla/5.0 (compatible; DotBot/1.2; +https://opensiteexplorer.org/dotbot; help@moz.com)"
46.101.1.225 - - [02/Sep/2026:13:48:30 -0700] "GET /?rest_route=/wp/v2/users/ HTTP/1.1" 200 903 "-" "Mozilla/5.0 (l9scan/2.0.7373e2030323e2133323e2337313; +https://leakix.net)"
216.244.66.236 - - [02/Sep/2026:13:48:32 -0700] "GET /athlete_form.cfm?CFID=1686298&CFTOKEN=b38f4257f80857c3-0D1C1659-EF8C-1621-6AEE15B989D81A49 HTTP/1.1" 301 - "-" "Mozilla/5.0 (compatible; DotBot/1.2; +https://opensiteexplorer.org/dotbot; help@moz.com)"
46.101.1.225 - - [02/Sep/2026:13:48:32 -0700] "GET /debug/default/view?panel=config HTTP/1.1" 404 100615 "-" "Mozilla/5.0 (l9scan/2.0.7373e2030323e2133323e2337313; +https://leakix.net)"
216.244.66.236 - - [02/Sep/2026:13:48:34 -0700] "GET /athlete_form.cfm?CFID=1686304&CFTOKEN=47963321bd68795f-0D1CD176-EF8C-1621-6AE4DEAD054C5813 HTTP/1.1" 301 - "-" "Mozilla/5.0 (compatible; DotBot/1.2; +https://opensiteexplorer.org/dotbot; help@moz.com)"
62.60.130.198 - - [02/Sep/2026:13:48:35 -0700] "GET /wp-includes/block-template-utils.php HTTP/1.1" 200 - "binance.com" "Mozilla/5.0 (Windows NT 10.0; Win64; x64) AppleWebKit/537.36 (KHTML, like Gecko) Chrome/90.0.4430.85 Safari/537.36"
216.244.66.236 - - [02/Sep/2026:13:48:35 -0700] "GET /athlete_form.cfm?CFID=1686316&CFTOKEN=14c2898d5e9ed550-0D1D9E70-EF8C-1621-6AEDB98C269EB494 HTTP/1.1" 301 - "-" "Mozilla/5.0 (compatible; DotBot/1.2; +https://opensiteexplorer.org/dotbot; help@moz.com)"
216.244.66.236 - - [02/Sep/2026:13:48:37 -0700] "GET /athlete_form.cfm?CFID=1686330&CFTOKEN=3be4e7982cd510bc-0D1E8174-EF8C-1621-6AEC2E18E78E83F5 HTTP/1.1" 301 - "-" "Mozilla/5.0 (compatible; DotBot/1.2; +https://opensiteexplorer.org/dotbot; help@moz.com)"
216.244.66.236 - - [02/Sep/2026:13:48:38 -0700] "GET /athlete_form.cfm?CFID=1686363&CFTOKEN=94c37073e7afaa8c-0D21130C-EF8C-1621-6AEC6685357E2D6D HTTP/1.1" 301 - "-" "Mozilla/5.0 (compatible; DotBot/1.2; +https://opensiteexplorer.org/dotbot; help@moz.com)"
216.244.66.236 - - [02/Sep/2026:13:48:40 -0700] "GET /athlete_form.cfm?CFID=1686423&CFTOKEN=278788d3aaa81512-0D252A05-EF8C-1621-6AEBE6CAB4DDDEA4 HTTP/1.1" 301 - "-" "Mozilla/5.0 (compatible; DotBot/1.2; +https://opensiteexplorer.org/dotbot; help@moz.com)"
216.244.66.236 - - [02/Sep/2026:13:48:41 -0700] "GET /athlete_form.cfm?CFID=1686471&CFTOKEN=510cfd9b6afa780a-0D286A18-EF8C-1621-6AE2429012A9E036 HTTP/1.1" 301 - "-" "Mozilla/5.0 (compatible; DotBot/1.2; +https://opensiteexplorer.org/dotbot; help@moz.com)"
216.244.66.236 - - [02/Sep/2026:13:48:42 -0700] "GET /athlete_form.cfm?CFID=1686974&CFTOKEN=b94e1de240200e42-0EA16730-EF8C-1621-6AE5786AC357A82D HTTP/1.1" 301 - "-" "Mozilla/5.0 (compatible; DotBot/1.2; +https://opensiteexplorer.org/dotbot; help@moz.com)"
