98.84.60.17 - - [02/Sep/2026:08:57:12 -0700] "GET /wp-content/plugins/elementor-pro/modules/woocommerce/assets/?C=M;O%3DD HTTP/1.1" 200 761 "-" "Mozilla/5.0 AppleWebKit/537.36 (KHTML, like Gecko; compatible; Amazonbot/0.1; +https://developer.amazon.com/support/amazonbot) Chrome/119.0.6045.214 Safari/537.36"
34.234.197.175 - - [02/Sep/2026:08:57:24 -0700] "GET /wp-content/plugins/elementor/modules/nested-elements/base/?C=M;O%3DA HTTP/1.1" 200 947 "-" "Mozilla/5.0 AppleWebKit/537.36 (KHTML, like Gecko; compatible; Amazonbot/0.1; +https://developer.amazon.com/support/amazonbot) Chrome/119.0.6045.214 Safari/537.36"
173.231.200.77 - - [02/Sep/2026:08:57:25 -0700] "POST /wp-cron.php?doing_wp_cron=1788364645.5046439170837402343750 HTTP/1.1" 200 - "-" "WordPress/7.1; https://usaigc.com"
216.244.66.236 - - [02/Sep/2026:08:57:25 -0700] "GET /athlete_form.cfm?CFID=a53c50f5-2de1-467b-9188-64ecd6d3b951&CFTOKEN=0 HTTP/1.1" 301 - "-" "Mozilla/5.0 (compatible; DotBot/1.2; +https://opensiteexplorer.org/dotbot; help@moz.com)"
34.227.156.153 - - [02/Sep/2026:08:57:28 -0700] "GET /wp-content/plugins/elementor/modules/atomic-widgets/prop-types/contracts/?C=M;O%3DA HTTP/1.1" 200 1176 "-" "Mozilla/5.0 AppleWebKit/537.36 (KHTML, like Gecko; compatible; Amazonbot/0.1; +https://developer.amazon.com/support/amazonbot) Chrome/119.0.6045.214 Safari/537.36"
3.90.73.206 - - [02/Sep/2026:08:57:30 -0700] "GET /wp-content/plugins/elementor/modules/atomic-widgets/prop-types/contracts/?C=N;O%3DD HTTP/1.1" 200 1176 "-" "Mozilla/5.0 AppleWebKit/537.36 (KHTML, like Gecko; compatible; Amazonbot/0.1; +https://developer.amazon.com/support/amazonbot) Chrome/119.0.6045.214 Safari/537.36"
216.244.66.236 - - [02/Sep/2026:08:57:53 -0700] "GET /athlete_form.cfm?CFID=a53db445-b9ef-443e-999c-5ad56a606863&CFTOKEN=0 HTTP/1.1" 301 - "-" "Mozilla/5.0 (compatible; DotBot/1.2; +https://opensiteexplorer.org/dotbot; help@moz.com)"
216.244.66.236 - - [02/Sep/2026:08:58:19 -0700] "GET /athlete_form.cfm?CFID=a5479a4d-e5c9-4c05-8acb-3f8ac02009f1&CFTOKEN=0 HTTP/1.1" 301 - "-" "Mozilla/5.0 (compatible; DotBot/1.2; +https://opensiteexplorer.org/dotbot; help@moz.com)"
173.231.200.77 - - [02/Sep/2026:08:58:49 -0700] "POST /wp-cron.php?doing_wp_cron=1788364729.1126210689544677734375 HTTP/1.1" 200 - "-" "WordPress/7.1; https://usaigc.com"
216.244.66.236 - - [02/Sep/2026:08:58:48 -0700] "GET /athlete_form.cfm?CFID=a558bf8a-333b-46a2-80a4-6a16746f0c92&CFTOKEN=0 HTTP/1.1" 301 - "-" "Mozilla/5.0 (compatible; DotBot/1.2; +https://opensiteexplorer.org/dotbot; help@moz.com)"
8.228.89.134 - - [02/Sep/2026:08:59:01 -0700] "GET / HTTP/2.0" 301 - "http://www.usaigc.com.altereddigital.com" "Mozilla/5.0 (compatible; CMS-Checker/1.0; +https://example.com)"
8.228.89.134 - - [02/Sep/2026:08:59:02 -0700] "GET / HTTP/2.0" 200 131156 "https://www.usaigc.com.altereddigital.com/" "Mozilla/5.0 (compatible; CMS-Checker/1.0; +https://example.com)"
216.244.66.236 - - [02/Sep/2026:08:59:12 -0700] "GET /athlete_form.cfm?CFID=a5642240-c47b-45e0-9ada-f3abf71442d7&CFTOKEN=0 HTTP/1.1" 301 - "-" "Mozilla/5.0 (compatible; DotBot/1.2; +https://opensiteexplorer.org/dotbot; help@moz.com)"
173.231.200.77 - - [02/Sep/2026:08:59:36 -0700] "POST /wp-cron.php?doing_wp_cron=1788364776.4223771095275878906250 HTTP/1.1" 200 - "-" "WordPress/7.1; https://usaigc.com"
216.244.66.236 - - [02/Sep/2026:08:59:36 -0700] "GET /athlete_form.cfm?CFID=a5697b13-b16f-4b8a-bb4a-81f890f941c7&CFTOKEN=0 HTTP/1.1" 301 - "-" "Mozilla/5.0 (compatible; DotBot/1.2; +https://opensiteexplorer.org/dotbot; help@moz.com)"
216.244.66.236 - - [02/Sep/2026:08:59:56 -0700] "GET /athlete_form.cfm?CFID=a57a58b3-e9b2-4b03-9d8b-38ed39ee5045&CFTOKEN=0 HTTP/1.1" 301 - "-" "Mozilla/5.0 (compatible; DotBot/1.2; +https://opensiteexplorer.org/dotbot; help@moz.com)"
216.244.66.236 - - [02/Sep/2026:09:00:16 -0700] "GET /athlete_form.cfm?CFID=a593f315-8ec3-4252-8749-3171cc59baf3&CFTOKEN=0 HTTP/1.1" 301 - "-" "Mozilla/5.0 (compatible; DotBot/1.2; +https://opensiteexplorer.org/dotbot; help@moz.com)"
173.231.200.77 - - [02/Sep/2026:09:00:39 -0700] "POST /wp-cron.php?doing_wp_cron=1788364839.4871830940246582031250 HTTP/1.1" 200 - "-" "WordPress/7.1; https://usaigc.com"
216.244.66.236 - - [02/Sep/2026:09:00:39 -0700] "GET /athlete_form.cfm?CFID=a5ab35a1-a2ef-4962-aeb3-4dbfdad11f88&CFTOKEN=0 HTTP/1.1" 301 - "-" "Mozilla/5.0 (compatible; DotBot/1.2; +https://opensiteexplorer.org/dotbot; help@moz.com)"
20.191.45.212 - - [02/Sep/2026:09:00:47 -0700] "GET / HTTP/1.1" 200 131156 "http://usaigc.com" "DuckDuckBot/1.1; (+http://duckduckgo.com/duckduckbot.html)"
20.191.45.212 - - [02/Sep/2026:09:00:48 -0700] "GET /favicon.ico HTTP/1.1" 302 - "-" "DuckDuckBot/1.1; (+http://duckduckgo.com/duckduckbot.html)"
20.191.45.212 - - [02/Sep/2026:09:00:49 -0700] "GET /wp-content/uploads/2023/11/illustration-arrow-right-1.svg HTTP/1.1" 200 334 "https://usaigc.com/favicon.ico" "DuckDuckBot/1.1; (+http://duckduckgo.com/duckduckbot.html)"
216.244.66.236 - - [02/Sep/2026:09:00:56 -0700] "GET /athlete_form.cfm?CFID=a5c628b1-1d62-435f-8d02-72cffddcfe51&CFTOKEN=0 HTTP/1.1" 301 - "-" "Mozilla/5.0 (compatible; DotBot/1.2; +https://opensiteexplorer.org/dotbot; help@moz.com)"
216.244.66.236 - - [02/Sep/2026:09:01:13 -0700] "GET /athlete_form.cfm?CFID=a5da1e03-ffa0-4d8a-a424-900c693478cc&CFTOKEN=0 HTTP/1.1" 301 - "-" "Mozilla/5.0 (compatible; DotBot/1.2; +https://opensiteexplorer.org/dotbot; help@moz.com)"
173.231.200.77 - - [02/Sep/2026:09:01:33 -0700] "POST /wp-cron.php?doing_wp_cron=1788364893.7665860652923583984375 HTTP/1.1" 200 - "-" "WordPress/7.1; https://usaigc.com"
216.244.66.236 - - [02/Sep/2026:09:01:33 -0700] "GET /athlete_form.cfm?CFID=a5e5a0de-7177-4593-b3c1-dd38a1a51da6&CFTOKEN=0 HTTP/1.1" 301 - "-" "Mozilla/5.0 (compatible; DotBot/1.2; +https://opensiteexplorer.org/dotbot; help@moz.com)"
216.244.66.236 - - [02/Sep/2026:09:01:50 -0700] "GET /athlete_form.cfm?CFID=a5f87c03-458f-4aa0-981c-e7734dccc366&CFTOKEN=0 HTTP/1.1" 301 - "-" "Mozilla/5.0 (compatible; DotBot/1.2; +https://opensiteexplorer.org/dotbot; help@moz.com)"
216.244.66.236 - - [02/Sep/2026:09:02:04 -0700] "GET /athlete_form.cfm?CFID=a5ffbc03-059f-4dd3-bc8e-2e3390db208f&CFTOKEN=0 HTTP/1.1" 301 - "-" "Mozilla/5.0 (compatible; DotBot/1.2; +https://opensiteexplorer.org/dotbot; help@moz.com)"
34.90.60.157 - - [02/Sep/2026:09:02:14 -0700] "GET / HTTP/2.0" 301 - "http://usaigc.com.altereddigital.com" "Mozilla/5.0 (compatible; CMS-Checker/1.0; +https://example.com)"
34.90.60.157 - - [02/Sep/2026:09:02:14 -0700] "GET / HTTP/2.0" 200 131156 "http://usaigc.com" "Mozilla/5.0 (compatible; CMS-Checker/1.0; +https://example.com)"
34.90.60.157 - - [02/Sep/2026:09:02:14 -0700] "GET / HTTP/2.0" 200 131156 "https://usaigc.com.altereddigital.com/" "Mozilla/5.0 (compatible; CMS-Checker/1.0; +https://example.com)"
173.231.200.77 - - [02/Sep/2026:09:02:22 -0700] "POST /wp-cron.php?doing_wp_cron=1788364942.5504949092864990234375 HTTP/1.1" 200 - "-" "WordPress/7.1; https://usaigc.com"
216.244.66.236 - - [02/Sep/2026:09:02:22 -0700] "GET /athlete_form.cfm?CFID=a601a892-f54b-45b6-8780-b39c5821039d&CFTOKEN=0 HTTP/1.1" 301 - "-" "Mozilla/5.0 (compatible; DotBot/1.2; +https://opensiteexplorer.org/dotbot; help@moz.com)"
216.244.66.236 - - [02/Sep/2026:09:02:36 -0700] "GET /athlete_form.cfm?CFID=a601b38a-fd95-45a0-b94c-6dfba18d564a&CFTOKEN=0 HTTP/1.1" 301 - "-" "Mozilla/5.0 (compatible; DotBot/1.2; +https://opensiteexplorer.org/dotbot; help@moz.com)"
45.237.246.57 - - [02/Sep/2026:09:02:42 -0700] "GET /store.cfm?store_category=lexyPexy HTTP/1.1" 404 100527 "-" "Mozilla/5.0 (Windows NT 10.0; Win64; x64) AppleWebKit/537.36 (KHTML, like Gecko) Chrome/124.0.6367.155 Safari/537.36"
216.244.66.236 - - [02/Sep/2026:09:02:49 -0700] "GET /athlete_form.cfm?CFID=a619f63d-ad95-48d6-9b91-5a8bc9517c1a&CFTOKEN=0 HTTP/1.1" 301 - "-" "Mozilla/5.0 (compatible; DotBot/1.2; +https://opensiteexplorer.org/dotbot; help@moz.com)"
216.244.66.236 - - [02/Sep/2026:09:02:59 -0700] "GET /athlete_form.cfm?CFID=a6263a44-4d67-4971-9605-7898b53729d8&CFTOKEN=0 HTTP/1.1" 301 - "-" "Mozilla/5.0 (compatible; DotBot/1.2; +https://opensiteexplorer.org/dotbot; help@moz.com)"
216.244.66.236 - - [02/Sep/2026:09:03:11 -0700] "GET /athlete_form.cfm?CFID=a63dc22e-d610-4d2f-a3a8-8ecb46e10de6&CFTOKEN=0 HTTP/1.1" 301 - "-" "Mozilla/5.0 (compatible; DotBot/1.2; +https://opensiteexplorer.org/dotbot; help@moz.com)"
144.121.172.42 - - [02/Sep/2026:09:03:14 -0700] "GET / HTTP/2.0" 200 131156 "https://www.google.com/" "Mozilla/5.0 (Macintosh; Intel Mac OS X 10_15_7) AppleWebKit/537.36 (KHTML, like Gecko) Chrome/152.0.0.0 Safari/537.36"
144.121.172.42 - - [02/Sep/2026:09:03:14 -0700] "GET /wp-content/uploads/hummingbird-assets/6c6cd98a6cb254c81a352bc7957ad68a.css HTTP/2.0" 200 61458 "https://usaigc.com/" "Mozilla/5.0 (Macintosh; Intel Mac OS X 10_15_7) AppleWebKit/537.36 (KHTML, like Gecko) Chrome/152.0.0.0 Safari/537.36"
144.121.172.42 - - [02/Sep/2026:09:03:14 -0700] "GET /wp-content/plugins/instagram-feed/css/sbi-styles.min.css HTTP/2.0" 200 46555 "https://usaigc.com/" "Mozilla/5.0 (Macintosh; Intel Mac OS X 10_15_7) AppleWebKit/537.36 (KHTML, like Gecko) Chrome/152.0.0.0 Safari/537.36"
144.121.172.42 - - [02/Sep/2026:09:03:14 -0700] "GET /wp-content/uploads/hummingbird-assets/b4af289e0ca1ead096a59d802fe8b520.css HTTP/2.0" 200 310020 "https://usaigc.com/" "Mozilla/5.0 (Macintosh; Intel Mac OS X 10_15_7) AppleWebKit/537.36 (KHTML, like Gecko) Chrome/152.0.0.0 Safari/537.36"
144.121.172.42 - - [02/Sep/2026:09:03:14 -0700] "GET /wp-content/uploads/elementor/css/post-11.css HTTP/2.0" 200 54362 "https://usaigc.com/" "Mozilla/5.0 (Macintosh; Intel Mac OS X 10_15_7) AppleWebKit/537.36 (KHTML, like Gecko) Chrome/152.0.0.0 Safari/537.36"
144.121.172.42 - - [02/Sep/2026:09:03:14 -0700] "GET /wp-content/uploads/hummingbird-assets/49cdf6bbd09e930c7fbd2377304dfc4e.css HTTP/2.0" 200 259089 "https://usaigc.com/" "Mozilla/5.0 (Macintosh; Intel Mac OS X 10_15_7) AppleWebKit/537.36 (KHTML, like Gecko) Chrome/152.0.0.0 Safari/537.36"
144.121.172.42 - - [02/Sep/2026:09:03:14 -0700] "GET /wp-content/uploads/hummingbird-assets/3bc16ab83db33802d31670bbb5e751f7.css HTTP/2.0" 200 2956 "https://usaigc.com/" "Mozilla/5.0 (Macintosh; Intel Mac OS X 10_15_7) AppleWebKit/537.36 (KHTML, like Gecko) Chrome/152.0.0.0 Safari/537.36"
144.121.172.42 - - [02/Sep/2026:09:03:14 -0700] "GET /wp-content/uploads/hummingbird-assets/f2015d7b263362243841ecbb23ab63b8.css HTTP/2.0" 200 37219 "https://usaigc.com/" "Mozilla/5.0 (Macintosh; Intel Mac OS X 10_15_7) AppleWebKit/537.36 (KHTML, like Gecko) Chrome/152.0.0.0 Safari/537.36"
144.121.172.42 - - [02/Sep/2026:09:03:14 -0700] "GET /wp-content/uploads/hummingbird-assets/9a31db504563c009a94bb8252fcec2d0.js HTTP/2.0" 200 101173 "https://usaigc.com/" "Mozilla/5.0 (Macintosh; Intel Mac OS X 10_15_7) AppleWebKit/537.36 (KHTML, like Gecko) Chrome/152.0.0.0 Safari/537.36"
144.121.172.42 - - [02/Sep/2026:09:03:14 -0700] "GET /wp-content/plugins/elementor/assets/lib/font-awesome/js/v4-shims.min.js HTTP/2.0" 200 15073 "https://usaigc.com/" "Mozilla/5.0 (Macintosh; Intel Mac OS X 10_15_7) AppleWebKit/537.36 (KHTML, like Gecko) Chrome/152.0.0.0 Safari/537.36"
144.121.172.42 - - [02/Sep/2026:09:03:14 -0700] "GET /wp-content/uploads/2020/12/2-kDVQFeBk7MRU6D1-removebg-preview.png HTTP/2.0" 200 43128 "https://usaigc.com/" "Mozilla/5.0 (Macintosh; Intel Mac OS X 10_15_7) AppleWebKit/537.36 (KHTML, like Gecko) Chrome/152.0.0.0 Safari/537.36"
144.121.172.42 - - [02/Sep/2026:09:03:14 -0700] "GET /wp-content/uploads/2020/12/2024-SAFE-CLUB-1.png HTTP/2.0" 200 90507 "https://usaigc.com/" "Mozilla/5.0 (Macintosh; Intel Mac OS X 10_15_7) AppleWebKit/537.36 (KHTML, like Gecko) Chrome/152.0.0.0 Safari/537.36"
144.121.172.42 - - [02/Sep/2026:09:03:14 -0700] "GET /wp-content/uploads/2023/11/shutterstock_1374593345-1024x512.jpg HTTP/2.0" 200 101497 "https://usaigc.com/" "Mozilla/5.0 (Macintosh; Intel Mac OS X 10_15_7) AppleWebKit/537.36 (KHTML, like Gecko) Chrome/152.0.0.0 Safari/537.36"
144.121.172.42 - - [02/Sep/2026:09:03:14 -0700] "GET /wp-content/uploads/2020/12/iaigc_competition_logo_clear-removebg-preview.png HTTP/2.0" 200 41145 "https://usaigc.com/" "Mozilla/5.0 (Macintosh; Intel Mac OS X 10_15_7) AppleWebKit/537.36 (KHTML, like Gecko) Chrome/152.0.0.0 Safari/537.36"
144.121.172.42 - - [02/Sep/2026:09:03:14 -0700] "GET /wp-content/uploads/hummingbird-assets/3119900ce03b730c311bb1ec88f60bb4.js HTTP/2.0" 200 424288 "https://usaigc.com/" "Mozilla/5.0 (Macintosh; Intel Mac OS X 10_15_7) AppleWebKit/537.36 (KHTML, like Gecko) Chrome/152.0.0.0 Safari/537.36"
144.121.172.42 - - [02/Sep/2026:09:03:14 -0700] "GET /wp-content/plugins/elementor/assets/js/webpack.runtime.min.js HTTP/2.0" 200 5350 "https://usaigc.com/" "Mozilla/5.0 (Macintosh; Intel Mac OS X 10_15_7) AppleWebKit/537.36 (KHTML, like Gecko) Chrome/152.0.0.0 Safari/537.36"
144.121.172.42 - - [02/Sep/2026:09:03:14 -0700] "GET /wp-content/plugins/elementor/assets/js/frontend-modules.min.js HTTP/2.0" 200 59749 "https://usaigc.com/" "Mozilla/5.0 (Macintosh; Intel Mac OS X 10_15_7) AppleWebKit/537.36 (KHTML, like Gecko) Chrome/152.0.0.0 Safari/537.36"
144.121.172.42 - - [02/Sep/2026:09:03:14 -0700] "GET /wp-includes/js/jquery/ui/core.min.js HTTP/2.0" 200 18674 "https://usaigc.com/" "Mozilla/5.0 (Macintosh; Intel Mac OS X 10_15_7) AppleWebKit/537.36 (KHTML, like Gecko) Chrome/152.0.0.0 Safari/537.36"
144.121.172.42 - - [02/Sep/2026:09:03:14 -0700] "GET /wp-content/uploads/hummingbird-assets/643adc03774cdb087b0ad109bcf87eea.css HTTP/2.0" 200 21084 "https://usaigc.com/" "Mozilla/5.0 (Macintosh; Intel Mac OS X 10_15_7) AppleWebKit/537.36 (KHTML, like Gecko) Chrome/152.0.0.0 Safari/537.36"
144.121.172.42 - - [02/Sep/2026:09:03:14 -0700] "GET /wp-content/uploads/hummingbird-assets/67d2ab8eca88207793ca464316f15c10.js HTTP/2.0" 200 79037 "https://usaigc.com/" "Mozilla/5.0 (Macintosh; Intel Mac OS X 10_15_7) AppleWebKit/537.36 (KHTML, like Gecko) Chrome/152.0.0.0 Safari/537.36"
144.121.172.42 - - [02/Sep/2026:09:03:14 -0700] "GET /wp-content/plugins/elementor-pro/assets/js/webpack-pro.runtime.min.js HTTP/2.0" 200 6263 "https://usaigc.com/" "Mozilla/5.0 (Macintosh; Intel Mac OS X 10_15_7) AppleWebKit/537.36 (KHTML, like Gecko) Chrome/152.0.0.0 Safari/537.36"
144.121.172.42 - - [02/Sep/2026:09:03:14 -0700] "GET /wp-content/uploads/hummingbird-assets/2d0fc86d08c0addc7f54a6a33ef11370.js HTTP/2.0" 200 10815 "https://usaigc.com/" "Mozilla/5.0 (Macintosh; Intel Mac OS X 10_15_7) AppleWebKit/537.36 (KHTML, like Gecko) Chrome/152.0.0.0 Safari/537.36"
144.121.172.42 - - [02/Sep/2026:09:03:14 -0700] "GET /wp-content/uploads/hummingbird-assets/4f2f05e2bccbc74bfdc4d4a9af4df128.js HTTP/2.0" 200 84064 "https://usaigc.com/" "Mozilla/5.0 (Macintosh; Intel Mac OS X 10_15_7) AppleWebKit/537.36 (KHTML, like Gecko) Chrome/152.0.0.0 Safari/537.36"
144.121.172.42 - - [02/Sep/2026:09:03:14 -0700] "GET /wp-content/uploads/2020/12/PBSportzsoft-300x169-1-e1701549356217.png HTTP/2.0" 200 18957 "https://usaigc.com/" "Mozilla/5.0 (Macintosh; Intel Mac OS X 10_15_7) AppleWebKit/537.36 (KHTML, like Gecko) Chrome/152.0.0.0 Safari/537.36"
144.121.172.42 - - [02/Sep/2026:09:03:14 -0700] "GET /wp-content/uploads/hummingbird-assets/39c4cfff4ed9636507c780e102533e5b.css HTTP/2.0" 200 247 "https://usaigc.com/" "Mozilla/5.0 (Macintosh; Intel Mac OS X 10_15_7) AppleWebKit/537.36 (KHTML, like Gecko) Chrome/152.0.0.0 Safari/537.36"
144.121.172.42 - - [02/Sep/2026:09:03:14 -0700] "GET /wp-content/uploads/hummingbird-assets/2ab2ba5f7f136571c5f6707948e9760f.css HTTP/2.0" 200 24769 "https://usaigc.com/" "Mozilla/5.0 (Macintosh; Intel Mac OS X 10_15_7) AppleWebKit/537.36 (KHTML, like Gecko) Chrome/152.0.0.0 Safari/537.36"
144.121.172.42 - - [02/Sep/2026:09:03:14 -0700] "GET /wp-content/uploads/2023/12/shutterstock_391011352.jpg HTTP/2.0" 200 796982 "https://usaigc.com/wp-content/uploads/elementor/css/post-11.css" "Mozilla/5.0 (Macintosh; Intel Mac OS X 10_15_7) AppleWebKit/537.36 (KHTML, like Gecko) Chrome/152.0.0.0 Safari/537.36"
144.121.172.42 - - [02/Sep/2026:09:03:14 -0700] "GET /wp-content/uploads/2023/11/illustration-arrow-right-1.svg HTTP/2.0" 200 334 "https://usaigc.com/wp-content/uploads/elementor/css/post-11.css" "Mozilla/5.0 (Macintosh; Intel Mac OS X 10_15_7) AppleWebKit/537.36 (KHTML, like Gecko) Chrome/152.0.0.0 Safari/537.36"
144.121.172.42 - - [02/Sep/2026:09:03:14 -0700] "GET /wp-content/uploads/2023/11/shutterstock_1205204578-scaled.jpg HTTP/2.0" 200 210974 "https://usaigc.com/" "Mozilla/5.0 (Macintosh; Intel Mac OS X 10_15_7) AppleWebKit/537.36 (KHTML, like Gecko) Chrome/152.0.0.0 Safari/537.36"
144.121.172.42 - - [02/Sep/2026:09:03:14 -0700] "GET /wp-content/uploads/2023/11/shutterstock_576622738.jpg HTTP/2.0" 200 2360990 "https://usaigc.com/" "Mozilla/5.0 (Macintosh; Intel Mac OS X 10_15_7) AppleWebKit/537.36 (KHTML, like Gecko) Chrome/152.0.0.0 Safari/537.36"
144.121.172.42 - - [02/Sep/2026:09:03:14 -0700] "GET /wp-content/uploads/2023/11/shutterstock_358163945-scaled.jpg HTTP/2.0" 200 564491 "https://usaigc.com/" "Mozilla/5.0 (Macintosh; Intel Mac OS X 10_15_7) AppleWebKit/537.36 (KHTML, like Gecko) Chrome/152.0.0.0 Safari/537.36"
144.121.172.42 - - [02/Sep/2026:09:03:14 -0700] "GET /wp-content/uploads/2023/11/shutterstock_709217215.jpg HTTP/2.0" 200 3889657 "https://usaigc.com/wp-content/uploads/elementor/css/post-11.css" "Mozilla/5.0 (Macintosh; Intel Mac OS X 10_15_7) AppleWebKit/537.36 (KHTML, like Gecko) Chrome/152.0.0.0 Safari/537.36"
144.121.172.42 - - [02/Sep/2026:09:03:14 -0700] "GET /wp-content/uploads/2023/11/shape-purple.png HTTP/2.0" 200 8036 "https://usaigc.com/wp-content/uploads/elementor/css/post-11.css" "Mozilla/5.0 (Macintosh; Intel Mac OS X 10_15_7) AppleWebKit/537.36 (KHTML, like Gecko) Chrome/152.0.0.0 Safari/537.36"
144.121.172.42 - - [02/Sep/2026:09:03:14 -0700] "GET /wp-content/uploads/2023/12/LiveLeagueLogo-1.png HTTP/2.0" 200 21313 "https://usaigc.com/" "Mozilla/5.0 (Macintosh; Intel Mac OS X 10_15_7) AppleWebKit/537.36 (KHTML, like Gecko) Chrome/152.0.0.0 Safari/537.36"
144.121.172.42 - - [02/Sep/2026:09:03:14 -0700] "GET /wp-content/uploads/2023/11/logo-2a1.png HTTP/2.0" 200 91276 "https://usaigc.com/" "Mozilla/5.0 (Macintosh; Intel Mac OS X 10_15_7) AppleWebKit/537.36 (KHTML, like Gecko) Chrome/152.0.0.0 Safari/537.36"
144.121.172.42 - - [02/Sep/2026:09:03:14 -0700] "GET /wp-content/uploads/2025/05/AthleticsICC.jpg HTTP/2.0" 200 43167 "https://usaigc.com/" "Mozilla/5.0 (Macintosh; Intel Mac OS X 10_15_7) AppleWebKit/537.36 (KHTML, like Gecko) Chrome/152.0.0.0 Safari/537.36"
144.121.172.42 - - [02/Sep/2026:09:03:14 -0700] "GET /wp-content/uploads/2023/11/logo-4.png HTTP/2.0" 200 18860 "https://usaigc.com/" "Mozilla/5.0 (Macintosh; Intel Mac OS X 10_15_7) AppleWebKit/537.36 (KHTML, like Gecko) Chrome/152.0.0.0 Safari/537.36"
144.121.172.42 - - [02/Sep/2026:09:03:14 -0700] "GET /wp-content/uploads/2025/09/news-tesu-logo-e1758903721800.jpg HTTP/2.0" 200 46373 "https://usaigc.com/" "Mozilla/5.0 (Macintosh; Intel Mac OS X 10_15_7) AppleWebKit/537.36 (KHTML, like Gecko) Chrome/152.0.0.0 Safari/537.36"
144.121.172.42 - - [02/Sep/2026:09:03:16 -0700] "GET /wp-content/uploads/elementor/custom-icons/theme-icons/fonts/theme-icons.ttf?yox6f HTTP/2.0" 200 5924 "https://usaigc.com/wp-content/uploads/hummingbird-assets/b4af289e0ca1ead096a59d802fe8b520.css" "Mozilla/5.0 (Macintosh; Intel Mac OS X 10_15_7) AppleWebKit/537.36 (KHTML, like Gecko) Chrome/152.0.0.0 Safari/537.36"
144.121.172.42 - - [02/Sep/2026:09:03:16 -0700] "GET /wp-content/plugins/elementor-pro/assets/js/nav-menu.a23fbd67486c5bedf26c.bundle.min.js HTTP/2.0" 200 5282 "https://usaigc.com/" "Mozilla/5.0 (Macintosh; Intel Mac OS X 10_15_7) AppleWebKit/537.36 (KHTML, like Gecko) Chrome/152.0.0.0 Safari/537.36"
144.121.172.42 - - [02/Sep/2026:09:03:16 -0700] "GET /wp-content/themes/f7/vamtam/assets/js/low-priority.js HTTP/2.0" 200 1263 "https://usaigc.com/" "Mozilla/5.0 (Macintosh; Intel Mac OS X 10_15_7) AppleWebKit/537.36 (KHTML, like Gecko) Chrome/152.0.0.0 Safari/537.36"
144.121.172.42 - - [02/Sep/2026:09:03:16 -0700] "GET /wp-content/plugins/elementor/assets/lib/font-awesome/webfonts/fa-brands-400.woff2 HTTP/2.0" 200 81612 "https://usaigc.com/wp-content/uploads/hummingbird-assets/b4af289e0ca1ead096a59d802fe8b520.css" "Mozilla/5.0 (Macintosh; Intel Mac OS X 10_15_7) AppleWebKit/537.36 (KHTML, like Gecko) Chrome/152.0.0.0 Safari/537.36"
144.121.172.42 - - [02/Sep/2026:09:03:16 -0700] "GET /wp-content/plugins/elementor-pro/assets/js/animated-headline.588a0449647bd4f113f3.bundle.min.js HTTP/2.0" 200 7567 "https://usaigc.com/" "Mozilla/5.0 (Macintosh; Intel Mac OS X 10_15_7) AppleWebKit/537.36 (KHTML, like Gecko) Chrome/152.0.0.0 Safari/537.36"
144.121.172.42 - - [02/Sep/2026:09:03:16 -0700] "GET /wp-content/plugins/elementor/assets/lib/eicons/fonts/eicons.woff2?5.35.0 HTTP/2.0" 200 98056 "https://usaigc.com/wp-content/uploads/hummingbird-assets/b4af289e0ca1ead096a59d802fe8b520.css" "Mozilla/5.0 (Macintosh; Intel Mac OS X 10_15_7) AppleWebKit/537.36 (KHTML, like Gecko) Chrome/152.0.0.0 Safari/537.36"
144.121.172.42 - - [02/Sep/2026:09:03:16 -0700] "GET /wp-content/plugins/elementor-pro/assets/js/lottie.e74a53bfa4c0bd939250.bundle.min.js HTTP/2.0" 200 14409 "https://usaigc.com/" "Mozilla/5.0 (Macintosh; Intel Mac OS X 10_15_7) AppleWebKit/537.36 (KHTML, like Gecko) Chrome/152.0.0.0 Safari/537.36"
144.121.172.42 - - [02/Sep/2026:09:03:16 -0700] "GET /wp-content/plugins/elementor/assets/lib/font-awesome/webfonts/fa-solid-900.woff2 HTTP/2.0" 200 78196 "https://usaigc.com/wp-content/uploads/hummingbird-assets/b4af289e0ca1ead096a59d802fe8b520.css" "Mozilla/5.0 (Macintosh; Intel Mac OS X 10_15_7) AppleWebKit/537.36 (KHTML, like Gecko) Chrome/152.0.0.0 Safari/537.36"
144.121.172.42 - - [02/Sep/2026:09:03:16 -0700] "GET /wp-content/plugins/elementor/assets/lib/font-awesome/webfonts/fa-regular-400.woff2 HTTP/2.0" 200 13276 "https://usaigc.com/wp-content/uploads/hummingbird-assets/b4af289e0ca1ead096a59d802fe8b520.css" "Mozilla/5.0 (Macintosh; Intel Mac OS X 10_15_7) AppleWebKit/537.36 (KHTML, like Gecko) Chrome/152.0.0.0 Safari/537.36"
144.121.172.42 - - [02/Sep/2026:09:03:16 -0700] "GET /wp-content/plugins/elementor/assets/js/text-editor.c084ef86600b6f11690d.bundle.min.js HTTP/2.0" 200 1394 "https://usaigc.com/" "Mozilla/5.0 (Macintosh; Intel Mac OS X 10_15_7) AppleWebKit/537.36 (KHTML, like Gecko) Chrome/152.0.0.0 Safari/537.36"
144.121.172.42 - - [02/Sep/2026:09:03:16 -0700] "GET /wp-content/plugins/elementor-pro/assets/js/media-carousel.afbaabb756a7c18ddb09.bundle.min.js HTTP/2.0" 200 7003 "https://usaigc.com/" "Mozilla/5.0 (Macintosh; Intel Mac OS X 10_15_7) AppleWebKit/537.36 (KHTML, like Gecko) Chrome/152.0.0.0 Safari/537.36"
144.121.172.42 - - [02/Sep/2026:09:03:16 -0700] "GET /wp-content/plugins/elementor/assets/lib/dialog/dialog.min.js?ver=4.9.3 HTTP/2.0" 200 11286 "https://usaigc.com/" "Mozilla/5.0 (Macintosh; Intel Mac OS X 10_15_7) AppleWebKit/537.36 (KHTML, like Gecko) Chrome/152.0.0.0 Safari/537.36"
144.121.172.42 - - [02/Sep/2026:09:03:18 -0700] "GET /wp-content/uploads/2021/03/Arrows-animation.json HTTP/2.0" 200 14916 "https://usaigc.com/" "Mozilla/5.0 (Macintosh; Intel Mac OS X 10_15_7) AppleWebKit/537.36 (KHTML, like Gecko) Chrome/152.0.0.0 Safari/537.36"
216.244.66.236 - - [02/Sep/2026:09:03:20 -0700] "GET /athlete_form.cfm?CFID=a6512b42-f058-4d17-950a-b9906df6e230&CFTOKEN=0 HTTP/1.1" 301 - "-" "Mozilla/5.0 (compatible; DotBot/1.2; +https://opensiteexplorer.org/dotbot; help@moz.com)"
173.231.200.77 - - [02/Sep/2026:09:03:29 -0700] "POST /wp-cron.php?doing_wp_cron=1788365009.5484418869018554687500 HTTP/1.1" 200 - "-" "WordPress/7.1; https://usaigc.com"
216.244.66.236 - - [02/Sep/2026:09:03:29 -0700] "GET /athlete_form.cfm?CFID=a6589d36-eb40-480c-bdc1-b57e0a9773f6&CFTOKEN=0 HTTP/1.1" 301 - "-" "Mozilla/5.0 (compatible; DotBot/1.2; +https://opensiteexplorer.org/dotbot; help@moz.com)"
216.244.66.236 - - [02/Sep/2026:09:03:35 -0700] "GET /athlete_form.cfm?CFID=a65f1e8a-3551-4413-bc42-a998b64c4de8&CFTOKEN=0 HTTP/1.1" 301 - "-" "Mozilla/5.0 (compatible; DotBot/1.2; +https://opensiteexplorer.org/dotbot; help@moz.com)"
216.244.66.236 - - [02/Sep/2026:09:04:08 -0700] "GET /athlete_form.cfm?CFID=a66c8643-1040-425c-8bcb-1df6d4acd86c&CFTOKEN=0 HTTP/1.1" 301 - "-" "Mozilla/5.0 (compatible; DotBot/1.2; +https://opensiteexplorer.org/dotbot; help@moz.com)"
144.121.172.42 - - [02/Sep/2026:09:04:36 -0700] "GET /about/ HTTP/2.0" 200 123653 "https://usaigc.com/" "Mozilla/5.0 (Macintosh; Intel Mac OS X 10_15_7) AppleWebKit/537.36 (KHTML, like Gecko) Chrome/152.0.0.0 Safari/537.36"
144.121.172.42 - - [02/Sep/2026:09:04:36 -0700] "GET /about/ HTTP/2.0" 200 123653 "https://usaigc.com/" "Mozilla/5.0 (Macintosh; Intel Mac OS X 10_15_7) AppleWebKit/537.36 (KHTML, like Gecko) Chrome/152.0.0.0 Safari/537.36"
144.121.172.42 - - [02/Sep/2026:09:04:37 -0700] "GET /wp-content/uploads/hummingbird-assets/2d84d07910b81c767e0c039687ca55b2.css HTTP/2.0" 200 513625 "https://usaigc.com/about/" "Mozilla/5.0 (Macintosh; Intel Mac OS X 10_15_7) AppleWebKit/537.36 (KHTML, like Gecko) Chrome/152.0.0.0 Safari/537.36"
144.121.172.42 - - [02/Sep/2026:09:04:37 -0700] "GET /wp-content/uploads/hummingbird-assets/acad0b82613f33412aee4b23f806a90d.css HTTP/2.0" 200 61458 "https://usaigc.com/about/" "Mozilla/5.0 (Macintosh; Intel Mac OS X 10_15_7) AppleWebKit/537.36 (KHTML, like Gecko) Chrome/152.0.0.0 Safari/537.36"
144.121.172.42 - - [02/Sep/2026:09:04:37 -0700] "GET /wp-content/uploads/hummingbird-assets/2dbc64284f984717a3b9a1cf89800185.css HTTP/2.0" 200 59732 "https://usaigc.com/about/" "Mozilla/5.0 (Macintosh; Intel Mac OS X 10_15_7) AppleWebKit/537.36 (KHTML, like Gecko) Chrome/152.0.0.0 Safari/537.36"
144.121.172.42 - - [02/Sep/2026:09:04:37 -0700] "GET /wp-content/uploads/hummingbird-assets/507807d56b734f9aa4eb9cdeebecdb9f.css HTTP/2.0" 200 18942 "https://usaigc.com/about/" "Mozilla/5.0 (Macintosh; Intel Mac OS X 10_15_7) AppleWebKit/537.36 (KHTML, like Gecko) Chrome/152.0.0.0 Safari/537.36"
144.121.172.42 - - [02/Sep/2026:09:04:37 -0700] "GET /wp-content/uploads/hummingbird-assets/2f84794cba3a036a9fc7b476e118fc2f.js HTTP/2.0" 200 52094 "https://usaigc.com/about/" "Mozilla/5.0 (Macintosh; Intel Mac OS X 10_15_7) AppleWebKit/537.36 (KHTML, like Gecko) Chrome/152.0.0.0 Safari/537.36"
144.121.172.42 - - [02/Sep/2026:09:04:37 -0700] "GET /wp-content/uploads/hummingbird-assets/48f09a15f4bd0d21bcec84af82679a1a.js HTTP/2.0" 200 54915 "https://usaigc.com/about/" "Mozilla/5.0 (Macintosh; Intel Mac OS X 10_15_7) AppleWebKit/537.36 (KHTML, like Gecko) Chrome/152.0.0.0 Safari/537.36"
144.121.172.42 - - [02/Sep/2026:09:04:37 -0700] "GET /wp-content/uploads/2023/12/shutterstock_391011343-scaled.jpg HTTP/2.0" 200 405004 "https://usaigc.com/wp-content/uploads/hummingbird-assets/2d84d07910b81c767e0c039687ca55b2.css" "Mozilla/5.0 (Macintosh; Intel Mac OS X 10_15_7) AppleWebKit/537.36 (KHTML, like Gecko) Chrome/152.0.0.0 Safari/537.36"
144.121.172.42 - - [02/Sep/2026:09:04:38 -0700] "GET /wp-content/plugins/elementor/assets/js/toggle.a6177e2e3c2bc8864bef.bundle.min.js HTTP/2.0" 200 3823 "https://usaigc.com/about/" "Mozilla/5.0 (Macintosh; Intel Mac OS X 10_15_7) AppleWebKit/537.36 (KHTML, like Gecko) Chrome/152.0.0.0 Safari/537.36"
173.231.200.77 - - [02/Sep/2026:09:04:42 -0700] "POST /wp-cron.php?doing_wp_cron=1788365082.7745749950408935546875 HTTP/1.1" 200 - "-" "WordPress/7.1; https://usaigc.com"
66.249.77.194 - - [02/Sep/2026:09:04:42 -0700] "GET /club_login.cfm HTTP/1.1" 301 - "-" "Mozilla/5.0 (compatible; Googlebot/2.1; +http://www.google.com/bot.html)"
66.249.77.194 - - [02/Sep/2026:09:04:42 -0700] "GET /robots.txt HTTP/1.1" 301 - "-" "Mozilla/5.0 (compatible; Googlebot/2.1; +http://www.google.com/bot.html)"
216.244.66.236 - - [02/Sep/2026:09:04:42 -0700] "GET /athlete_form.cfm?CFID=a6716168-4ee5-4c63-817e-ac57fbef3457&CFTOKEN=0 HTTP/1.1" 301 - "-" "Mozilla/5.0 (compatible; DotBot/1.2; +https://opensiteexplorer.org/dotbot; help@moz.com)"
192.178.6.169 - - [02/Sep/2026:09:04:42 -0700] "GET /robots.txt HTTP/1.1" 200 153 "-" "Mozilla/5.0 (compatible; Googlebot/2.1; +http://www.google.com/bot.html)"
66.249.77.196 - - [02/Sep/2026:09:04:43 -0700] "GET /club_login.cfm HTTP/1.1" 301 - "-" "Mozilla/5.0 (Linux; Android 6.0.1; Nexus 5X Build/MMB29P) AppleWebKit/537.36 (KHTML, like Gecko) Chrome/99.0.4844.84 Mobile Safari/537.36 (compatible; Googlebot/2.1; +http://www.google.com/bot.html)"
192.178.6.168 - - [02/Sep/2026:09:04:43 -0700] "GET /club_login.cfm HTTP/1.1" 404 100567 "-" "Mozilla/5.0 (compatible; Googlebot/2.1; +http://www.google.com/bot.html)"
192.178.6.168 - - [02/Sep/2026:09:04:44 -0700] "GET /club_login.cfm HTTP/1.1" 404 100567 "-" "Mozilla/5.0 (Linux; Android 6.0.1; Nexus 5X Build/MMB29P) AppleWebKit/537.36 (KHTML, like Gecko) Chrome/99.0.4844.84 Mobile Safari/537.36 (compatible; Googlebot/2.1; +http://www.google.com/bot.html)"
192.178.6.168 - - [02/Sep/2026:09:04:45 -0700] "GET /wp-content/uploads/hummingbird-assets/507807d56b734f9aa4eb9cdeebecdb9f.css HTTP/1.1" 200 18942 "https://usaigc.com/club_login.cfm" "Mozilla/5.0 (Linux; Android 6.0.1; Nexus 5X Build/MMB29P) AppleWebKit/537.36 (KHTML, like Gecko) Chrome/151.0.7922.173 Mobile Safari/537.36 (compatible; Googlebot/2.1; +http://www.google.com/bot.html)"
192.178.6.169 - - [02/Sep/2026:09:04:47 -0700] "GET /wp-content/plugins/elementor/assets/js/counter.12335f45aaa79d244f24.bundle.min.js HTTP/1.1" 200 946 "https://usaigc.com/club_login.cfm" "Mozilla/5.0 (Linux; Android 6.0.1; Nexus 5X Build/MMB29P) AppleWebKit/537.36 (KHTML, like Gecko) Chrome/151.0.7922.173 Mobile Safari/537.36 (compatible; Googlebot/2.1; +http://www.google.com/bot.html)"
192.178.6.169 - - [02/Sep/2026:09:04:48 -0700] "GET /wp-content/uploads/hummingbird-assets/3bc16ab83db33802d31670bbb5e751f7.css HTTP/1.1" 200 2956 "https://usaigc.com/club_login.cfm" "Mozilla/5.0 AppleWebKit/537.36 (KHTML, like Gecko; compatible; Googlebot/2.1; +http://www.google.com/bot.html) Chrome/151.0.7922.173 Safari/537.36"
17.166.20.185 - - [02/Sep/2026:09:04:53 -0700] "GET /competition_scores.cfm?id=2146 HTTP/2.0" 301 - "-" "Mozilla/5.0 (Macintosh; Intel Mac OS X 10_15_7) AppleWebKit/605.1.15 (KHTML, like Gecko) Version/17.4 Safari/605.1.15 (Applebot/0.1; +http://www.apple.com/go/applebot)"
91.215.85.88 - - [02/Sep/2026:09:07:44 -0700] "GET / HTTP/1.1" 200 131156 "http://usaigc.com/" "Mozilla/5.0 (Windows NT 10.0; Win64; x64; rv:147.0) Gecko/20100101 Firefox/147.0"
91.215.85.88 - - [02/Sep/2026:09:07:50 -0700] "GET /wp-includes/ HTTP/1.1" 200 55623 "https://usaigc.com/wp-includes/" "Mozilla/5.0 (Windows NT 10.0; Win64; x64; rv:147.0) Gecko/20100101 Firefox/147.0"
91.215.85.88 - - [02/Sep/2026:09:07:55 -0700] "GET /wp-includes/ai-client.php HTTP/1.1" 200 - "https://usaigc.com/wp-includes/ai-client.php" "Mozilla/5.0 (Windows NT 10.0; Win64; x64; rv:147.0) Gecko/20100101 Firefox/147.0"
91.215.85.88 - - [02/Sep/2026:09:08:02 -0700] "GET /wp-includes/class-wp-connector-registry.php HTTP/1.1" 200 - "https://usaigc.com/wp-includes/class-wp-connector-registry.php" "Mozilla/5.0 (Windows NT 10.0; Win64; x64; rv:147.0) Gecko/20100101 Firefox/147.0"
91.215.85.88 - - [02/Sep/2026:09:08:09 -0700] "GET /wp-includes/class-wp-filter-sentinel.php HTTP/1.1" 200 - "https://usaigc.com/wp-includes/class-wp-filter-sentinel.php" "Mozilla/5.0 (Windows NT 10.0; Win64; x64; rv:147.0) Gecko/20100101 Firefox/147.0"
91.215.85.88 - - [02/Sep/2026:09:08:16 -0700] "GET /wp-includes/class-wp-icon-collections-registry.php HTTP/1.1" 200 - "https://usaigc.com/wp-includes/class-wp-icon-collections-registry.php" "Mozilla/5.0 (Windows NT 10.0; Win64; x64; rv:147.0) Gecko/20100101 Firefox/147.0"
91.215.85.88 - - [02/Sep/2026:09:08:23 -0700] "GET /wp-includes/class-wp-icons-registry.php HTTP/1.1" 200 - "https://usaigc.com/wp-includes/class-wp-icons-registry.php" "Mozilla/5.0 (Windows NT 10.0; Win64; x64; rv:147.0) Gecko/20100101 Firefox/147.0"
91.215.85.88 - - [02/Sep/2026:09:08:30 -0700] "GET /wp-includes/class-wp-view-config-data.php HTTP/1.1" 200 - "https://usaigc.com/wp-includes/class-wp-view-config-data.php" "Mozilla/5.0 (Windows NT 10.0; Win64; x64; rv:147.0) Gecko/20100101 Firefox/147.0"
173.231.200.77 - - [02/Sep/2026:09:08:31 -0700] "POST /wp-cron.php?doing_wp_cron=1788365311.9098079204559326171875 HTTP/1.1" 200 - "-" "WordPress/7.1; https://usaigc.com"
136.144.43.133 - - [02/Sep/2026:09:08:31 -0700] "POST /wp-login.php HTTP/1.1" 200 7596 "-" "Mozilla/5.0"
91.215.85.88 - - [02/Sep/2026:09:08:37 -0700] "GET /wp-includes/connectors.php HTTP/1.1" 500 - "https://usaigc.com/wp-includes/connectors.php" "Mozilla/5.0 (Windows NT 10.0; Win64; x64; rv:147.0) Gecko/20100101 Firefox/147.0"
91.215.85.88 - - [02/Sep/2026:09:08:44 -0700] "GET /wp-includes/icons.php HTTP/1.1" 200 - "https://usaigc.com/wp-includes/icons.php" "Mozilla/5.0 (Windows NT 10.0; Win64; x64; rv:147.0) Gecko/20100101 Firefox/147.0"
91.215.85.88 - - [02/Sep/2026:09:08:51 -0700] "GET /wp-includes/json-schema.php HTTP/1.1" 200 - "https://usaigc.com/wp-includes/json-schema.php" "Mozilla/5.0 (Windows NT 10.0; Win64; x64; rv:147.0) Gecko/20100101 Firefox/147.0"
91.215.85.88 - - [02/Sep/2026:09:08:58 -0700] "GET /wp-includes/view-config.php HTTP/1.1" 200 - "https://usaigc.com/wp-includes/view-config.php" "Mozilla/5.0 (Windows NT 10.0; Win64; x64; rv:147.0) Gecko/20100101 Firefox/147.0"
91.215.85.88 - - [02/Sep/2026:09:09:05 -0700] "GET /wp-includes/view-transitions.php HTTP/1.1" 200 - "https://usaigc.com/wp-includes/view-transitions.php" "Mozilla/5.0 (Windows NT 10.0; Win64; x64; rv:147.0) Gecko/20100101 Firefox/147.0"
87.58.197.202 - - [02/Sep/2026:09:09:09 -0700] "GET / HTTP/2.0" 200 131203 "-" "Mozilla/5.0 (Macintosh; Intel Mac OS X 10_15_7) AppleWebKit/537.36 (KHTML, like Gecko) Chrome/124.0.0.0 Safari/537.36"
91.215.85.88 - - [02/Sep/2026:09:09:13 -0700] "GET /wp-includes/ID3/ HTTP/1.1" 200 4042 "https://usaigc.com/wp-includes/ID3/" "Mozilla/5.0 (Windows NT 10.0; Win64; x64; rv:147.0) Gecko/20100101 Firefox/147.0"
91.215.85.88 - - [02/Sep/2026:09:09:20 -0700] "GET /wp-includes/IXR/ HTTP/1.1" 200 2538 "https://usaigc.com/wp-includes/IXR/" "Mozilla/5.0 (Windows NT 10.0; Win64; x64; rv:147.0) Gecko/20100101 Firefox/147.0"
91.215.85.88 - - [02/Sep/2026:09:09:27 -0700] "GET /wp-includes/PHPMailer/ HTTP/1.1" 200 1912 "https://usaigc.com/wp-includes/PHPMailer/" "Mozilla/5.0 (Windows NT 10.0; Win64; x64; rv:147.0) Gecko/20100101 Firefox/147.0"
91.215.85.88 - - [02/Sep/2026:09:09:34 -0700] "GET /wp-includes/Requests/ HTTP/1.1" 200 990 "https://usaigc.com/wp-includes/Requests/" "Mozilla/5.0 (Windows NT 10.0; Win64; x64; rv:147.0) Gecko/20100101 Firefox/147.0"
91.215.85.88 - - [02/Sep/2026:09:09:41 -0700] "GET /wp-includes/SimplePie/ HTTP/1.1" 200 1174 "https://usaigc.com/wp-includes/SimplePie/" "Mozilla/5.0 (Windows NT 10.0; Win64; x64; rv:147.0) Gecko/20100101 Firefox/147.0"
91.215.85.88 - - [02/Sep/2026:09:09:48 -0700] "GET /wp-includes/Text/ HTTP/1.1" 200 1340 "https://usaigc.com/wp-includes/Text/" "Mozilla/5.0 (Windows NT 10.0; Win64; x64; rv:147.0) Gecko/20100101 Firefox/147.0"
91.215.85.88 - - [02/Sep/2026:09:09:55 -0700] "GET /wp-includes/abilities-api/ HTTP/1.1" 200 1453 "https://usaigc.com/wp-includes/abilities-api/" "Mozilla/5.0 (Windows NT 10.0; Win64; x64; rv:147.0) Gecko/20100101 Firefox/147.0"
91.215.85.88 - - [02/Sep/2026:09:10:02 -0700] "GET /wp-includes/ai-client/ HTTP/1.1" 200 1248 "https://usaigc.com/wp-includes/ai-client/" "Mozilla/5.0 (Windows NT 10.0; Win64; x64; rv:147.0) Gecko/20100101 Firefox/147.0"
91.215.85.88 - - [02/Sep/2026:09:10:07 -0700] "GET /wp-includes/ai-client/class-wp-ai-client-ability-function-resolver.php HTTP/1.1" 200 - "https://usaigc.com/wp-includes/ai-client/class-wp-ai-client-ability-function-resolver.php" "Mozilla/5.0 (Windows NT 10.0; Win64; x64; rv:147.0) Gecko/20100101 Firefox/147.0"
91.215.85.88 - - [02/Sep/2026:09:10:14 -0700] "GET /wp-includes/ai-client/class-wp-ai-client-prompt-builder.php HTTP/1.1" 200 - "https://usaigc.com/wp-includes/ai-client/class-wp-ai-client-prompt-builder.php" "Mozilla/5.0 (Windows NT 10.0; Win64; x64; rv:147.0) Gecko/20100101 Firefox/147.0"
91.215.85.88 - - [02/Sep/2026:09:10:22 -0700] "GET /wp-includes/assets/ HTTP/1.1" 200 1229 "https://usaigc.com/wp-includes/assets/" "Mozilla/5.0 (Windows NT 10.0; Win64; x64; rv:147.0) Gecko/20100101 Firefox/147.0"
91.215.85.88 - - [02/Sep/2026:09:10:27 -0700] "GET /wp-includes/assets/icon-library-manifest.php HTTP/1.1" 200 18 "https://usaigc.com/wp-includes/assets/icon-library-manifest.php" "Mozilla/5.0 (Windows NT 10.0; Win64; x64; rv:147.0) Gecko/20100101 Firefox/147.0"
91.215.85.88 - - [02/Sep/2026:09:10:36 -0700] "GET /wp-includes/block-bindings/ HTTP/1.1" 200 1386 "https://usaigc.com/wp-includes/block-bindings/" "Mozilla/5.0 (Windows NT 10.0; Win64; x64; rv:147.0) Gecko/20100101 Firefox/147.0"
91.215.85.88 - - [02/Sep/2026:09:10:43 -0700] "GET /wp-includes/block-patterns/ HTTP/1.1" 200 3026 "https://usaigc.com/wp-includes/block-patterns/" "Mozilla/5.0 (Windows NT 10.0; Win64; x64; rv:147.0) Gecko/20100101 Firefox/147.0"
91.215.85.88 - - [02/Sep/2026:09:10:48 -0700] "GET /wp-includes/block-patterns/navigation-overlay-accent-bg.php HTTP/1.1" 500 - "https://usaigc.com/wp-includes/block-patterns/navigation-overlay-accent-bg.php" "Mozilla/5.0 (Windows NT 10.0; Win64; x64; rv:147.0) Gecko/20100101 Firefox/147.0"
91.215.85.88 - - [02/Sep/2026:09:10:55 -0700] "GET /wp-includes/block-patterns/navigation-overlay-black-bg.php HTTP/1.1" 500 - "https://usaigc.com/wp-includes/block-patterns/navigation-overlay-black-bg.php" "Mozilla/5.0 (Windows NT 10.0; Win64; x64; rv:147.0) Gecko/20100101 Firefox/147.0"
91.215.85.88 - - [02/Sep/2026:09:11:02 -0700] "GET /wp-includes/block-patterns/navigation-overlay-centered-with-extras.php HTTP/1.1" 500 - "https://usaigc.com/wp-includes/block-patterns/navigation-overlay-centered-with-extras.php" "Mozilla/5.0 (Windows NT 10.0; Win64; x64; rv:147.0) Gecko/20100101 Firefox/147.0"
91.215.85.88 - - [02/Sep/2026:09:11:08 -0700] "GET /wp-includes/block-patterns/navigation-overlay-centered.php HTTP/1.1" 500 - "https://usaigc.com/wp-includes/block-patterns/navigation-overlay-centered.php" "Mozilla/5.0 (Windows NT 10.0; Win64; x64; rv:147.0) Gecko/20100101 Firefox/147.0"
91.215.85.88 - - [02/Sep/2026:09:11:15 -0700] "GET /wp-includes/block-patterns/navigation-overlay.php HTTP/1.1" 500 - "https://usaigc.com/wp-includes/block-patterns/navigation-overlay.php" "Mozilla/5.0 (Windows NT 10.0; Win64; x64; rv:147.0) Gecko/20100101 Firefox/147.0"
91.215.85.88 - - [02/Sep/2026:09:11:24 -0700] "GET /wp-includes/block-supports/ HTTP/1.1" 200 4833 "https://usaigc.com/wp-includes/block-supports/" "Mozilla/5.0 (Windows NT 10.0; Win64; x64; rv:147.0) Gecko/20100101 Firefox/147.0"
91.215.85.88 - - [02/Sep/2026:09:11:29 -0700] "GET /wp-includes/block-supports/anchor.php HTTP/1.1" 500 - "https://usaigc.com/wp-includes/block-supports/anchor.php" "Mozilla/5.0 (Windows NT 10.0; Win64; x64; rv:147.0) Gecko/20100101 Firefox/147.0"
91.215.85.88 - - [02/Sep/2026:09:11:36 -0700] "GET /wp-includes/block-supports/auto-register.php HTTP/1.1" 500 - "https://usaigc.com/wp-includes/block-supports/auto-register.php" "Mozilla/5.0 (Windows NT 10.0; Win64; x64; rv:147.0) Gecko/20100101 Firefox/147.0"
91.215.85.88 - - [02/Sep/2026:09:11:43 -0700] "GET /wp-includes/block-supports/custom-css.php HTTP/1.1" 500 - "https://usaigc.com/wp-includes/block-supports/custom-css.php" "Mozilla/5.0 (Windows NT 10.0; Win64; x64; rv:147.0) Gecko/20100101 Firefox/147.0"
91.215.85.88 - - [02/Sep/2026:09:11:50 -0700] "GET /wp-includes/block-supports/states.php HTTP/1.1" 500 - "https://usaigc.com/wp-includes/block-supports/states.php" "Mozilla/5.0 (Windows NT 10.0; Win64; x64; rv:147.0) Gecko/20100101 Firefox/147.0"
91.215.85.88 - - [02/Sep/2026:09:11:59 -0700] "GET /wp-includes/blocks/ HTTP/1.1" 200 - "https://usaigc.com/wp-includes/blocks/" "Mozilla/5.0 (Windows NT 10.0; Win64; x64; rv:147.0) Gecko/20100101 Firefox/147.0"
91.215.85.88 - - [02/Sep/2026:09:12:06 -0700] "GET /wp-includes/build/ HTTP/1.1" 200 1521 "https://usaigc.com/wp-includes/build/" "Mozilla/5.0 (Windows NT 10.0; Win64; x64; rv:147.0) Gecko/20100101 Firefox/147.0"
91.215.85.88 - - [02/Sep/2026:09:12:11 -0700] "GET /wp-includes/build/constants.php HTTP/1.1" 500 - "https://usaigc.com/wp-includes/build/constants.php" "Mozilla/5.0 (Windows NT 10.0; Win64; x64; rv:147.0) Gecko/20100101 Firefox/147.0"
91.215.85.88 - - [02/Sep/2026:09:12:18 -0700] "GET /wp-includes/build/pages.php HTTP/1.1" 500 - "https://usaigc.com/wp-includes/build/pages.php" "Mozilla/5.0 (Windows NT 10.0; Win64; x64; rv:147.0) Gecko/20100101 Firefox/147.0"
91.215.85.88 - - [02/Sep/2026:09:12:25 -0700] "GET /wp-includes/build/routes.php HTTP/1.1" 500 - "https://usaigc.com/wp-includes/build/routes.php" "Mozilla/5.0 (Windows NT 10.0; Win64; x64; rv:147.0) Gecko/20100101 Firefox/147.0"
91.215.85.88 - - [02/Sep/2026:09:12:34 -0700] "GET /wp-includes/certificates/ HTTP/1.1" 200 831 "https://usaigc.com/wp-includes/certificates/" "Mozilla/5.0 (Windows NT 10.0; Win64; x64; rv:147.0) Gecko/20100101 Firefox/147.0"
43.157.180.116 - - [02/Sep/2026:09:12:40 -0700] "GET / HTTP/1.1" 200 131156 "http://usaigc.com" "Mozilla/5.0 (iPhone; CPU iPhone OS 13_2_3 like Mac OS X) AppleWebKit/605.1.15 (KHTML, like Gecko) Version/13.0.3 Mobile/15E148 Safari/604.1"
91.215.85.88 - - [02/Sep/2026:09:12:41 -0700] "GET /wp-includes/css/ HTTP/1.1" 200 9559 "https://usaigc.com/wp-includes/css/" "Mozilla/5.0 (Windows NT 10.0; Win64; x64; rv:147.0) Gecko/20100101 Firefox/147.0"
91.215.85.88 - - [02/Sep/2026:09:12:48 -0700] "GET /wp-includes/customize/ HTTP/1.1" 200 8270 "https://usaigc.com/wp-includes/customize/" "Mozilla/5.0 (Windows NT 10.0; Win64; x64; rv:147.0) Gecko/20100101 Firefox/147.0"
91.215.85.88 - - [02/Sep/2026:09:12:55 -0700] "GET /wp-includes/fonts/ HTTP/1.1" 200 2522 "https://usaigc.com/wp-includes/fonts/" "Mozilla/5.0 (Windows NT 10.0; Win64; x64; rv:147.0) Gecko/20100101 Firefox/147.0"
91.215.85.88 - - [02/Sep/2026:09:13:01 -0700] "GET /wp-includes/html-api/ HTTP/1.1" 200 3643 "https://usaigc.com/wp-includes/html-api/" "Mozilla/5.0 (Windows NT 10.0; Win64; x64; rv:147.0) Gecko/20100101 Firefox/147.0"
91.215.85.88 - - [02/Sep/2026:09:13:08 -0700] "GET /wp-includes/images/ HTTP/1.1" 200 6339 "https://usaigc.com/wp-includes/images/" "Mozilla/5.0 (Windows NT 10.0; Win64; x64; rv:147.0) Gecko/20100101 Firefox/147.0"
91.215.85.88 - - [02/Sep/2026:09:13:16 -0700] "GET /wp-includes/interactivity-api/ HTTP/1.1" 200 1272 "https://usaigc.com/wp-includes/interactivity-api/" "Mozilla/5.0 (Windows NT 10.0; Win64; x64; rv:147.0) Gecko/20100101 Firefox/147.0"
91.215.85.88 - - [02/Sep/2026:09:13:22 -0700] "GET /wp-includes/js/ HTTP/1.1" 200 21636 "https://usaigc.com/wp-includes/js/" "Mozilla/5.0 (Windows NT 10.0; Win64; x64; rv:147.0) Gecko/20100101 Firefox/147.0"
91.215.85.88 - - [02/Sep/2026:09:13:29 -0700] "GET /wp-includes/l10n/ HTTP/1.1" 200 1643 "https://usaigc.com/wp-includes/l10n/" "Mozilla/5.0 (Windows NT 10.0; Win64; x64; rv:147.0) Gecko/20100101 Firefox/147.0"
91.215.85.88 - - [02/Sep/2026:09:13:36 -0700] "GET /wp-includes/php-ai-client/ HTTP/1.1" 200 1184 "https://usaigc.com/wp-includes/php-ai-client/" "Mozilla/5.0 (Windows NT 10.0; Win64; x64; rv:147.0) Gecko/20100101 Firefox/147.0"
91.215.85.88 - - [02/Sep/2026:09:13:41 -0700] "GET /wp-includes/php-ai-client/autoload.php HTTP/1.1" 200 - "https://usaigc.com/wp-includes/php-ai-client/autoload.php" "Mozilla/5.0 (Windows NT 10.0; Win64; x64; rv:147.0) Gecko/20100101 Firefox/147.0"
91.215.85.88 - - [02/Sep/2026:09:13:50 -0700] "GET /wp-includes/php-compat/ HTTP/1.1" 200 826 "https://usaigc.com/wp-includes/php-compat/" "Mozilla/5.0 (Windows NT 10.0; Win64; x64; rv:147.0) Gecko/20100101 Firefox/147.0"
91.215.85.88 - - [02/Sep/2026:09:13:57 -0700] "GET /wp-includes/pomo/ HTTP/1.1" 200 1706 "https://usaigc.com/wp-includes/pomo/" "Mozilla/5.0 (Windows NT 10.0; Win64; x64; rv:147.0) Gecko/20100101 Firefox/147.0"
91.215.85.88 - - [02/Sep/2026:09:14:04 -0700] "GET /wp-includes/rest-api/ HTTP/1.1" 200 1758 "https://usaigc.com/wp-includes/rest-api/" "Mozilla/5.0 (Windows NT 10.0; Win64; x64; rv:147.0) Gecko/20100101 Firefox/147.0"
91.215.85.88 - - [02/Sep/2026:09:14:11 -0700] "GET /wp-includes/sitemaps/ HTTP/1.1" 200 2365 "https://usaigc.com/wp-includes/sitemaps/" "Mozilla/5.0 (Windows NT 10.0; Win64; x64; rv:147.0) Gecko/20100101 Firefox/147.0"
91.215.85.88 - - [02/Sep/2026:09:14:17 -0700] "GET /wp-includes/sodium_compat/ HTTP/1.1" 200 1896 "https://usaigc.com/wp-includes/sodium_compat/" "Mozilla/5.0 (Windows NT 10.0; Win64; x64; rv:147.0) Gecko/20100101 Firefox/147.0"
91.215.85.88 - - [02/Sep/2026:09:14:24 -0700] "GET /wp-includes/style-engine/ HTTP/1.1" 200 1682 "https://usaigc.com/wp-includes/style-engine/" "Mozilla/5.0 (Windows NT 10.0; Win64; x64; rv:147.0) Gecko/20100101 Firefox/147.0"
91.215.85.88 - - [02/Sep/2026:09:14:31 -0700] "GET /wp-includes/theme-compat/ HTTP/1.1" 200 2276 "https://usaigc.com/wp-includes/theme-compat/" "Mozilla/5.0 (Windows NT 10.0; Win64; x64; rv:147.0) Gecko/20100101 Firefox/147.0"
91.215.85.88 - - [02/Sep/2026:09:14:38 -0700] "GET /wp-includes/widgets/ HTTP/1.1" 200 4621 "https://usaigc.com/wp-includes/widgets/" "Mozilla/5.0 (Windows NT 10.0; Win64; x64; rv:147.0) Gecko/20100101 Firefox/147.0"
91.215.85.88 - - [02/Sep/2026:09:14:43 -0700] "GET /wp-admin/css/ HTTP/1.1" 200 20496 "https://usaigc.com/wp-admin/css/" "Mozilla/5.0 (Windows NT 10.0; Win64; x64; rv:147.0) Gecko/20100101 Firefox/147.0"
91.215.85.88 - - [02/Sep/2026:09:14:50 -0700] "GET /wp-admin/css/colors/ HTTP/1.1" 200 2765 "https://usaigc.com/wp-admin/css/colors/" "Mozilla/5.0 (Windows NT 10.0; Win64; x64; rv:147.0) Gecko/20100101 Firefox/147.0"
91.215.85.88 - - [02/Sep/2026:09:14:57 -0700] "GET /wp-admin/css/colors/blue/ HTTP/1.1" 200 1565 "https://usaigc.com/wp-admin/css/colors/blue/" "Mozilla/5.0 (Windows NT 10.0; Win64; x64; rv:147.0) Gecko/20100101 Firefox/147.0"
91.215.85.88 - - [02/Sep/2026:09:15:04 -0700] "GET /wp-admin/css/colors/coffee/ HTTP/1.1" 200 1569 "https://usaigc.com/wp-admin/css/colors/coffee/" "Mozilla/5.0 (Windows NT 10.0; Win64; x64; rv:147.0) Gecko/20100101 Firefox/147.0"
91.215.85.88 - - [02/Sep/2026:09:15:11 -0700] "GET /wp-admin/css/colors/ectoplasm/ HTTP/1.1" 200 1575 "https://usaigc.com/wp-admin/css/colors/ectoplasm/" "Mozilla/5.0 (Windows NT 10.0; Win64; x64; rv:147.0) Gecko/20100101 Firefox/147.0"
91.215.85.88 - - [02/Sep/2026:09:15:17 -0700] "GET /wp-admin/css/colors/light/ HTTP/1.1" 200 1567 "https://usaigc.com/wp-admin/css/colors/light/" "Mozilla/5.0 (Windows NT 10.0; Win64; x64; rv:147.0) Gecko/20100101 Firefox/147.0"
91.215.85.88 - - [02/Sep/2026:09:15:25 -0700] "GET /wp-admin/css/colors/midnight/ HTTP/1.1" 200 1573 "https://usaigc.com/wp-admin/css/colors/midnight/" "Mozilla/5.0 (Windows NT 10.0; Win64; x64; rv:147.0) Gecko/20100101 Firefox/147.0"
91.215.85.88 - - [02/Sep/2026:09:15:32 -0700] "GET /wp-admin/css/colors/modern/ HTTP/1.1" 200 1569 "https://usaigc.com/wp-admin/css/colors/modern/" "Mozilla/5.0 (Windows NT 10.0; Win64; x64; rv:147.0) Gecko/20100101 Firefox/147.0"
91.215.85.88 - - [02/Sep/2026:09:15:39 -0700] "GET /wp-admin/css/colors/ocean/ HTTP/1.1" 200 1567 "https://usaigc.com/wp-admin/css/colors/ocean/" "Mozilla/5.0 (Windows NT 10.0; Win64; x64; rv:147.0) Gecko/20100101 Firefox/147.0"
91.215.85.88 - - [02/Sep/2026:09:15:46 -0700] "GET /wp-admin/css/colors/sunrise/ HTTP/1.1" 200 1571 "https://usaigc.com/wp-admin/css/colors/sunrise/" "Mozilla/5.0 (Windows NT 10.0; Win64; x64; rv:147.0) Gecko/20100101 Firefox/147.0"
91.215.85.88 - - [02/Sep/2026:09:15:51 -0700] "GET /wp-admin/images/ HTTP/1.1" 200 18026 "https://usaigc.com/wp-admin/images/" "Mozilla/5.0 (Windows NT 10.0; Win64; x64; rv:147.0) Gecko/20100101 Firefox/147.0"
91.215.85.88 - - [02/Sep/2026:09:15:56 -0700] "GET /wp-admin/includes/ HTTP/1.1" 200 20996 "https://usaigc.com/wp-admin/includes/" "Mozilla/5.0 (Windows NT 10.0; Win64; x64; rv:147.0) Gecko/20100101 Firefox/147.0"
91.215.85.88 - - [02/Sep/2026:09:16:01 -0700] "GET /wp-admin/js/ HTTP/1.1" 200 18683 "https://usaigc.com/wp-admin/js/" "Mozilla/5.0 (Windows NT 10.0; Win64; x64; rv:147.0) Gecko/20100101 Firefox/147.0"
43.164.0.21 - - [02/Sep/2026:09:16:07 -0700] "GET /club-directory/ HTTP/1.1" 200 97709 "-" "Mozilla/5.0 (iPhone; CPU iPhone OS 13_2_3 like Mac OS X) AppleWebKit/605.1.15 (KHTML, like Gecko) Version/13.0.3 Mobile/15E148 Safari/604.1"
91.215.85.88 - - [02/Sep/2026:09:16:08 -0700] "GET /wp-admin/js/widgets/ HTTP/1.1" 200 3313 "https://usaigc.com/wp-admin/js/widgets/" "Mozilla/5.0 (Windows NT 10.0; Win64; x64; rv:147.0) Gecko/20100101 Firefox/147.0"
91.215.85.88 - - [02/Sep/2026:09:16:13 -0700] "GET /wp-admin/maint/ HTTP/1.1" 200 805 "https://usaigc.com/wp-admin/maint/" "Mozilla/5.0 (Windows NT 10.0; Win64; x64; rv:147.0) Gecko/20100101 Firefox/147.0"
173.231.200.77 - - [02/Sep/2026:09:16:19 -0700] "POST /wp-cron.php?doing_wp_cron=1788365779.2356760501861572265625 HTTP/1.1" 200 - "-" "WordPress/7.1; https://usaigc.com"
91.215.85.88 - - [02/Sep/2026:09:16:18 -0700] "GET /wp-admin/network/ HTTP/1.1" 302 - "https://usaigc.com/wp-admin/network/" "Mozilla/5.0 (Windows NT 10.0; Win64; x64; rv:147.0) Gecko/20100101 Firefox/147.0"
91.215.85.88 - - [02/Sep/2026:09:16:20 -0700] "GET /wp-login.php?redirect_to=https%3A%2F%2Fusaigc.com%2Fwp-admin%2Fnetwork%2F&reauth=1 HTTP/1.1" 200 7219 "https://usaigc.com/wp-admin/network/" "Mozilla/5.0 (Windows NT 10.0; Win64; x64; rv:147.0) Gecko/20100101 Firefox/147.0"
173.231.200.77 - - [02/Sep/2026:09:16:23 -0700] "POST /wp-cron.php?doing_wp_cron=1788365783.6359100341796875000000 HTTP/1.1" 200 - "-" "WordPress/7.1; https://usaigc.com"
173.231.200.77 - - [02/Sep/2026:09:16:18 -0700] "POST /wp-admin/admin-ajax.php?action=as_async_request_queue_runner&nonce=a8697696bc HTTP/1.1" 200 - "-" "WordPress/7.1; https://usaigc.com"
