216.244.66.236 - - [02/Sep/2026:14:37:38 -0700] "GET /athlete_form.cfm?CFID=ebc7712f-77dd-41fc-896d-cd651b7012e3&CFTOKEN=0 HTTP/1.1" 301 - "-" "Mozilla/5.0 (compatible; DotBot/1.2; +https://opensiteexplorer.org/dotbot; help@moz.com)"
113.88.72.140 - - [02/Sep/2026:14:37:38 -0700] "GET /wp-content/uploads/hummingbird-assets/b4af289e0ca1ead096a59d802fe8b520.css HTTP/2.0" 200 310020 "https://usaigc.com/" "Mozilla/5.0 (Windows NT 10.0; WOW64) AppleWebKit/537.36 (KHTML, like Gecko) Chrome/86.0.4240.75 Safari/537.36"
136.113.155.22 - - [02/Sep/2026:14:38:03 -0700] "GET /robots.txt HTTP/2.0" 200 153 "-" "Mozilla/5.0 (compatible; Reflectionbot/1.0; +https://reflection.ai/bot)"
136.113.155.22 - - [02/Sep/2026:14:38:04 -0700] "GET /competition_uk.cfm HTTP/2.0" 404 100599 "-" "Mozilla/5.0 (compatible; Reflectionbot/1.0; +https://reflection.ai/bot)"
113.88.72.140 - - [02/Sep/2026:14:37:38 -0700] "GET /wp-content/plugins/instagram-feed/css/sbi-styles.min.css HTTP/2.0" 200 46555 "https://usaigc.com/" "Mozilla/5.0 (Windows NT 10.0; WOW64) AppleWebKit/537.36 (KHTML, like Gecko) Chrome/86.0.4240.75 Safari/537.36"
113.88.72.140 - - [02/Sep/2026:14:37:38 -0700] "GET /wp-content/uploads/elementor/css/post-11.css HTTP/2.0" 200 54362 "https://usaigc.com/" "Mozilla/5.0 (Windows NT 10.0; WOW64) AppleWebKit/537.36 (KHTML, like Gecko) Chrome/86.0.4240.75 Safari/537.36"
113.88.72.140 - - [02/Sep/2026:14:37:38 -0700] "GET /wp-content/uploads/hummingbird-assets/49cdf6bbd09e930c7fbd2377304dfc4e.css HTTP/2.0" 200 259089 "https://usaigc.com/" "Mozilla/5.0 (Windows NT 10.0; WOW64) AppleWebKit/537.36 (KHTML, like Gecko) Chrome/86.0.4240.75 Safari/537.36"
113.88.72.140 - - [02/Sep/2026:14:37:38 -0700] "GET /wp-content/uploads/hummingbird-assets/2ab2ba5f7f136571c5f6707948e9760f.css HTTP/2.0" 200 24769 "https://usaigc.com/" "Mozilla/5.0 (Windows NT 10.0; WOW64) AppleWebKit/537.36 (KHTML, like Gecko) Chrome/86.0.4240.75 Safari/537.36"
113.88.72.140 - - [02/Sep/2026:14:37:38 -0700] "GET /wp-content/uploads/hummingbird-assets/6c6cd98a6cb254c81a352bc7957ad68a.css HTTP/2.0" 200 61458 "https://usaigc.com/" "Mozilla/5.0 (Windows NT 10.0; WOW64) AppleWebKit/537.36 (KHTML, like Gecko) Chrome/86.0.4240.75 Safari/537.36"
113.88.72.140 - - [02/Sep/2026:14:37:38 -0700] "GET /wp-content/uploads/hummingbird-assets/f2015d7b263362243841ecbb23ab63b8.css HTTP/2.0" 200 37219 "https://usaigc.com/" "Mozilla/5.0 (Windows NT 10.0; WOW64) AppleWebKit/537.36 (KHTML, like Gecko) Chrome/86.0.4240.75 Safari/537.36"
113.88.72.140 - - [02/Sep/2026:14:37:38 -0700] "GET /wp-content/uploads/hummingbird-assets/9a31db504563c009a94bb8252fcec2d0.js HTTP/2.0" 200 101173 "https://usaigc.com/" "Mozilla/5.0 (Windows NT 10.0; WOW64) AppleWebKit/537.36 (KHTML, like Gecko) Chrome/86.0.4240.75 Safari/537.36"
113.88.72.140 - - [02/Sep/2026:14:37:38 -0700] "GET /wp-content/plugins/elementor/assets/lib/font-awesome/js/v4-shims.min.js HTTP/2.0" 200 15073 "https://usaigc.com/" "Mozilla/5.0 (Windows NT 10.0; WOW64) AppleWebKit/537.36 (KHTML, like Gecko) Chrome/86.0.4240.75 Safari/537.36"
216.244.66.236 - - [02/Sep/2026:14:38:08 -0700] "GET /athlete_form.cfm?CFID=ebcf99f8-7db2-4264-9859-f8d5e5d13bf1&CFTOKEN=0 HTTP/1.1" 301 - "-" "Mozilla/5.0 (compatible; DotBot/1.2; +https://opensiteexplorer.org/dotbot; help@moz.com)"
113.88.72.140 - - [02/Sep/2026:14:38:10 -0700] "GET /wp-content/uploads/hummingbird-assets/3119900ce03b730c311bb1ec88f60bb4.js HTTP/2.0" 200 424288 "https://usaigc.com/" "Mozilla/5.0 (Windows NT 10.0; WOW64) AppleWebKit/537.36 (KHTML, like Gecko) Chrome/86.0.4240.75 Safari/537.36"
113.88.72.140 - - [02/Sep/2026:14:38:10 -0700] "GET /wp-content/plugins/elementor/assets/js/webpack.runtime.min.js HTTP/2.0" 200 5350 "https://usaigc.com/" "Mozilla/5.0 (Windows NT 10.0; WOW64) AppleWebKit/537.36 (KHTML, like Gecko) Chrome/86.0.4240.75 Safari/537.36"
113.88.72.140 - - [02/Sep/2026:14:38:18 -0700] "GET /wp-content/plugins/elementor/assets/lib/font-awesome/webfonts/fa-regular-400.woff2 HTTP/2.0" 200 13276 "https://usaigc.com/wp-content/uploads/hummingbird-assets/b4af289e0ca1ead096a59d802fe8b520.css" "Mozilla/5.0 (Windows NT 10.0; WOW64) AppleWebKit/537.36 (KHTML, like Gecko) Chrome/86.0.4240.75 Safari/537.36"
113.88.72.140 - - [02/Sep/2026:14:38:18 -0700] "GET /wp-content/uploads/2020/12/2-kDVQFeBk7MRU6D1-removebg-preview.png HTTP/2.0" 200 43128 "https://usaigc.com/" "Mozilla/5.0 (Windows NT 10.0; WOW64) AppleWebKit/537.36 (KHTML, like Gecko) Chrome/86.0.4240.75 Safari/537.36"
173.231.200.77 - - [02/Sep/2026:14:38:38 -0700] "POST /wp-cron.php?doing_wp_cron=1788385118.3212759494781494140625 HTTP/1.1" 200 - "-" "WordPress/7.1; https://usaigc.com"
216.244.66.236 - - [02/Sep/2026:14:38:38 -0700] "GET /athlete_form.cfm?CFID=ebd6946c-890a-4ad8-81ad-0a85c9196f62&CFTOKEN=0 HTTP/1.1" 301 - "-" "Mozilla/5.0 (compatible; DotBot/1.2; +https://opensiteexplorer.org/dotbot; help@moz.com)"
216.244.66.236 - - [02/Sep/2026:14:39:06 -0700] "GET /athlete_form.cfm?CFID=ebdc4d2b-735c-487d-b8ed-069ca2d947ce&CFTOKEN=0 HTTP/1.1" 301 - "-" "Mozilla/5.0 (compatible; DotBot/1.2; +https://opensiteexplorer.org/dotbot; help@moz.com)"
116.11.95.227 - - [02/Sep/2026:14:39:10 -0700] "POST /wp-comments-post.php HTTP/1.1" 200 - "-" "Mozilla/5.0 (Windows NT 10.0; Win64; x64) AppleWebKit/537.36 (KHTML, like Gecko) Chrome/108.0.0.0 Safari/537.36 Edg/108.0.1462.46"
184.72.95.195 - - [02/Sep/2026:14:39:13 -0700] "GET /?s= HTTP/1.1" 200 106369 "-" "Mozilla/5.0 AppleWebKit/537.36 (KHTML, like Gecko; compatible; Amazonbot/0.1; +https://developer.amazon.com/support/amazonbot) Chrome/119.0.6045.214 Safari/537.36"
173.231.200.77 - - [02/Sep/2026:14:39:32 -0700] "POST /wp-cron.php?doing_wp_cron=1788385172.1383941173553466796875 HTTP/1.1" 200 - "-" "WordPress/7.1; https://usaigc.com"
85.208.96.205 - - [02/Sep/2026:14:39:31 -0700] "GET /robots.txt HTTP/1.1" 200 153 "-" "Mozilla/5.0 (compatible; SemrushBot/7~bl; +http://www.semrush.com/bot.html)"
85.208.96.204 - - [02/Sep/2026:14:39:32 -0700] "GET /business-success/ HTTP/1.1" 200 124085 "-" "Mozilla/5.0 (compatible; SemrushBot/7~bl; +http://www.semrush.com/bot.html)"
216.244.66.236 - - [02/Sep/2026:14:39:33 -0700] "GET /athlete_form.cfm?CFID=ebed33d6-5f46-4342-9cc5-eb7df2629c76&CFTOKEN=0 HTTP/1.1" 301 - "-" "Mozilla/5.0 (compatible; DotBot/1.2; +https://opensiteexplorer.org/dotbot; help@moz.com)"
216.244.66.236 - - [02/Sep/2026:14:40:00 -0700] "GET /athlete_form.cfm?CFID=ebf4284d-80fa-45f7-9c6c-076d46bb76d8&CFTOKEN=0 HTTP/1.1" 301 - "-" "Mozilla/5.0 (compatible; DotBot/1.2; +https://opensiteexplorer.org/dotbot; help@moz.com)"
192.178.6.160 - - [02/Sep/2026:14:40:15 -0700] "GET /robots.txt HTTP/1.1" 200 153 "-" "Mozilla/5.0 (compatible; Googlebot/2.1; +http://www.google.com/bot.html)"
192.178.6.160 - - [02/Sep/2026:14:40:16 -0700] "GET /wp-content/uploads/hummingbird-assets/3d7ae69f5ab28f2804dafc34d0f0bbc6.css HTTP/1.1" 200 499059 "https://usaigc.com/club-directory/" "Mozilla/5.0 (Linux; Android 6.0.1; Nexus 5X Build/MMB29P) AppleWebKit/537.36 (KHTML, like Gecko) Chrome/151.0.7922.173 Mobile Safari/537.36 (compatible; Googlebot/2.1; +http://www.google.com/bot.html)"
173.231.200.77 - - [02/Sep/2026:14:40:26 -0700] "POST /wp-cron.php?doing_wp_cron=1788385226.5414209365844726562500 HTTP/1.1" 200 - "-" "WordPress/7.1; https://usaigc.com"
216.244.66.236 - - [02/Sep/2026:14:40:26 -0700] "GET /athlete_form.cfm?CFID=ebff92a9-b166-4ef6-988e-948e7198940a&CFTOKEN=0 HTTP/1.1" 301 - "-" "Mozilla/5.0 (compatible; DotBot/1.2; +https://opensiteexplorer.org/dotbot; help@moz.com)"
216.244.66.236 - - [02/Sep/2026:14:40:50 -0700] "GET /athlete_form.cfm?CFID=ec00bcf3-7ce3-4b92-ba2e-6acc43e24900&CFTOKEN=0 HTTP/1.1" 301 - "-" "Mozilla/5.0 (compatible; DotBot/1.2; +https://opensiteexplorer.org/dotbot; help@moz.com)"
216.244.66.236 - - [02/Sep/2026:14:41:14 -0700] "GET /athlete_form.cfm?CFID=ec3d9efb-0941-414b-972b-41c3613b8d31&CFTOKEN=0 HTTP/1.1" 301 - "-" "Mozilla/5.0 (compatible; DotBot/1.2; +https://opensiteexplorer.org/dotbot; help@moz.com)"
173.231.200.77 - - [02/Sep/2026:14:41:36 -0700] "POST /wp-cron.php?doing_wp_cron=1788385296.9423079490661621093750 HTTP/1.1" 200 - "-" "WordPress/7.1; https://usaigc.com"
216.244.66.236 - - [02/Sep/2026:14:41:36 -0700] "GET /athlete_form.cfm?CFID=ec47516f-987c-4dfb-9917-274e14d468f8&CFTOKEN=0 HTTP/1.1" 301 - "-" "Mozilla/5.0 (compatible; DotBot/1.2; +https://opensiteexplorer.org/dotbot; help@moz.com)"
159.195.234.235 - - [02/Sep/2026:14:41:42 -0700] "GET / HTTP/2.0" 200 131156 "-" "Mozilla/5.0 (Windows NT 10.0; Win64; x64) AppleWebKit/537.36 (KHTML, like Gecko) Chrome/124.0.0.0 Safari/537.36"
216.73.216.77 - - [02/Sep/2026:14:41:51 -0700] "GET /sitemap.rss HTTP/2.0" 200 14383 "-" "Mozilla/5.0 AppleWebKit/537.36 (KHTML, like Gecko; compatible; ClaudeBot/1.0; +claudebot@anthropic.com)"
216.244.66.236 - - [02/Sep/2026:14:41:58 -0700] "GET /athlete_form.cfm?CFID=ec59629a-a230-44d1-92b2-df60e502fe2e&CFTOKEN=0 HTTP/1.1" 301 - "-" "Mozilla/5.0 (compatible; DotBot/1.2; +https://opensiteexplorer.org/dotbot; help@moz.com)"
173.231.200.77 - - [02/Sep/2026:14:42:18 -0700] "POST /wp-cron.php?doing_wp_cron=1788385338.5703670978546142578125 HTTP/1.1" 200 - "-" "WordPress/7.1; https://usaigc.com"
216.244.66.236 - - [02/Sep/2026:14:42:18 -0700] "GET /athlete_form.cfm?CFID=ec65b191-c45e-4695-a0bc-d8add42a61a1&CFTOKEN=0 HTTP/1.1" 301 - "-" "Mozilla/5.0 (compatible; DotBot/1.2; +https://opensiteexplorer.org/dotbot; help@moz.com)"
173.231.200.77 - - [02/Sep/2026:14:42:37 -0700] "POST /wp-cron.php?doing_wp_cron=1788385357.9476308822631835937500 HTTP/1.1" 200 - "-" "WordPress/7.1; https://usaigc.com"
216.244.66.236 - - [02/Sep/2026:14:42:37 -0700] "GET /athlete_form.cfm?CFID=ec67e420-d4eb-46ab-909a-dd6e239ee9d5&CFTOKEN=0 HTTP/1.1" 301 - "-" "Mozilla/5.0 (compatible; DotBot/1.2; +https://opensiteexplorer.org/dotbot; help@moz.com)"
216.244.66.236 - - [02/Sep/2026:14:42:56 -0700] "GET /athlete_form.cfm?CFID=ec78000b-ba44-4098-9905-1d4e7bd06003&CFTOKEN=0 HTTP/1.1" 301 - "-" "Mozilla/5.0 (compatible; DotBot/1.2; +https://opensiteexplorer.org/dotbot; help@moz.com)"
216.244.66.236 - - [02/Sep/2026:14:43:13 -0700] "GET /athlete_form.cfm?CFID=ec7b9fbc-3d3a-49b9-baca-c206cc0f2000&CFTOKEN=0 HTTP/1.1" 301 - "-" "Mozilla/5.0 (compatible; DotBot/1.2; +https://opensiteexplorer.org/dotbot; help@moz.com)"
113.88.72.140 - - [02/Sep/2026:14:38:18 -0700] "GET /wp-content/uploads/elementor/custom-icons/theme-icons/fonts/theme-icons.ttf?yox6f HTTP/2.0" 200 5924 "https://usaigc.com/wp-content/uploads/hummingbird-assets/b4af289e0ca1ead096a59d802fe8b520.css" "Mozilla/5.0 (Windows NT 10.0; WOW64) AppleWebKit/537.36 (KHTML, like Gecko) Chrome/86.0.4240.75 Safari/537.36"
113.88.72.140 - - [02/Sep/2026:14:38:18 -0700] "GET /wp-content/plugins/elementor/assets/lib/font-awesome/webfonts/fa-brands-400.woff2 HTTP/2.0" 200 81612 "https://usaigc.com/wp-content/uploads/hummingbird-assets/b4af289e0ca1ead096a59d802fe8b520.css" "Mozilla/5.0 (Windows NT 10.0; WOW64) AppleWebKit/537.36 (KHTML, like Gecko) Chrome/86.0.4240.75 Safari/537.36"
113.88.72.140 - - [02/Sep/2026:14:38:18 -0700] "GET /wp-content/plugins/elementor-pro/assets/js/webpack-pro.runtime.min.js HTTP/2.0" 200 6263 "https://usaigc.com/" "Mozilla/5.0 (Windows NT 10.0; WOW64) AppleWebKit/537.36 (KHTML, like Gecko) Chrome/86.0.4240.75 Safari/537.36"
113.88.72.140 - - [02/Sep/2026:14:38:18 -0700] "GET /wp-content/uploads/2023/12/shutterstock_391011352.jpg HTTP/2.0" 200 796982 "https://usaigc.com/wp-content/uploads/elementor/css/post-11.css" "Mozilla/5.0 (Windows NT 10.0; WOW64) AppleWebKit/537.36 (KHTML, like Gecko) Chrome/86.0.4240.75 Safari/537.36"
113.88.72.140 - - [02/Sep/2026:14:38:18 -0700] "GET /wp-content/plugins/elementor/assets/js/frontend-modules.min.js HTTP/2.0" 200 59749 "https://usaigc.com/" "Mozilla/5.0 (Windows NT 10.0; WOW64) AppleWebKit/537.36 (KHTML, like Gecko) Chrome/86.0.4240.75 Safari/537.36"
113.88.72.140 - - [02/Sep/2026:14:38:18 -0700] "GET /wp-content/plugins/elementor/assets/lib/font-awesome/webfonts/fa-solid-900.woff2 HTTP/2.0" 200 78196 "https://usaigc.com/wp-content/uploads/hummingbird-assets/b4af289e0ca1ead096a59d802fe8b520.css" "Mozilla/5.0 (Windows NT 10.0; WOW64) AppleWebKit/537.36 (KHTML, like Gecko) Chrome/86.0.4240.75 Safari/537.36"
113.88.72.140 - - [02/Sep/2026:14:38:18 -0700] "GET /wp-includes/js/jquery/ui/core.min.js HTTP/2.0" 200 18674 "https://usaigc.com/" "Mozilla/5.0 (Windows NT 10.0; WOW64) AppleWebKit/537.36 (KHTML, like Gecko) Chrome/86.0.4240.75 Safari/537.36"
113.88.72.140 - - [02/Sep/2026:14:38:18 -0700] "GET /wp-content/uploads/hummingbird-assets/67d2ab8eca88207793ca464316f15c10.js HTTP/2.0" 200 79037 "https://usaigc.com/" "Mozilla/5.0 (Windows NT 10.0; WOW64) AppleWebKit/537.36 (KHTML, like Gecko) Chrome/86.0.4240.75 Safari/537.36"
173.231.200.77 - - [02/Sep/2026:14:43:30 -0700] "POST /wp-cron.php?doing_wp_cron=1788385410.1347870826721191406250 HTTP/1.1" 200 - "-" "WordPress/7.1; https://usaigc.com"
216.244.66.236 - - [02/Sep/2026:14:43:29 -0700] "GET /athlete_form.cfm?CFID=ec85520b-9bbe-43cf-af4a-523d182773ae&CFTOKEN=0 HTTP/1.1" 301 - "-" "Mozilla/5.0 (compatible; DotBot/1.2; +https://opensiteexplorer.org/dotbot; help@moz.com)"
54.38.196.18 - - [02/Sep/2026:14:43:39 -0700] "GET / HTTP/1.1" 200 131156 "-" "Mozilla/5.0 (iPhone; CPU iPhone OS 18_7 like Mac OS X) AppleWebKit/605.1.15 (KHTML, like Gecko) Mobile/15E148"
216.244.66.236 - - [02/Sep/2026:14:43:46 -0700] "GET /athlete_form.cfm?CFID=ec89b96d-9aca-4543-a1ca-3cd8f294b6bb&CFTOKEN=0 HTTP/1.1" 301 - "-" "Mozilla/5.0 (compatible; DotBot/1.2; +https://opensiteexplorer.org/dotbot; help@moz.com)"
216.244.66.236 - - [02/Sep/2026:14:44:00 -0700] "GET /athlete_form.cfm?CFID=ec9a2bdf-424d-4b21-a90e-67c5cbdf97ac&CFTOKEN=0 HTTP/1.1" 301 - "-" "Mozilla/5.0 (compatible; DotBot/1.2; +https://opensiteexplorer.org/dotbot; help@moz.com)"
216.244.66.236 - - [02/Sep/2026:14:44:14 -0700] "GET /athlete_form.cfm?CFID=eca37cc8-77b1-45b1-be94-81df6af08885&CFTOKEN=0 HTTP/1.1" 301 - "-" "Mozilla/5.0 (compatible; DotBot/1.2; +https://opensiteexplorer.org/dotbot; help@moz.com)"
173.231.200.77 - - [02/Sep/2026:14:44:26 -0700] "POST /wp-cron.php?doing_wp_cron=1788385466.8361010551452636718750 HTTP/1.1" 200 - "-" "WordPress/7.1; https://usaigc.com"
216.244.66.236 - - [02/Sep/2026:14:44:26 -0700] "GET /athlete_form.cfm?CFID=ecdc35f1-ddcf-470e-80d6-e5796b3fe4fb&CFTOKEN=0 HTTP/1.1" 301 - "-" "Mozilla/5.0 (compatible; DotBot/1.2; +https://opensiteexplorer.org/dotbot; help@moz.com)"
216.244.66.236 - - [02/Sep/2026:14:44:37 -0700] "GET /athlete_form.cfm?CFID=eceac6db-c8ca-40c5-8c35-e61f1b7ff6b0&CFTOKEN=0 HTTP/1.1" 301 - "-" "Mozilla/5.0 (compatible; DotBot/1.2; +https://opensiteexplorer.org/dotbot; help@moz.com)"
216.244.66.236 - - [02/Sep/2026:14:44:48 -0700] "GET /athlete_form.cfm?CFID=ecf5776c-43ff-4c60-8671-e108640b430f&CFTOKEN=0 HTTP/1.1" 301 - "-" "Mozilla/5.0 (compatible; DotBot/1.2; +https://opensiteexplorer.org/dotbot; help@moz.com)"
216.244.66.236 - - [02/Sep/2026:14:44:57 -0700] "GET /athlete_form.cfm?CFID=ed0ae3e0-2dfa-4d51-8fc0-67acbb7721aa&CFTOKEN=0 HTTP/1.1" 301 - "-" "Mozilla/5.0 (compatible; DotBot/1.2; +https://opensiteexplorer.org/dotbot; help@moz.com)"
216.244.66.236 - - [02/Sep/2026:14:45:05 -0700] "GET /athlete_form.cfm?CFID=ed0be060-55b4-480b-96dc-456186be7227&CFTOKEN=0 HTTP/1.1" 301 - "-" "Mozilla/5.0 (compatible; DotBot/1.2; +https://opensiteexplorer.org/dotbot; help@moz.com)"
216.244.66.236 - - [02/Sep/2026:14:45:13 -0700] "GET /athlete_form.cfm?CFID=ed197415-23fb-4a94-a33b-c65054650b4a&CFTOKEN=0 HTTP/1.1" 301 - "-" "Mozilla/5.0 (compatible; DotBot/1.2; +https://opensiteexplorer.org/dotbot; help@moz.com)"
216.244.66.236 - - [02/Sep/2026:14:45:19 -0700] "GET /athlete_form.cfm?CFID=ed207885-de88-4c23-94c6-3c029c1afd3e&CFTOKEN=0 HTTP/1.1" 301 - "-" "Mozilla/5.0 (compatible; DotBot/1.2; +https://opensiteexplorer.org/dotbot; help@moz.com)"
173.231.200.77 - - [02/Sep/2026:14:45:28 -0700] "POST /wp-cron.php?doing_wp_cron=1788385528.8695509433746337890625 HTTP/1.1" 200 - "-" "WordPress/7.1; https://usaigc.com"
216.244.66.236 - - [02/Sep/2026:14:45:28 -0700] "GET /athlete_form.cfm?CFID=ed32c663-8ec2-42f7-9188-5827063ebbc4&CFTOKEN=0 HTTP/1.1" 301 - "-" "Mozilla/5.0 (compatible; DotBot/1.2; +https://opensiteexplorer.org/dotbot; help@moz.com)"
216.244.66.236 - - [02/Sep/2026:14:45:40 -0700] "GET /athlete_form.cfm?CFID=ed39ebda-cbeb-41ba-9800-ec8113ae4b85&CFTOKEN=0 HTTP/1.1" 301 - "-" "Mozilla/5.0 (compatible; DotBot/1.2; +https://opensiteexplorer.org/dotbot; help@moz.com)"
216.244.66.236 - - [02/Sep/2026:14:45:51 -0700] "GET /athlete_form.cfm?CFID=ed4ced4e-a83f-471d-baa6-723629652aba&CFTOKEN=0 HTTP/1.1" 301 - "-" "Mozilla/5.0 (compatible; DotBot/1.2; +https://opensiteexplorer.org/dotbot; help@moz.com)"
201.138.52.219 - - [02/Sep/2026:14:46:00 -0700] "GET /pdfinformation.cfm HTTP/1.1" 404 100599 "-" "Mozilla/5.0 (Macintosh; Intel Mac OS X 11.3; rv:129.0) Gecko/20100101 Firefox/129.0"
216.244.66.236 - - [02/Sep/2026:14:46:01 -0700] "GET /athlete_form.cfm?CFID=ed5b50d3-21de-47fd-896c-d855aa771ac0&CFTOKEN=0 HTTP/1.1" 301 - "-" "Mozilla/5.0 (compatible; DotBot/1.2; +https://opensiteexplorer.org/dotbot; help@moz.com)"
216.244.66.236 - - [02/Sep/2026:14:46:09 -0700] "GET /athlete_form.cfm?CFID=ed5de9f2-c0a6-4e54-b1b2-dc61ed7a3c59&CFTOKEN=0 HTTP/1.1" 301 - "-" "Mozilla/5.0 (compatible; DotBot/1.2; +https://opensiteexplorer.org/dotbot; help@moz.com)"
216.244.66.236 - - [02/Sep/2026:14:46:17 -0700] "GET /athlete_form.cfm?CFID=ed6438df-c706-4ee8-90f2-a9e11cc2187c&CFTOKEN=0 HTTP/1.1" 301 - "-" "Mozilla/5.0 (compatible; DotBot/1.2; +https://opensiteexplorer.org/dotbot; help@moz.com)"
173.231.200.77 - - [02/Sep/2026:14:46:24 -0700] "POST /wp-cron.php?doing_wp_cron=1788385584.7220869064331054687500 HTTP/1.1" 200 - "-" "WordPress/7.1; https://usaigc.com"
216.244.66.236 - - [02/Sep/2026:14:46:24 -0700] "GET /athlete_form.cfm?CFID=ed66a717-2eaa-43c9-8b23-e907a3713854&CFTOKEN=0 HTTP/1.1" 301 - "-" "Mozilla/5.0 (compatible; DotBot/1.2; +https://opensiteexplorer.org/dotbot; help@moz.com)"
216.244.66.236 - - [02/Sep/2026:14:46:30 -0700] "GET /athlete_form.cfm?CFID=ed6e8b6a-bde2-4333-8699-fdaa93767ebe&CFTOKEN=0 HTTP/1.1" 301 - "-" "Mozilla/5.0 (compatible; DotBot/1.2; +https://opensiteexplorer.org/dotbot; help@moz.com)"
216.244.66.236 - - [02/Sep/2026:14:46:35 -0700] "GET /athlete_form.cfm?CFID=ed71bc2d-ac3e-4c18-918a-767dcc5ce139&CFTOKEN=0 HTTP/1.1" 301 - "-" "Mozilla/5.0 (compatible; DotBot/1.2; +https://opensiteexplorer.org/dotbot; help@moz.com)"
3.236.42.144 - - [02/Sep/2026:14:46:38 -0700] "GET / HTTP/1.1" 301 - "-" "Mozilla/5.0 (Macintosh; Intel Mac OS X 10_15_7) AppleWebKit/537.36 (KHTML, like Gecko) Chrome/146.0.0.0 Safari/537.36"
3.236.42.144 - - [02/Sep/2026:14:46:39 -0700] "GET / HTTP/1.1" 200 131156 "-" "Mozilla/5.0 (Macintosh; Intel Mac OS X 10_15_7) AppleWebKit/537.36 (KHTML, like Gecko) Chrome/146.0.0.0 Safari/537.36"
216.244.66.236 - - [02/Sep/2026:14:46:39 -0700] "GET /athlete_form.cfm?CFID=ed75139d-553b-41e2-b366-51b7abe18692&CFTOKEN=0 HTTP/1.1" 301 - "-" "Mozilla/5.0 (compatible; DotBot/1.2; +https://opensiteexplorer.org/dotbot; help@moz.com)"
216.244.66.236 - - [02/Sep/2026:14:46:42 -0700] "GET /athlete_form.cfm?CFID=ed8b078f-29c5-4d6d-9678-b3a4f0b6ae08&CFTOKEN=0 HTTP/1.1" 301 - "-" "Mozilla/5.0 (compatible; DotBot/1.2; +https://opensiteexplorer.org/dotbot; help@moz.com)"
216.244.66.236 - - [02/Sep/2026:14:46:45 -0700] "GET /athlete_form.cfm?CFID=edaaba1b-247b-4f91-8cfa-e7cb78142665&CFTOKEN=0 HTTP/1.1" 301 - "-" "Mozilla/5.0 (compatible; DotBot/1.2; +https://opensiteexplorer.org/dotbot; help@moz.com)"
216.244.66.236 - - [02/Sep/2026:14:46:48 -0700] "GET /athlete_form.cfm?CFID=edc72a8e-c72e-45b2-a15c-b6ea8c0392f0&CFTOKEN=0 HTTP/1.1" 301 - "-" "Mozilla/5.0 (compatible; DotBot/1.2; +https://opensiteexplorer.org/dotbot; help@moz.com)"
185.191.171.9 - - [02/Sep/2026:14:46:51 -0700] "GET /privacy-policy/ HTTP/1.1" 200 107150 "-" "Mozilla/5.0 (compatible; SemrushBot/7~bl; +http://www.semrush.com/bot.html)"
216.244.66.236 - - [02/Sep/2026:14:46:51 -0700] "GET /athlete_form.cfm?CFID=edc9bbb9-1133-4788-ad9d-be9b7e541864&CFTOKEN=0 HTTP/1.1" 301 - "-" "Mozilla/5.0 (compatible; DotBot/1.2; +https://opensiteexplorer.org/dotbot; help@moz.com)"
216.244.66.236 - - [02/Sep/2026:14:46:53 -0700] "GET /athlete_form.cfm?CFID=edd640ef-ac82-4018-8b83-b4e30cc06b92&CFTOKEN=0 HTTP/1.1" 301 - "-" "Mozilla/5.0 (compatible; DotBot/1.2; +https://opensiteexplorer.org/dotbot; help@moz.com)"
216.244.66.236 - - [02/Sep/2026:14:46:55 -0700] "GET /athlete_form.cfm?CFID=eddcee70-5616-48d6-a6bc-df92c6c8adc7&CFTOKEN=0 HTTP/1.1" 301 - "-" "Mozilla/5.0 (compatible; DotBot/1.2; +https://opensiteexplorer.org/dotbot; help@moz.com)"
216.244.66.236 - - [02/Sep/2026:14:46:56 -0700] "GET /athlete_form.cfm?CFID=eddd5426-b35b-43c9-9d87-80c6b04f14a4&CFTOKEN=0 HTTP/1.1" 301 - "-" "Mozilla/5.0 (compatible; DotBot/1.2; +https://opensiteexplorer.org/dotbot; help@moz.com)"
216.244.66.236 - - [02/Sep/2026:14:46:57 -0700] "GET /athlete_form.cfm?CFID=eddf777b-3cbe-44f1-9ff6-63ed00134a05&CFTOKEN=0 HTTP/1.1" 301 - "-" "Mozilla/5.0 (compatible; DotBot/1.2; +https://opensiteexplorer.org/dotbot; help@moz.com)"
216.244.66.236 - - [02/Sep/2026:14:46:58 -0700] "GET /athlete_form.cfm?CFID=ee0ed0d8-9ffd-477a-8406-662ccdc1e9d4&CFTOKEN=0 HTTP/1.1" 301 - "-" "Mozilla/5.0 (compatible; DotBot/1.2; +https://opensiteexplorer.org/dotbot; help@moz.com)"
216.244.66.236 - - [02/Sep/2026:14:46:59 -0700] "GET /athlete_form.cfm?CFID=ee215db0-8615-4e89-8a22-1c225d75b243&CFTOKEN=0 HTTP/1.1" 301 - "-" "Mozilla/5.0 (compatible; DotBot/1.2; +https://opensiteexplorer.org/dotbot; help@moz.com)"
216.244.66.236 - - [02/Sep/2026:14:47:00 -0700] "GET /athlete_form.cfm?CFID=ee2e7735-7913-4716-87e5-b982104ac11c&CFTOKEN=0 HTTP/1.1" 301 - "-" "Mozilla/5.0 (compatible; DotBot/1.2; +https://opensiteexplorer.org/dotbot; help@moz.com)"
216.244.66.236 - - [02/Sep/2026:14:47:02 -0700] "GET /athlete_form.cfm?CFID=ee4ef809-d21b-48b7-99c4-ceac5e1b33df&CFTOKEN=0 HTTP/1.1" 301 - "-" "Mozilla/5.0 (compatible; DotBot/1.2; +https://opensiteexplorer.org/dotbot; help@moz.com)"
216.244.66.236 - - [02/Sep/2026:14:47:04 -0700] "GET /athlete_form.cfm?CFID=ee506aa6-de49-407f-8bd1-242a4263bf5c&CFTOKEN=0 HTTP/1.1" 301 - "-" "Mozilla/5.0 (compatible; DotBot/1.2; +https://opensiteexplorer.org/dotbot; help@moz.com)"
216.244.66.236 - - [02/Sep/2026:14:47:05 -0700] "GET /athlete_form.cfm?CFID=ee6016b4-27f5-42ac-8f83-b506a946150c&CFTOKEN=0 HTTP/1.1" 301 - "-" "Mozilla/5.0 (compatible; DotBot/1.2; +https://opensiteexplorer.org/dotbot; help@moz.com)"
216.244.66.236 - - [02/Sep/2026:14:47:06 -0700] "GET /athlete_form.cfm?CFID=ee62bf99-8096-41a6-8ff0-32c1bb7de234&CFTOKEN=0 HTTP/1.1" 301 - "-" "Mozilla/5.0 (compatible; DotBot/1.2; +https://opensiteexplorer.org/dotbot; help@moz.com)"
216.244.66.236 - - [02/Sep/2026:14:47:07 -0700] "GET /athlete_form.cfm?CFID=ee710924-289a-45e6-80ad-325bcb4ac5ad&CFTOKEN=0 HTTP/1.1" 301 - "-" "Mozilla/5.0 (compatible; DotBot/1.2; +https://opensiteexplorer.org/dotbot; help@moz.com)"
216.244.66.236 - - [02/Sep/2026:14:47:08 -0700] "GET /athlete_form.cfm?CFID=ee768a60-9364-4338-94da-ae36ea6a2980&CFTOKEN=0 HTTP/1.1" 301 - "-" "Mozilla/5.0 (compatible; DotBot/1.2; +https://opensiteexplorer.org/dotbot; help@moz.com)"
216.244.66.236 - - [02/Sep/2026:14:47:10 -0700] "GET /athlete_form.cfm?CFID=ee8f6744-ee5b-4d1e-90d0-42faefed7bc1&CFTOKEN=0 HTTP/1.1" 301 - "-" "Mozilla/5.0 (compatible; DotBot/1.2; +https://opensiteexplorer.org/dotbot; help@moz.com)"
216.244.66.236 - - [02/Sep/2026:14:47:11 -0700] "GET /athlete_form.cfm?CFID=eeb9cbad-c7ab-4c2a-8b07-8b5f14de18ea&CFTOKEN=0 HTTP/1.1" 301 - "-" "Mozilla/5.0 (compatible; DotBot/1.2; +https://opensiteexplorer.org/dotbot; help@moz.com)"
216.244.66.236 - - [02/Sep/2026:14:47:12 -0700] "GET /athlete_form.cfm?CFID=eec8d167-b1d6-4808-8527-07656009491e&CFTOKEN=0 HTTP/1.1" 301 - "-" "Mozilla/5.0 (compatible; DotBot/1.2; +https://opensiteexplorer.org/dotbot; help@moz.com)"
216.244.66.236 - - [02/Sep/2026:14:47:13 -0700] "GET /athlete_form.cfm?CFID=eeca2f8e-2118-4835-af09-7a72c20441f6&CFTOKEN=0 HTTP/1.1" 301 - "-" "Mozilla/5.0 (compatible; DotBot/1.2; +https://opensiteexplorer.org/dotbot; help@moz.com)"
216.244.66.236 - - [02/Sep/2026:14:47:14 -0700] "GET /athlete_form.cfm?CFID=eeccf338-1af9-4ab6-af36-6ca8e73c3447&CFTOKEN=0 HTTP/1.1" 301 - "-" "Mozilla/5.0 (compatible; DotBot/1.2; +https://opensiteexplorer.org/dotbot; help@moz.com)"
216.244.66.236 - - [02/Sep/2026:14:47:15 -0700] "GET /athlete_form.cfm?CFID=eee216a7-7e00-406e-b40d-676ff459c842&CFTOKEN=0 HTTP/1.1" 301 - "-" "Mozilla/5.0 (compatible; DotBot/1.2; +https://opensiteexplorer.org/dotbot; help@moz.com)"
216.244.66.236 - - [02/Sep/2026:14:47:16 -0700] "GET /athlete_form.cfm?CFID=ef0d1662-6e63-48de-a46f-c78d78f1c500&CFTOKEN=0 HTTP/1.1" 301 - "-" "Mozilla/5.0 (compatible; DotBot/1.2; +https://opensiteexplorer.org/dotbot; help@moz.com)"
216.244.66.236 - - [02/Sep/2026:14:47:16 -0700] "GET /athlete_form.cfm?CFID=ef11b5df-0004-4d21-9f0d-ad961f86ec73&CFTOKEN=0 HTTP/1.1" 301 - "-" "Mozilla/5.0 (compatible; DotBot/1.2; +https://opensiteexplorer.org/dotbot; help@moz.com)"
216.244.66.236 - - [02/Sep/2026:14:47:17 -0700] "GET /athlete_form.cfm?CFID=ef1756a3-012f-4b98-b97c-e61ca7d1c7d5&CFTOKEN=0 HTTP/1.1" 301 - "-" "Mozilla/5.0 (compatible; DotBot/1.2; +https://opensiteexplorer.org/dotbot; help@moz.com)"
216.244.66.236 - - [02/Sep/2026:14:47:17 -0700] "GET /athlete_form.cfm?CFID=ef233628-34d6-4bf8-98a9-043bf388c336&CFTOKEN=0 HTTP/1.1" 301 - "-" "Mozilla/5.0 (compatible; DotBot/1.2; +https://opensiteexplorer.org/dotbot; help@moz.com)"
216.244.66.236 - - [02/Sep/2026:14:47:18 -0700] "GET /athlete_form.cfm?CFID=ef2982ad-1dba-4f17-af49-1f7a653d1acc&CFTOKEN=0 HTTP/1.1" 301 - "-" "Mozilla/5.0 (compatible; DotBot/1.2; +https://opensiteexplorer.org/dotbot; help@moz.com)"
216.244.66.236 - - [02/Sep/2026:14:47:19 -0700] "GET /athlete_form.cfm?CFID=ef2b857f-4305-430f-a68c-a68ba31fbf16&CFTOKEN=0 HTTP/1.1" 301 - "-" "Mozilla/5.0 (compatible; DotBot/1.2; +https://opensiteexplorer.org/dotbot; help@moz.com)"
216.244.66.236 - - [02/Sep/2026:14:47:19 -0700] "GET /athlete_form.cfm?CFID=ef3b933d-802e-4cd0-8601-1e942bacaeaa&CFTOKEN=0 HTTP/1.1" 301 - "-" "Mozilla/5.0 (compatible; DotBot/1.2; +https://opensiteexplorer.org/dotbot; help@moz.com)"
216.244.66.236 - - [02/Sep/2026:14:47:20 -0700] "GET /athlete_form.cfm?CFID=ef4250b7-ca1b-413d-aba5-199640eb99c4&CFTOKEN=0 HTTP/1.1" 301 - "-" "Mozilla/5.0 (compatible; DotBot/1.2; +https://opensiteexplorer.org/dotbot; help@moz.com)"
216.244.66.236 - - [02/Sep/2026:14:47:20 -0700] "GET /athlete_form.cfm?CFID=ef4f4bf2-b480-4c94-ae35-60820b5b939e&CFTOKEN=0 HTTP/1.1" 301 - "-" "Mozilla/5.0 (compatible; DotBot/1.2; +https://opensiteexplorer.org/dotbot; help@moz.com)"
173.231.200.77 - - [02/Sep/2026:14:47:21 -0700] "POST /wp-cron.php?doing_wp_cron=1788385641.1661920547485351562500 HTTP/1.1" 200 - "-" "WordPress/7.1; https://usaigc.com"
216.244.66.236 - - [02/Sep/2026:14:47:21 -0700] "GET /athlete_form.cfm?CFID=ef54f664-83c1-4ac6-81e6-1c9fce326a89&CFTOKEN=0 HTTP/1.1" 301 - "-" "Mozilla/5.0 (compatible; DotBot/1.2; +https://opensiteexplorer.org/dotbot; help@moz.com)"
216.244.66.236 - - [02/Sep/2026:14:47:21 -0700] "GET /athlete_form.cfm?CFID=ef56ec1d-01fe-4f53-a4e1-c5731c5d0d1f&CFTOKEN=0 HTTP/1.1" 301 - "-" "Mozilla/5.0 (compatible; DotBot/1.2; +https://opensiteexplorer.org/dotbot; help@moz.com)"
216.244.66.236 - - [02/Sep/2026:14:47:22 -0700] "GET /athlete_form.cfm?CFID=ef673fc9-534d-4fb6-968d-52543c1217f8&CFTOKEN=0 HTTP/1.1" 301 - "-" "Mozilla/5.0 (compatible; DotBot/1.2; +https://opensiteexplorer.org/dotbot; help@moz.com)"
216.244.66.236 - - [02/Sep/2026:14:47:23 -0700] "GET /athlete_form.cfm?CFID=ef81ede3-96a2-4307-bb8e-da3bfada5de4&CFTOKEN=0 HTTP/1.1" 301 - "-" "Mozilla/5.0 (compatible; DotBot/1.2; +https://opensiteexplorer.org/dotbot; help@moz.com)"
216.244.66.236 - - [02/Sep/2026:14:47:24 -0700] "GET /athlete_form.cfm?CFID=ef8a965b-eed0-41fd-9585-95716f03485b&CFTOKEN=0 HTTP/1.1" 301 - "-" "Mozilla/5.0 (compatible; DotBot/1.2; +https://opensiteexplorer.org/dotbot; help@moz.com)"
216.244.66.236 - - [02/Sep/2026:14:47:25 -0700] "GET /athlete_form.cfm?CFID=ef924eb3-6f35-4ca7-977e-8d4d699a021b&CFTOKEN=0 HTTP/1.1" 301 - "-" "Mozilla/5.0 (compatible; DotBot/1.2; +https://opensiteexplorer.org/dotbot; help@moz.com)"
216.244.66.236 - - [02/Sep/2026:14:47:26 -0700] "GET /athlete_form.cfm?CFID=ef95a62b-ac3a-4a24-9b5b-9a152c247a7c&CFTOKEN=0 HTTP/1.1" 301 - "-" "Mozilla/5.0 (compatible; DotBot/1.2; +https://opensiteexplorer.org/dotbot; help@moz.com)"
216.244.66.236 - - [02/Sep/2026:14:47:26 -0700] "GET /athlete_form.cfm?CFID=ef9a5cdf-6f31-4a14-b8a5-f3844dd2a42e&CFTOKEN=0 HTTP/1.1" 301 - "-" "Mozilla/5.0 (compatible; DotBot/1.2; +https://opensiteexplorer.org/dotbot; help@moz.com)"
216.244.66.236 - - [02/Sep/2026:14:47:27 -0700] "GET /athlete_form.cfm?CFID=efa7213b-13de-4f35-baa6-a0a6cdf65ee5&CFTOKEN=0 HTTP/1.1" 301 - "-" "Mozilla/5.0 (compatible; DotBot/1.2; +https://opensiteexplorer.org/dotbot; help@moz.com)"
216.244.66.236 - - [02/Sep/2026:14:47:28 -0700] "GET /athlete_form.cfm?CFID=efed2ccd-23a9-4ae2-b6ec-bf0cf908fb6c&CFTOKEN=0 HTTP/1.1" 301 - "-" "Mozilla/5.0 (compatible; DotBot/1.2; +https://opensiteexplorer.org/dotbot; help@moz.com)"
216.244.66.236 - - [02/Sep/2026:14:47:28 -0700] "GET /athlete_form.cfm?CFID=f003318f-7ecb-47ec-960a-3adc36bd4677&CFTOKEN=0 HTTP/1.1" 301 - "-" "Mozilla/5.0 (compatible; DotBot/1.2; +https://opensiteexplorer.org/dotbot; help@moz.com)"
216.244.66.236 - - [02/Sep/2026:14:47:29 -0700] "GET /athlete_form.cfm?CFID=f0169173-3ffc-42f9-abd4-899df2950f27&CFTOKEN=0 HTTP/1.1" 301 - "-" "Mozilla/5.0 (compatible; DotBot/1.2; +https://opensiteexplorer.org/dotbot; help@moz.com)"
216.244.66.236 - - [02/Sep/2026:14:47:30 -0700] "GET /athlete_form.cfm?CFID=f0385a4e-6d6b-4faa-bfd6-158a8a7077b0&CFTOKEN=0 HTTP/1.1" 301 - "-" "Mozilla/5.0 (compatible; DotBot/1.2; +https://opensiteexplorer.org/dotbot; help@moz.com)"
216.244.66.236 - - [02/Sep/2026:14:47:30 -0700] "GET /athlete_form.cfm?CFID=f0419288-5ce3-444d-998d-16d67daf8c95&CFTOKEN=0 HTTP/1.1" 301 - "-" "Mozilla/5.0 (compatible; DotBot/1.2; +https://opensiteexplorer.org/dotbot; help@moz.com)"
216.244.66.236 - - [02/Sep/2026:14:47:33 -0700] "GET /athlete_form.cfm?CFID=f042f8af-713b-4787-b120-5db0a9425a33&CFTOKEN=0 HTTP/1.1" 301 - "-" "Mozilla/5.0 (compatible; DotBot/1.2; +https://opensiteexplorer.org/dotbot; help@moz.com)"
216.244.66.236 - - [02/Sep/2026:14:47:35 -0700] "GET /athlete_form.cfm?CFID=f043a87d-502d-49f6-bfa8-0ce90d7a1219&CFTOKEN=0 HTTP/1.1" 301 - "-" "Mozilla/5.0 (compatible; DotBot/1.2; +https://opensiteexplorer.org/dotbot; help@moz.com)"
142.132.174.203 - - [02/Sep/2026:14:47:37 -0700] "GET /sitemap-index.xml HTTP/1.1" 302 - "-" "Mozilla/5.0 (Macintosh; Intel Mac OS X 10_15_7) AppleWebKit/605.1.15 (KHTML, like Gecko) Version/18.3 Safari/605.1.15"
142.132.174.203 - - [02/Sep/2026:14:47:37 -0700] "GET /sitemap.xml HTTP/1.1" 200 800 "-" "Mozilla/5.0 (Macintosh; Intel Mac OS X 10_15_7) AppleWebKit/605.1.15 (KHTML, like Gecko) Version/18.3 Safari/605.1.15"
142.132.174.203 - - [02/Sep/2026:14:47:37 -0700] "GET /post-sitemap.xml HTTP/1.1" 200 3841 "-" "Mozilla/5.0 (Linux; Android 10; K) AppleWebKit/537.36 (KHTML, like Gecko) Chrome/134.0.0.0 Mobile Safari/537.36"
216.244.66.236 - - [02/Sep/2026:14:47:38 -0700] "GET /athlete_form.cfm?CFID=f0453d3b-ce5b-430a-97ba-8ca95088d857&CFTOKEN=0 HTTP/1.1" 301 - "-" "Mozilla/5.0 (compatible; DotBot/1.2; +https://opensiteexplorer.org/dotbot; help@moz.com)"
216.244.66.236 - - [02/Sep/2026:14:47:40 -0700] "GET /athlete_form.cfm?CFID=f071fd8e-c926-4f7d-8115-46472dfdc30b&CFTOKEN=0 HTTP/1.1" 301 - "-" "Mozilla/5.0 (compatible; DotBot/1.2; +https://opensiteexplorer.org/dotbot; help@moz.com)"
216.244.66.236 - - [02/Sep/2026:14:47:42 -0700] "GET /athlete_form.cfm?CFID=f07f3426-ae5b-44aa-93d3-458e3b54ad1d&CFTOKEN=0 HTTP/1.1" 301 - "-" "Mozilla/5.0 (compatible; DotBot/1.2; +https://opensiteexplorer.org/dotbot; help@moz.com)"
216.244.66.236 - - [02/Sep/2026:14:47:43 -0700] "GET /athlete_form.cfm?CFID=f083e8ab-7282-4503-8875-dabfae8cf088&CFTOKEN=0 HTTP/1.1" 301 - "-" "Mozilla/5.0 (compatible; DotBot/1.2; +https://opensiteexplorer.org/dotbot; help@moz.com)"
216.244.66.236 - - [02/Sep/2026:14:47:45 -0700] "GET /athlete_form.cfm?CFID=f0867222-120e-499d-a462-6d6b6c8f78cc&CFTOKEN=0 HTTP/1.1" 301 - "-" "Mozilla/5.0 (compatible; DotBot/1.2; +https://opensiteexplorer.org/dotbot; help@moz.com)"
192.178.6.169 - - [02/Sep/2026:14:50:32 -0700] "GET /wp-content/uploads/2023/12/Coaches-Background-Check-USAIGC-2024_.docx HTTP/1.1" 200 22878 "-" "Mozilla/5.0 (Linux; Android 6.0.1; Nexus 5X Build/MMB29P) AppleWebKit/537.36 (KHTML, like Gecko) Chrome/151.0.7922.173 Mobile Safari/537.36 (compatible; Googlebot/2.1; +http://www.google.com/bot.html)"
192.178.6.168 - - [02/Sep/2026:14:51:44 -0700] "GET /wp-content/uploads/hummingbird-assets/d08d7c28ce2112e512a65329b30c38d0.css HTTP/1.1" 200 51044 "https://usaigc.com/club-directory/" "Mozilla/5.0 (Linux; Android 6.0.1; Nexus 5X Build/MMB29P) AppleWebKit/537.36 (KHTML, like Gecko) Chrome/151.0.7922.173 Mobile Safari/537.36 (compatible; Googlebot/2.1; +http://www.google.com/bot.html)"
192.178.6.168 - - [02/Sep/2026:14:51:44 -0700] "GET /wp-content/uploads/hummingbird-assets/643adc03774cdb087b0ad109bcf87eea.css HTTP/1.1" 200 21084 "https://usaigc.com/club-directory/" "Mozilla/5.0 (Linux; Android 6.0.1; Nexus 5X Build/MMB29P) AppleWebKit/537.36 (KHTML, like Gecko) Chrome/151.0.7922.173 Mobile Safari/537.36 (compatible; Googlebot/2.1; +http://www.google.com/bot.html)"
192.178.6.168 - - [02/Sep/2026:14:51:44 -0700] "GET /wp-content/uploads/hummingbird-assets/9a31db504563c009a94bb8252fcec2d0.js HTTP/1.1" 200 101173 "https://usaigc.com/club-directory/" "Mozilla/5.0 (Linux; Android 6.0.1; Nexus 5X Build/MMB29P) AppleWebKit/537.36 (KHTML, like Gecko) Chrome/151.0.7922.173 Mobile Safari/537.36 (compatible; Googlebot/2.1; +http://www.google.com/bot.html)"
192.178.6.160 - - [02/Sep/2026:14:51:45 -0700] "GET /wp-content/uploads/hummingbird-assets/3d7ae69f5ab28f2804dafc34d0f0bbc6.css HTTP/1.1" 200 499059 "https://usaigc.com/club-directory/" "Mozilla/5.0 (Linux; Android 6.0.1; Nexus 5X Build/MMB29P) AppleWebKit/537.36 (KHTML, like Gecko) Chrome/151.0.7922.173 Mobile Safari/537.36 (compatible; Googlebot/2.1; +http://www.google.com/bot.html)"
192.178.6.168 - - [02/Sep/2026:14:51:45 -0700] "GET /wp-content/plugins/elementor/assets/js/frontend-modules.min.js HTTP/1.1" 200 59749 "https://usaigc.com/club-directory/" "Mozilla/5.0 (Linux; Android 6.0.1; Nexus 5X Build/MMB29P) AppleWebKit/537.36 (KHTML, like Gecko) Chrome/151.0.7922.173 Mobile Safari/537.36 (compatible; Googlebot/2.1; +http://www.google.com/bot.html)"
173.231.200.77 - - [02/Sep/2026:14:52:21 -0700] "POST /wp-cron.php?doing_wp_cron=1788385941.2385630607604980468750 HTTP/1.1" 200 - "-" "WordPress/7.1; https://usaigc.com"
136.144.19.236 - - [02/Sep/2026:14:52:21 -0700] "POST /wp-login.php HTTP/1.1" 200 7596 "-" "Mozilla/5.0"
87.250.224.120 - - [02/Sep/2026:14:52:38 -0700] "GET /robots.txt HTTP/1.1" 301 - "-" "Mozilla/5.0 (compatible; YandexBot/3.0; +http://yandex.com/bots)"
137.184.10.72 - - [02/Sep/2026:14:52:39 -0700] "GET / HTTP/2.0" 200 131156 "https://www.google.com/search?q=usaigc" "Mozilla/5.0 (Macintosh; Intel Mac OS X 10_15_7) AppleWebKit/537.36 (KHTML, like Gecko) Chrome/145.0.0.0 Safari/537.36"
87.250.224.120 - - [02/Sep/2026:14:52:39 -0700] "GET /robots.txt HTTP/1.1" 200 153 "-" "Mozilla/5.0 (compatible; YandexBot/3.0; +http://yandex.com/bots)"
5.255.231.5 - - [02/Sep/2026:14:52:41 -0700] "GET /robots.txt HTTP/1.1" 301 - "-" "Mozilla/5.0 (compatible; YandexBot/3.0; +http://yandex.com/bots)"
5.255.231.5 - - [02/Sep/2026:14:52:43 -0700] "GET /robots.txt HTTP/1.1" 200 153 "-" "Mozilla/5.0 (compatible; YandexBot/3.0; +http://yandex.com/bots)"
213.180.203.107 - - [02/Sep/2026:14:52:44 -0700] "GET / HTTP/1.1" 301 - "-" "Mozilla/5.0 (compatible; YandexRenderResourcesBot/1.0; +http://yandex.com/bots) AppleWebKit/537.36 (KHTML, like Gecko) Chrome/108.0.0.0"
5.255.231.20 - - [02/Sep/2026:14:52:45 -0700] "GET /robots.txt HTTP/1.1" 200 153 "-" "Mozilla/5.0 (compatible; YandexBot/3.0; +http://yandex.com/bots)"
95.108.213.146 - - [02/Sep/2026:14:52:46 -0700] "GET / HTTP/1.1" 200 131156 "-" "Mozilla/5.0 (compatible; YandexRenderResourcesBot/1.0; +http://yandex.com/bots) AppleWebKit/537.36 (KHTML, like Gecko) Chrome/108.0.0.0"
213.180.203.9 - - [02/Sep/2026:14:52:48 -0700] "GET /wp-content/uploads/hummingbird-assets/3bc16ab83db33802d31670bbb5e751f7.css HTTP/1.1" 200 2956 "https://usaigc.com/" "Mozilla/5.0 (compatible; YandexRenderResourcesBot/1.0; +http://yandex.com/bots) AppleWebKit/537.36 (KHTML, like Gecko) Chrome/108.0.0.0"
87.250.224.208 - - [02/Sep/2026:14:52:48 -0700] "GET /wp-content/uploads/elementor/css/post-11.css HTTP/1.1" 200 54362 "https://usaigc.com/" "Mozilla/5.0 (compatible; YandexRenderResourcesBot/1.0; +http://yandex.com/bots) AppleWebKit/537.36 (KHTML, like Gecko) Chrome/108.0.0.0"
95.108.213.181 - - [02/Sep/2026:14:52:48 -0700] "GET /wp-content/uploads/hummingbird-assets/b4af289e0ca1ead096a59d802fe8b520.css HTTP/1.1" 200 310020 "https://usaigc.com/" "Mozilla/5.0 (compatible; YandexRenderResourcesBot/1.0; +http://yandex.com/bots) AppleWebKit/537.36 (KHTML, like Gecko) Chrome/108.0.0.0"
95.108.213.125 - - [02/Sep/2026:14:52:49 -0700] "GET /wp-content/plugins/instagram-feed/css/sbi-styles.min.css HTTP/1.1" 200 46555 "https://usaigc.com/" "Mozilla/5.0 (compatible; YandexRenderResourcesBot/1.0; +http://yandex.com/bots) AppleWebKit/537.36 (KHTML, like Gecko) Chrome/108.0.0.0"
87.250.224.249 - - [02/Sep/2026:14:52:49 -0700] "GET /wp-content/uploads/hummingbird-assets/6c6cd98a6cb254c81a352bc7957ad68a.css HTTP/1.1" 200 61458 "https://usaigc.com/" "Mozilla/5.0 (compatible; YandexRenderResourcesBot/1.0; +http://yandex.com/bots) AppleWebKit/537.36 (KHTML, like Gecko) Chrome/108.0.0.0"
87.250.224.240 - - [02/Sep/2026:14:52:49 -0700] "GET /wp-content/uploads/hummingbird-assets/49cdf6bbd09e930c7fbd2377304dfc4e.css HTTP/1.1" 200 259089 "https://usaigc.com/" "Mozilla/5.0 (compatible; YandexRenderResourcesBot/1.0; +http://yandex.com/bots) AppleWebKit/537.36 (KHTML, like Gecko) Chrome/108.0.0.0"
213.180.203.110 - - [02/Sep/2026:14:52:50 -0700] "GET /wp-content/uploads/hummingbird-assets/f2015d7b263362243841ecbb23ab63b8.css HTTP/1.1" 200 37219 "https://usaigc.com/" "Mozilla/5.0 (compatible; YandexRenderResourcesBot/1.0; +http://yandex.com/bots) AppleWebKit/537.36 (KHTML, like Gecko) Chrome/108.0.0.0"
87.250.224.85 - - [02/Sep/2026:14:52:51 -0700] "GET /wp-content/uploads/hummingbird-assets/9a31db504563c009a94bb8252fcec2d0.js HTTP/1.1" 200 101173 "https://usaigc.com/" "Mozilla/5.0 (compatible; YandexRenderResourcesBot/1.0; +http://yandex.com/bots) AppleWebKit/537.36 (KHTML, like Gecko) Chrome/108.0.0.0"
213.180.203.84 - - [02/Sep/2026:14:52:51 -0700] "GET /wp-content/plugins/elementor/assets/lib/font-awesome/js/v4-shims.min.js HTTP/1.1" 200 15073 "https://usaigc.com/" "Mozilla/5.0 (compatible; YandexRenderResourcesBot/1.0; +http://yandex.com/bots) AppleWebKit/537.36 (KHTML, like Gecko) Chrome/108.0.0.0"
95.108.213.167 - - [02/Sep/2026:14:52:52 -0700] "GET /wp-content/plugins/elementor/assets/js/webpack.runtime.min.js HTTP/1.1" 200 5350 "https://usaigc.com/" "Mozilla/5.0 (compatible; YandexRenderResourcesBot/1.0; +http://yandex.com/bots) AppleWebKit/537.36 (KHTML, like Gecko) Chrome/108.0.0.0"
213.180.203.231 - - [02/Sep/2026:14:52:53 -0700] "GET /wp-includes/js/jquery/ui/core.min.js HTTP/1.1" 200 18674 "https://usaigc.com/" "Mozilla/5.0 (compatible; YandexRenderResourcesBot/1.0; +http://yandex.com/bots) AppleWebKit/537.36 (KHTML, like Gecko) Chrome/108.0.0.0"
95.108.213.117 - - [02/Sep/2026:14:52:53 -0700] "GET /wp-content/uploads/hummingbird-assets/39c4cfff4ed9636507c780e102533e5b.css HTTP/1.1" 200 247 "https://usaigc.com/" "Mozilla/5.0 (compatible; YandexRenderResourcesBot/1.0; +http://yandex.com/bots) AppleWebKit/537.36 (KHTML, like Gecko) Chrome/108.0.0.0"
5.255.231.20 - - [02/Sep/2026:14:52:53 -0700] "GET /wp-content/plugins/elementor/assets/js/frontend-modules.min.js HTTP/1.1" 200 59749 "https://usaigc.com/" "Mozilla/5.0 (compatible; YandexRenderResourcesBot/1.0; +http://yandex.com/bots) AppleWebKit/537.36 (KHTML, like Gecko) Chrome/108.0.0.0"
95.108.213.146 - - [02/Sep/2026:14:52:55 -0700] "GET /wp-content/uploads/hummingbird-assets/2ab2ba5f7f136571c5f6707948e9760f.css HTTP/1.1" 200 24769 "https://usaigc.com/" "Mozilla/5.0 (compatible; YandexRenderResourcesBot/1.0; +http://yandex.com/bots) AppleWebKit/537.36 (KHTML, like Gecko) Chrome/108.0.0.0"
95.108.213.181 - - [02/Sep/2026:14:52:55 -0700] "GET /wp-content/uploads/hummingbird-assets/643adc03774cdb087b0ad109bcf87eea.css HTTP/1.1" 200 21084 "https://usaigc.com/" "Mozilla/5.0 (compatible; YandexRenderResourcesBot/1.0; +http://yandex.com/bots) AppleWebKit/537.36 (KHTML, like Gecko) Chrome/108.0.0.0"
95.108.213.216 - - [02/Sep/2026:14:52:50 -0700] "GET /wp-content/uploads/hummingbird-assets/3119900ce03b730c311bb1ec88f60bb4.js HTTP/1.1" 200 424288 "https://usaigc.com/" "Mozilla/5.0 (compatible; YandexRenderResourcesBot/1.0; +http://yandex.com/bots) AppleWebKit/537.36 (KHTML, like Gecko) Chrome/108.0.0.0"
87.250.224.208 - - [02/Sep/2026:14:52:55 -0700] "GET /wp-content/uploads/hummingbird-assets/67d2ab8eca88207793ca464316f15c10.js HTTP/1.1" 200 79037 "https://usaigc.com/" "Mozilla/5.0 (compatible; YandexRenderResourcesBot/1.0; +http://yandex.com/bots) AppleWebKit/537.36 (KHTML, like Gecko) Chrome/108.0.0.0"
213.180.203.9 - - [02/Sep/2026:14:52:57 -0700] "GET /wp-content/plugins/elementor-pro/assets/js/webpack-pro.runtime.min.js HTTP/1.1" 200 6263 "https://usaigc.com/" "Mozilla/5.0 (compatible; YandexRenderResourcesBot/1.0; +http://yandex.com/bots) AppleWebKit/537.36 (KHTML, like Gecko) Chrome/108.0.0.0"
87.250.224.249 - - [02/Sep/2026:14:52:58 -0700] "GET /wp-content/uploads/hummingbird-assets/2d0fc86d08c0addc7f54a6a33ef11370.js HTTP/1.1" 200 10815 "https://usaigc.com/" "Mozilla/5.0 (compatible; YandexRenderResourcesBot/1.0; +http://yandex.com/bots) AppleWebKit/537.36 (KHTML, like Gecko) Chrome/108.0.0.0"
95.108.213.125 - - [02/Sep/2026:14:53:00 -0700] "GET /wp-content/uploads/hummingbird-assets/4f2f05e2bccbc74bfdc4d4a9af4df128.js HTTP/1.1" 200 84064 "https://usaigc.com/" "Mozilla/5.0 (compatible; YandexRenderResourcesBot/1.0; +http://yandex.com/bots) AppleWebKit/537.36 (KHTML, like Gecko) Chrome/108.0.0.0"
87.250.224.240 - - [02/Sep/2026:14:53:01 -0700] "GET /wp-content/plugins/elementor/assets/lib/eicons/fonts/eicons.woff2?5.35.0 HTTP/1.1" 200 98056 "https://usaigc.com/wp-content/uploads/hummingbird-assets/b4af289e0ca1ead096a59d802fe8b520.css" "Mozilla/5.0 (compatible; YandexRenderResourcesBot/1.0; +http://yandex.com/bots) AppleWebKit/537.36 (KHTML, like Gecko) Chrome/108.0.0.0"
95.108.213.216 - - [02/Sep/2026:14:53:02 -0700] "GET /wp-content/uploads/elementor/custom-icons/theme-icons/fonts/theme-icons.ttf?yox6f HTTP/1.1" 200 5924 "https://usaigc.com/wp-content/uploads/hummingbird-assets/b4af289e0ca1ead096a59d802fe8b520.css" "Mozilla/5.0 (compatible; YandexRenderResourcesBot/1.0; +http://yandex.com/bots) AppleWebKit/537.36 (KHTML, like Gecko) Chrome/108.0.0.0"
213.180.203.110 - - [02/Sep/2026:14:53:02 -0700] "GET /wp-content/plugins/elementor/assets/lib/font-awesome/webfonts/fa-brands-400.ttf HTTP/1.1" 200 151368 "https://usaigc.com/wp-content/uploads/hummingbird-assets/b4af289e0ca1ead096a59d802fe8b520.css" "Mozilla/5.0 (compatible; YandexRenderResourcesBot/1.0; +http://yandex.com/bots) AppleWebKit/537.36 (KHTML, like Gecko) Chrome/108.0.0.0"
87.250.224.85 - - [02/Sep/2026:14:53:03 -0700] "GET /wp-content/plugins/elementor/assets/lib/font-awesome/webfonts/fa-solid-900.ttf HTTP/1.1" 200 202744 "https://usaigc.com/wp-content/uploads/hummingbird-assets/b4af289e0ca1ead096a59d802fe8b520.css" "Mozilla/5.0 (compatible; YandexRenderResourcesBot/1.0; +http://yandex.com/bots) AppleWebKit/537.36 (KHTML, like Gecko) Chrome/108.0.0.0"
213.180.203.84 - - [02/Sep/2026:14:53:03 -0700] "GET /wp-content/plugins/elementor/assets/lib/font-awesome/webfonts/fa-regular-400.ttf HTTP/1.1" 200 33736 "https://usaigc.com/wp-content/uploads/hummingbird-assets/b4af289e0ca1ead096a59d802fe8b520.css" "Mozilla/5.0 (compatible; YandexRenderResourcesBot/1.0; +http://yandex.com/bots) AppleWebKit/537.36 (KHTML, like Gecko) Chrome/108.0.0.0"
95.108.213.167 - - [02/Sep/2026:14:53:03 -0700] "GET /wp-content/plugins/elementor/assets/lib/eicons/fonts/eicons.woff?5.35.0 HTTP/1.1" 200 120532 "https://usaigc.com/wp-content/uploads/hummingbird-assets/b4af289e0ca1ead096a59d802fe8b520.css" "Mozilla/5.0 (compatible; YandexRenderResourcesBot/1.0; +http://yandex.com/bots) AppleWebKit/537.36 (KHTML, like Gecko) Chrome/108.0.0.0"
213.180.203.231 - - [02/Sep/2026:14:53:05 -0700] "GET /wp-content/plugins/elementor/assets/lib/eicons/fonts/eicons.ttf?5.35.0 HTTP/1.1" 200 221280 "https://usaigc.com/wp-content/uploads/hummingbird-assets/b4af289e0ca1ead096a59d802fe8b520.css" "Mozilla/5.0 (compatible; YandexRenderResourcesBot/1.0; +http://yandex.com/bots) AppleWebKit/537.36 (KHTML, like Gecko) Chrome/108.0.0.0"
95.108.213.117 - - [02/Sep/2026:14:53:07 -0700] "GET /wp-content/uploads/2023/11/illustration-arrow-right-1.svg HTTP/1.1" 200 334 "https://usaigc.com/" "Mozilla/5.0 (compatible; YandexRenderResourcesBot/1.0; +http://yandex.com/bots) AppleWebKit/537.36 (KHTML, like Gecko) Chrome/108.0.0.0"
173.231.200.77 - - [02/Sep/2026:14:56:35 -0700] "POST /wp-cron.php?doing_wp_cron=1788386195.5327649116516113281250 HTTP/1.1" 200 - "-" "WordPress/7.1; https://usaigc.com"
136.112.210.90 - - [02/Sep/2026:14:56:35 -0700] "GET /officials_free_clinics.cfm HTTP/2.0" 404 100663 "-" "Mozilla/5.0 (compatible; Reflectionbot/1.0; +https://reflection.ai/bot)"
52.0.105.244 - - [02/Sep/2026:14:56:41 -0700] "GET /wp-json/oembed/1.0/embed?url=https://usaigc.com/alvin-summers/ HTTP/1.1" 200 2139 "-" "Mozilla/5.0 AppleWebKit/537.36 (KHTML, like Gecko; compatible; Amazonbot/0.1; +https://developer.amazon.com/support/amazonbot) Chrome/119.0.6045.214 Safari/537.36"
51.81.164.147 - - [02/Sep/2026:14:57:12 -0700] "GET /sitemap.xml HTTP/2.0" 200 800 "-" "Mozilla/5.0 (compatible; AhrefsBot/7.0; +http://ahrefs.com/robot/)"
51.81.163.60 - - [02/Sep/2026:14:57:13 -0700] "GET /post-sitemap.xml HTTP/2.0" 200 3841 "-" "Mozilla/5.0 (compatible; AhrefsBot/7.0; +http://ahrefs.com/robot/)"
51.81.163.20 - - [02/Sep/2026:14:57:15 -0700] "GET /page-sitemap.xml HTTP/2.0" 200 23053 "-" "Mozilla/5.0 (compatible; AhrefsBot/7.0; +http://ahrefs.com/robot/)"
51.81.169.117 - - [02/Sep/2026:14:57:17 -0700] "GET /category-sitemap.xml HTTP/2.0" 200 704 "-" "Mozilla/5.0 (compatible; AhrefsBot/7.0; +http://ahrefs.com/robot/)"
72.14.201.225 - - [02/Sep/2026:14:57:30 -0700] "GET / HTTP/2.0" 200 131156 "https://www.google.com/" "Mozilla/5.0 (Macintosh; Intel Mac OS X 10_15_7) AppleWebKit/537.36 (KHTML, like Gecko) Chrome/146.0.0.0 Safari/537.36"
173.231.200.77 - - [02/Sep/2026:14:57:31 -0700] "POST /wp-cron.php?doing_wp_cron=1788386251.3163568973541259765625 HTTP/1.1" 200 - "-" "WordPress/7.1; https://usaigc.com"
66.249.88.103 - - [02/Sep/2026:14:57:30 -0700] "GET /.well-known/traffic-advice HTTP/1.1" 404 100671 "-" "Chrome Privacy Preserving Prefetch Proxy"
162.120.186.150 - - [02/Sep/2026:14:57:47 -0700] "GET / HTTP/2.0" 200 131156 "https://www.google.com/" "Mozilla/5.0 (Macintosh; Intel Mac OS X 10_15_7) AppleWebKit/537.36 (KHTML, like Gecko) Chrome/146.0.0.0 Safari/537.36"
173.231.200.77 - - [02/Sep/2026:14:59:41 -0700] "POST /wp-cron.php?doing_wp_cron=1788386381.8749659061431884765625 HTTP/1.1" 200 - "-" "WordPress/7.1; https://usaigc.com"
136.144.19.76 - - [02/Sep/2026:14:59:41 -0700] "POST /wp-login.php HTTP/1.1" 200 7596 "-" "Mozilla/5.0"
173.231.200.77 - - [02/Sep/2026:15:04:11 -0700] "POST /wp-cron.php?doing_wp_cron=1788386651.8368499279022216796875 HTTP/1.1" 200 - "-" "WordPress/7.1; https://usaigc.com"
134.122.28.82 - - [02/Sep/2026:15:04:11 -0700] "GET / HTTP/1.1" 301 - "-" "Mozilla/5.0 (Windows NT 10.0; Win64; x64) AppleWebKit/537.36 (KHTML, like Gecko) Chrome/126.0.0.0 Safari/537.36"
134.122.28.82 - - [02/Sep/2026:15:04:12 -0700] "GET / HTTP/1.1" 200 131156 "-" "Mozilla/5.0 (Windows NT 10.0; Win64; x64) AppleWebKit/537.36 (KHTML, like Gecko) Chrome/126.0.0.0 Safari/537.36"
134.122.28.82 - - [02/Sep/2026:15:04:13 -0700] "POST /?rest_route=/batch/v1 HTTP/1.1" 207 414 "-" "Mozilla/5.0 (Windows NT 10.0; Win64; x64) AppleWebKit/537.36 (KHTML, like Gecko) Chrome/126.0.0.0 Safari/537.36"
173.231.200.77 - - [02/Sep/2026:15:04:41 -0700] "POST /wp-cron.php?doing_wp_cron=1788386681.4171988964080810546875 HTTP/1.1" 200 - "-" "WordPress/7.1; https://usaigc.com"
17.166.22.27 - - [02/Sep/2026:15:04:41 -0700] "GET /competition_scores.cfm?id=2120 HTTP/2.0" 301 - "-" "Mozilla/5.0 (Macintosh; Intel Mac OS X 10_15_7) AppleWebKit/605.1.15 (KHTML, like Gecko) Version/17.4 Safari/605.1.15 (Applebot/0.1; +http://www.apple.com/go/applebot)"
17.166.23.144 - - [02/Sep/2026:15:04:42 -0700] "GET /competition_scores.cfm?id=2120 HTTP/2.0" 404 100631 "-" "Mozilla/5.0 (Macintosh; Intel Mac OS X 10_15_7) AppleWebKit/605.1.15 (KHTML, like Gecko) Version/17.4 Safari/605.1.15 (Applebot/0.1; +http://www.apple.com/go/applebot)"
71.218.235.5 - - [02/Sep/2026:15:07:22 -0700] "GET / HTTP/2.0" 200 131156 "-" "Mozilla/5.0 (iPhone; CPU iPhone OS 18_7 like Mac OS X) AppleWebKit/605.1.15 (KHTML, like Gecko) Version/26.5 Mobile/15E148 Safari/604.1"
71.218.235.5 - - [02/Sep/2026:15:07:22 -0700] "GET /wp-content/plugins/instagram-feed/css/sbi-styles.min.css HTTP/2.0" 200 46555 "https://usaigc.com/" "Mozilla/5.0 (iPhone; CPU iPhone OS 18_7 like Mac OS X) AppleWebKit/605.1.15 (KHTML, like Gecko) Version/26.5 Mobile/15E148 Safari/604.1"
