/var/log/apache2/domlogs/altere25
Edit: /var/log/apache2/domlogs/altere25/usaigc.com.altereddigital.com-ssl_log (5102310B)
167.99.138.78 - - [02/Sep/2026:05:05:42 -0700] "POST /wp-login.php HTTP/1.1" 200 7615 "-" "Mozilla/5.0"
152.58.153.171 - - [02/Sep/2026:05:05:43 -0700] "POST /xmlrpc.php HTTP/1.1" 200 403 "-" "Jetpack/12.1; WordPress/6.3; http://site59602686.com"
78.61.177.243 - - [02/Sep/2026:05:05:43 -0700] "POST /xmlrpc.php HTTP/1.1" 200 403 "-" "Jetpack by WordPress.com (Jetpack 12.1; WordPress 6.3)"
152.58.153.171 - - [02/Sep/2026:05:05:54 -0700] "POST /xmlrpc.php HTTP/1.1" 200 403 "-" "Jetpack by WordPress.com (Jetpack 12.0; WordPress 6.3)"
78.61.177.243 - - [02/Sep/2026:05:05:54 -0700] "POST /xmlrpc.php HTTP/1.1" 200 403 "-" "WordPress.com; https://wordpress.com"
161.35.193.156 - - [02/Sep/2026:05:05:56 -0700] "POST /wp-login.php HTTP/1.1" 200 7596 "-" "Mozilla/5.0"
152.58.153.171 - - [02/Sep/2026:05:06:04 -0700] "POST /xmlrpc.php HTTP/1.1" 200 403 "-" "WordPress.com; https://wordpress.com"
78.61.177.243 - - [02/Sep/2026:05:06:04 -0700] "POST /xmlrpc.php HTTP/1.1" 200 403 "-" "Jetpack/12.1; WordPress/6.3; http://site32293102.com"
152.58.153.171 - - [02/Sep/2026:05:06:15 -0700] "POST /xmlrpc.php HTTP/1.1" 200 403 "-" "Jetpack by WordPress.com"
78.61.177.243 - - [02/Sep/2026:05:06:15 -0700] "POST /xmlrpc.php HTTP/1.1" 200 403 "-" "Jetpack by WordPress.com (Jetpack 13.0; WordPress 6.3)"
173.231.200.77 - - [02/Sep/2026:05:06:25 -0700] "POST /wp-cron.php?doing_wp_cron=1788350785.8679659366607666015625 HTTP/1.1" 200 - "-" "WordPress/7.1; https://usaigc.com"
152.58.153.171 - - [02/Sep/2026:05:06:25 -0700] "POST /xmlrpc.php HTTP/1.1" 200 403 "-" "Jetpack by WordPress.com (Jetpack 13.0; WordPress 6.3)"
78.61.177.243 - - [02/Sep/2026:05:06:26 -0700] "POST /xmlrpc.php HTTP/1.1" 200 403 "-" "Jetpack/12.5; WordPress/6.1; http://site21545053.com"
152.58.153.171 - - [02/Sep/2026:05:06:36 -0700] "POST /xmlrpc.php HTTP/1.1" 200 403 "-" "WordPress.com; https://wordpress.com"
78.61.177.243 - - [02/Sep/2026:05:06:36 -0700] "POST /xmlrpc.php HTTP/1.1" 200 403 "-" "Jetpack/12.5; WordPress/6.4; http://site34575842.com"
136.144.43.127 - - [02/Sep/2026:05:06:44 -0700] "POST /wp-login.php HTTP/1.1" 200 7596 "-" "Mozilla/5.0"
152.58.153.171 - - [02/Sep/2026:05:06:46 -0700] "POST /xmlrpc.php HTTP/1.1" 200 403 "-" "Jetpack by WordPress.com"
78.61.177.243 - - [02/Sep/2026:05:06:47 -0700] "POST /xmlrpc.php HTTP/1.1" 200 403 "-" "Jetpack by WordPress.com"
152.58.153.171 - - [02/Sep/2026:05:06:57 -0700] "POST /xmlrpc.php HTTP/1.1" 200 403 "-" "Jetpack by WordPress.com (Jetpack 13.0; WordPress 6.3)"
78.61.177.243 - - [02/Sep/2026:05:06:57 -0700] "POST /xmlrpc.php HTTP/1.1" 200 403 "-" "Jetpack/13.0; WordPress/6.3; http://site45515763.com"
152.58.153.171 - - [02/Sep/2026:05:07:07 -0700] "POST /xmlrpc.php HTTP/1.1" 200 403 "-" "Jetpack by WordPress.com"
78.61.177.243 - - [02/Sep/2026:05:07:08 -0700] "POST /xmlrpc.php HTTP/1.1" 200 403 "-" "Jetpack/12.0; WordPress/6.3; http://site54868770.com"
152.58.153.171 - - [02/Sep/2026:05:07:18 -0700] "POST /xmlrpc.php HTTP/1.1" 200 403 "-" "Jetpack/13.0; WordPress/6.4; http://site46788037.com"
78.61.177.243 - - [02/Sep/2026:05:07:19 -0700] "POST /xmlrpc.php HTTP/1.1" 200 403 "-" "Jetpack by WordPress.com"
34.194.226.74 - - [02/Sep/2026:05:07:21 -0700] "GET /wp-content/plugins/elementor-pro/modules/woocommerce/assets/?C=S;O%3DD HTTP/1.1" 200 761 "-" "Mozilla/5.0 AppleWebKit/537.36 (KHTML, like Gecko; compatible; Amazonbot/0.1; +https://developer.amazon.com/support/amazonbot) Chrome/119.0.6045.214 Safari/537.36"
98.84.60.17 - - [02/Sep/2026:05:07:25 -0700] "GET /wp-content/plugins/elementor-pro/modules/mega-menu/?C=S;O%3DD HTTP/1.1" 200 1612 "-" "Mozilla/5.0 AppleWebKit/537.36 (KHTML, like Gecko; compatible; Amazonbot/0.1; +https://developer.amazon.com/support/amazonbot) Chrome/119.0.6045.214 Safari/537.36"
54.89.90.224 - - [02/Sep/2026:05:07:29 -0700] "GET /wp-content/plugins/elementor-pro/modules/custom-code/admin-menu-items/?C=N;O%3DA HTTP/1.1" 200 1183 "-" "Mozilla/5.0 AppleWebKit/537.36 (KHTML, like Gecko; compatible; Amazonbot/0.1; +https://developer.amazon.com/support/amazonbot) Chrome/119.0.6045.214 Safari/537.36"
173.231.200.77 - - [02/Sep/2026:05:07:29 -0700] "POST /wp-cron.php?doing_wp_cron=1788350849.1533141136169433593750 HTTP/1.1" 200 - "-" "WordPress/7.1; https://usaigc.com"
152.58.153.171 - - [02/Sep/2026:05:07:29 -0700] "POST /xmlrpc.php HTTP/1.1" 200 403 "-" "Jetpack by WordPress.com"
78.61.177.243 - - [02/Sep/2026:05:07:29 -0700] "POST /xmlrpc.php HTTP/1.1" 200 403 "-" "Jetpack/12.0; WordPress/6.3; http://site95019998.com"
54.163.169.168 - - [02/Sep/2026:05:07:33 -0700] "GET /wp-content/plugins/elementor-pro/modules/floating-buttons/classes/render/floating-bars-var-3-render.php HTTP/1.1" 500 - "-" "Mozilla/5.0 AppleWebKit/537.36 (KHTML, like Gecko; compatible; Amazonbot/0.1; +https://developer.amazon.com/support/amazonbot) Chrome/119.0.6045.214 Safari/537.36"
44.212.131.50 - - [02/Sep/2026:05:07:37 -0700] "GET /wp-content/plugins/elementor-pro/modules/countdown/assets/?C=M;O%3DA HTTP/1.1" 200 755 "-" "Mozilla/5.0 AppleWebKit/537.36 (KHTML, like Gecko; compatible; Amazonbot/0.1; +https://developer.amazon.com/support/amazonbot) Chrome/119.0.6045.214 Safari/537.36"
152.58.153.171 - - [02/Sep/2026:05:07:39 -0700] "POST /xmlrpc.php HTTP/1.1" 200 403 "-" "Jetpack/13.0; WordPress/6.1; http://site40368080.com"
78.61.177.243 - - [02/Sep/2026:05:07:40 -0700] "POST /xmlrpc.php HTTP/1.1" 200 403 "-" "Jetpack by WordPress.com"
85.208.96.195 - - [02/Sep/2026:05:07:40 -0700] "GET /robots.txt HTTP/1.1" 200 153 "-" "Mozilla/5.0 (compatible; SemrushBot/7~bl; +http://www.semrush.com/bot.html)"
54.91.122.193 - - [02/Sep/2026:05:07:41 -0700] "GET /wp-content/plugins/elementor-pro/modules/countdown/?C=D;O%3DD HTTP/1.1" 200 1260 "-" "Mozilla/5.0 AppleWebKit/537.36 (KHTML, like Gecko; compatible; Amazonbot/0.1; +https://developer.amazon.com/support/amazonbot) Chrome/119.0.6045.214 Safari/537.36"
185.191.171.4 - - [02/Sep/2026:05:07:41 -0700] "GET /group-crossfit/ HTTP/1.1" 200 162533 "-" "Mozilla/5.0 (compatible; SemrushBot/7~bl; +http://www.semrush.com/bot.html)"
44.207.69.106 - - [02/Sep/2026:05:07:45 -0700] "GET /wp-content/plugins/elementor-pro/modules/countdown/?C=N;O%3DA HTTP/1.1" 200 1260 "-" "Mozilla/5.0 AppleWebKit/537.36 (KHTML, like Gecko; compatible; Amazonbot/0.1; +https://developer.amazon.com/support/amazonbot) Chrome/119.0.6045.214 Safari/537.36"
44.207.69.106 - - [02/Sep/2026:05:07:49 -0700] "GET /wp-content/plugins/elementor-pro/core/integrations/exceptions/action-failed-exception.php HTTP/1.1" 200 - "-" "Mozilla/5.0 AppleWebKit/537.36 (KHTML, like Gecko; compatible; Amazonbot/0.1; +https://developer.amazon.com/support/amazonbot) Chrome/119.0.6045.214 Safari/537.36"
152.58.153.171 - - [02/Sep/2026:05:07:50 -0700] "POST /xmlrpc.php HTTP/1.1" 200 403 "-" "Jetpack/12.5; WordPress/6.3; http://site70886705.com"
78.61.177.243 - - [02/Sep/2026:05:07:50 -0700] "POST /xmlrpc.php HTTP/1.1" 200 403 "-" "Jetpack/12.0; WordPress/6.1; http://site39503299.com"
152.58.153.171 - - [02/Sep/2026:05:08:00 -0700] "POST /xmlrpc.php HTTP/1.1" 200 403 "-" "Jetpack by WordPress.com (Jetpack 12.1; WordPress 6.1)"
78.61.177.243 - - [02/Sep/2026:05:08:01 -0700] "POST /xmlrpc.php HTTP/1.1" 200 403 "-" "WordPress.com; https://wordpress.com"
152.58.153.171 - - [02/Sep/2026:05:08:11 -0700] "POST /xmlrpc.php HTTP/1.1" 200 403 "-" "WordPress.com; https://wordpress.com"
78.61.177.243 - - [02/Sep/2026:05:08:12 -0700] "POST /xmlrpc.php HTTP/1.1" 200 403 "-" "Jetpack by WordPress.com (Jetpack 12.1; WordPress 6.1)"
17.166.20.148 - - [02/Sep/2026:05:08:18 -0700] "GET /competition_scores.cfm?id=1876 HTTP/2.0" 301 - "-" "Mozilla/5.0 (Macintosh; Intel Mac OS X 10_15_7) AppleWebKit/605.1.15 (KHTML, like Gecko) Version/17.4 Safari/605.1.15 (Applebot/0.1; +http://www.apple.com/go/applebot)"
17.166.24.82 - - [02/Sep/2026:05:08:19 -0700] "GET /competition_scores.cfm?id=1876 HTTP/2.0" 404 100631 "-" "Mozilla/5.0 (Macintosh; Intel Mac OS X 10_15_7) AppleWebKit/605.1.15 (KHTML, like Gecko) Version/17.4 Safari/605.1.15 (Applebot/0.1; +http://www.apple.com/go/applebot)"
173.231.200.77 - - [02/Sep/2026:05:08:21 -0700] "POST /wp-cron.php?doing_wp_cron=1788350901.8655760288238525390625 HTTP/1.1" 200 - "-" "WordPress/7.1; https://usaigc.com"
152.58.153.171 - - [02/Sep/2026:05:08:21 -0700] "POST /xmlrpc.php HTTP/1.1" 200 403 "-" "Jetpack by WordPress.com"
78.61.177.243 - - [02/Sep/2026:05:08:22 -0700] "POST /xmlrpc.php HTTP/1.1" 200 403 "-" "WordPress.com; https://wordpress.com"
152.58.153.171 - - [02/Sep/2026:05:08:32 -0700] "POST /xmlrpc.php HTTP/1.1" 200 403 "-" "Jetpack/12.5; WordPress/6.2; http://site27711539.com"
78.61.177.243 - - [02/Sep/2026:05:08:33 -0700] "POST /xmlrpc.php HTTP/1.1" 200 403 "-" "Jetpack/12.5; WordPress/6.2; http://site79955277.com"
152.58.153.171 - - [02/Sep/2026:05:08:42 -0700] "POST /xmlrpc.php HTTP/1.1" 200 403 "-" "Jetpack/12.0; WordPress/6.3; http://site76503007.com"
78.61.177.243 - - [02/Sep/2026:05:08:43 -0700] "POST /xmlrpc.php HTTP/1.1" 200 403 "-" "Jetpack by WordPress.com"
78.61.177.243 - - [02/Sep/2026:05:08:54 -0700] "POST /xmlrpc.php HTTP/1.1" 200 403 "-" "Jetpack by WordPress.com (Jetpack 12.0; WordPress 6.1)"
78.61.177.243 - - [02/Sep/2026:05:09:04 -0700] "POST /xmlrpc.php HTTP/1.1" 200 403 "-" "Jetpack by WordPress.com (Jetpack 12.5; WordPress 6.1)"
78.61.177.243 - - [02/Sep/2026:05:09:15 -0700] "POST /xmlrpc.php HTTP/1.1" 200 403 "-" "Jetpack/12.5; WordPress/6.4; http://site44941127.com"
173.231.200.77 - - [02/Sep/2026:05:09:25 -0700] "POST /wp-cron.php?doing_wp_cron=1788350965.5964410305023193359375 HTTP/1.1" 200 - "-" "WordPress/7.1; https://usaigc.com"
152.58.153.171 - - [02/Sep/2026:05:09:25 -0700] "POST /xmlrpc.php HTTP/1.1" 200 403 "-" "Jetpack/12.0; WordPress/6.4; http://site25257734.com"
78.61.177.243 - - [02/Sep/2026:05:09:26 -0700] "POST /xmlrpc.php HTTP/1.1" 200 403 "-" "Jetpack by WordPress.com (Jetpack 13.0; WordPress 6.3)"
216.244.66.236 - - [02/Sep/2026:05:09:29 -0700] "GET /wp-content/uploads/2023/12/usaigc-chart-2023-2024-COPPER-THRU-GOLD-updated-SEPT-26-2023-1.pdf HTTP/1.1" 200 725464 "-" "Mozilla/5.0 (compatible; DotBot/1.2; +https://opensiteexplorer.org/dotbot; help@moz.com)"
152.58.153.171 - - [02/Sep/2026:05:09:35 -0700] "POST /xmlrpc.php HTTP/1.1" 200 403 "-" "Jetpack by WordPress.com"
78.61.177.243 - - [02/Sep/2026:05:09:36 -0700] "POST /xmlrpc.php HTTP/1.1" 200 403 "-" "Jetpack by WordPress.com"
152.58.153.171 - - [02/Sep/2026:05:09:46 -0700] "POST /xmlrpc.php HTTP/1.1" 200 403 "-" "WordPress.com; https://wordpress.com"
78.61.177.243 - - [02/Sep/2026:05:09:47 -0700] "POST /xmlrpc.php HTTP/1.1" 200 403 "-" "Jetpack by WordPress.com"
152.58.153.171 - - [02/Sep/2026:05:09:56 -0700] "POST /xmlrpc.php HTTP/1.1" 200 403 "-" "Jetpack by WordPress.com (Jetpack 12.0; WordPress 6.2)"
78.61.177.243 - - [02/Sep/2026:05:09:57 -0700] "POST /xmlrpc.php HTTP/1.1" 200 403 "-" "WordPress.com; https://wordpress.com"
152.58.153.171 - - [02/Sep/2026:05:10:07 -0700] "POST /xmlrpc.php HTTP/1.1" 200 403 "-" "Jetpack by WordPress.com"
78.61.177.243 - - [02/Sep/2026:05:10:08 -0700] "POST /xmlrpc.php HTTP/1.1" 200 403 "-" "WordPress.com; https://wordpress.com"
152.58.153.171 - - [02/Sep/2026:05:10:17 -0700] "POST /xmlrpc.php HTTP/1.1" 200 403 "-" "Jetpack/13.0; WordPress/6.4; http://site82951056.com"
78.61.177.243 - - [02/Sep/2026:05:10:19 -0700] "POST /xmlrpc.php HTTP/1.1" 200 403 "-" "Jetpack by WordPress.com (Jetpack 12.5; WordPress 6.2)"
173.231.200.77 - - [02/Sep/2026:05:10:28 -0700] "POST /wp-cron.php?doing_wp_cron=1788351028.4501750469207763671875 HTTP/1.1" 200 - "-" "WordPress/7.1; https://usaigc.com"
152.58.153.171 - - [02/Sep/2026:05:10:28 -0700] "POST /xmlrpc.php HTTP/1.1" 200 403 "-" "WordPress.com; https://wordpress.com"
78.61.177.243 - - [02/Sep/2026:05:10:29 -0700] "POST /xmlrpc.php HTTP/1.1" 200 403 "-" "WordPress.com; https://wordpress.com"
152.58.153.171 - - [02/Sep/2026:05:10:38 -0700] "POST /xmlrpc.php HTTP/1.1" 200 403 "-" "Jetpack/12.0; WordPress/6.2; http://site85668519.com"
78.61.177.243 - - [02/Sep/2026:05:10:40 -0700] "POST /xmlrpc.php HTTP/1.1" 200 403 "-" "Jetpack by WordPress.com"
34.222.195.72 - - [02/Sep/2026:05:10:40 -0700] "GET /SitePDFs/Silver%20Event%20Finals%2016plus.pdf HTTP/1.1" 404 100823 "-" "python-httpx/0.28.1"
34.222.195.72 - - [02/Sep/2026:05:10:41 -0700] "GET /SitePDFs/Silver%20Event%20Finals%2016plus.pdf HTTP/1.1" 404 100823 "-" "python-httpx/0.28.1"
34.222.195.72 - - [02/Sep/2026:05:10:44 -0700] "GET /SitePDFs/Silver%20Event%20Finals%2016plus.pdf HTTP/1.1" 404 100823 "-" "python-httpx/0.28.1"
152.58.153.171 - - [02/Sep/2026:05:10:49 -0700] "POST /xmlrpc.php HTTP/1.1" 200 403 "-" "Jetpack by WordPress.com (Jetpack 12.0; WordPress 6.2)"
78.61.177.243 - - [02/Sep/2026:05:10:51 -0700] "POST /xmlrpc.php HTTP/1.1" 200 403 "-" "Jetpack/13.0; WordPress/6.1; http://site89512257.com"
152.58.153.171 - - [02/Sep/2026:05:10:59 -0700] "POST /xmlrpc.php HTTP/1.1" 200 403 "-" "Jetpack by WordPress.com (Jetpack 12.1; WordPress 6.2)"
78.61.177.243 - - [02/Sep/2026:05:11:01 -0700] "POST /xmlrpc.php HTTP/1.1" 200 403 "-" "Jetpack by WordPress.com"
152.58.153.171 - - [02/Sep/2026:05:11:10 -0700] "POST /xmlrpc.php HTTP/1.1" 200 403 "-" "Jetpack by WordPress.com (Jetpack 13.0; WordPress 6.4)"
78.61.177.243 - - [02/Sep/2026:05:11:12 -0700] "POST /xmlrpc.php HTTP/1.1" 200 403 "-" "Jetpack by WordPress.com"
173.231.200.77 - - [02/Sep/2026:05:11:21 -0700] "POST /wp-cron.php?doing_wp_cron=1788351081.1363608837127685546875 HTTP/1.1" 200 - "-" "WordPress/7.1; https://usaigc.com"
152.58.153.171 - - [02/Sep/2026:05:11:20 -0700] "POST /xmlrpc.php HTTP/1.1" 200 403 "-" "Jetpack by WordPress.com (Jetpack 13.0; WordPress 6.1)"
192.178.6.160 - - [02/Sep/2026:05:11:22 -0700] "GET /wp-content/uploads/hummingbird-assets/6c6cd98a6cb254c81a352bc7957ad68a.css HTTP/1.1" 200 61458 "https://usaigc.com/" "Mozilla/5.0 (Linux; Android 6.0.1; Nexus 5X Build/MMB29P) AppleWebKit/537.36 (KHTML, like Gecko) Chrome/151.0.7922.173 Mobile Safari/537.36 (compatible; Googlebot/2.1; +http://www.google.com/bot.html)"
78.61.177.243 - - [02/Sep/2026:05:11:22 -0700] "POST /xmlrpc.php HTTP/1.1" 200 403 "-" "Jetpack by WordPress.com"
152.58.153.171 - - [02/Sep/2026:05:11:31 -0700] "POST /xmlrpc.php HTTP/1.1" 200 403 "-" "Jetpack by WordPress.com"
78.61.177.243 - - [02/Sep/2026:05:11:33 -0700] "POST /xmlrpc.php HTTP/1.1" 200 403 "-" "Jetpack by WordPress.com (Jetpack 12.5; WordPress 6.1)"
152.58.153.171 - - [02/Sep/2026:05:11:42 -0700] "POST /xmlrpc.php HTTP/1.1" 200 403 "-" "Jetpack by WordPress.com (Jetpack 12.5; WordPress 6.1)"
78.61.177.243 - - [02/Sep/2026:05:11:44 -0700] "POST /xmlrpc.php HTTP/1.1" 200 403 "-" "Jetpack/12.1; WordPress/6.3; http://site53867676.com"
152.58.153.171 - - [02/Sep/2026:05:11:52 -0700] "POST /xmlrpc.php HTTP/1.1" 200 403 "-" "WordPress.com; https://wordpress.com"
78.61.177.243 - - [02/Sep/2026:05:11:54 -0700] "POST /xmlrpc.php HTTP/1.1" 200 403 "-" "Jetpack/12.0; WordPress/6.3; http://site25099004.com"
152.58.153.171 - - [02/Sep/2026:05:12:03 -0700] "POST /xmlrpc.php HTTP/1.1" 200 403 "-" "Jetpack by WordPress.com (Jetpack 13.0; WordPress 6.4)"
78.61.177.243 - - [02/Sep/2026:05:12:05 -0700] "POST /xmlrpc.php HTTP/1.1" 200 403 "-" "Jetpack by WordPress.com"
152.58.153.171 - - [02/Sep/2026:05:12:13 -0700] "POST /xmlrpc.php HTTP/1.1" 200 403 "-" "WordPress.com; https://wordpress.com"
78.61.177.243 - - [02/Sep/2026:05:12:15 -0700] "POST /xmlrpc.php HTTP/1.1" 200 403 "-" "WordPress.com; https://wordpress.com"
173.231.200.77 - - [02/Sep/2026:05:12:24 -0700] "POST /wp-cron.php?doing_wp_cron=1788351144.4062359333038330078125 HTTP/1.1" 200 - "-" "WordPress/7.1; https://usaigc.com"
152.58.153.171 - - [02/Sep/2026:05:12:24 -0700] "POST /xmlrpc.php HTTP/1.1" 200 403 "-" "Jetpack/12.0; WordPress/6.4; http://site40470146.com"
78.61.177.243 - - [02/Sep/2026:05:12:26 -0700] "POST /xmlrpc.php HTTP/1.1" 200 403 "-" "Jetpack by WordPress.com"
152.58.153.171 - - [02/Sep/2026:05:12:34 -0700] "POST /xmlrpc.php HTTP/1.1" 200 403 "-" "Jetpack/12.0; WordPress/6.2; http://site27280036.com"
9.129.37.5 - - [02/Sep/2026:05:12:35 -0700] "GET / HTTP/2.0" 200 131156 "-" "Mozilla/5.0 AppleWebKit/537.36 (KHTML, like Gecko); compatible; ChatGPT-User/1.0; +https://openai.com/bot"
52.167.144.218 - - [02/Sep/2026:05:12:36 -0700] "GET /wp-content/uploads/2021/10/wordfence-security-logo-1.svg HTTP/2.0" 200 6342 "-" "Mozilla/5.0 AppleWebKit/537.36 (KHTML, like Gecko; compatible; bingbot/2.0; +http://www.bing.com/bingbot.htm) Chrome/116.0.1938.76 Safari/537.36"
78.61.177.243 - - [02/Sep/2026:05:12:37 -0700] "POST /xmlrpc.php HTTP/1.1" 200 403 "-" "Jetpack by WordPress.com (Jetpack 13.0; WordPress 6.4)"
152.58.153.171 - - [02/Sep/2026:05:12:45 -0700] "POST /xmlrpc.php HTTP/1.1" 200 403 "-" "Jetpack by WordPress.com"
78.61.177.243 - - [02/Sep/2026:05:12:47 -0700] "POST /xmlrpc.php HTTP/1.1" 200 403 "-" "Jetpack by WordPress.com (Jetpack 12.1; WordPress 6.4)"
78.61.177.243 - - [02/Sep/2026:05:12:58 -0700] "POST /xmlrpc.php HTTP/1.1" 200 403 "-" "Jetpack by WordPress.com (Jetpack 12.0; WordPress 6.4)"
78.61.177.243 - - [02/Sep/2026:05:13:09 -0700] "POST /xmlrpc.php HTTP/1.1" 200 403 "-" "Jetpack by WordPress.com (Jetpack 13.0; WordPress 6.1)"
161.35.193.156 - - [02/Sep/2026:05:13:14 -0700] "POST /wp-login.php HTTP/1.1" 200 7596 "-" "Mozilla/5.0"
78.61.177.243 - - [02/Sep/2026:05:13:19 -0700] "POST /xmlrpc.php HTTP/1.1" 200 403 "-" "Jetpack by WordPress.com"
173.231.200.77 - - [02/Sep/2026:05:13:26 -0700] "POST /wp-cron.php?doing_wp_cron=1788351206.3671610355377197265625 HTTP/1.1" 200 - "-" "WordPress/7.1; https://usaigc.com"
167.99.138.78 - - [02/Sep/2026:05:13:26 -0700] "POST /wp-login.php HTTP/1.1" 200 7615 "-" "Mozilla/5.0"
152.58.153.171 - - [02/Sep/2026:05:13:30 -0700] "POST /xmlrpc.php HTTP/1.1" 200 403 "-" "Jetpack by WordPress.com"
78.61.177.243 - - [02/Sep/2026:05:13:30 -0700] "POST /xmlrpc.php HTTP/1.1" 200 403 "-" "WordPress.com; https://wordpress.com"
152.58.153.171 - - [02/Sep/2026:05:13:38 -0700] "POST /xmlrpc.php HTTP/1.1" 200 403 "-" "Jetpack by WordPress.com (Jetpack 12.1; WordPress 6.4)"
78.61.177.243 - - [02/Sep/2026:05:13:40 -0700] "POST /xmlrpc.php HTTP/1.1" 200 403 "-" "WordPress.com; https://wordpress.com"
152.58.153.171 - - [02/Sep/2026:05:13:48 -0700] "POST /xmlrpc.php HTTP/1.1" 200 403 "-" "WordPress.com; https://wordpress.com"
78.61.177.243 - - [02/Sep/2026:05:13:51 -0700] "POST /xmlrpc.php HTTP/1.1" 200 403 "-" "Jetpack by WordPress.com (Jetpack 13.0; WordPress 6.1)"
152.58.153.171 - - [02/Sep/2026:05:13:59 -0700] "POST /xmlrpc.php HTTP/1.1" 200 403 "-" "WordPress.com; https://wordpress.com"
78.61.177.243 - - [02/Sep/2026:05:14:02 -0700] "POST /xmlrpc.php HTTP/1.1" 200 403 "-" "Jetpack/12.0; WordPress/6.4; http://site19782712.com"
152.58.153.171 - - [02/Sep/2026:05:14:09 -0700] "POST /xmlrpc.php HTTP/1.1" 200 403 "-" "WordPress.com; https://wordpress.com"
78.61.177.243 - - [02/Sep/2026:05:14:12 -0700] "POST /xmlrpc.php HTTP/1.1" 200 403 "-" "Jetpack by WordPress.com (Jetpack 12.5; WordPress 6.4)"
152.58.153.171 - - [02/Sep/2026:05:14:20 -0700] "POST /xmlrpc.php HTTP/1.1" 200 403 "-" "Jetpack/12.1; WordPress/6.3; http://site40756885.com"
173.231.200.77 - - [02/Sep/2026:05:14:23 -0700] "POST /wp-cron.php?doing_wp_cron=1788351263.4953789710998535156250 HTTP/1.1" 200 - "-" "WordPress/7.1; https://usaigc.com"
78.61.177.243 - - [02/Sep/2026:05:14:23 -0700] "POST /xmlrpc.php HTTP/1.1" 200 403 "-" "Jetpack by WordPress.com (Jetpack 12.1; WordPress 6.1)"
152.58.153.171 - - [02/Sep/2026:05:14:30 -0700] "POST /xmlrpc.php HTTP/1.1" 200 403 "-" "WordPress.com; https://wordpress.com"
78.61.177.243 - - [02/Sep/2026:05:14:33 -0700] "POST /xmlrpc.php HTTP/1.1" 200 403 "-" "WordPress.com; https://wordpress.com"
152.58.153.171 - - [02/Sep/2026:05:14:41 -0700] "POST /xmlrpc.php HTTP/1.1" 200 403 "-" "Jetpack by WordPress.com (Jetpack 13.0; WordPress 6.3)"
78.61.177.243 - - [02/Sep/2026:05:14:44 -0700] "POST /xmlrpc.php HTTP/1.1" 200 403 "-" "Jetpack by WordPress.com"
152.58.153.171 - - [02/Sep/2026:05:14:51 -0700] "POST /xmlrpc.php HTTP/1.1" 200 403 "-" "Jetpack/13.0; WordPress/6.2; http://site13988801.com"
78.61.177.243 - - [02/Sep/2026:05:14:55 -0700] "POST /xmlrpc.php HTTP/1.1" 200 403 "-" "Jetpack by WordPress.com"
45.47.198.201 - - [02/Sep/2026:05:14:56 -0700] "GET / HTTP/2.0" 200 131156 "-" "Mozilla/5.0 (iPhone; CPU iPhone OS 18_7 like Mac OS X) AppleWebKit/605.1.15 (KHTML, like Gecko) Version/26.5 Mobile/15E148 Safari/604.1"
45.47.198.201 - - [02/Sep/2026:05:14:57 -0700] "GET /wp-content/plugins/instagram-feed/css/sbi-styles.min.css HTTP/2.0" 200 46555 "https://usaigc.com/" "Mozilla/5.0 (iPhone; CPU iPhone OS 18_7 like Mac OS X) AppleWebKit/605.1.15 (KHTML, like Gecko) Version/26.5 Mobile/15E148 Safari/604.1"
45.47.198.201 - - [02/Sep/2026:05:14:57 -0700] "GET /wp-content/uploads/hummingbird-assets/2ab2ba5f7f136571c5f6707948e9760f.css HTTP/2.0" 200 24769 "https://usaigc.com/" "Mozilla/5.0 (iPhone; CPU iPhone OS 18_7 like Mac OS X) AppleWebKit/605.1.15 (KHTML, like Gecko) Version/26.5 Mobile/15E148 Safari/604.1"
45.47.198.201 - - [02/Sep/2026:05:14:57 -0700] "GET /wp-content/uploads/elementor/css/post-11.css HTTP/2.0" 200 54362 "https://usaigc.com/" "Mozilla/5.0 (iPhone; CPU iPhone OS 18_7 like Mac OS X) AppleWebKit/605.1.15 (KHTML, like Gecko) Version/26.5 Mobile/15E148 Safari/604.1"
45.47.198.201 - - [02/Sep/2026:05:14:57 -0700] "GET /wp-content/uploads/hummingbird-assets/49cdf6bbd09e930c7fbd2377304dfc4e.css HTTP/2.0" 200 259089 "https://usaigc.com/" "Mozilla/5.0 (iPhone; CPU iPhone OS 18_7 like Mac OS X) AppleWebKit/605.1.15 (KHTML, like Gecko) Version/26.5 Mobile/15E148 Safari/604.1"
45.47.198.201 - - [02/Sep/2026:05:14:57 -0700] "GET /wp-content/uploads/hummingbird-assets/b4af289e0ca1ead096a59d802fe8b520.css HTTP/2.0" 200 310020 "https://usaigc.com/" "Mozilla/5.0 (iPhone; CPU iPhone OS 18_7 like Mac OS X) AppleWebKit/605.1.15 (KHTML, like Gecko) Version/26.5 Mobile/15E148 Safari/604.1"
45.47.198.201 - - [02/Sep/2026:05:14:57 -0700] "GET /wp-content/plugins/elementor/assets/lib/font-awesome/js/v4-shims.min.js HTTP/2.0" 200 15073 "https://usaigc.com/" "Mozilla/5.0 (iPhone; CPU iPhone OS 18_7 like Mac OS X) AppleWebKit/605.1.15 (KHTML, like Gecko) Version/26.5 Mobile/15E148 Safari/604.1"
45.47.198.201 - - [02/Sep/2026:05:14:57 -0700] "GET /wp-content/uploads/hummingbird-assets/643adc03774cdb087b0ad109bcf87eea.css HTTP/2.0" 200 21084 "https://usaigc.com/" "Mozilla/5.0 (iPhone; CPU iPhone OS 18_7 like Mac OS X) AppleWebKit/605.1.15 (KHTML, like Gecko) Version/26.5 Mobile/15E148 Safari/604.1"
45.47.198.201 - - [02/Sep/2026:05:14:57 -0700] "GET /wp-content/uploads/hummingbird-assets/f2015d7b263362243841ecbb23ab63b8.css HTTP/2.0" 200 37219 "https://usaigc.com/" "Mozilla/5.0 (iPhone; CPU iPhone OS 18_7 like Mac OS X) AppleWebKit/605.1.15 (KHTML, like Gecko) Version/26.5 Mobile/15E148 Safari/604.1"
45.47.198.201 - - [02/Sep/2026:05:14:57 -0700] "GET /wp-content/uploads/hummingbird-assets/6c6cd98a6cb254c81a352bc7957ad68a.css HTTP/2.0" 200 61458 "https://usaigc.com/" "Mozilla/5.0 (iPhone; CPU iPhone OS 18_7 like Mac OS X) AppleWebKit/605.1.15 (KHTML, like Gecko) Version/26.5 Mobile/15E148 Safari/604.1"
45.47.198.201 - - [02/Sep/2026:05:14:57 -0700] "GET /wp-content/uploads/hummingbird-assets/9a31db504563c009a94bb8252fcec2d0.js HTTP/2.0" 200 101173 "https://usaigc.com/" "Mozilla/5.0 (iPhone; CPU iPhone OS 18_7 like Mac OS X) AppleWebKit/605.1.15 (KHTML, like Gecko) Version/26.5 Mobile/15E148 Safari/604.1"
45.47.198.201 - - [02/Sep/2026:05:14:57 -0700] "GET /wp-content/uploads/hummingbird-assets/3119900ce03b730c311bb1ec88f60bb4.js HTTP/2.0" 200 424288 "https://usaigc.com/" "Mozilla/5.0 (iPhone; CPU iPhone OS 18_7 like Mac OS X) AppleWebKit/605.1.15 (KHTML, like Gecko) Version/26.5 Mobile/15E148 Safari/604.1"
45.47.198.201 - - [02/Sep/2026:05:14:57 -0700] "GET /wp-content/plugins/elementor/assets/js/webpack.runtime.min.js HTTP/2.0" 200 5350 "https://usaigc.com/" "Mozilla/5.0 (iPhone; CPU iPhone OS 18_7 like Mac OS X) AppleWebKit/605.1.15 (KHTML, like Gecko) Version/26.5 Mobile/15E148 Safari/604.1"
45.47.198.201 - - [02/Sep/2026:05:14:57 -0700] "GET /wp-content/plugins/elementor-pro/assets/js/webpack-pro.runtime.min.js HTTP/2.0" 200 6263 "https://usaigc.com/" "Mozilla/5.0 (iPhone; CPU iPhone OS 18_7 like Mac OS X) AppleWebKit/605.1.15 (KHTML, like Gecko) Version/26.5 Mobile/15E148 Safari/604.1"
45.47.198.201 - - [02/Sep/2026:05:14:57 -0700] "GET /wp-content/uploads/hummingbird-assets/2d0fc86d08c0addc7f54a6a33ef11370.js HTTP/2.0" 200 10815 "https://usaigc.com/" "Mozilla/5.0 (iPhone; CPU iPhone OS 18_7 like Mac OS X) AppleWebKit/605.1.15 (KHTML, like Gecko) Version/26.5 Mobile/15E148 Safari/604.1"
45.47.198.201 - - [02/Sep/2026:05:14:57 -0700] "GET /wp-includes/js/jquery/ui/core.min.js HTTP/2.0" 200 18674 "https://usaigc.com/" "Mozilla/5.0 (iPhone; CPU iPhone OS 18_7 like Mac OS X) AppleWebKit/605.1.15 (KHTML, like Gecko) Version/26.5 Mobile/15E148 Safari/604.1"
45.47.198.201 - - [02/Sep/2026:05:14:57 -0700] "GET /wp-content/plugins/elementor/assets/js/frontend-modules.min.js HTTP/2.0" 200 59749 "https://usaigc.com/" "Mozilla/5.0 (iPhone; CPU iPhone OS 18_7 like Mac OS X) AppleWebKit/605.1.15 (KHTML, like Gecko) Version/26.5 Mobile/15E148 Safari/604.1"
45.47.198.201 - - [02/Sep/2026:05:14:57 -0700] "GET /wp-content/uploads/hummingbird-assets/67d2ab8eca88207793ca464316f15c10.js HTTP/2.0" 200 79037 "https://usaigc.com/" "Mozilla/5.0 (iPhone; CPU iPhone OS 18_7 like Mac OS X) AppleWebKit/605.1.15 (KHTML, like Gecko) Version/26.5 Mobile/15E148 Safari/604.1"
45.47.198.201 - - [02/Sep/2026:05:14:57 -0700] "GET /wp-content/uploads/hummingbird-assets/4f2f05e2bccbc74bfdc4d4a9af4df128.js HTTP/2.0" 200 84064 "https://usaigc.com/" "Mozilla/5.0 (iPhone; CPU iPhone OS 18_7 like Mac OS X) AppleWebKit/605.1.15 (KHTML, like Gecko) Version/26.5 Mobile/15E148 Safari/604.1"
45.47.198.201 - - [02/Sep/2026:05:14:57 -0700] "GET /wp-content/uploads/2023/11/shutterstock_1374593345-1260x630.jpg HTTP/2.0" 200 145124 "https://usaigc.com/" "Mozilla/5.0 (iPhone; CPU iPhone OS 18_7 like Mac OS X) AppleWebKit/605.1.15 (KHTML, like Gecko) Version/26.5 Mobile/15E148 Safari/604.1"
45.47.198.201 - - [02/Sep/2026:05:14:57 -0700] "GET /wp-content/uploads/2020/12/2-kDVQFeBk7MRU6D1-removebg-preview.png HTTP/2.0" 200 43128 "https://usaigc.com/" "Mozilla/5.0 (iPhone; CPU iPhone OS 18_7 like Mac OS X) AppleWebKit/605.1.15 (KHTML, like Gecko) Version/26.5 Mobile/15E148 Safari/604.1"
45.47.198.201 - - [02/Sep/2026:05:14:57 -0700] "GET /wp-content/uploads/2020/12/2024-SAFE-CLUB-1.png HTTP/2.0" 200 90507 "https://usaigc.com/" "Mozilla/5.0 (iPhone; CPU iPhone OS 18_7 like Mac OS X) AppleWebKit/605.1.15 (KHTML, like Gecko) Version/26.5 Mobile/15E148 Safari/604.1"
45.47.198.201 - - [02/Sep/2026:05:14:57 -0700] "GET /wp-content/uploads/2020/12/PBSportzsoft-300x169-1-e1701549356217.png HTTP/2.0" 200 18957 "https://usaigc.com/" "Mozilla/5.0 (iPhone; CPU iPhone OS 18_7 like Mac OS X) AppleWebKit/605.1.15 (KHTML, like Gecko) Version/26.5 Mobile/15E148 Safari/604.1"
45.47.198.201 - - [02/Sep/2026:05:14:57 -0700] "GET /wp-content/uploads/2020/12/iaigc_competition_logo_clear-removebg-preview.png HTTP/2.0" 200 41145 "https://usaigc.com/" "Mozilla/5.0 (iPhone; CPU iPhone OS 18_7 like Mac OS X) AppleWebKit/605.1.15 (KHTML, like Gecko) Version/26.5 Mobile/15E148 Safari/604.1"
152.58.153.171 - - [02/Sep/2026:05:15:02 -0700] "POST /xmlrpc.php HTTP/1.1" 200 403 "-" "WordPress.com; https://wordpress.com"
78.61.177.243 - - [02/Sep/2026:05:15:05 -0700] "POST /xmlrpc.php HTTP/1.1" 200 403 "-" "WordPress.com; https://wordpress.com"
152.58.153.171 - - [02/Sep/2026:05:15:13 -0700] "POST /xmlrpc.php HTTP/1.1" 200 403 "-" "Jetpack/12.0; WordPress/6.1; http://site94415663.com"
78.61.177.243 - - [02/Sep/2026:05:15:16 -0700] "POST /xmlrpc.php HTTP/1.1" 200 403 "-" "Jetpack by WordPress.com (Jetpack 12.0; WordPress 6.4)"
173.231.200.77 - - [02/Sep/2026:05:15:24 -0700] "POST /wp-cron.php?doing_wp_cron=1788351324.1305179595947265625000 HTTP/1.1" 200 - "-" "WordPress/7.1; https://usaigc.com"
152.58.153.171 - - [02/Sep/2026:05:15:23 -0700] "POST /xmlrpc.php HTTP/1.1" 200 403 "-" "WordPress.com; https://wordpress.com"
78.61.177.243 - - [02/Sep/2026:05:15:26 -0700] "POST /xmlrpc.php HTTP/1.1" 200 403 "-" "Jetpack by WordPress.com"
152.58.153.171 - - [02/Sep/2026:05:15:34 -0700] "POST /xmlrpc.php HTTP/1.1" 200 403 "-" "WordPress.com; https://wordpress.com"
78.61.177.243 - - [02/Sep/2026:05:15:37 -0700] "POST /xmlrpc.php HTTP/1.1" 200 403 "-" "Jetpack by WordPress.com"
152.58.153.171 - - [02/Sep/2026:05:15:45 -0700] "POST /xmlrpc.php HTTP/1.1" 200 403 "-" "Jetpack by WordPress.com"
78.61.177.243 - - [02/Sep/2026:05:15:48 -0700] "POST /xmlrpc.php HTTP/1.1" 200 403 "-" "Jetpack by WordPress.com"
152.58.153.171 - - [02/Sep/2026:05:15:55 -0700] "POST /xmlrpc.php HTTP/1.1" 200 403 "-" "Jetpack by WordPress.com"
78.61.177.243 - - [02/Sep/2026:05:15:58 -0700] "POST /xmlrpc.php HTTP/1.1" 200 403 "-" "Jetpack by WordPress.com (Jetpack 12.1; WordPress 6.1)"
152.58.153.171 - - [02/Sep/2026:05:16:06 -0700] "POST /xmlrpc.php HTTP/1.1" 200 403 "-" "WordPress.com; https://wordpress.com"
78.61.177.243 - - [02/Sep/2026:05:16:09 -0700] "POST /xmlrpc.php HTTP/1.1" 200 403 "-" "Jetpack by WordPress.com"
152.58.153.171 - - [02/Sep/2026:05:16:16 -0700] "POST /xmlrpc.php HTTP/1.1" 200 403 "-" "Jetpack by WordPress.com (Jetpack 12.0; WordPress 6.3)"
78.61.177.243 - - [02/Sep/2026:05:16:19 -0700] "POST /xmlrpc.php HTTP/1.1" 200 403 "-" "Jetpack/12.0; WordPress/6.4; http://site63365071.com"
173.231.200.77 - - [02/Sep/2026:05:16:27 -0700] "POST /wp-cron.php?doing_wp_cron=1788351387.4359838962554931640625 HTTP/1.1" 200 - "-" "WordPress/7.1; https://usaigc.com"
152.58.153.171 - - [02/Sep/2026:05:16:27 -0700] "POST /xmlrpc.php HTTP/1.1" 200 403 "-" "WordPress.com; https://wordpress.com"
78.61.177.243 - - [02/Sep/2026:05:16:30 -0700] "POST /xmlrpc.php HTTP/1.1" 200 403 "-" "Jetpack/13.0; WordPress/6.1; http://site63795247.com"
152.58.153.171 - - [02/Sep/2026:05:16:37 -0700] "POST /xmlrpc.php HTTP/1.1" 200 403 "-" "Jetpack/12.5; WordPress/6.1; http://site40787564.com"
78.61.177.243 - - [02/Sep/2026:05:16:41 -0700] "POST /xmlrpc.php HTTP/1.1" 200 403 "-" "WordPress.com; https://wordpress.com"
152.58.153.171 - - [02/Sep/2026:05:16:48 -0700] "POST /xmlrpc.php HTTP/1.1" 200 403 "-" "Jetpack by WordPress.com (Jetpack 12.1; WordPress 6.4)"
78.61.177.243 - - [02/Sep/2026:05:16:51 -0700] "POST /xmlrpc.php HTTP/1.1" 200 403 "-" "Jetpack by WordPress.com (Jetpack 12.5; WordPress 6.2)"
152.58.153.171 - - [02/Sep/2026:05:16:58 -0700] "POST /xmlrpc.php HTTP/1.1" 200 403 "-" "WordPress.com; https://wordpress.com"
78.61.177.243 - - [02/Sep/2026:05:17:02 -0700] "POST /xmlrpc.php HTTP/1.1" 200 403 "-" "WordPress.com; https://wordpress.com"
152.58.153.171 - - [02/Sep/2026:05:17:10 -0700] "POST /xmlrpc.php HTTP/1.1" 200 403 "-" "WordPress.com; https://wordpress.com"
78.61.177.243 - - [02/Sep/2026:05:17:12 -0700] "POST /xmlrpc.php HTTP/1.1" 200 403 "-" "WordPress.com; https://wordpress.com"
173.231.200.77 - - [02/Sep/2026:05:17:21 -0700] "POST /wp-cron.php?doing_wp_cron=1788351441.8220949172973632812500 HTTP/1.1" 200 - "-" "WordPress/7.1; https://usaigc.com"
152.58.153.171 - - [02/Sep/2026:05:17:21 -0700] "POST /xmlrpc.php HTTP/1.1" 200 403 "-" "Jetpack by WordPress.com"
78.61.177.243 - - [02/Sep/2026:05:17:23 -0700] "POST /xmlrpc.php HTTP/1.1" 200 403 "-" "Jetpack by WordPress.com"
152.58.153.171 - - [02/Sep/2026:05:17:32 -0700] "POST /xmlrpc.php HTTP/1.1" 200 403 "-" "Jetpack/12.0; WordPress/6.3; http://site26250112.com"
78.61.177.243 - - [02/Sep/2026:05:17:34 -0700] "POST /xmlrpc.php HTTP/1.1" 200 403 "-" "WordPress.com; https://wordpress.com"
152.58.153.171 - - [02/Sep/2026:05:17:42 -0700] "POST /xmlrpc.php HTTP/1.1" 200 403 "-" "Jetpack/12.0; WordPress/6.4; http://site38876573.com"
78.61.177.243 - - [02/Sep/2026:05:17:44 -0700] "POST /xmlrpc.php HTTP/1.1" 200 403 "-" "WordPress.com; https://wordpress.com"
152.58.153.171 - - [02/Sep/2026:05:17:53 -0700] "POST /xmlrpc.php HTTP/1.1" 200 403 "-" "Jetpack/13.0; WordPress/6.3; http://site51771675.com"
78.61.177.243 - - [02/Sep/2026:05:17:55 -0700] "POST /xmlrpc.php HTTP/1.1" 200 403 "-" "Jetpack by WordPress.com (Jetpack 12.5; WordPress 6.4)"
78.61.177.243 - - [02/Sep/2026:05:18:05 -0700] "POST /xmlrpc.php HTTP/1.1" 200 403 "-" "Jetpack by WordPress.com (Jetpack 12.1; WordPress 6.3)"
78.61.177.243 - - [02/Sep/2026:05:18:16 -0700] "POST /xmlrpc.php HTTP/1.1" 200 403 "-" "Jetpack/12.1; WordPress/6.1; http://site40688934.com"
98.14.2.220 - - [02/Sep/2026:05:18:23 -0700] "GET / HTTP/2.0" 200 131156 "-" "Mozilla/5.0 (Windows NT 10.0; Win64; x64) AppleWebKit/537.36 (KHTML, like Gecko) Chrome/151.0.0.0 Safari/537.36"
98.14.2.220 - - [02/Sep/2026:05:18:24 -0700] "GET /wp-content/uploads/hummingbird-assets/9a31db504563c009a94bb8252fcec2d0.js HTTP/2.0" 200 101173 "https://usaigc.com/" "Mozilla/5.0 (Windows NT 10.0; Win64; x64) AppleWebKit/537.36 (KHTML, like Gecko) Chrome/151.0.0.0 Safari/537.36"
98.14.2.220 - - [02/Sep/2026:05:18:24 -0700] "GET /wp-content/plugins/elementor/assets/lib/font-awesome/js/v4-shims.min.js HTTP/2.0" 200 15073 "https://usaigc.com/" "Mozilla/5.0 (Windows NT 10.0; Win64; x64) AppleWebKit/537.36 (KHTML, like Gecko) Chrome/151.0.0.0 Safari/537.36"
98.14.2.220 - - [02/Sep/2026:05:18:25 -0700] "GET /wp-content/uploads/2023/11/shutterstock_1374593345-2048x1024.jpg HTTP/2.0" 200 336196 "https://usaigc.com/" "Mozilla/5.0 (Windows NT 10.0; Win64; x64) AppleWebKit/537.36 (KHTML, like Gecko) Chrome/151.0.0.0 Safari/537.36"
98.14.2.220 - - [02/Sep/2026:05:18:25 -0700] "GET /wp-content/uploads/2020/12/2-kDVQFeBk7MRU6D1-removebg-preview.png HTTP/2.0" 200 43128 "https://usaigc.com/" "Mozilla/5.0 (Windows NT 10.0; Win64; x64) AppleWebKit/537.36 (KHTML, like Gecko) Chrome/151.0.0.0 Safari/537.36"
98.14.2.220 - - [02/Sep/2026:05:18:25 -0700] "GET /wp-content/uploads/2020/12/2024-SAFE-CLUB-1.png HTTP/2.0" 200 90507 "https://usaigc.com/" "Mozilla/5.0 (Windows NT 10.0; Win64; x64) AppleWebKit/537.36 (KHTML, like Gecko) Chrome/151.0.0.0 Safari/537.36"
98.14.2.220 - - [02/Sep/2026:05:18:25 -0700] "GET /wp-content/uploads/hummingbird-assets/3119900ce03b730c311bb1ec88f60bb4.js HTTP/2.0" 200 424288 "https://usaigc.com/" "Mozilla/5.0 (Windows NT 10.0; Win64; x64) AppleWebKit/537.36 (KHTML, like Gecko) Chrome/151.0.0.0 Safari/537.36"
98.14.2.220 - - [02/Sep/2026:05:18:25 -0700] "GET /wp-content/uploads/2020/12/iaigc_competition_logo_clear-removebg-preview.png HTTP/2.0" 200 41145 "https://usaigc.com/" "Mozilla/5.0 (Windows NT 10.0; Win64; x64) AppleWebKit/537.36 (KHTML, like Gecko) Chrome/151.0.0.0 Safari/537.36"
98.14.2.220 - - [02/Sep/2026:05:18:25 -0700] "GET /wp-content/plugins/elementor/assets/js/webpack.runtime.min.js HTTP/2.0" 200 5350 "https://usaigc.com/" "Mozilla/5.0 (Windows NT 10.0; Win64; x64) AppleWebKit/537.36 (KHTML, like Gecko) Chrome/151.0.0.0 Safari/537.36"
98.14.2.220 - - [02/Sep/2026:05:18:25 -0700] "GET /wp-content/plugins/elementor/assets/js/frontend-modules.min.js HTTP/2.0" 200 59749 "https://usaigc.com/" "Mozilla/5.0 (Windows NT 10.0; Win64; x64) AppleWebKit/537.36 (KHTML, like Gecko) Chrome/151.0.0.0 Safari/537.36"
98.14.2.220 - - [02/Sep/2026:05:18:25 -0700] "GET /wp-includes/js/jquery/ui/core.min.js HTTP/2.0" 200 18674 "https://usaigc.com/" "Mozilla/5.0 (Windows NT 10.0; Win64; x64) AppleWebKit/537.36 (KHTML, like Gecko) Chrome/151.0.0.0 Safari/537.36"
98.14.2.220 - - [02/Sep/2026:05:18:25 -0700] "GET /wp-content/uploads/hummingbird-assets/67d2ab8eca88207793ca464316f15c10.js HTTP/2.0" 200 79037 "https://usaigc.com/" "Mozilla/5.0 (Windows NT 10.0; Win64; x64) AppleWebKit/537.36 (KHTML, like Gecko) Chrome/151.0.0.0 Safari/537.36"
98.14.2.220 - - [02/Sep/2026:05:18:25 -0700] "GET /wp-content/plugins/elementor-pro/assets/js/webpack-pro.runtime.min.js HTTP/2.0" 200 6263 "https://usaigc.com/" "Mozilla/5.0 (Windows NT 10.0; Win64; x64) AppleWebKit/537.36 (KHTML, like Gecko) Chrome/151.0.0.0 Safari/537.36"
98.14.2.220 - - [02/Sep/2026:05:18:25 -0700] "GET /wp-content/uploads/hummingbird-assets/2d0fc86d08c0addc7f54a6a33ef11370.js HTTP/2.0" 200 10815 "https://usaigc.com/" "Mozilla/5.0 (Windows NT 10.0; Win64; x64) AppleWebKit/537.36 (KHTML, like Gecko) Chrome/151.0.0.0 Safari/537.36"
98.14.2.220 - - [02/Sep/2026:05:18:25 -0700] "GET /wp-content/uploads/hummingbird-assets/4f2f05e2bccbc74bfdc4d4a9af4df128.js HTTP/2.0" 200 84064 "https://usaigc.com/" "Mozilla/5.0 (Windows NT 10.0; Win64; x64) AppleWebKit/537.36 (KHTML, like Gecko) Chrome/151.0.0.0 Safari/537.36"
98.14.2.220 - - [02/Sep/2026:05:18:26 -0700] "GET /wp-content/uploads/hummingbird-assets/39c4cfff4ed9636507c780e102533e5b.css HTTP/2.0" 200 247 "https://usaigc.com/" "Mozilla/5.0 (Windows NT 10.0; Win64; x64) AppleWebKit/537.36 (KHTML, like Gecko) Chrome/151.0.0.0 Safari/537.36"
98.14.2.220 - - [02/Sep/2026:05:18:26 -0700] "GET /wp-content/uploads/2020/12/PBSportzsoft-300x169-1-e1701549356217.png HTTP/2.0" 200 18957 "https://usaigc.com/" "Mozilla/5.0 (Windows NT 10.0; Win64; x64) AppleWebKit/537.36 (KHTML, like Gecko) Chrome/151.0.0.0 Safari/537.36"
173.231.200.77 - - [02/Sep/2026:05:18:27 -0700] "POST /wp-cron.php?doing_wp_cron=1788351507.2394731044769287109375 HTTP/1.1" 200 - "-" "WordPress/7.1; https://usaigc.com"
78.61.177.243 - - [02/Sep/2026:05:18:27 -0700] "POST /xmlrpc.php HTTP/1.1" 200 403 "-" "Jetpack/12.5; WordPress/6.2; http://site75988517.com"
78.61.177.243 - - [02/Sep/2026:05:18:37 -0700] "POST /xmlrpc.php HTTP/1.1" 200 403 "-" "Jetpack by WordPress.com (Jetpack 12.0; WordPress 6.2)"
152.58.153.171 - - [02/Sep/2026:05:18:38 -0700] "POST /xmlrpc.php HTTP/1.1" 200 403 "-" "Jetpack/12.5; WordPress/6.1; http://site13892457.com"
152.58.153.171 - - [02/Sep/2026:05:18:45 -0700] "POST /xmlrpc.php HTTP/1.1" 200 403 "-" "Jetpack by WordPress.com"
78.61.177.243 - - [02/Sep/2026:05:18:48 -0700] "POST /xmlrpc.php HTTP/1.1" 200 403 "-" "WordPress.com; https://wordpress.com"
152.58.153.171 - - [02/Sep/2026:05:18:56 -0700] "POST /xmlrpc.php HTTP/1.1" 200 403 "-" "WordPress.com; https://wordpress.com"
78.61.177.243 - - [02/Sep/2026:05:18:58 -0700] "POST /xmlrpc.php HTTP/1.1" 200 403 "-" "WordPress.com; https://wordpress.com"
152.58.153.171 - - [02/Sep/2026:05:19:07 -0700] "POST /xmlrpc.php HTTP/1.1" 200 403 "-" "Jetpack/12.1; WordPress/6.2; http://site54983842.com"
78.61.177.243 - - [02/Sep/2026:05:19:09 -0700] "POST /xmlrpc.php HTTP/1.1" 200 403 "-" "Jetpack/12.0; WordPress/6.3; http://site88467319.com"
152.58.153.171 - - [02/Sep/2026:05:19:17 -0700] "POST /xmlrpc.php HTTP/1.1" 200 403 "-" "Jetpack by WordPress.com"
178.24.232.111 - - [02/Sep/2026:05:19:17 -0700] "GET /competition_scores.cfm?id=1796 HTTP/1.1" 404 100631 "-" "Mozilla/5.0 (Macintosh; Intel Mac OS X 15_2_0) AppleWebKit/537.36 (KHTML, like Gecko) Chrome/133.0.6943.53 Safari/537.36"
78.61.177.243 - - [02/Sep/2026:05:19:20 -0700] "POST /xmlrpc.php HTTP/1.1" 200 403 "-" "Jetpack by WordPress.com (Jetpack 12.5; WordPress 6.2)"
173.231.200.77 - - [02/Sep/2026:05:19:28 -0700] "POST /wp-cron.php?doing_wp_cron=1788351568.2201499938964843750000 HTTP/1.1" 200 - "-" "WordPress/7.1; https://usaigc.com"
152.58.153.171 - - [02/Sep/2026:05:19:28 -0700] "POST /xmlrpc.php HTTP/1.1" 200 403 "-" "Jetpack by WordPress.com (Jetpack 12.0; WordPress 6.1)"
204.8.199.202 - - [02/Sep/2026:05:19:28 -0700] "GET /favicon.ico HTTP/2.0" 302 - "-" "NetworkingExtension/8624.2.5.10.4 Network/5812.122.1 iOS/26.5"
204.8.199.202 - - [02/Sep/2026:05:19:29 -0700] "GET /wp-content/uploads/2023/11/illustration-arrow-right-1.svg HTTP/2.0" 200 334 "-" "NetworkingExtension/8624.2.5.10.4 Network/5812.122.1 iOS/26.5"
204.8.199.202 - - [02/Sep/2026:05:19:28 -0700] "GET /apple-touch-icon-precomposed.png HTTP/2.0" 404 100711 "-" "NetworkingExtension/8624.2.5.10.4 Network/5812.122.1 iOS/26.5"
204.8.199.202 - - [02/Sep/2026:05:19:28 -0700] "GET /apple-touch-icon.png HTTP/2.0" 404 100615 "-" "NetworkingExtension/8624.2.5.10.4 Network/5812.122.1 iOS/26.5"
78.61.177.243 - - [02/Sep/2026:05:19:30 -0700] "POST /xmlrpc.php HTTP/1.1" 200 403 "-" "Jetpack by WordPress.com"
204.8.199.202 - - [02/Sep/2026:05:19:28 -0700] "GET /wp-content/uploads/2025/09/USAIGC-RULES-POLICIES-2025-to-2026-FINAL-SEP-12-2025.pdf HTTP/2.0" 200 10602295 "-" "Mozilla/5.0 (Macintosh; Intel Mac OS X 10_11_1) AppleWebKit/601.2.4 (KHTML, like Gecko) Version/9.0.1 Safari/601.2.4 facebookexternalhit/1.1 Facebot Twitterbot/1.0"
152.58.153.171 - - [02/Sep/2026:05:19:38 -0700] "POST /xmlrpc.php HTTP/1.1" 200 403 "-" "WordPress.com; https://wordpress.com"
78.61.177.243 - - [02/Sep/2026:05:19:41 -0700] "POST /xmlrpc.php HTTP/1.1" 200 403 "-" "Jetpack by WordPress.com (Jetpack 13.0; WordPress 6.4)"
152.58.153.171 - - [02/Sep/2026:05:19:49 -0700] "POST /xmlrpc.php HTTP/1.1" 200 403 "-" "Jetpack by WordPress.com"
78.61.177.243 - - [02/Sep/2026:05:19:51 -0700] "POST /xmlrpc.php HTTP/1.1" 200 403 "-" "Jetpack by WordPress.com (Jetpack 13.0; WordPress 6.3)"
152.58.153.171 - - [02/Sep/2026:05:20:00 -0700] "POST /xmlrpc.php HTTP/1.1" 200 403 "-" "Jetpack/12.5; WordPress/6.1; http://site82882462.com"
78.61.177.243 - - [02/Sep/2026:05:20:02 -0700] "POST /xmlrpc.php HTTP/1.1" 200 403 "-" "WordPress.com; https://wordpress.com"
152.58.153.171 - - [02/Sep/2026:05:20:11 -0700] "POST /xmlrpc.php HTTP/1.1" 200 403 "-" "Jetpack by WordPress.com"
78.61.177.243 - - [02/Sep/2026:05:20:12 -0700] "POST /xmlrpc.php HTTP/1.1" 200 403 "-" "WordPress.com; https://wordpress.com"
173.231.200.77 - - [02/Sep/2026:05:20:21 -0700] "POST /wp-cron.php?doing_wp_cron=1788351621.9109408855438232421875 HTTP/1.1" 200 - "-" "WordPress/7.1; https://usaigc.com"
152.58.153.171 - - [02/Sep/2026:05:20:21 -0700] "POST /xmlrpc.php HTTP/1.1" 200 403 "-" "Jetpack/12.0; WordPress/6.3; http://site86099224.com"
78.61.177.243 - - [02/Sep/2026:05:20:23 -0700] "POST /xmlrpc.php HTTP/1.1" 200 403 "-" "Jetpack by WordPress.com (Jetpack 12.1; WordPress 6.4)"
161.35.193.156 - - [02/Sep/2026:05:20:29 -0700] "POST /wp-login.php HTTP/1.1" 200 7596 "-" "Mozilla/5.0"
152.58.153.171 - - [02/Sep/2026:05:20:32 -0700] "POST /xmlrpc.php HTTP/1.1" 200 403 "-" "Jetpack by WordPress.com (Jetpack 12.1; WordPress 6.2)"
173.231.200.77 - - [02/Sep/2026:05:20:34 -0700] "POST /wp-cron.php?doing_wp_cron=1788351634.3843390941619873046875 HTTP/1.1" 200 - "-" "WordPress/7.1; https://usaigc.com"
78.61.177.243 - - [02/Sep/2026:05:20:34 -0700] "POST /xmlrpc.php HTTP/1.1" 200 403 "-" "Jetpack by WordPress.com (Jetpack 12.5; WordPress 6.1)"
152.58.153.171 - - [02/Sep/2026:05:20:43 -0700] "POST /xmlrpc.php HTTP/1.1" 200 403 "-" "Jetpack by WordPress.com (Jetpack 13.0; WordPress 6.1)"
78.61.177.243 - - [02/Sep/2026:05:20:44 -0700] "POST /xmlrpc.php HTTP/1.1" 200 403 "-" "Jetpack by WordPress.com (Jetpack 12.5; WordPress 6.3)"
152.58.153.171 - - [02/Sep/2026:05:20:53 -0700] "POST /xmlrpc.php HTTP/1.1" 200 403 "-" "Jetpack/12.0; WordPress/6.1; http://site68062619.com"
78.61.177.243 - - [02/Sep/2026:05:20:55 -0700] "POST /xmlrpc.php HTTP/1.1" 200 403 "-" "Jetpack by WordPress.com (Jetpack 12.5; WordPress 6.4)"
152.58.153.171 - - [02/Sep/2026:05:21:04 -0700] "POST /xmlrpc.php HTTP/1.1" 200 403 "-" "Jetpack by WordPress.com"
78.61.177.243 - - [02/Sep/2026:05:21:06 -0700] "POST /xmlrpc.php HTTP/1.1" 200 403 "-" "Jetpack/13.0; WordPress/6.2; http://site12664168.com"
152.58.153.171 - - [02/Sep/2026:05:21:14 -0700] "POST /xmlrpc.php HTTP/1.1" 200 403 "-" "WordPress.com; https://wordpress.com"
78.61.177.243 - - [02/Sep/2026:05:21:16 -0700] "POST /xmlrpc.php HTTP/1.1" 200 403 "-" "WordPress.com; https://wordpress.com"
167.99.138.78 - - [02/Sep/2026:05:21:18 -0700] "POST /wp-login.php HTTP/1.1" 200 7615 "-" "Mozilla/5.0"
173.231.200.77 - - [02/Sep/2026:05:21:25 -0700] "POST /wp-cron.php?doing_wp_cron=1788351685.7591729164123535156250 HTTP/1.1" 200 - "-" "WordPress/7.1; https://usaigc.com"
152.58.153.171 - - [02/Sep/2026:05:21:25 -0700] "POST /xmlrpc.php HTTP/1.1" 200 403 "-" "Jetpack by WordPress.com (Jetpack 12.1; WordPress 6.4)"
78.61.177.243 - - [02/Sep/2026:05:21:27 -0700] "POST /xmlrpc.php HTTP/1.1" 200 403 "-" "Jetpack by WordPress.com (Jetpack 12.0; WordPress 6.2)"
152.58.153.171 - - [02/Sep/2026:05:21:36 -0700] "POST /xmlrpc.php HTTP/1.1" 200 403 "-" "Jetpack by WordPress.com (Jetpack 12.1; WordPress 6.3)"
78.61.177.243 - - [02/Sep/2026:05:21:38 -0700] "POST /xmlrpc.php HTTP/1.1" 200 403 "-" "Jetpack/12.5; WordPress/6.1; http://site80393242.com"
152.58.153.171 - - [02/Sep/2026:05:21:46 -0700] "POST /xmlrpc.php HTTP/1.1" 200 403 "-" "WordPress.com; https://wordpress.com"
78.61.177.243 - - [02/Sep/2026:05:21:48 -0700] "POST /xmlrpc.php HTTP/1.1" 200 403 "-" "WordPress.com; https://wordpress.com"
152.58.153.171 - - [02/Sep/2026:05:21:57 -0700] "POST /xmlrpc.php HTTP/1.1" 200 403 "-" "Jetpack by WordPress.com (Jetpack 13.0; WordPress 6.4)"
78.61.177.243 - - [02/Sep/2026:05:21:59 -0700] "POST /xmlrpc.php HTTP/1.1" 200 403 "-" "WordPress.com; https://wordpress.com"
192.178.6.168 - - [02/Sep/2026:05:22:07 -0700] "GET /wp-content/uploads/2023/11/illustration-arrow-right-1.svg HTTP/1.1" 200 334 "https://usaigc.com/wp-content/uploads/elementor/css/post-11.css" "Mozilla/5.0 (Linux; Android 6.0.1; Nexus 5X Build/MMB29P) AppleWebKit/537.36 (KHTML, like Gecko) Chrome/151.0.7922.173 Mobile Safari/537.36 (compatible; Googlebot/2.1; +http://www.google.com/bot.html)"
152.58.153.171 - - [02/Sep/2026:05:22:07 -0700] "POST /xmlrpc.php HTTP/1.1" 200 403 "-" "Jetpack by WordPress.com"
78.61.177.243 - - [02/Sep/2026:05:22:09 -0700] "POST /xmlrpc.php HTTP/1.1" 200 403 "-" "Jetpack/12.0; WordPress/6.4; http://site44596192.com"
152.58.153.171 - - [02/Sep/2026:05:22:18 -0700] "POST /xmlrpc.php HTTP/1.1" 200 403 "-" "Jetpack by WordPress.com (Jetpack 12.0; WordPress 6.4)"
78.61.177.243 - - [02/Sep/2026:05:22:20 -0700] "POST /xmlrpc.php HTTP/1.1" 200 403 "-" "Jetpack by WordPress.com (Jetpack 12.5; WordPress 6.3)"
173.231.200.77 - - [02/Sep/2026:05:22:29 -0700] "POST /wp-cron.php?doing_wp_cron=1788351749.2230670452117919921875 HTTP/1.1" 200 - "-" "WordPress/7.1; https://usaigc.com"
152.58.153.171 - - [02/Sep/2026:05:22:29 -0700] "POST /xmlrpc.php HTTP/1.1" 200 403 "-" "Jetpack by WordPress.com"
78.61.177.243 - - [02/Sep/2026:05:22:30 -0700] "POST /xmlrpc.php HTTP/1.1" 200 403 "-" "WordPress.com; https://wordpress.com"
152.58.153.171 - - [02/Sep/2026:05:22:39 -0700] "POST /xmlrpc.php HTTP/1.1" 200 403 "-" "WordPress.com; https://wordpress.com"
78.61.177.243 - - [02/Sep/2026:05:22:41 -0700] "POST /xmlrpc.php HTTP/1.1" 200 403 "-" "Jetpack by WordPress.com"
152.58.153.171 - - [02/Sep/2026:05:22:50 -0700] "POST /xmlrpc.php HTTP/1.1" 200 403 "-" "WordPress.com; https://wordpress.com"
78.61.177.243 - - [02/Sep/2026:05:22:51 -0700] "POST /xmlrpc.php HTTP/1.1" 200 403 "-" "Jetpack by WordPress.com"
152.58.153.171 - - [02/Sep/2026:05:23:00 -0700] "POST /xmlrpc.php HTTP/1.1" 200 403 "-" "Jetpack by WordPress.com"
78.61.177.243 - - [02/Sep/2026:05:23:02 -0700] "POST /xmlrpc.php HTTP/1.1" 200 403 "-" "WordPress.com; https://wordpress.com"
152.58.153.171 - - [02/Sep/2026:05:23:11 -0700] "POST /xmlrpc.php HTTP/1.1" 200 403 "-" "Jetpack/12.5; WordPress/6.4; http://site22977040.com"
78.61.177.243 - - [02/Sep/2026:05:23:13 -0700] "POST /xmlrpc.php HTTP/1.1" 200 403 "-" "Jetpack by WordPress.com (Jetpack 12.0; WordPress 6.1)"
173.231.200.77 - - [02/Sep/2026:05:23:22 -0700] "POST /wp-cron.php?doing_wp_cron=1788351801.9970009326934814453125 HTTP/1.1" 200 - "-" "WordPress/7.1; https://usaigc.com"
152.58.153.171 - - [02/Sep/2026:05:23:21 -0700] "POST /xmlrpc.php HTTP/1.1" 200 403 "-" "Jetpack by WordPress.com"
78.61.177.243 - - [02/Sep/2026:05:23:23 -0700] "POST /xmlrpc.php HTTP/1.1" 200 403 "-" "Jetpack by WordPress.com"
152.58.153.171 - - [02/Sep/2026:05:23:32 -0700] "POST /xmlrpc.php HTTP/1.1" 200 403 "-" "Jetpack by WordPress.com"
78.61.177.243 - - [02/Sep/2026:05:23:34 -0700] "POST /xmlrpc.php HTTP/1.1" 200 403 "-" "Jetpack/12.5; WordPress/6.1; http://site96033995.com"
152.58.153.171 - - [02/Sep/2026:05:23:42 -0700] "POST /xmlrpc.php HTTP/1.1" 200 403 "-" "WordPress.com; https://wordpress.com"
78.61.177.243 - - [02/Sep/2026:05:23:45 -0700] "POST /xmlrpc.php HTTP/1.1" 200 403 "-" "WordPress.com; https://wordpress.com"
152.58.153.171 - - [02/Sep/2026:05:23:53 -0700] "POST /xmlrpc.php HTTP/1.1" 200 403 "-" "Jetpack by WordPress.com (Jetpack 13.0; WordPress 6.4)"
78.61.177.243 - - [02/Sep/2026:05:23:55 -0700] "POST /xmlrpc.php HTTP/1.1" 200 403 "-" "WordPress.com; https://wordpress.com"
152.58.153.171 - - [02/Sep/2026:05:24:03 -0700] "POST /xmlrpc.php HTTP/1.1" 200 403 "-" "WordPress.com; https://wordpress.com"
136.144.43.133 - - [02/Sep/2026:05:24:04 -0700] "POST /wp-login.php HTTP/1.1" 200 7596 "-" "Mozilla/5.0"
78.61.177.243 - - [02/Sep/2026:05:24:06 -0700] "POST /xmlrpc.php HTTP/1.1" 200 403 "-" "Jetpack by WordPress.com"
152.58.153.171 - - [02/Sep/2026:05:24:14 -0700] "POST /xmlrpc.php HTTP/1.1" 200 403 "-" "WordPress.com; https://wordpress.com"
173.231.200.77 - - [02/Sep/2026:05:24:25 -0700] "POST /wp-cron.php?doing_wp_cron=1788351865.1811690330505371093750 HTTP/1.1" 200 - "-" "WordPress/7.1; https://usaigc.com"
152.58.153.171 - - [02/Sep/2026:05:24:25 -0700] "POST /xmlrpc.php HTTP/1.1" 200 403 "-" "Jetpack by WordPress.com"
3.219.81.66 - - [02/Sep/2026:05:25:21 -0700] "GET /wp-content/uploads/2021/02/karsten-winegeart-WO_th3WRJvw-unsplash-300x300.jpg HTTP/1.1" 200 16310 "-" "Mozilla/5.0 AppleWebKit/537.36 (KHTML, like Gecko; compatible; Amazonbot/0.1; +https://developer.amazon.com/support/amazonbot) Chrome/119.0.6045.214 Safari/537.36"
173.231.200.77 - - [02/Sep/2026:05:26:01 -0700] "POST /wp-cron.php?doing_wp_cron=1788351961.2108941078186035156250 HTTP/1.1" 200 - "-" "WordPress/7.1; https://usaigc.com"
