108.180.34.249 - - [02/Sep/2026:10:23:12 -0700] "GET /wp-content/plugins/elementor-pro/assets/js/webpack-pro.runtime.min.js HTTP/2.0" 200 6263 "https://usaigc.com/" "Mozilla/5.0 (Windows NT 10.0; Win64; x64) AppleWebKit/537.36 (KHTML, like Gecko) Chrome/152.0.0.0 Safari/537.36 Edg/152.0.0.0"
108.180.34.249 - - [02/Sep/2026:10:23:12 -0700] "GET /wp-content/uploads/hummingbird-assets/2d0fc86d08c0addc7f54a6a33ef11370.js HTTP/2.0" 200 10815 "https://usaigc.com/" "Mozilla/5.0 (Windows NT 10.0; Win64; x64) AppleWebKit/537.36 (KHTML, like Gecko) Chrome/152.0.0.0 Safari/537.36 Edg/152.0.0.0"
108.180.34.249 - - [02/Sep/2026:10:23:13 -0700] "GET /wp-content/uploads/hummingbird-assets/4f2f05e2bccbc74bfdc4d4a9af4df128.js HTTP/2.0" 200 84064 "https://usaigc.com/" "Mozilla/5.0 (Windows NT 10.0; Win64; x64) AppleWebKit/537.36 (KHTML, like Gecko) Chrome/152.0.0.0 Safari/537.36 Edg/152.0.0.0"
108.180.34.249 - - [02/Sep/2026:10:23:13 -0700] "GET /wp-content/uploads/2020/12/PBSportzsoft-300x169-1-e1701549356217.png HTTP/2.0" 200 18957 "https://usaigc.com/" "Mozilla/5.0 (Windows NT 10.0; Win64; x64) AppleWebKit/537.36 (KHTML, like Gecko) Chrome/152.0.0.0 Safari/537.36 Edg/152.0.0.0"
108.180.34.249 - - [02/Sep/2026:10:23:13 -0700] "GET /wp-content/uploads/hummingbird-assets/39c4cfff4ed9636507c780e102533e5b.css HTTP/2.0" 200 247 "https://usaigc.com/" "Mozilla/5.0 (Windows NT 10.0; Win64; x64) AppleWebKit/537.36 (KHTML, like Gecko) Chrome/152.0.0.0 Safari/537.36 Edg/152.0.0.0"
108.180.34.249 - - [02/Sep/2026:10:23:13 -0700] "GET /wp-content/uploads/hummingbird-assets/2ab2ba5f7f136571c5f6707948e9760f.css HTTP/2.0" 200 24769 "https://usaigc.com/" "Mozilla/5.0 (Windows NT 10.0; Win64; x64) AppleWebKit/537.36 (KHTML, like Gecko) Chrome/152.0.0.0 Safari/537.36 Edg/152.0.0.0"
108.180.34.249 - - [02/Sep/2026:10:23:13 -0700] "GET /wp-content/uploads/hummingbird-assets/643adc03774cdb087b0ad109bcf87eea.css HTTP/2.0" 200 21084 "https://usaigc.com/" "Mozilla/5.0 (Windows NT 10.0; Win64; x64) AppleWebKit/537.36 (KHTML, like Gecko) Chrome/152.0.0.0 Safari/537.36 Edg/152.0.0.0"
108.180.34.249 - - [02/Sep/2026:10:23:13 -0700] "GET /wp-content/uploads/2023/12/shutterstock_391011352.jpg HTTP/2.0" 200 796982 "https://usaigc.com/wp-content/uploads/elementor/css/post-11.css" "Mozilla/5.0 (Windows NT 10.0; Win64; x64) AppleWebKit/537.36 (KHTML, like Gecko) Chrome/152.0.0.0 Safari/537.36 Edg/152.0.0.0"
108.180.34.249 - - [02/Sep/2026:10:23:13 -0700] "GET /wp-content/uploads/2023/11/illustration-arrow-right-1.svg HTTP/2.0" 200 334 "https://usaigc.com/wp-content/uploads/elementor/css/post-11.css" "Mozilla/5.0 (Windows NT 10.0; Win64; x64) AppleWebKit/537.36 (KHTML, like Gecko) Chrome/152.0.0.0 Safari/537.36 Edg/152.0.0.0"
108.180.34.249 - - [02/Sep/2026:10:23:13 -0700] "GET /wp-content/uploads/2023/11/shutterstock_1205204578-scaled.jpg HTTP/2.0" 200 210974 "https://usaigc.com/" "Mozilla/5.0 (Windows NT 10.0; Win64; x64) AppleWebKit/537.36 (KHTML, like Gecko) Chrome/152.0.0.0 Safari/537.36 Edg/152.0.0.0"
108.180.34.249 - - [02/Sep/2026:10:23:13 -0700] "GET /wp-content/uploads/2023/11/shutterstock_576622738.jpg HTTP/2.0" 200 2360990 "https://usaigc.com/" "Mozilla/5.0 (Windows NT 10.0; Win64; x64) AppleWebKit/537.36 (KHTML, like Gecko) Chrome/152.0.0.0 Safari/537.36 Edg/152.0.0.0"
108.180.34.249 - - [02/Sep/2026:10:23:13 -0700] "GET /wp-content/uploads/2023/11/shutterstock_358163945-scaled.jpg HTTP/2.0" 200 564491 "https://usaigc.com/" "Mozilla/5.0 (Windows NT 10.0; Win64; x64) AppleWebKit/537.36 (KHTML, like Gecko) Chrome/152.0.0.0 Safari/537.36 Edg/152.0.0.0"
108.180.34.249 - - [02/Sep/2026:10:23:13 -0700] "GET /wp-content/uploads/2023/11/shutterstock_709217215.jpg HTTP/2.0" 200 3889657 "https://usaigc.com/wp-content/uploads/elementor/css/post-11.css" "Mozilla/5.0 (Windows NT 10.0; Win64; x64) AppleWebKit/537.36 (KHTML, like Gecko) Chrome/152.0.0.0 Safari/537.36 Edg/152.0.0.0"
108.180.34.249 - - [02/Sep/2026:10:23:13 -0700] "GET /wp-content/plugins/elementor/assets/lib/font-awesome/webfonts/fa-brands-400.woff2 HTTP/2.0" 200 81612 "https://usaigc.com/wp-content/uploads/hummingbird-assets/b4af289e0ca1ead096a59d802fe8b520.css" "Mozilla/5.0 (Windows NT 10.0; Win64; x64) AppleWebKit/537.36 (KHTML, like Gecko) Chrome/152.0.0.0 Safari/537.36 Edg/152.0.0.0"
108.180.34.249 - - [02/Sep/2026:10:23:13 -0700] "GET /wp-content/uploads/2023/11/shape-purple.png HTTP/2.0" 200 8036 "https://usaigc.com/wp-content/uploads/elementor/css/post-11.css" "Mozilla/5.0 (Windows NT 10.0; Win64; x64) AppleWebKit/537.36 (KHTML, like Gecko) Chrome/152.0.0.0 Safari/537.36 Edg/152.0.0.0"
108.180.34.249 - - [02/Sep/2026:10:23:13 -0700] "GET /wp-content/uploads/elementor/custom-icons/theme-icons/fonts/theme-icons.ttf?yox6f HTTP/2.0" 200 5924 "https://usaigc.com/wp-content/uploads/hummingbird-assets/b4af289e0ca1ead096a59d802fe8b520.css" "Mozilla/5.0 (Windows NT 10.0; Win64; x64) AppleWebKit/537.36 (KHTML, like Gecko) Chrome/152.0.0.0 Safari/537.36 Edg/152.0.0.0"
108.180.34.249 - - [02/Sep/2026:10:23:13 -0700] "GET /wp-content/plugins/elementor/assets/lib/font-awesome/webfonts/fa-solid-900.woff2 HTTP/2.0" 200 78196 "https://usaigc.com/wp-content/uploads/hummingbird-assets/b4af289e0ca1ead096a59d802fe8b520.css" "Mozilla/5.0 (Windows NT 10.0; Win64; x64) AppleWebKit/537.36 (KHTML, like Gecko) Chrome/152.0.0.0 Safari/537.36 Edg/152.0.0.0"
108.180.34.249 - - [02/Sep/2026:10:23:13 -0700] "GET /wp-content/plugins/elementor/assets/lib/eicons/fonts/eicons.woff2?5.35.0 HTTP/2.0" 200 98056 "https://usaigc.com/wp-content/uploads/hummingbird-assets/b4af289e0ca1ead096a59d802fe8b520.css" "Mozilla/5.0 (Windows NT 10.0; Win64; x64) AppleWebKit/537.36 (KHTML, like Gecko) Chrome/152.0.0.0 Safari/537.36 Edg/152.0.0.0"
108.180.34.249 - - [02/Sep/2026:10:23:13 -0700] "GET /wp-content/plugins/elementor/assets/lib/font-awesome/webfonts/fa-regular-400.woff2 HTTP/2.0" 200 13276 "https://usaigc.com/wp-content/uploads/hummingbird-assets/b4af289e0ca1ead096a59d802fe8b520.css" "Mozilla/5.0 (Windows NT 10.0; Win64; x64) AppleWebKit/537.36 (KHTML, like Gecko) Chrome/152.0.0.0 Safari/537.36 Edg/152.0.0.0"
108.180.34.249 - - [02/Sep/2026:10:23:13 -0700] "GET /wp-content/uploads/2023/12/LiveLeagueLogo-1.png HTTP/2.0" 200 21313 "https://usaigc.com/" "Mozilla/5.0 (Windows NT 10.0; Win64; x64) AppleWebKit/537.36 (KHTML, like Gecko) Chrome/152.0.0.0 Safari/537.36 Edg/152.0.0.0"
108.180.34.249 - - [02/Sep/2026:10:23:13 -0700] "GET /wp-content/uploads/2023/11/logo-2a1.png HTTP/2.0" 200 91276 "https://usaigc.com/" "Mozilla/5.0 (Windows NT 10.0; Win64; x64) AppleWebKit/537.36 (KHTML, like Gecko) Chrome/152.0.0.0 Safari/537.36 Edg/152.0.0.0"
108.180.34.249 - - [02/Sep/2026:10:23:13 -0700] "GET /wp-content/uploads/2025/05/AthleticsICC.jpg HTTP/2.0" 200 43167 "https://usaigc.com/" "Mozilla/5.0 (Windows NT 10.0; Win64; x64) AppleWebKit/537.36 (KHTML, like Gecko) Chrome/152.0.0.0 Safari/537.36 Edg/152.0.0.0"
108.180.34.249 - - [02/Sep/2026:10:23:13 -0700] "GET /wp-content/uploads/2023/11/logo-4.png HTTP/2.0" 200 18860 "https://usaigc.com/" "Mozilla/5.0 (Windows NT 10.0; Win64; x64) AppleWebKit/537.36 (KHTML, like Gecko) Chrome/152.0.0.0 Safari/537.36 Edg/152.0.0.0"
108.180.34.249 - - [02/Sep/2026:10:23:13 -0700] "GET /wp-content/uploads/2025/09/news-tesu-logo-e1758903721800.jpg HTTP/2.0" 200 46373 "https://usaigc.com/" "Mozilla/5.0 (Windows NT 10.0; Win64; x64) AppleWebKit/537.36 (KHTML, like Gecko) Chrome/152.0.0.0 Safari/537.36 Edg/152.0.0.0"
108.180.34.249 - - [02/Sep/2026:10:23:13 -0700] "GET /wp-content/themes/f7/vamtam/assets/js/low-priority.js HTTP/2.0" 200 1263 "https://usaigc.com/" "Mozilla/5.0 (Windows NT 10.0; Win64; x64) AppleWebKit/537.36 (KHTML, like Gecko) Chrome/152.0.0.0 Safari/537.36 Edg/152.0.0.0"
108.180.34.249 - - [02/Sep/2026:10:23:13 -0700] "GET /wp-content/plugins/elementor/assets/lib/dialog/dialog.min.js?ver=4.9.3 HTTP/2.0" 200 11286 "https://usaigc.com/" "Mozilla/5.0 (Windows NT 10.0; Win64; x64) AppleWebKit/537.36 (KHTML, like Gecko) Chrome/152.0.0.0 Safari/537.36 Edg/152.0.0.0"
108.180.34.249 - - [02/Sep/2026:10:23:13 -0700] "GET /wp-content/plugins/elementor-pro/assets/js/nav-menu.a23fbd67486c5bedf26c.bundle.min.js HTTP/2.0" 200 5282 "https://usaigc.com/" "Mozilla/5.0 (Windows NT 10.0; Win64; x64) AppleWebKit/537.36 (KHTML, like Gecko) Chrome/152.0.0.0 Safari/537.36 Edg/152.0.0.0"
108.180.34.249 - - [02/Sep/2026:10:23:13 -0700] "GET /wp-content/plugins/elementor-pro/assets/js/animated-headline.588a0449647bd4f113f3.bundle.min.js HTTP/2.0" 200 7567 "https://usaigc.com/" "Mozilla/5.0 (Windows NT 10.0; Win64; x64) AppleWebKit/537.36 (KHTML, like Gecko) Chrome/152.0.0.0 Safari/537.36 Edg/152.0.0.0"
108.180.34.249 - - [02/Sep/2026:10:23:13 -0700] "GET /wp-content/plugins/elementor-pro/assets/js/lottie.e74a53bfa4c0bd939250.bundle.min.js HTTP/2.0" 200 14409 "https://usaigc.com/" "Mozilla/5.0 (Windows NT 10.0; Win64; x64) AppleWebKit/537.36 (KHTML, like Gecko) Chrome/152.0.0.0 Safari/537.36 Edg/152.0.0.0"
108.180.34.249 - - [02/Sep/2026:10:23:13 -0700] "GET /wp-content/plugins/elementor/assets/js/text-editor.c084ef86600b6f11690d.bundle.min.js HTTP/2.0" 200 1394 "https://usaigc.com/" "Mozilla/5.0 (Windows NT 10.0; Win64; x64) AppleWebKit/537.36 (KHTML, like Gecko) Chrome/152.0.0.0 Safari/537.36 Edg/152.0.0.0"
108.180.34.249 - - [02/Sep/2026:10:23:13 -0700] "GET /wp-content/plugins/elementor-pro/assets/js/media-carousel.afbaabb756a7c18ddb09.bundle.min.js HTTP/2.0" 200 7003 "https://usaigc.com/" "Mozilla/5.0 (Windows NT 10.0; Win64; x64) AppleWebKit/537.36 (KHTML, like Gecko) Chrome/152.0.0.0 Safari/537.36 Edg/152.0.0.0"
108.180.34.249 - - [02/Sep/2026:10:23:13 -0700] "GET /wp-content/uploads/2021/03/Arrows-animation.json HTTP/2.0" 200 14916 "https://usaigc.com/" "Mozilla/5.0 (Windows NT 10.0; Win64; x64) AppleWebKit/537.36 (KHTML, like Gecko) Chrome/152.0.0.0 Safari/537.36 Edg/152.0.0.0"
216.244.66.236 - - [02/Sep/2026:10:23:17 -0700] "GET /athlete_form.cfm?CFID=dde9f487-391e-4a6d-a462-b81a9442c26d&CFTOKEN=0 HTTP/1.1" 301 - "-" "Mozilla/5.0 (compatible; DotBot/1.2; +https://opensiteexplorer.org/dotbot; help@moz.com)"
173.231.200.77 - - [02/Sep/2026:10:23:22 -0700] "POST /wp-cron.php?doing_wp_cron=1788369802.5571119785308837890625 HTTP/1.1" 200 - "-" "WordPress/7.1; https://usaigc.com"
216.244.66.236 - - [02/Sep/2026:10:23:22 -0700] "GET /athlete_form.cfm?CFID=ddf02c4e-c180-4421-bed3-6811a8803779&CFTOKEN=0 HTTP/1.1" 301 - "-" "Mozilla/5.0 (compatible; DotBot/1.2; +https://opensiteexplorer.org/dotbot; help@moz.com)"
216.244.66.236 - - [02/Sep/2026:10:23:26 -0700] "GET /athlete_form.cfm?CFID=de02c77d-155b-474d-bc3d-7b5a838e3f81&CFTOKEN=0 HTTP/1.1" 301 - "-" "Mozilla/5.0 (compatible; DotBot/1.2; +https://opensiteexplorer.org/dotbot; help@moz.com)"
216.244.66.236 - - [02/Sep/2026:10:23:29 -0700] "GET /athlete_form.cfm?CFID=de0d7b59-1616-4ae3-856e-53263ef924d5&CFTOKEN=0 HTTP/1.1" 301 - "-" "Mozilla/5.0 (compatible; DotBot/1.2; +https://opensiteexplorer.org/dotbot; help@moz.com)"
216.244.66.236 - - [02/Sep/2026:10:23:33 -0700] "GET /athlete_form.cfm?CFID=de13c66f-06e4-4c53-88a0-46c9ac435b11&CFTOKEN=0 HTTP/1.1" 301 - "-" "Mozilla/5.0 (compatible; DotBot/1.2; +https://opensiteexplorer.org/dotbot; help@moz.com)"
216.244.66.236 - - [02/Sep/2026:10:23:36 -0700] "GET /athlete_form.cfm?CFID=de18f0e5-9d26-4c69-8550-7e0dbcd3f28a&CFTOKEN=0 HTTP/1.1" 301 - "-" "Mozilla/5.0 (compatible; DotBot/1.2; +https://opensiteexplorer.org/dotbot; help@moz.com)"
108.180.34.249 - - [02/Sep/2026:10:23:37 -0700] "GET /wp-content/plugins/elementor/assets/css/conditionals/dialog.min.css?ver=3.27.2 HTTP/2.0" 200 15450 "https://usaigc.com/" "Mozilla/5.0 (Windows NT 10.0; Win64; x64) AppleWebKit/537.36 (KHTML, like Gecko) Chrome/152.0.0.0 Safari/537.36 Edg/152.0.0.0"
216.244.66.236 - - [02/Sep/2026:10:23:39 -0700] "GET /athlete_form.cfm?CFID=de4ddb4a-f8e5-4135-84a0-427c962e05e7&CFTOKEN=0 HTTP/1.1" 301 - "-" "Mozilla/5.0 (compatible; DotBot/1.2; +https://opensiteexplorer.org/dotbot; help@moz.com)"
216.244.66.236 - - [02/Sep/2026:10:23:40 -0700] "GET /athlete_form.cfm?CFID=de53ec1f-f987-4168-a95e-7a2c4f0477d3&CFTOKEN=0 HTTP/1.1" 301 - "-" "Mozilla/5.0 (compatible; DotBot/1.2; +https://opensiteexplorer.org/dotbot; help@moz.com)"
216.244.66.236 - - [02/Sep/2026:10:23:42 -0700] "GET /athlete_form.cfm?CFID=de64b474-85fb-49a4-bc70-b543969d4bef&CFTOKEN=0 HTTP/1.1" 301 - "-" "Mozilla/5.0 (compatible; DotBot/1.2; +https://opensiteexplorer.org/dotbot; help@moz.com)"
216.244.66.236 - - [02/Sep/2026:10:23:43 -0700] "GET /athlete_form.cfm?CFID=de8d4956-f584-45e0-82f2-72b0db2b23e0&CFTOKEN=0 HTTP/1.1" 301 - "-" "Mozilla/5.0 (compatible; DotBot/1.2; +https://opensiteexplorer.org/dotbot; help@moz.com)"
216.244.66.236 - - [02/Sep/2026:10:23:46 -0700] "GET /athlete_form.cfm?CFID=de9db196-821a-4dbf-8374-99b40e1c2dbc&CFTOKEN=0 HTTP/1.1" 301 - "-" "Mozilla/5.0 (compatible; DotBot/1.2; +https://opensiteexplorer.org/dotbot; help@moz.com)"
216.244.66.236 - - [02/Sep/2026:10:23:48 -0700] "GET /athlete_form.cfm?CFID=dea9ad69-54f8-4b9e-b5d1-b56d8d748011&CFTOKEN=0 HTTP/1.1" 301 - "-" "Mozilla/5.0 (compatible; DotBot/1.2; +https://opensiteexplorer.org/dotbot; help@moz.com)"
216.244.66.236 - - [02/Sep/2026:10:23:50 -0700] "GET /athlete_form.cfm?CFID=deac788c-d720-4565-ad9f-a833fff245e8&CFTOKEN=0 HTTP/1.1" 301 - "-" "Mozilla/5.0 (compatible; DotBot/1.2; +https://opensiteexplorer.org/dotbot; help@moz.com)"
216.244.66.236 - - [02/Sep/2026:10:23:51 -0700] "GET /athlete_form.cfm?CFID=deb904e8-9d15-4b50-be40-2854b5574ed2&CFTOKEN=0 HTTP/1.1" 301 - "-" "Mozilla/5.0 (compatible; DotBot/1.2; +https://opensiteexplorer.org/dotbot; help@moz.com)"
216.244.66.236 - - [02/Sep/2026:10:23:52 -0700] "GET /athlete_form.cfm?CFID=dec02669-9ea0-4538-a98a-18164fe2b72d&CFTOKEN=0 HTTP/1.1" 301 - "-" "Mozilla/5.0 (compatible; DotBot/1.2; +https://opensiteexplorer.org/dotbot; help@moz.com)"
216.244.66.236 - - [02/Sep/2026:10:23:53 -0700] "GET /athlete_form.cfm?CFID=dec4f65f-3388-4943-96da-326e11195791&CFTOKEN=0 HTTP/1.1" 301 - "-" "Mozilla/5.0 (compatible; DotBot/1.2; +https://opensiteexplorer.org/dotbot; help@moz.com)"
216.244.66.236 - - [02/Sep/2026:10:23:55 -0700] "GET /athlete_form.cfm?CFID=def29bec-a7db-4546-a134-e4372e144ad2&CFTOKEN=0 HTTP/1.1" 301 - "-" "Mozilla/5.0 (compatible; DotBot/1.2; +https://opensiteexplorer.org/dotbot; help@moz.com)"
216.244.66.236 - - [02/Sep/2026:10:23:56 -0700] "GET /athlete_form.cfm?CFID=df0fa1e6-34bd-43ed-baae-2e9f0edf5c61&CFTOKEN=0 HTTP/1.1" 301 - "-" "Mozilla/5.0 (compatible; DotBot/1.2; +https://opensiteexplorer.org/dotbot; help@moz.com)"
136.144.43.132 - - [02/Sep/2026:10:23:58 -0700] "POST /wp-login.php HTTP/1.1" 200 7596 "-" "Mozilla/5.0"
216.244.66.236 - - [02/Sep/2026:10:23:59 -0700] "GET /athlete_form.cfm?CFID=df2f82de-5872-4921-93e1-16292eaec0c0&CFTOKEN=0 HTTP/1.1" 301 - "-" "Mozilla/5.0 (compatible; DotBot/1.2; +https://opensiteexplorer.org/dotbot; help@moz.com)"
216.244.66.236 - - [02/Sep/2026:10:24:02 -0700] "GET /athlete_form.cfm?CFID=df5124b7-f7bf-43cd-8aa6-dad46aaf2ef3&CFTOKEN=0 HTTP/1.1" 301 - "-" "Mozilla/5.0 (compatible; DotBot/1.2; +https://opensiteexplorer.org/dotbot; help@moz.com)"
216.244.66.236 - - [02/Sep/2026:10:24:06 -0700] "GET /athlete_form.cfm?CFID=df65c197-6540-479a-9d4f-13a88098eb56&CFTOKEN=0 HTTP/1.1" 301 - "-" "Mozilla/5.0 (compatible; DotBot/1.2; +https://opensiteexplorer.org/dotbot; help@moz.com)"
216.244.66.236 - - [02/Sep/2026:10:24:09 -0700] "GET /athlete_form.cfm?CFID=df6b462a-05c8-459b-b0db-b6dfac964d80&CFTOKEN=0 HTTP/1.1" 301 - "-" "Mozilla/5.0 (compatible; DotBot/1.2; +https://opensiteexplorer.org/dotbot; help@moz.com)"
216.244.66.236 - - [02/Sep/2026:10:24:11 -0700] "GET /athlete_form.cfm?CFID=df804f43-676b-4da0-b8b2-8a0cf6cf7f7b&CFTOKEN=0 HTTP/1.1" 301 - "-" "Mozilla/5.0 (compatible; DotBot/1.2; +https://opensiteexplorer.org/dotbot; help@moz.com)"
216.244.66.236 - - [02/Sep/2026:10:24:13 -0700] "GET /athlete_form.cfm?CFID=dfc4147e-4d88-4854-afd7-91cf0280455e&CFTOKEN=0 HTTP/1.1" 301 - "-" "Mozilla/5.0 (compatible; DotBot/1.2; +https://opensiteexplorer.org/dotbot; help@moz.com)"
216.244.66.236 - - [02/Sep/2026:10:24:15 -0700] "GET /athlete_form.cfm?CFID=dfda885f-411c-42f5-b00a-c059aff67526&CFTOKEN=0 HTTP/1.1" 301 - "-" "Mozilla/5.0 (compatible; DotBot/1.2; +https://opensiteexplorer.org/dotbot; help@moz.com)"
216.244.66.236 - - [02/Sep/2026:10:24:17 -0700] "GET /athlete_form.cfm?CFID=dfff71b2-1295-4fc2-993f-571604906237&CFTOKEN=0 HTTP/1.1" 301 - "-" "Mozilla/5.0 (compatible; DotBot/1.2; +https://opensiteexplorer.org/dotbot; help@moz.com)"
216.244.66.236 - - [02/Sep/2026:10:24:18 -0700] "GET /athlete_form.cfm?CFID=e027e874-5802-42fc-9d4f-1906a0ba0e48&CFTOKEN=0 HTTP/1.1" 301 - "-" "Mozilla/5.0 (compatible; DotBot/1.2; +https://opensiteexplorer.org/dotbot; help@moz.com)"
216.244.66.236 - - [02/Sep/2026:10:24:20 -0700] "GET /athlete_form.cfm?CFID=e029c00f-59bd-4d3e-b434-9ec47e72c388&CFTOKEN=0 HTTP/1.1" 301 - "-" "Mozilla/5.0 (compatible; DotBot/1.2; +https://opensiteexplorer.org/dotbot; help@moz.com)"
173.231.200.77 - - [02/Sep/2026:10:24:21 -0700] "POST /wp-cron.php?doing_wp_cron=1788369861.3147349357604980468750 HTTP/1.1" 200 - "-" "WordPress/7.1; https://usaigc.com"
216.244.66.236 - - [02/Sep/2026:10:24:21 -0700] "GET /athlete_form.cfm?CFID=e03c79bb-e5d6-4b12-ab37-3776aa7dab04&CFTOKEN=0 HTTP/1.1" 301 - "-" "Mozilla/5.0 (compatible; DotBot/1.2; +https://opensiteexplorer.org/dotbot; help@moz.com)"
216.244.66.236 - - [02/Sep/2026:10:24:22 -0700] "GET /athlete_form.cfm?CFID=e04a48b8-3026-420a-8aeb-06599f8794c1&CFTOKEN=0 HTTP/1.1" 301 - "-" "Mozilla/5.0 (compatible; DotBot/1.2; +https://opensiteexplorer.org/dotbot; help@moz.com)"
216.244.66.236 - - [02/Sep/2026:10:24:22 -0700] "GET /athlete_form.cfm?CFID=e04cef1d-a035-46c8-a8e9-33dcea7725c0&CFTOKEN=0 HTTP/1.1" 301 - "-" "Mozilla/5.0 (compatible; DotBot/1.2; +https://opensiteexplorer.org/dotbot; help@moz.com)"
216.244.66.236 - - [02/Sep/2026:10:24:23 -0700] "GET /athlete_form.cfm?CFID=e0541064-4734-4763-8231-0b08fb12f244&CFTOKEN=0 HTTP/1.1" 301 - "-" "Mozilla/5.0 (compatible; DotBot/1.2; +https://opensiteexplorer.org/dotbot; help@moz.com)"
216.244.66.236 - - [02/Sep/2026:10:24:24 -0700] "GET /athlete_form.cfm?CFID=e05ca051-d298-4dff-a9f9-212171a6acbc&CFTOKEN=0 HTTP/1.1" 301 - "-" "Mozilla/5.0 (compatible; DotBot/1.2; +https://opensiteexplorer.org/dotbot; help@moz.com)"
216.244.66.236 - - [02/Sep/2026:10:24:24 -0700] "GET /athlete_form.cfm?CFID=e06c1fb2-3dd1-460c-b595-826fe4d84bb7&CFTOKEN=0 HTTP/1.1" 301 - "-" "Mozilla/5.0 (compatible; DotBot/1.2; +https://opensiteexplorer.org/dotbot; help@moz.com)"
216.244.66.236 - - [02/Sep/2026:10:24:25 -0700] "GET /athlete_form.cfm?CFID=e074b232-e579-4a0a-92f2-e350e10e7434&CFTOKEN=0 HTTP/1.1" 301 - "-" "Mozilla/5.0 (compatible; DotBot/1.2; +https://opensiteexplorer.org/dotbot; help@moz.com)"
216.244.66.236 - - [02/Sep/2026:10:24:26 -0700] "GET /athlete_form.cfm?CFID=e0789b78-b099-46ab-9d55-d92be6c7b897&CFTOKEN=0 HTTP/1.1" 301 - "-" "Mozilla/5.0 (compatible; DotBot/1.2; +https://opensiteexplorer.org/dotbot; help@moz.com)"
216.244.66.236 - - [02/Sep/2026:10:24:27 -0700] "GET /athlete_form.cfm?CFID=e08ffcc7-0c67-409a-a69c-c20ea2ed70e8&CFTOKEN=0 HTTP/1.1" 301 - "-" "Mozilla/5.0 (compatible; DotBot/1.2; +https://opensiteexplorer.org/dotbot; help@moz.com)"
216.244.66.236 - - [02/Sep/2026:10:24:28 -0700] "GET /athlete_form.cfm?CFID=e09460f0-1962-4c28-9471-55f2cf21f6a3&CFTOKEN=0 HTTP/1.1" 301 - "-" "Mozilla/5.0 (compatible; DotBot/1.2; +https://opensiteexplorer.org/dotbot; help@moz.com)"
216.244.66.236 - - [02/Sep/2026:10:24:29 -0700] "GET /athlete_form.cfm?CFID=e0ba5926-031f-4ed3-82f4-02cf9250c7d7&CFTOKEN=0 HTTP/1.1" 301 - "-" "Mozilla/5.0 (compatible; DotBot/1.2; +https://opensiteexplorer.org/dotbot; help@moz.com)"
216.244.66.236 - - [02/Sep/2026:10:24:30 -0700] "GET /athlete_form.cfm?CFID=e0bbf9cb-e0fc-4b1b-b065-80827bcf8d36&CFTOKEN=0 HTTP/1.1" 301 - "-" "Mozilla/5.0 (compatible; DotBot/1.2; +https://opensiteexplorer.org/dotbot; help@moz.com)"
216.244.66.236 - - [02/Sep/2026:10:24:30 -0700] "GET /athlete_form.cfm?CFID=e0d0c50a-c594-409b-b444-c93281ff8dea&CFTOKEN=0 HTTP/1.1" 301 - "-" "Mozilla/5.0 (compatible; DotBot/1.2; +https://opensiteexplorer.org/dotbot; help@moz.com)"
216.244.66.236 - - [02/Sep/2026:10:24:31 -0700] "GET /athlete_form.cfm?CFID=e0d60d0c-2e9d-40ab-a8a7-d0d0f1653e61&CFTOKEN=0 HTTP/1.1" 301 - "-" "Mozilla/5.0 (compatible; DotBot/1.2; +https://opensiteexplorer.org/dotbot; help@moz.com)"
216.244.66.236 - - [02/Sep/2026:10:24:31 -0700] "GET /athlete_form.cfm?CFID=e0e47c7f-9e83-4abb-b30d-5383071794bc&CFTOKEN=0 HTTP/1.1" 301 - "-" "Mozilla/5.0 (compatible; DotBot/1.2; +https://opensiteexplorer.org/dotbot; help@moz.com)"
216.244.66.236 - - [02/Sep/2026:10:24:32 -0700] "GET /athlete_form.cfm?CFID=e100a82e-d947-4b65-b698-751e4782f8d7&CFTOKEN=0 HTTP/1.1" 301 - "-" "Mozilla/5.0 (compatible; DotBot/1.2; +https://opensiteexplorer.org/dotbot; help@moz.com)"
216.244.66.236 - - [02/Sep/2026:10:24:33 -0700] "GET /athlete_form.cfm?CFID=e1086d28-0eb7-4edf-876c-f635d0062a00&CFTOKEN=0 HTTP/1.1" 301 - "-" "Mozilla/5.0 (compatible; DotBot/1.2; +https://opensiteexplorer.org/dotbot; help@moz.com)"
216.244.66.236 - - [02/Sep/2026:10:24:33 -0700] "GET /athlete_form.cfm?CFID=e10a49b6-0785-4267-86ea-cf0127bc7fcb&CFTOKEN=0 HTTP/1.1" 301 - "-" "Mozilla/5.0 (compatible; DotBot/1.2; +https://opensiteexplorer.org/dotbot; help@moz.com)"
216.244.66.236 - - [02/Sep/2026:10:24:34 -0700] "GET /athlete_form.cfm?CFID=e12c1184-0580-4567-afb0-f577810a1a44&CFTOKEN=0 HTTP/1.1" 301 - "-" "Mozilla/5.0 (compatible; DotBot/1.2; +https://opensiteexplorer.org/dotbot; help@moz.com)"
216.244.66.236 - - [02/Sep/2026:10:24:35 -0700] "GET /athlete_form.cfm?CFID=e138e5a2-f852-45dd-ba72-189fc54d96e5&CFTOKEN=0 HTTP/1.1" 301 - "-" "Mozilla/5.0 (compatible; DotBot/1.2; +https://opensiteexplorer.org/dotbot; help@moz.com)"
216.244.66.236 - - [02/Sep/2026:10:24:36 -0700] "GET /athlete_form.cfm?CFID=e15036eb-37ca-4a19-b5b1-2c94f081a1e9&CFTOKEN=0 HTTP/1.1" 301 - "-" "Mozilla/5.0 (compatible; DotBot/1.2; +https://opensiteexplorer.org/dotbot; help@moz.com)"
216.244.66.236 - - [02/Sep/2026:10:24:36 -0700] "GET /athlete_form.cfm?CFID=e15b80e1-60a6-4f80-9e1d-9f7efc350fb3&CFTOKEN=0 HTTP/1.1" 301 - "-" "Mozilla/5.0 (compatible; DotBot/1.2; +https://opensiteexplorer.org/dotbot; help@moz.com)"
216.244.66.236 - - [02/Sep/2026:10:24:37 -0700] "GET /athlete_form.cfm?CFID=e17732a3-6632-42d4-be24-10bba17a8c08&CFTOKEN=0 HTTP/1.1" 301 - "-" "Mozilla/5.0 (compatible; DotBot/1.2; +https://opensiteexplorer.org/dotbot; help@moz.com)"
216.244.66.236 - - [02/Sep/2026:10:24:37 -0700] "GET /athlete_form.cfm?CFID=e18568e2-b326-4ab4-9ee7-e9a895c6076f&CFTOKEN=0 HTTP/1.1" 301 - "-" "Mozilla/5.0 (compatible; DotBot/1.2; +https://opensiteexplorer.org/dotbot; help@moz.com)"
216.244.66.236 - - [02/Sep/2026:10:24:38 -0700] "GET /athlete_form.cfm?CFID=e19fa828-7b3c-4b6a-a4bd-3ae8796434c6&CFTOKEN=0 HTTP/1.1" 301 - "-" "Mozilla/5.0 (compatible; DotBot/1.2; +https://opensiteexplorer.org/dotbot; help@moz.com)"
216.244.66.236 - - [02/Sep/2026:10:24:38 -0700] "GET /athlete_form.cfm?CFID=e1af65e0-1780-4e34-81ca-8af1c38ba45f&CFTOKEN=0 HTTP/1.1" 301 - "-" "Mozilla/5.0 (compatible; DotBot/1.2; +https://opensiteexplorer.org/dotbot; help@moz.com)"
216.244.66.236 - - [02/Sep/2026:10:24:39 -0700] "GET /athlete_form.cfm?CFID=e1ee7cc3-c9d3-4acd-9f77-d64f66d2ffb4&CFTOKEN=0 HTTP/1.1" 301 - "-" "Mozilla/5.0 (compatible; DotBot/1.2; +https://opensiteexplorer.org/dotbot; help@moz.com)"
216.244.66.236 - - [02/Sep/2026:10:24:41 -0700] "GET /athlete_form.cfm?CFID=e20bcab5-94dc-470a-baa4-7aa53f847aed&CFTOKEN=0 HTTP/1.1" 301 - "-" "Mozilla/5.0 (compatible; DotBot/1.2; +https://opensiteexplorer.org/dotbot; help@moz.com)"
216.244.66.236 - - [02/Sep/2026:10:24:43 -0700] "GET /athlete_form.cfm?CFID=e22897ea-42c5-4bbb-bb21-d55c63f52c6a&CFTOKEN=0 HTTP/1.1" 301 - "-" "Mozilla/5.0 (compatible; DotBot/1.2; +https://opensiteexplorer.org/dotbot; help@moz.com)"
216.244.66.236 - - [02/Sep/2026:10:24:45 -0700] "GET /athlete_form.cfm?CFID=e2794730-ad2a-4f19-b5a2-db4f2716fc97&CFTOKEN=0 HTTP/1.1" 301 - "-" "Mozilla/5.0 (compatible; DotBot/1.2; +https://opensiteexplorer.org/dotbot; help@moz.com)"
216.244.66.236 - - [02/Sep/2026:10:24:46 -0700] "GET /athlete_form.cfm?CFID=e283f0fa-d5fe-4081-811f-57e44228d1ab&CFTOKEN=0 HTTP/1.1" 301 - "-" "Mozilla/5.0 (compatible; DotBot/1.2; +https://opensiteexplorer.org/dotbot; help@moz.com)"
216.244.66.236 - - [02/Sep/2026:10:24:48 -0700] "GET /athlete_form.cfm?CFID=e296421e-fbdd-4050-b540-7018548ed52f&CFTOKEN=0 HTTP/1.1" 301 - "-" "Mozilla/5.0 (compatible; DotBot/1.2; +https://opensiteexplorer.org/dotbot; help@moz.com)"
216.244.66.236 - - [02/Sep/2026:10:24:51 -0700] "GET /athlete_form.cfm?CFID=e29ef2b6-430c-4cbd-bc42-c592314b5a3b&CFTOKEN=0 HTTP/1.1" 301 - "-" "Mozilla/5.0 (compatible; DotBot/1.2; +https://opensiteexplorer.org/dotbot; help@moz.com)"
216.244.66.236 - - [02/Sep/2026:10:24:55 -0700] "GET /athlete_form.cfm?CFID=e2b8d586-e9b3-49ed-97b0-622c2183d1c0&CFTOKEN=0 HTTP/1.1" 301 - "-" "Mozilla/5.0 (compatible; DotBot/1.2; +https://opensiteexplorer.org/dotbot; help@moz.com)"
216.244.66.236 - - [02/Sep/2026:10:24:58 -0700] "GET /athlete_form.cfm?CFID=e2c02d1c-89dc-45b0-a648-888860d79959&CFTOKEN=0 HTTP/1.1" 301 - "-" "Mozilla/5.0 (compatible; DotBot/1.2; +https://opensiteexplorer.org/dotbot; help@moz.com)"
216.244.66.236 - - [02/Sep/2026:10:25:02 -0700] "GET /athlete_form.cfm?CFID=e3005278-d9d2-4409-9c3b-1aa8bbe70c6c&CFTOKEN=0 HTTP/1.1" 301 - "-" "Mozilla/5.0 (compatible; DotBot/1.2; +https://opensiteexplorer.org/dotbot; help@moz.com)"
216.244.66.236 - - [02/Sep/2026:10:25:04 -0700] "GET /athlete_form.cfm?CFID=e30f6eaf-4990-4d09-9c29-c8c663a2ed1e&CFTOKEN=0 HTTP/1.1" 301 - "-" "Mozilla/5.0 (compatible; DotBot/1.2; +https://opensiteexplorer.org/dotbot; help@moz.com)"
216.244.66.236 - - [02/Sep/2026:10:25:07 -0700] "GET /athlete_form.cfm?CFID=e35d83dd-691a-423d-aeb2-4b7b66e4a9ce&CFTOKEN=0 HTTP/1.1" 301 - "-" "Mozilla/5.0 (compatible; DotBot/1.2; +https://opensiteexplorer.org/dotbot; help@moz.com)"
216.244.66.236 - - [02/Sep/2026:10:25:09 -0700] "GET /athlete_form.cfm?CFID=e36576b9-0885-42d3-a0f0-c246fdf60819&CFTOKEN=0 HTTP/1.1" 301 - "-" "Mozilla/5.0 (compatible; DotBot/1.2; +https://opensiteexplorer.org/dotbot; help@moz.com)"
216.244.66.236 - - [02/Sep/2026:10:25:10 -0700] "GET /athlete_form.cfm?CFID=e3664b55-ea2e-4dcc-9b2b-edb88651ca56&CFTOKEN=0 HTTP/1.1" 301 - "-" "Mozilla/5.0 (compatible; DotBot/1.2; +https://opensiteexplorer.org/dotbot; help@moz.com)"
216.244.66.236 - - [02/Sep/2026:10:25:12 -0700] "GET /athlete_form.cfm?CFID=e390939d-56e5-4e3d-9849-51da628983cc&CFTOKEN=0 HTTP/1.1" 301 - "-" "Mozilla/5.0 (compatible; DotBot/1.2; +https://opensiteexplorer.org/dotbot; help@moz.com)"
216.244.66.236 - - [02/Sep/2026:10:25:14 -0700] "GET /athlete_form.cfm?CFID=e3abf26b-b830-4e33-afa9-7ba3e7a491bd&CFTOKEN=0 HTTP/1.1" 301 - "-" "Mozilla/5.0 (compatible; DotBot/1.2; +https://opensiteexplorer.org/dotbot; help@moz.com)"
216.244.66.236 - - [02/Sep/2026:10:25:15 -0700] "GET /athlete_form.cfm?CFID=e3b7a2a1-d428-4da6-a7d6-3af7fafee7ff&CFTOKEN=0 HTTP/1.1" 301 - "-" "Mozilla/5.0 (compatible; DotBot/1.2; +https://opensiteexplorer.org/dotbot; help@moz.com)"
216.244.66.236 - - [02/Sep/2026:10:25:16 -0700] "GET /athlete_form.cfm?CFID=e3bc0985-78d1-47fb-9a0a-bf73c2feb210&CFTOKEN=0 HTTP/1.1" 301 - "-" "Mozilla/5.0 (compatible; DotBot/1.2; +https://opensiteexplorer.org/dotbot; help@moz.com)"
216.244.66.236 - - [02/Sep/2026:10:25:17 -0700] "GET /athlete_form.cfm?CFID=e3bcb460-5633-4afc-b3e0-bd6429a7a929&CFTOKEN=0 HTTP/1.1" 301 - "-" "Mozilla/5.0 (compatible; DotBot/1.2; +https://opensiteexplorer.org/dotbot; help@moz.com)"
216.244.66.236 - - [02/Sep/2026:10:25:17 -0700] "GET /athlete_form.cfm?CFID=e3e71381-02b2-41da-bf0a-69b6e4d93aa5&CFTOKEN=0 HTTP/1.1" 301 - "-" "Mozilla/5.0 (compatible; DotBot/1.2; +https://opensiteexplorer.org/dotbot; help@moz.com)"
216.244.66.236 - - [02/Sep/2026:10:25:18 -0700] "GET /athlete_form.cfm?CFID=e3f1e886-2880-4ec6-abb1-fee1b6072752&CFTOKEN=0 HTTP/1.1" 301 - "-" "Mozilla/5.0 (compatible; DotBot/1.2; +https://opensiteexplorer.org/dotbot; help@moz.com)"
216.244.66.236 - - [02/Sep/2026:10:25:19 -0700] "GET /athlete_form.cfm?CFID=e3fa5cd7-2af9-49bf-b360-08702840dad5&CFTOKEN=0 HTTP/1.1" 301 - "-" "Mozilla/5.0 (compatible; DotBot/1.2; +https://opensiteexplorer.org/dotbot; help@moz.com)"
216.244.66.236 - - [02/Sep/2026:10:25:20 -0700] "GET /athlete_form.cfm?CFID=e420296a-39cd-4909-aebf-6763a51b6070&CFTOKEN=0 HTTP/1.1" 301 - "-" "Mozilla/5.0 (compatible; DotBot/1.2; +https://opensiteexplorer.org/dotbot; help@moz.com)"
173.231.200.77 - - [02/Sep/2026:10:25:22 -0700] "POST /wp-cron.php?doing_wp_cron=1788369922.2655019760131835937500 HTTP/1.1" 200 - "-" "WordPress/7.1; https://usaigc.com"
216.244.66.236 - - [02/Sep/2026:10:25:22 -0700] "GET /athlete_form.cfm?CFID=e42b001f-f553-40bf-99c9-5442a3592e37&CFTOKEN=0 HTTP/1.1" 301 - "-" "Mozilla/5.0 (compatible; DotBot/1.2; +https://opensiteexplorer.org/dotbot; help@moz.com)"
216.244.66.236 - - [02/Sep/2026:10:25:24 -0700] "GET /athlete_form.cfm?CFID=e450bd57-8906-4d04-8112-1a5bac83b8d8&CFTOKEN=0 HTTP/1.1" 301 - "-" "Mozilla/5.0 (compatible; DotBot/1.2; +https://opensiteexplorer.org/dotbot; help@moz.com)"
216.244.66.236 - - [02/Sep/2026:10:25:27 -0700] "GET /athlete_form.cfm?CFID=e45d6341-53f1-414b-9f59-d538b2446893&CFTOKEN=0 HTTP/1.1" 301 - "-" "Mozilla/5.0 (compatible; DotBot/1.2; +https://opensiteexplorer.org/dotbot; help@moz.com)"
216.244.66.236 - - [02/Sep/2026:10:25:29 -0700] "GET /athlete_form.cfm?CFID=e46c78ca-1442-49e8-850c-5b1a14bb8b75&CFTOKEN=0 HTTP/1.1" 301 - "-" "Mozilla/5.0 (compatible; DotBot/1.2; +https://opensiteexplorer.org/dotbot; help@moz.com)"
216.244.66.236 - - [02/Sep/2026:10:25:30 -0700] "GET /athlete_form.cfm?CFID=e4766e8f-27d6-499c-8116-d16f8f56c9af&CFTOKEN=0 HTTP/1.1" 301 - "-" "Mozilla/5.0 (compatible; DotBot/1.2; +https://opensiteexplorer.org/dotbot; help@moz.com)"
216.244.66.236 - - [02/Sep/2026:10:25:32 -0700] "GET /athlete_form.cfm?CFID=e47b6181-9509-4eb3-8b3c-5352d6e3a21c&CFTOKEN=0 HTTP/1.1" 301 - "-" "Mozilla/5.0 (compatible; DotBot/1.2; +https://opensiteexplorer.org/dotbot; help@moz.com)"
66.65.21.213 - - [02/Sep/2026:10:25:33 -0700] "GET / HTTP/2.0" 200 131156 "-" "Mozilla/5.0 (Macintosh; Intel Mac OS X 10_15_7) AppleWebKit/537.36 (KHTML, like Gecko) Chrome/150.0.0.0 Safari/537.36"
66.65.21.213 - - [02/Sep/2026:10:25:33 -0700] "GET /wp-content/uploads/hummingbird-assets/b4af289e0ca1ead096a59d802fe8b520.css HTTP/2.0" 200 310020 "https://usaigc.com/" "Mozilla/5.0 (Macintosh; Intel Mac OS X 10_15_7) AppleWebKit/537.36 (KHTML, like Gecko) Chrome/150.0.0.0 Safari/537.36"
66.65.21.213 - - [02/Sep/2026:10:25:33 -0700] "GET /wp-content/uploads/hummingbird-assets/49cdf6bbd09e930c7fbd2377304dfc4e.css HTTP/2.0" 200 259089 "https://usaigc.com/" "Mozilla/5.0 (Macintosh; Intel Mac OS X 10_15_7) AppleWebKit/537.36 (KHTML, like Gecko) Chrome/150.0.0.0 Safari/537.36"
66.65.21.213 - - [02/Sep/2026:10:25:33 -0700] "GET /wp-content/uploads/hummingbird-assets/9a31db504563c009a94bb8252fcec2d0.js HTTP/2.0" 200 101173 "https://usaigc.com/" "Mozilla/5.0 (Macintosh; Intel Mac OS X 10_15_7) AppleWebKit/537.36 (KHTML, like Gecko) Chrome/150.0.0.0 Safari/537.36"
66.65.21.213 - - [02/Sep/2026:10:25:33 -0700] "GET /wp-content/uploads/2023/11/shutterstock_1374593345-1024x512.jpg HTTP/2.0" 200 101497 "https://usaigc.com/" "Mozilla/5.0 (Macintosh; Intel Mac OS X 10_15_7) AppleWebKit/537.36 (KHTML, like Gecko) Chrome/150.0.0.0 Safari/537.36"
66.65.21.213 - - [02/Sep/2026:10:25:33 -0700] "GET /wp-content/uploads/hummingbird-assets/3119900ce03b730c311bb1ec88f60bb4.js HTTP/2.0" 200 424288 "https://usaigc.com/" "Mozilla/5.0 (Macintosh; Intel Mac OS X 10_15_7) AppleWebKit/537.36 (KHTML, like Gecko) Chrome/150.0.0.0 Safari/537.36"
66.65.21.213 - - [02/Sep/2026:10:25:34 -0700] "GET /wp-content/uploads/2023/12/shutterstock_391011352.jpg HTTP/2.0" 200 796982 "https://usaigc.com/wp-content/uploads/elementor/css/post-11.css" "Mozilla/5.0 (Macintosh; Intel Mac OS X 10_15_7) AppleWebKit/537.36 (KHTML, like Gecko) Chrome/150.0.0.0 Safari/537.36"
216.244.66.236 - - [02/Sep/2026:10:25:34 -0700] "GET /athlete_form.cfm?CFID=e47c38d5-44c2-4a34-9e24-648a7297ee16&CFTOKEN=0 HTTP/1.1" 301 - "-" "Mozilla/5.0 (compatible; DotBot/1.2; +https://opensiteexplorer.org/dotbot; help@moz.com)"
66.65.21.213 - - [02/Sep/2026:10:25:34 -0700] "GET /wp-content/uploads/2023/11/shutterstock_1205204578-scaled.jpg HTTP/2.0" 200 210974 "https://usaigc.com/" "Mozilla/5.0 (Macintosh; Intel Mac OS X 10_15_7) AppleWebKit/537.36 (KHTML, like Gecko) Chrome/150.0.0.0 Safari/537.36"
66.65.21.213 - - [02/Sep/2026:10:25:34 -0700] "GET /wp-content/uploads/2023/11/shutterstock_576622738.jpg HTTP/2.0" 200 2360990 "https://usaigc.com/" "Mozilla/5.0 (Macintosh; Intel Mac OS X 10_15_7) AppleWebKit/537.36 (KHTML, like Gecko) Chrome/150.0.0.0 Safari/537.36"
66.65.21.213 - - [02/Sep/2026:10:25:34 -0700] "GET /wp-content/uploads/2023/11/shutterstock_358163945-scaled.jpg HTTP/2.0" 200 564491 "https://usaigc.com/" "Mozilla/5.0 (Macintosh; Intel Mac OS X 10_15_7) AppleWebKit/537.36 (KHTML, like Gecko) Chrome/150.0.0.0 Safari/537.36"
66.65.21.213 - - [02/Sep/2026:10:25:34 -0700] "GET /wp-content/plugins/elementor/assets/lib/eicons/fonts/eicons.woff2?5.35.0 HTTP/2.0" 200 98056 "https://usaigc.com/wp-content/uploads/hummingbird-assets/b4af289e0ca1ead096a59d802fe8b520.css" "Mozilla/5.0 (Macintosh; Intel Mac OS X 10_15_7) AppleWebKit/537.36 (KHTML, like Gecko) Chrome/150.0.0.0 Safari/537.36"
66.65.21.213 - - [02/Sep/2026:10:25:34 -0700] "GET /wp-content/uploads/2023/11/shutterstock_709217215.jpg HTTP/2.0" 200 3889657 "https://usaigc.com/wp-content/uploads/elementor/css/post-11.css" "Mozilla/5.0 (Macintosh; Intel Mac OS X 10_15_7) AppleWebKit/537.36 (KHTML, like Gecko) Chrome/150.0.0.0 Safari/537.36"
66.65.21.213 - - [02/Sep/2026:10:25:35 -0700] "GET /wp-content/uploads/2021/03/Arrows-animation.json HTTP/2.0" 304 - "https://usaigc.com/" "Mozilla/5.0 (Macintosh; Intel Mac OS X 10_15_7) AppleWebKit/537.36 (KHTML, like Gecko) Chrome/150.0.0.0 Safari/537.36"
216.244.66.236 - - [02/Sep/2026:10:25:36 -0700] "GET /athlete_form.cfm?CFID=e47e2127-eff0-4186-bfe5-dbe9a972ef78&CFTOKEN=0 HTTP/1.1" 301 - "-" "Mozilla/5.0 (compatible; DotBot/1.2; +https://opensiteexplorer.org/dotbot; help@moz.com)"
216.244.66.236 - - [02/Sep/2026:10:25:37 -0700] "GET /athlete_form.cfm?CFID=e4809c0a-3462-4947-9281-e4fd9a354c3d&CFTOKEN=0 HTTP/1.1" 301 - "-" "Mozilla/5.0 (compatible; DotBot/1.2; +https://opensiteexplorer.org/dotbot; help@moz.com)"
216.244.66.236 - - [02/Sep/2026:10:25:38 -0700] "GET /athlete_form.cfm?CFID=e4a97832-bff7-4551-8940-8a5f060de644&CFTOKEN=0 HTTP/1.1" 301 - "-" "Mozilla/5.0 (compatible; DotBot/1.2; +https://opensiteexplorer.org/dotbot; help@moz.com)"
66.65.21.213 - - [02/Sep/2026:10:25:38 -0700] "GET /rules-policies/ HTTP/2.0" 200 105790 "https://usaigc.com/" "Mozilla/5.0 (Macintosh; Intel Mac OS X 10_15_7) AppleWebKit/537.36 (KHTML, like Gecko) Chrome/150.0.0.0 Safari/537.36"
66.65.21.213 - - [02/Sep/2026:10:25:38 -0700] "GET /wp-content/uploads/hummingbird-assets/727ecb83d127c146704c33f57fef9282.css HTTP/2.0" 200 506803 "https://usaigc.com/rules-policies/" "Mozilla/5.0 (Macintosh; Intel Mac OS X 10_15_7) AppleWebKit/537.36 (KHTML, like Gecko) Chrome/150.0.0.0 Safari/537.36"
66.65.21.213 - - [02/Sep/2026:10:25:38 -0700] "GET /wp-content/uploads/hummingbird-assets/acad0b82613f33412aee4b23f806a90d.css HTTP/2.0" 200 61458 "https://usaigc.com/rules-policies/" "Mozilla/5.0 (Macintosh; Intel Mac OS X 10_15_7) AppleWebKit/537.36 (KHTML, like Gecko) Chrome/150.0.0.0 Safari/537.36"
66.65.21.213 - - [02/Sep/2026:10:25:38 -0700] "GET /wp-content/uploads/hummingbird-assets/3b2aeb99691de3ed41fc96142f99d15e.css HTTP/2.0" 200 49702 "https://usaigc.com/rules-policies/" "Mozilla/5.0 (Macintosh; Intel Mac OS X 10_15_7) AppleWebKit/537.36 (KHTML, like Gecko) Chrome/150.0.0.0 Safari/537.36"
66.65.21.213 - - [02/Sep/2026:10:25:38 -0700] "GET /wp-content/uploads/hummingbird-assets/01292a0bfeb98219a4864300d4e673a5.js HTTP/2.0" 200 79037 "https://usaigc.com/rules-policies/" "Mozilla/5.0 (Macintosh; Intel Mac OS X 10_15_7) AppleWebKit/537.36 (KHTML, like Gecko) Chrome/150.0.0.0 Safari/537.36"
216.244.66.236 - - [02/Sep/2026:10:25:39 -0700] "GET /athlete_form.cfm?CFID=e4d0a929-703e-4174-881e-a9dee442f651&CFTOKEN=0 HTTP/1.1" 301 - "-" "Mozilla/5.0 (compatible; DotBot/1.2; +https://opensiteexplorer.org/dotbot; help@moz.com)"
216.244.66.236 - - [02/Sep/2026:10:25:39 -0700] "GET /athlete_form.cfm?CFID=e4e398b2-efa4-4785-a80f-a8c531db6143&CFTOKEN=0 HTTP/1.1" 301 - "-" "Mozilla/5.0 (compatible; DotBot/1.2; +https://opensiteexplorer.org/dotbot; help@moz.com)"
216.244.66.236 - - [02/Sep/2026:10:25:40 -0700] "GET /athlete_form.cfm?CFID=e4ff9054-8e66-49c5-8e6e-85b64dd41da0&CFTOKEN=0 HTTP/1.1" 301 - "-" "Mozilla/5.0 (compatible; DotBot/1.2; +https://opensiteexplorer.org/dotbot; help@moz.com)"
216.244.66.236 - - [02/Sep/2026:10:25:41 -0700] "GET /athlete_form.cfm?CFID=e5021bb8-1814-49d7-a00f-741dc3809e95&CFTOKEN=0 HTTP/1.1" 301 - "-" "Mozilla/5.0 (compatible; DotBot/1.2; +https://opensiteexplorer.org/dotbot; help@moz.com)"
66.65.21.213 - - [02/Sep/2026:10:25:46 -0700] "GET /favicon.ico HTTP/2.0" 302 - "https://usaigc.com/wp-content/uploads/2025/09/USAIGC-RULES-POLICIES-2025-to-2026-FINAL-SEP-12-2025.pdf" "Mozilla/5.0 (Macintosh; Intel Mac OS X 10_15_7) AppleWebKit/537.36 (KHTML, like Gecko) Chrome/150.0.0.0 Safari/537.36"
66.65.21.213 - - [02/Sep/2026:10:25:45 -0700] "GET /wp-content/uploads/2025/09/USAIGC-RULES-POLICIES-2025-to-2026-FINAL-SEP-12-2025.pdf HTTP/2.0" 200 10602295 "https://usaigc.com/rules-policies/" "Mozilla/5.0 (Macintosh; Intel Mac OS X 10_15_7) AppleWebKit/537.36 (KHTML, like Gecko) Chrome/150.0.0.0 Safari/537.36"
216.244.66.236 - - [02/Sep/2026:10:25:53 -0700] "GET /athlete_form.cfm?CFID=e53c0311-f9b9-44e1-ad61-fec8b4b5c8a1&CFTOKEN=0 HTTP/1.1" 301 - "-" "Mozilla/5.0 (compatible; DotBot/1.2; +https://opensiteexplorer.org/dotbot; help@moz.com)"
66.249.77.194 - - [02/Sep/2026:10:25:58 -0700] "GET /robots.txt HTTP/1.1" 301 - "-" "Mozilla/5.0 (compatible; Googlebot/2.1; +http://www.google.com/bot.html)"
192.178.6.160 - - [02/Sep/2026:10:25:58 -0700] "GET /robots.txt HTTP/1.1" 200 153 "-" "Mozilla/5.0 (compatible; Googlebot/2.1; +http://www.google.com/bot.html)"
66.249.77.196 - - [02/Sep/2026:10:26:01 -0700] "GET /SitePDFs/Bronze_11.pdf HTTP/1.1" 301 - "-" "Mozilla/5.0 (Linux; Android 6.0.1; Nexus 5X Build/MMB29P) AppleWebKit/537.36 (KHTML, like Gecko) Chrome/151.0.7922.173 Mobile Safari/537.36 (compatible; GoogleOther)"
216.244.66.236 - - [02/Sep/2026:10:26:01 -0700] "GET /athlete_form.cfm?CFID=e554ba8b-4d1c-41dd-a878-1260793243e0&CFTOKEN=0 HTTP/1.1" 301 - "-" "Mozilla/5.0 (compatible; DotBot/1.2; +https://opensiteexplorer.org/dotbot; help@moz.com)"
192.178.6.168 - - [02/Sep/2026:10:26:03 -0700] "GET /SitePDFs/Bronze_11.pdf HTTP/1.1" 404 100639 "-" "Mozilla/5.0 (Linux; Android 6.0.1; Nexus 5X Build/MMB29P) AppleWebKit/537.36 (KHTML, like Gecko) Chrome/151.0.7922.173 Mobile Safari/537.36 (compatible; GoogleOther)"
43.164.197.117 - - [02/Sep/2026:10:26:19 -0700] "GET /wp-json/oembed/1.0/embed?url=https%3A%2F%2Fusaigc.com%2Fregistration-faq%2F&format=xml HTTP/1.1" 200 2306 "-" "Mozilla/5.0 (iPhone; CPU iPhone OS 13_2_3 like Mac OS X) AppleWebKit/605.1.15 (KHTML, like Gecko) Version/13.0.3 Mobile/15E148 Safari/604.1"
173.231.200.77 - - [02/Sep/2026:10:26:32 -0700] "POST /wp-cron.php?doing_wp_cron=1788369992.7997889518737792968750 HTTP/1.1" 200 - "-" "WordPress/7.1; https://usaigc.com"
216.244.66.236 - - [02/Sep/2026:10:26:32 -0700] "GET /athlete_form.cfm?CFID=e55def58-b8a9-4a20-8235-427dca9b9fa0&CFTOKEN=0 HTTP/1.1" 301 - "-" "Mozilla/5.0 (compatible; DotBot/1.2; +https://opensiteexplorer.org/dotbot; help@moz.com)"
42.193.171.36 - - [02/Sep/2026:10:26:35 -0700] "HEAD / HTTP/1.1" 301 - "https://m.baidu.com/s?word=www.qgxsyg.cn" "Mozilla/5.0 (Linux; Android 8.1.0; V1816A Build/OPM1.171019.011; wv) AppleWebKit/537.36 (KHTML, like Gecko) Version/4.0 Chrome/66.0.3359.126 MQQBrowser/6.2 TBS/044705 Mobile Safari/537.36 MMWEBID/1206 MicroMessenger/7.0.4.1420(0x2700043C) Process/tools NetType/WIFI Language/zh_CN"
42.193.171.36 - - [02/Sep/2026:10:26:36 -0700] "HEAD / HTTP/1.1" 200 - "https://m.baidu.com/s?word=www.qgxsyg.cn" "Mozilla/5.0 (Linux; Android 8.1.0; V1816A Build/OPM1.171019.011; wv) AppleWebKit/537.36 (KHTML, like Gecko) Version/4.0 Chrome/66.0.3359.126 MQQBrowser/6.2 TBS/044705 Mobile Safari/537.36 MMWEBID/1206 MicroMessenger/7.0.4.1420(0x2700043C) Process/tools NetType/WIFI Language/zh_CN"
216.244.66.236 - - [02/Sep/2026:10:27:02 -0700] "GET /athlete_form.cfm?CFID=e5634c29-d061-4c28-885a-866a5d879d2a&CFTOKEN=0 HTTP/1.1" 301 - "-" "Mozilla/5.0 (compatible; DotBot/1.2; +https://opensiteexplorer.org/dotbot; help@moz.com)"
173.231.200.77 - - [02/Sep/2026:10:27:32 -0700] "POST /wp-cron.php?doing_wp_cron=1788370052.0031259059906005859375 HTTP/1.1" 200 - "-" "WordPress/7.1; https://usaigc.com"
173.252.83.21 - - [02/Sep/2026:10:27:31 -0700] "GET /robots.txt HTTP/2.0" 301 - "-" "facebookexternalhit/1.1 (+http://www.facebook.com/externalhit_uatext.php)"
173.252.83.21 - - [02/Sep/2026:10:27:32 -0700] "GET /robots.txt HTTP/2.0" 200 153 "-" "facebookexternalhit/1.1 (+http://www.facebook.com/externalhit_uatext.php)"
173.231.200.77 - - [02/Sep/2026:10:28:21 -0700] "POST /wp-cron.php?doing_wp_cron=1788370101.7297499179840087890625 HTTP/1.1" 200 - "-" "WordPress/7.1; https://usaigc.com"
51.81.164.206 - - [02/Sep/2026:10:28:21 -0700] "GET /sitemap.xml HTTP/2.0" 200 800 "-" "Mozilla/5.0 (compatible; AhrefsBot/7.0; +http://ahrefs.com/robot/)"
51.81.163.63 - - [02/Sep/2026:10:28:23 -0700] "GET /post-sitemap.xml HTTP/2.0" 200 3841 "-" "Mozilla/5.0 (compatible; AhrefsBot/7.0; +http://ahrefs.com/robot/)"
51.81.165.219 - - [02/Sep/2026:10:28:25 -0700] "GET /page-sitemap.xml HTTP/2.0" 200 23053 "-" "Mozilla/5.0 (compatible; AhrefsBot/7.0; +http://ahrefs.com/robot/)"
51.81.163.64 - - [02/Sep/2026:10:28:26 -0700] "GET /category-sitemap.xml HTTP/2.0" 200 704 "-" "Mozilla/5.0 (compatible; AhrefsBot/7.0; +http://ahrefs.com/robot/)"
34.222.195.72 - - [02/Sep/2026:10:28:29 -0700] "GET /SitePDFs/PLAT_PREM%20Team%20Results%20-%203%20Scores.pdf HTTP/1.1" 404 100911 "-" "python-httpx/0.28.1"
34.222.195.72 - - [02/Sep/2026:10:28:29 -0700] "GET /SitePDFs/Bronze%20Finals%205-6.pdf HTTP/1.1" 404 100735 "-" "python-httpx/0.28.1"
34.222.195.72 - - [02/Sep/2026:10:28:31 -0700] "GET /SitePDFs/PLAT_PREM%20Team%20Results%20-%203%20Scores.pdf HTTP/1.1" 404 100911 "-" "python-httpx/0.28.1"
34.222.195.72 - - [02/Sep/2026:10:28:31 -0700] "GET /SitePDFs/Bronze%20Finals%205-6.pdf HTTP/1.1" 404 100735 "-" "python-httpx/0.28.1"
34.222.195.72 - - [02/Sep/2026:10:28:34 -0700] "GET /SitePDFs/PLAT_PREM%20Team%20Results%20-%203%20Scores.pdf HTTP/1.1" 404 100911 "-" "python-httpx/0.28.1"
34.222.195.72 - - [02/Sep/2026:10:28:34 -0700] "GET /SitePDFs/Bronze%20Finals%205-6.pdf HTTP/1.1" 404 100735 "-" "python-httpx/0.28.1"
108.180.34.249 - - [02/Sep/2026:10:29:07 -0700] "GET /about/ HTTP/2.0" 200 123653 "https://usaigc.com/" "Mozilla/5.0 (Windows NT 10.0; Win64; x64) AppleWebKit/537.36 (KHTML, like Gecko) Chrome/152.0.0.0 Safari/537.36 Edg/152.0.0.0"
108.180.34.249 - - [02/Sep/2026:10:29:07 -0700] "GET /wp-content/uploads/hummingbird-assets/acad0b82613f33412aee4b23f806a90d.css HTTP/2.0" 200 61458 "https://usaigc.com/about/" "Mozilla/5.0 (Windows NT 10.0; Win64; x64) AppleWebKit/537.36 (KHTML, like Gecko) Chrome/152.0.0.0 Safari/537.36 Edg/152.0.0.0"
108.180.34.249 - - [02/Sep/2026:10:29:07 -0700] "GET /wp-content/uploads/hummingbird-assets/2d84d07910b81c767e0c039687ca55b2.css HTTP/2.0" 200 513625 "https://usaigc.com/about/" "Mozilla/5.0 (Windows NT 10.0; Win64; x64) AppleWebKit/537.36 (KHTML, like Gecko) Chrome/152.0.0.0 Safari/537.36 Edg/152.0.0.0"
108.180.34.249 - - [02/Sep/2026:10:29:07 -0700] "GET /wp-content/uploads/hummingbird-assets/2dbc64284f984717a3b9a1cf89800185.css HTTP/2.0" 200 59732 "https://usaigc.com/about/" "Mozilla/5.0 (Windows NT 10.0; Win64; x64) AppleWebKit/537.36 (KHTML, like Gecko) Chrome/152.0.0.0 Safari/537.36 Edg/152.0.0.0"
108.180.34.249 - - [02/Sep/2026:10:29:07 -0700] "GET /wp-content/uploads/hummingbird-assets/507807d56b734f9aa4eb9cdeebecdb9f.css HTTP/2.0" 200 18942 "https://usaigc.com/about/" "Mozilla/5.0 (Windows NT 10.0; Win64; x64) AppleWebKit/537.36 (KHTML, like Gecko) Chrome/152.0.0.0 Safari/537.36 Edg/152.0.0.0"
108.180.34.249 - - [02/Sep/2026:10:29:07 -0700] "GET /wp-content/uploads/hummingbird-assets/2f84794cba3a036a9fc7b476e118fc2f.js HTTP/2.0" 200 52094 "https://usaigc.com/about/" "Mozilla/5.0 (Windows NT 10.0; Win64; x64) AppleWebKit/537.36 (KHTML, like Gecko) Chrome/152.0.0.0 Safari/537.36 Edg/152.0.0.0"
108.180.34.249 - - [02/Sep/2026:10:29:07 -0700] "GET /wp-content/uploads/hummingbird-assets/48f09a15f4bd0d21bcec84af82679a1a.js HTTP/2.0" 200 54915 "https://usaigc.com/about/" "Mozilla/5.0 (Windows NT 10.0; Win64; x64) AppleWebKit/537.36 (KHTML, like Gecko) Chrome/152.0.0.0 Safari/537.36 Edg/152.0.0.0"
108.180.34.249 - - [02/Sep/2026:10:29:07 -0700] "GET /wp-content/uploads/2023/12/shutterstock_391011343-scaled.jpg HTTP/2.0" 200 405004 "https://usaigc.com/wp-content/uploads/hummingbird-assets/2d84d07910b81c767e0c039687ca55b2.css" "Mozilla/5.0 (Windows NT 10.0; Win64; x64) AppleWebKit/537.36 (KHTML, like Gecko) Chrome/152.0.0.0 Safari/537.36 Edg/152.0.0.0"
108.180.34.249 - - [02/Sep/2026:10:29:07 -0700] "GET /wp-content/plugins/elementor/assets/js/toggle.a6177e2e3c2bc8864bef.bundle.min.js HTTP/2.0" 200 3823 "https://usaigc.com/about/" "Mozilla/5.0 (Windows NT 10.0; Win64; x64) AppleWebKit/537.36 (KHTML, like Gecko) Chrome/152.0.0.0 Safari/537.36 Edg/152.0.0.0"
173.231.200.77 - - [02/Sep/2026:10:31:41 -0700] "POST /wp-cron.php?doing_wp_cron=1788370301.7385530471801757812500 HTTP/1.1" 200 - "-" "WordPress/7.1; https://usaigc.com"
108.4.148.14 - - [02/Sep/2026:10:31:41 -0700] "GET /competition_world_championship.cfm HTTP/2.0" 301 - "-" "Mozilla/5.0 (Macintosh; Intel Mac OS X 10_11_1) AppleWebKit/601.2.4 (KHTML, like Gecko) Version/9.0.1 Safari/601.2.4 facebookexternalhit/1.1 Facebot Twitterbot/1.0"
108.4.148.14 - - [02/Sep/2026:10:31:42 -0700] "GET /favicon.ico HTTP/2.0" 302 - "-" "com.apple.WebKit.Networking/21624.5.1.11.3 Network/5812.160.9 macOS/26.6.2"
108.4.148.14 - - [02/Sep/2026:10:31:41 -0700] "GET /competition_world_championship.cfm HTTP/2.0" 404 100727 "-" "Mozilla/5.0 (Macintosh; Intel Mac OS X 10_11_1) AppleWebKit/601.2.4 (KHTML, like Gecko) Version/9.0.1 Safari/601.2.4 facebookexternalhit/1.1 Facebot Twitterbot/1.0"
108.4.148.14 - - [02/Sep/2026:10:31:42 -0700] "GET /wp-content/uploads/2023/11/illustration-arrow-right-1.svg HTTP/2.0" 200 334 "-" "com.apple.WebKit.Networking/21624.5.1.11.3 Network/5812.160.9 macOS/26.6.2"
108.4.148.14 - - [02/Sep/2026:10:31:42 -0700] "GET /apple-touch-icon-precomposed.png HTTP/2.0" 301 - "-" "com.apple.WebKit.Networking/21624.5.1.11.3 Network/5812.160.9 macOS/26.6.2"
108.4.148.14 - - [02/Sep/2026:10:31:42 -0700] "GET /apple-touch-icon.png HTTP/2.0" 301 - "-" "com.apple.WebKit.Networking/21624.5.1.11.3 Network/5812.160.9 macOS/26.6.2"
108.4.148.14 - - [02/Sep/2026:10:31:42 -0700] "GET /apple-touch-icon-precomposed.png HTTP/2.0" 404 100711 "-" "com.apple.WebKit.Networking/21624.5.1.11.3 Network/5812.160.9 macOS/26.6.2"
108.4.148.14 - - [02/Sep/2026:10:31:42 -0700] "GET /apple-touch-icon.png HTTP/2.0" 404 100615 "-" "com.apple.WebKit.Networking/21624.5.1.11.3 Network/5812.160.9 macOS/26.6.2"
173.231.200.77 - - [02/Sep/2026:10:33:01 -0700] "POST /wp-cron.php?doing_wp_cron=1788370381.2438969612121582031250 HTTP/1.1" 200 - "-" "WordPress/7.1; https://usaigc.com"
43.154.127.188 - - [02/Sep/2026:10:33:01 -0700] "GET / HTTP/1.1" 301 - "http://www.usaigc.com" "Mozilla/5.0 (iPhone; CPU iPhone OS 13_2_3 like Mac OS X) AppleWebKit/605.1.15 (KHTML, like Gecko) Version/13.0.3 Mobile/15E148 Safari/604.1"
43.154.127.188 - - [02/Sep/2026:10:33:02 -0700] "GET / HTTP/1.1" 200 131156 "https://www.usaigc.com/" "Mozilla/5.0 (iPhone; CPU iPhone OS 13_2_3 like Mac OS X) AppleWebKit/605.1.15 (KHTML, like Gecko) Version/13.0.3 Mobile/15E148 Safari/604.1"
213.209.159.84 - - [02/Sep/2026:10:33:11 -0700] "GET /.git/config HTTP/1.1" 404 100551 "-" "Mozilla/5.0 (compatible; GitFinder/1.0)"
213.209.159.84 - - [02/Sep/2026:10:33:18 -0700] "GET /406.shtml HTTP/1.1" 404 100527 "http://usaigc.com/.git/config" "Mozilla/5.0 (compatible; GitFinder/1.0)"
71.185.121.112 - - [02/Sep/2026:10:34:52 -0700] "GET /schedules/ HTTP/2.0" 200 99707 "-" "Mozilla/5.0 (iPhone; CPU iPhone OS 18_7 like Mac OS X) AppleWebKit/605.1.15 (KHTML, like Gecko) Version/26.6.1 Mobile/15E148 Safari/604.1"
71.185.121.112 - - [02/Sep/2026:10:34:52 -0700] "GET /schedules/ HTTP/2.0" 200 99707 "-" "Mozilla/5.0 (iPhone; CPU iPhone OS 18_7 like Mac OS X) AppleWebKit/605.1.15 (KHTML, like Gecko) Version/26.6.1 Mobile/15E148 Safari/604.1"
173.231.200.77 - - [02/Sep/2026:10:36:57 -0700] "POST /wp-cron.php?doing_wp_cron=1788370617.0135180950164794921875 HTTP/1.1" 200 - "-" "WordPress/7.1; https://usaigc.com"
47.82.8.164 - - [02/Sep/2026:10:36:56 -0700] "GET /SitePDFs/Club%20Membership%20Form.pdf HTTP/2.0" 301 - "http://www.usaigc.com/SitePDFs/Club%20Membership%20Form.pdf" "Mozilla/5.0 (Windows NT 10.0; Win64; x64) AppleWebKit/537.36 (KHTML, like Gecko) Chrome/140.0.0.0 Safari/537.36"
47.82.8.164 - - [02/Sep/2026:10:36:57 -0700] "GET /SitePDFs/Club%20Membership%20Form.pdf HTTP/2.0" 404 100759 "https://www.usaigc.com/SitePDFs/Club%20Membership%20Form.pdf" "Mozilla/5.0 (Windows NT 10.0; Win64; x64) AppleWebKit/537.36 (KHTML, like Gecko) Chrome/140.0.0.0 Safari/537.36"
