43.119.100.90 - - [02/Sep/2026:07:59:23 -0700] "GET /wp-content/uploads/hummingbird-assets/49cdf6bbd09e930c7fbd2377304dfc4e.css HTTP/1.1" 200 259089 "https://usaigc.com/" "Mozilla/5.0 (Macintosh; Intel Mac OS X 10_15_7) AppleWebKit/537.36 (KHTML, like Gecko) Chrome/145.0.0.0 Safari/537.36"
47.82.202.145 - - [02/Sep/2026:07:59:23 -0700] "GET /wp-content/uploads/hummingbird-assets/3119900ce03b730c311bb1ec88f60bb4.js HTTP/1.1" 200 424288 "https://usaigc.com/" "Mozilla/5.0 (Macintosh; Intel Mac OS X 10_15_7) AppleWebKit/537.36 (KHTML, like Gecko) Chrome/145.0.0.0 Safari/537.36"
43.119.100.40 - - [02/Sep/2026:07:59:24 -0700] "GET /wp-content/uploads/hummingbird-assets/9a31db504563c009a94bb8252fcec2d0.js HTTP/1.1" 200 101173 "https://usaigc.com/" "Mozilla/5.0 (Macintosh; Intel Mac OS X 10_15_7) AppleWebKit/537.36 (KHTML, like Gecko) Chrome/145.0.0.0 Safari/537.36"
43.119.100.162 - - [02/Sep/2026:07:59:24 -0700] "GET /wp-content/plugins/elementor/assets/js/frontend-modules.min.js HTTP/1.1" 200 59749 "https://usaigc.com/" "Mozilla/5.0 (Macintosh; Intel Mac OS X 10_15_7) AppleWebKit/537.36 (KHTML, like Gecko) Chrome/145.0.0.0 Safari/537.36"
47.82.201.6 - - [02/Sep/2026:07:59:25 -0700] "GET /wp-includes/js/jquery/ui/core.min.js HTTP/1.1" 200 18674 "https://usaigc.com/" "Mozilla/5.0 (Macintosh; Intel Mac OS X 10_15_7) AppleWebKit/537.36 (KHTML, like Gecko) Chrome/145.0.0.0 Safari/537.36"
47.82.201.20 - - [02/Sep/2026:07:59:25 -0700] "GET /wp-content/uploads/hummingbird-assets/2d0fc86d08c0addc7f54a6a33ef11370.js HTTP/1.1" 200 10815 "https://usaigc.com/" "Mozilla/5.0 (Macintosh; Intel Mac OS X 10_15_7) AppleWebKit/537.36 (KHTML, like Gecko) Chrome/145.0.0.0 Safari/537.36"
43.119.100.71 - - [02/Sep/2026:07:59:25 -0700] "GET /wp-content/plugins/elementor-pro/assets/js/webpack-pro.runtime.min.js HTTP/1.1" 200 6263 "https://usaigc.com/" "Mozilla/5.0 (Macintosh; Intel Mac OS X 10_15_7) AppleWebKit/537.36 (KHTML, like Gecko) Chrome/145.0.0.0 Safari/537.36"
43.119.100.241 - - [02/Sep/2026:07:59:25 -0700] "GET /wp-content/uploads/hummingbird-assets/643adc03774cdb087b0ad109bcf87eea.css HTTP/1.1" 200 21084 "https://usaigc.com/" "Mozilla/5.0 (Macintosh; Intel Mac OS X 10_15_7) AppleWebKit/537.36 (KHTML, like Gecko) Chrome/145.0.0.0 Safari/537.36"
47.82.201.225 - - [02/Sep/2026:07:59:25 -0700] "GET /wp-content/uploads/hummingbird-assets/2ab2ba5f7f136571c5f6707948e9760f.css HTTP/1.1" 200 24769 "https://usaigc.com/" "Mozilla/5.0 (Macintosh; Intel Mac OS X 10_15_7) AppleWebKit/537.36 (KHTML, like Gecko) Chrome/145.0.0.0 Safari/537.36"
43.119.100.202 - - [02/Sep/2026:07:59:25 -0700] "GET /wp-content/uploads/hummingbird-assets/39c4cfff4ed9636507c780e102533e5b.css HTTP/1.1" 200 247 "https://usaigc.com/" "Mozilla/5.0 (Macintosh; Intel Mac OS X 10_15_7) AppleWebKit/537.36 (KHTML, like Gecko) Chrome/145.0.0.0 Safari/537.36"
43.119.100.140 - - [02/Sep/2026:07:59:25 -0700] "GET /wp-content/uploads/elementor/custom-icons/theme-icons/fonts/theme-icons.ttf?yox6f HTTP/1.1" 200 5924 "https://usaigc.com/wp-content/uploads/hummingbird-assets/b4af289e0ca1ead096a59d802fe8b520.css" "Mozilla/5.0 (Macintosh; Intel Mac OS X 10_15_7) AppleWebKit/537.36 (KHTML, like Gecko) Chrome/145.0.0.0 Safari/537.36"
47.82.201.170 - - [02/Sep/2026:07:59:25 -0700] "GET /wp-content/plugins/elementor/assets/lib/font-awesome/webfonts/fa-regular-400.woff2 HTTP/1.1" 200 13276 "https://usaigc.com/wp-content/uploads/hummingbird-assets/b4af289e0ca1ead096a59d802fe8b520.css" "Mozilla/5.0 (Macintosh; Intel Mac OS X 10_15_7) AppleWebKit/537.36 (KHTML, like Gecko) Chrome/145.0.0.0 Safari/537.36"
43.119.104.164 - - [02/Sep/2026:07:59:25 -0700] "GET /wp-content/uploads/hummingbird-assets/67d2ab8eca88207793ca464316f15c10.js HTTP/1.1" 200 79037 "https://usaigc.com/" "Mozilla/5.0 (Macintosh; Intel Mac OS X 10_15_7) AppleWebKit/537.36 (KHTML, like Gecko) Chrome/145.0.0.0 Safari/537.36"
47.82.201.58 - - [02/Sep/2026:07:59:25 -0700] "GET /wp-content/plugins/elementor/assets/lib/eicons/fonts/eicons.woff2?5.35.0 HTTP/1.1" 200 98056 "https://usaigc.com/wp-content/uploads/hummingbird-assets/b4af289e0ca1ead096a59d802fe8b520.css" "Mozilla/5.0 (Macintosh; Intel Mac OS X 10_15_7) AppleWebKit/537.36 (KHTML, like Gecko) Chrome/145.0.0.0 Safari/537.36"
43.119.100.82 - - [02/Sep/2026:07:59:25 -0700] "GET /wp-content/plugins/elementor/assets/lib/font-awesome/webfonts/fa-brands-400.woff2 HTTP/1.1" 200 81612 "https://usaigc.com/wp-content/uploads/hummingbird-assets/b4af289e0ca1ead096a59d802fe8b520.css" "Mozilla/5.0 (Macintosh; Intel Mac OS X 10_15_7) AppleWebKit/537.36 (KHTML, like Gecko) Chrome/145.0.0.0 Safari/537.36"
43.119.100.114 - - [02/Sep/2026:07:59:25 -0700] "GET /wp-content/uploads/hummingbird-assets/4f2f05e2bccbc74bfdc4d4a9af4df128.js HTTP/1.1" 200 84064 "https://usaigc.com/" "Mozilla/5.0 (Macintosh; Intel Mac OS X 10_15_7) AppleWebKit/537.36 (KHTML, like Gecko) Chrome/145.0.0.0 Safari/537.36"
47.82.201.170 - - [02/Sep/2026:07:59:25 -0700] "GET /wp-content/plugins/elementor/assets/lib/font-awesome/webfonts/fa-solid-900.woff2 HTTP/1.1" 200 78196 "https://usaigc.com/wp-content/uploads/hummingbird-assets/b4af289e0ca1ead096a59d802fe8b520.css" "Mozilla/5.0 (Macintosh; Intel Mac OS X 10_15_7) AppleWebKit/537.36 (KHTML, like Gecko) Chrome/145.0.0.0 Safari/537.36"
47.82.201.28 - - [02/Sep/2026:07:59:26 -0700] "GET /wp-content/themes/f7/vamtam/assets/js/low-priority.js HTTP/1.1" 200 1263 "https://usaigc.com/" "Mozilla/5.0 (Macintosh; Intel Mac OS X 10_15_7) AppleWebKit/537.36 (KHTML, like Gecko) Chrome/145.0.0.0 Safari/537.36"
43.119.104.152 - - [02/Sep/2026:07:59:26 -0700] "GET /wp-content/plugins/elementor/assets/lib/dialog/dialog.min.js?ver=4.9.3 HTTP/1.1" 200 11286 "https://usaigc.com/" "Mozilla/5.0 (Macintosh; Intel Mac OS X 10_15_7) AppleWebKit/537.36 (KHTML, like Gecko) Chrome/145.0.0.0 Safari/537.36"
43.119.100.192 - - [02/Sep/2026:07:59:26 -0700] "GET /wp-content/plugins/elementor-pro/assets/js/nav-menu.a23fbd67486c5bedf26c.bundle.min.js HTTP/1.1" 200 5282 "https://usaigc.com/" "Mozilla/5.0 (Macintosh; Intel Mac OS X 10_15_7) AppleWebKit/537.36 (KHTML, like Gecko) Chrome/145.0.0.0 Safari/537.36"
43.119.100.140 - - [02/Sep/2026:07:59:26 -0700] "GET /wp-content/plugins/elementor-pro/assets/js/lottie.e74a53bfa4c0bd939250.bundle.min.js HTTP/1.1" 200 14409 "https://usaigc.com/" "Mozilla/5.0 (Macintosh; Intel Mac OS X 10_15_7) AppleWebKit/537.36 (KHTML, like Gecko) Chrome/145.0.0.0 Safari/537.36"
43.119.100.226 - - [02/Sep/2026:07:59:26 -0700] "GET /wp-content/plugins/elementor-pro/assets/js/animated-headline.588a0449647bd4f113f3.bundle.min.js HTTP/1.1" 200 7567 "https://usaigc.com/" "Mozilla/5.0 (Macintosh; Intel Mac OS X 10_15_7) AppleWebKit/537.36 (KHTML, like Gecko) Chrome/145.0.0.0 Safari/537.36"
43.119.100.31 - - [02/Sep/2026:07:59:26 -0700] "GET /wp-content/plugins/elementor-pro/assets/js/media-carousel.afbaabb756a7c18ddb09.bundle.min.js HTTP/1.1" 200 7003 "https://usaigc.com/" "Mozilla/5.0 (Macintosh; Intel Mac OS X 10_15_7) AppleWebKit/537.36 (KHTML, like Gecko) Chrome/145.0.0.0 Safari/537.36"
47.82.201.12 - - [02/Sep/2026:07:59:26 -0700] "GET /wp-content/plugins/elementor/assets/js/text-editor.c084ef86600b6f11690d.bundle.min.js HTTP/1.1" 200 1394 "https://usaigc.com/" "Mozilla/5.0 (Macintosh; Intel Mac OS X 10_15_7) AppleWebKit/537.36 (KHTML, like Gecko) Chrome/145.0.0.0 Safari/537.36"
75.110.217.69 - - [02/Sep/2026:07:59:27 -0700] "GET /wp-content/uploads/2021/03/Arrows-animation.json HTTP/2.0" 200 14916 "https://usaigc.com/" "Mozilla/5.0 (Macintosh; Intel Mac OS X 10_15_7) AppleWebKit/537.36 (KHTML, like Gecko) Chrome/145.0.0.0 Safari/537.36"
173.231.200.77 - - [02/Sep/2026:07:59:59 -0700] "POST /wp-cron.php?doing_wp_cron=1788361199.5670518875122070312500 HTTP/1.1" 200 - "-" "WordPress/7.1; https://usaigc.com"
34.222.195.72 - - [02/Sep/2026:07:59:59 -0700] "GET /SitePDFs/Platinum%2010-11%20years.pdf HTTP/1.1" 404 100759 "-" "python-httpx/0.28.1"
34.222.195.72 - - [02/Sep/2026:08:00:00 -0700] "GET /SitePDFs/Platinum%2010-11%20years.pdf HTTP/1.1" 404 100759 "-" "python-httpx/0.28.1"
34.222.195.72 - - [02/Sep/2026:08:00:03 -0700] "GET /SitePDFs/Platinum%2010-11%20years.pdf HTTP/1.1" 404 100759 "-" "python-httpx/0.28.1"
35.212.6.56 - - [02/Sep/2026:08:00:06 -0700] "GET /ads.txt HTTP/2.0" 404 100511 "-" "Mozilla/5.0 (Macintosh; Intel Mac OS X 10_12_6) AppleWebKit/537.36 (KHTML, like Gecko) Chrome/63.0.3239.84 Safari/537.36"
35.212.6.56 - - [02/Sep/2026:08:00:10 -0700] "GET /ads.txt HTTP/2.0" 301 - "-" "Mozilla/5.0 (Macintosh; Intel Mac OS X 10_12_6) AppleWebKit/537.36 (KHTML, like Gecko) Chrome/63.0.3239.84 Safari/537.36"
35.212.6.56 - - [02/Sep/2026:08:00:10 -0700] "GET /ads.txt HTTP/2.0" 404 100511 "-" "Mozilla/5.0 (Macintosh; Intel Mac OS X 10_12_6) AppleWebKit/537.36 (KHTML, like Gecko) Chrome/63.0.3239.84 Safari/537.36"
173.231.200.77 - - [02/Sep/2026:08:00:24 -0700] "POST /wp-cron.php?doing_wp_cron=1788361224.8000719547271728515625 HTTP/1.1" 200 - "-" "WordPress/7.1; https://usaigc.com"
3.221.74.51 - - [02/Sep/2026:08:00:24 -0700] "GET /robots.txt HTTP/1.1" 301 - "-" "Mozilla/5.0 (Macintosh; Intel Mac OS X 10_10_1) AppleWebKit/600.2.5 (KHTML, like Gecko) Version/8.0.2 Safari/600.2.5 (Gort)"
3.221.74.51 - - [02/Sep/2026:08:00:25 -0700] "GET /robots.txt HTTP/1.1" 200 153 "-" "Mozilla/5.0 (Macintosh; Intel Mac OS X 10_10_1) AppleWebKit/600.2.5 (KHTML, like Gecko) Version/8.0.2 Safari/600.2.5 (Gort)"
142.111.250.74 - - [02/Sep/2026:08:00:27 -0700] "GET /robots.txt HTTP/1.1" 200 153 "-" "Mozilla/5.0 (Windows NT 10.0; Win64; x64) AppleWebKit/537.36 (KHTML, like Gecko) Chrome/94.0.4606.81 Safari/537.36"
142.111.250.74 - - [02/Sep/2026:08:00:27 -0700] "GET / HTTP/1.1" 200 131156 "-" "Mozilla/5.0 (Windows NT 10.0; Win64; x64) AppleWebKit/537.36 (KHTML, like Gecko) Chrome/94.0.4606.81 Safari/537.36"
142.111.250.74 - - [02/Sep/2026:08:00:29 -0700] "GET / HTTP/1.1" 200 131156 "-" "Mozilla/5.0 (iPhone; CPU iPhone OS 6_0 like Mac OS X) AppleWebKit/536.26 (KHTML, like Gecko) Version/6.0 Mobile/10A5376e Safari/8536.25"
161.35.193.156 - - [02/Sep/2026:08:00:52 -0700] "POST /wp-login.php HTTP/1.1" 200 7596 "-" "Mozilla/5.0"
51.81.164.156 - - [02/Sep/2026:08:02:03 -0700] "GET /high-intensity-training/ HTTP/2.0" 200 162781 "-" "Mozilla/5.0 (compatible; AhrefsBot/7.0; +http://ahrefs.com/robot/)"
108.165.76.34 - - [02/Sep/2026:08:02:27 -0700] "GET /2023/12/01/inspiring-excellence-showcasing-gymnastic-success-stories/ HTTP/2.0" 200 115846 "-" "Mozilla/5.0 (Macintosh; Intel Mac OS X 10_15_7) AppleWebKit/537.36 (KHTML, like Gecko) Chrome/142.0.0.0 Safari/537.36"
108.165.76.34 - - [02/Sep/2026:08:02:28 -0700] "GET /wp-content/plugins/instagram-feed/css/sbi-styles.min.css HTTP/2.0" 200 46555 "https://www.google.com/" "Mozilla/5.0 (Macintosh; Intel Mac OS X 10_15_7) AppleWebKit/537.36 (KHTML, like Gecko) Chrome/142.0.0.0 Safari/537.36"
108.165.76.34 - - [02/Sep/2026:08:02:28 -0700] "GET /wp-content/uploads/hummingbird-assets/85547c74a6e8f69fd274004ae97e5b15.css HTTP/2.0" 200 505556 "https://www.google.com/" "Mozilla/5.0 (Macintosh; Intel Mac OS X 10_15_7) AppleWebKit/537.36 (KHTML, like Gecko) Chrome/142.0.0.0 Safari/537.36"
108.165.76.34 - - [02/Sep/2026:08:02:28 -0700] "GET /wp-content/uploads/hummingbird-assets/3bc16ab83db33802d31670bbb5e751f7.css HTTP/2.0" 200 2956 "https://www.google.com/" "Mozilla/5.0 (Macintosh; Intel Mac OS X 10_15_7) AppleWebKit/537.36 (KHTML, like Gecko) Chrome/142.0.0.0 Safari/537.36"
108.165.76.34 - - [02/Sep/2026:08:02:28 -0700] "GET /wp-content/uploads/hummingbird-assets/9a31db504563c009a94bb8252fcec2d0.js HTTP/2.0" 200 101173 "https://www.google.com/" "Mozilla/5.0 (Macintosh; Intel Mac OS X 10_15_7) AppleWebKit/537.36 (KHTML, like Gecko) Chrome/142.0.0.0 Safari/537.36"
108.165.76.34 - - [02/Sep/2026:08:02:28 -0700] "GET /wp-content/uploads/hummingbird-assets/acad0b82613f33412aee4b23f806a90d.css HTTP/2.0" 200 61458 "https://www.google.com/" "Mozilla/5.0 (Macintosh; Intel Mac OS X 10_15_7) AppleWebKit/537.36 (KHTML, like Gecko) Chrome/142.0.0.0 Safari/537.36"
108.165.76.34 - - [02/Sep/2026:08:02:28 -0700] "GET /wp-content/uploads/hummingbird-assets/b18badc4dbe1a10ab85256531aa941c8.css HTTP/2.0" 200 86726 "https://www.google.com/" "Mozilla/5.0 (Macintosh; Intel Mac OS X 10_15_7) AppleWebKit/537.36 (KHTML, like Gecko) Chrome/142.0.0.0 Safari/537.36"
108.165.76.34 - - [02/Sep/2026:08:02:28 -0700] "GET /wp-content/uploads/hummingbird-assets/507807d56b734f9aa4eb9cdeebecdb9f.css HTTP/2.0" 200 18942 "https://www.google.com/" "Mozilla/5.0 (Macintosh; Intel Mac OS X 10_15_7) AppleWebKit/537.36 (KHTML, like Gecko) Chrome/142.0.0.0 Safari/537.36"
108.165.76.34 - - [02/Sep/2026:08:02:28 -0700] "GET /wp-content/uploads/hummingbird-assets/2f84794cba3a036a9fc7b476e118fc2f.js HTTP/2.0" 200 52094 "https://www.google.com/" "Mozilla/5.0 (Macintosh; Intel Mac OS X 10_15_7) AppleWebKit/537.36 (KHTML, like Gecko) Chrome/142.0.0.0 Safari/537.36"
108.165.76.34 - - [02/Sep/2026:08:02:28 -0700] "GET /wp-content/plugins/elementor/assets/lib/font-awesome/js/v4-shims.min.js HTTP/2.0" 200 15073 "https://www.google.com/" "Mozilla/5.0 (Macintosh; Intel Mac OS X 10_15_7) AppleWebKit/537.36 (KHTML, like Gecko) Chrome/142.0.0.0 Safari/537.36"
108.165.76.34 - - [02/Sep/2026:08:02:28 -0700] "GET /wp-content/uploads/hummingbird-assets/a9576f26bc7c2651a7d0c9c0e701bda9.css HTTP/2.0" 200 38598 "https://www.google.com/" "Mozilla/5.0 (Macintosh; Intel Mac OS X 10_15_7) AppleWebKit/537.36 (KHTML, like Gecko) Chrome/142.0.0.0 Safari/537.36"
108.165.76.34 - - [02/Sep/2026:08:02:28 -0700] "GET /wp-content/plugins/elementor/assets/js/webpack.runtime.min.js HTTP/2.0" 200 5350 "https://www.google.com/" "Mozilla/5.0 (Macintosh; Intel Mac OS X 10_15_7) AppleWebKit/537.36 (KHTML, like Gecko) Chrome/142.0.0.0 Safari/537.36"
108.165.76.34 - - [02/Sep/2026:08:02:28 -0700] "GET /wp-content/plugins/elementor/assets/js/frontend-modules.min.js HTTP/2.0" 200 59749 "https://www.google.com/" "Mozilla/5.0 (Macintosh; Intel Mac OS X 10_15_7) AppleWebKit/537.36 (KHTML, like Gecko) Chrome/142.0.0.0 Safari/537.36"
108.165.76.34 - - [02/Sep/2026:08:02:28 -0700] "GET /wp-includes/js/jquery/ui/core.min.js HTTP/2.0" 200 18674 "https://www.google.com/" "Mozilla/5.0 (Macintosh; Intel Mac OS X 10_15_7) AppleWebKit/537.36 (KHTML, like Gecko) Chrome/142.0.0.0 Safari/537.36"
108.165.76.34 - - [02/Sep/2026:08:02:28 -0700] "GET /wp-content/uploads/hummingbird-assets/48f09a15f4bd0d21bcec84af82679a1a.js HTTP/2.0" 200 54915 "https://www.google.com/" "Mozilla/5.0 (Macintosh; Intel Mac OS X 10_15_7) AppleWebKit/537.36 (KHTML, like Gecko) Chrome/142.0.0.0 Safari/537.36"
108.165.76.34 - - [02/Sep/2026:08:02:28 -0700] "GET /wp-content/plugins/elementor-pro/assets/js/webpack-pro.runtime.min.js HTTP/2.0" 200 6263 "https://www.google.com/" "Mozilla/5.0 (Macintosh; Intel Mac OS X 10_15_7) AppleWebKit/537.36 (KHTML, like Gecko) Chrome/142.0.0.0 Safari/537.36"
108.165.76.34 - - [02/Sep/2026:08:02:28 -0700] "GET /wp-content/uploads/hummingbird-assets/2d0fc86d08c0addc7f54a6a33ef11370.js HTTP/2.0" 200 10815 "https://www.google.com/" "Mozilla/5.0 (Macintosh; Intel Mac OS X 10_15_7) AppleWebKit/537.36 (KHTML, like Gecko) Chrome/142.0.0.0 Safari/537.36"
108.165.76.34 - - [02/Sep/2026:08:02:28 -0700] "GET /wp-content/uploads/hummingbird-assets/4f2f05e2bccbc74bfdc4d4a9af4df128.js HTTP/2.0" 200 84064 "https://www.google.com/" "Mozilla/5.0 (Macintosh; Intel Mac OS X 10_15_7) AppleWebKit/537.36 (KHTML, like Gecko) Chrome/142.0.0.0 Safari/537.36"
108.165.76.34 - - [02/Sep/2026:08:02:28 -0700] "GET /wp-content/uploads/hummingbird-assets/2ab2ba5f7f136571c5f6707948e9760f.css HTTP/2.0" 200 24769 "https://www.google.com/" "Mozilla/5.0 (Macintosh; Intel Mac OS X 10_15_7) AppleWebKit/537.36 (KHTML, like Gecko) Chrome/142.0.0.0 Safari/537.36"
108.165.76.34 - - [02/Sep/2026:08:02:28 -0700] "GET /wp-content/uploads/hummingbird-assets/643adc03774cdb087b0ad109bcf87eea.css HTTP/2.0" 200 21084 "https://www.google.com/" "Mozilla/5.0 (Macintosh; Intel Mac OS X 10_15_7) AppleWebKit/537.36 (KHTML, like Gecko) Chrome/142.0.0.0 Safari/537.36"
108.165.76.34 - - [02/Sep/2026:08:02:28 -0700] "GET /wp-content/uploads/hummingbird-assets/39c4cfff4ed9636507c780e102533e5b.css HTTP/2.0" 200 247 "https://www.google.com/" "Mozilla/5.0 (Macintosh; Intel Mac OS X 10_15_7) AppleWebKit/537.36 (KHTML, like Gecko) Chrome/142.0.0.0 Safari/537.36"
108.165.76.34 - - [02/Sep/2026:08:02:28 -0700] "GET /wp-content/themes/f7/vamtam/assets/js/low-priority.js HTTP/2.0" 200 1263 "https://www.google.com/" "Mozilla/5.0 (Macintosh; Intel Mac OS X 10_15_7) AppleWebKit/537.36 (KHTML, like Gecko) Chrome/142.0.0.0 Safari/537.36"
108.165.76.34 - - [02/Sep/2026:08:02:28 -0700] "GET /wp-content/plugins/elementor/assets/lib/dialog/dialog.min.js?ver=4.9.3 HTTP/2.0" 200 11286 "https://www.google.com/" "Mozilla/5.0 (Macintosh; Intel Mac OS X 10_15_7) AppleWebKit/537.36 (KHTML, like Gecko) Chrome/142.0.0.0 Safari/537.36"
108.165.76.34 - - [02/Sep/2026:08:02:28 -0700] "GET /wp-content/plugins/elementor-pro/assets/js/nav-menu.a23fbd67486c5bedf26c.bundle.min.js HTTP/2.0" 200 5282 "https://www.google.com/" "Mozilla/5.0 (Macintosh; Intel Mac OS X 10_15_7) AppleWebKit/537.36 (KHTML, like Gecko) Chrome/142.0.0.0 Safari/537.36"
108.165.76.34 - - [02/Sep/2026:08:02:28 -0700] "GET /wp-content/plugins/elementor-pro/assets/js/share-buttons.63d984f8c96d1e053bc0.bundle.min.js HTTP/2.0" 200 1577 "https://www.google.com/" "Mozilla/5.0 (Macintosh; Intel Mac OS X 10_15_7) AppleWebKit/537.36 (KHTML, like Gecko) Chrome/142.0.0.0 Safari/537.36"
108.165.76.34 - - [02/Sep/2026:08:02:28 -0700] "GET /wp-content/plugins/elementor/assets/js/text-editor.c084ef86600b6f11690d.bundle.min.js HTTP/2.0" 200 1394 "https://www.google.com/" "Mozilla/5.0 (Macintosh; Intel Mac OS X 10_15_7) AppleWebKit/537.36 (KHTML, like Gecko) Chrome/142.0.0.0 Safari/537.36"
108.165.76.34 - - [02/Sep/2026:08:02:29 -0700] "GET /wp-content/plugins/elementor/assets/lib/share-link/share-link.min.js?ver=3.27.2 HTTP/2.0" 200 2752 "https://www.google.com/" "Mozilla/5.0 (Macintosh; Intel Mac OS X 10_15_7) AppleWebKit/537.36 (KHTML, like Gecko) Chrome/142.0.0.0 Safari/537.36"
173.231.200.77 - - [02/Sep/2026:08:02:43 -0700] "POST /wp-cron.php?doing_wp_cron=1788361363.9719860553741455078125 HTTP/1.1" 200 - "-" "WordPress/7.1; https://usaigc.com"
216.244.66.236 - - [02/Sep/2026:08:02:43 -0700] "GET /athlete_form.cfm?CFID=eca290b2-a7ad-4b53-a85c-a06b8b53b4df&CFTOKEN=0 HTTP/1.1" 301 - "-" "Mozilla/5.0 (compatible; DotBot/1.2; +https://opensiteexplorer.org/dotbot; help@moz.com)"
216.244.66.236 - - [02/Sep/2026:08:02:52 -0700] "GET /athlete_form.cfm?CFID=ecb53644-d630-47e3-93ea-93cdd77a534d&CFTOKEN=0 HTTP/1.1" 301 - "-" "Mozilla/5.0 (compatible; DotBot/1.2; +https://opensiteexplorer.org/dotbot; help@moz.com)"
216.244.66.236 - - [02/Sep/2026:08:02:57 -0700] "GET /athlete_form.cfm?CFID=ece51c11-b87f-40bd-8d6e-18af8984a75b&CFTOKEN=0 HTTP/1.1" 301 - "-" "Mozilla/5.0 (compatible; DotBot/1.2; +https://opensiteexplorer.org/dotbot; help@moz.com)"
216.244.66.236 - - [02/Sep/2026:08:03:07 -0700] "GET /athlete_form.cfm?CFID=ed02a854-bef0-469d-b284-ded852932c16&CFTOKEN=0 HTTP/1.1" 301 - "-" "Mozilla/5.0 (compatible; DotBot/1.2; +https://opensiteexplorer.org/dotbot; help@moz.com)"
173.231.200.77 - - [02/Sep/2026:08:03:28 -0700] "POST /wp-cron.php?doing_wp_cron=1788361408.5020871162414550781250 HTTP/1.1" 200 - "-" "WordPress/7.1; https://usaigc.com"
216.244.66.236 - - [02/Sep/2026:08:03:28 -0700] "GET /athlete_form.cfm?CFID=ed2f598d-be48-4df2-be05-20b8868ae651&CFTOKEN=0 HTTP/1.1" 301 - "-" "Mozilla/5.0 (compatible; DotBot/1.2; +https://opensiteexplorer.org/dotbot; help@moz.com)"
216.244.66.236 - - [02/Sep/2026:08:03:51 -0700] "GET /athlete_form.cfm?CFID=ed37b085-9a41-4e2c-83b0-92a904a12a31&CFTOKEN=0 HTTP/1.1" 301 - "-" "Mozilla/5.0 (compatible; DotBot/1.2; +https://opensiteexplorer.org/dotbot; help@moz.com)"
216.244.66.236 - - [02/Sep/2026:08:04:12 -0700] "GET /athlete_form.cfm?CFID=ed8eb92d-53a7-43ea-bfa3-5a509787b39c&CFTOKEN=0 HTTP/1.1" 301 - "-" "Mozilla/5.0 (compatible; DotBot/1.2; +https://opensiteexplorer.org/dotbot; help@moz.com)"
43.155.125.167 - - [02/Sep/2026:08:04:19 -0700] "GET /robots.txt HTTP/1.1" 200 153 "-" "CodeMMPretrainCrawler/1.0"
43.135.107.111 - - [02/Sep/2026:08:04:20 -0700] "GET /education HTTP/1.1" 301 - "-" "CodeMMPretrainCrawler/1.0"
43.135.107.176 - - [02/Sep/2026:08:04:21 -0700] "GET /education/ HTTP/1.1" 200 109495 "-" "CodeMMPretrainCrawler/1.0"
43.155.125.12 - - [02/Sep/2026:08:04:24 -0700] "GET /wp-content/plugins/instagram-feed/css/sbi-styles.min.css HTTP/1.1" 200 46555 "-" "CodeMMPretrainCrawler/1.0"
43.155.125.212 - - [02/Sep/2026:08:04:25 -0700] "GET /wp-content/uploads/hummingbird-assets/2ad55bc2c7e903bebb0e6060c57f12a3.css HTTP/1.1" 200 512483 "-" "CodeMMPretrainCrawler/1.0"
43.135.107.155 - - [02/Sep/2026:08:04:25 -0700] "GET /wp-content/uploads/hummingbird-assets/39c4cfff4ed9636507c780e102533e5b.css HTTP/1.1" 200 247 "-" "CodeMMPretrainCrawler/1.0"
43.132.141.157 - - [02/Sep/2026:08:04:26 -0700] "GET /wp-content/uploads/hummingbird-assets/3bc16ab83db33802d31670bbb5e751f7.css HTTP/1.1" 200 2956 "-" "CodeMMPretrainCrawler/1.0"
43.155.125.167 - - [02/Sep/2026:08:04:27 -0700] "GET /wp-content/uploads/hummingbird-assets/2ab2ba5f7f136571c5f6707948e9760f.css HTTP/1.1" 200 24769 "-" "CodeMMPretrainCrawler/1.0"
43.135.107.111 - - [02/Sep/2026:08:04:28 -0700] "GET /wp-content/uploads/hummingbird-assets/643adc03774cdb087b0ad109bcf87eea.css HTTP/1.1" 200 21084 "-" "CodeMMPretrainCrawler/1.0"
43.135.107.155 - - [02/Sep/2026:08:04:29 -0700] "GET /wp-content/uploads/hummingbird-assets/acad0b82613f33412aee4b23f806a90d.css HTTP/1.1" 200 61458 "-" "CodeMMPretrainCrawler/1.0"
173.231.200.77 - - [02/Sep/2026:08:04:35 -0700] "POST /wp-cron.php?doing_wp_cron=1788361475.2410020828247070312500 HTTP/1.1" 200 - "-" "WordPress/7.1; https://usaigc.com"
216.244.66.236 - - [02/Sep/2026:08:04:35 -0700] "GET /athlete_form.cfm?CFID=ed8ede66-3fb9-42a3-a57c-6d5ae82c64f8&CFTOKEN=0 HTTP/1.1" 301 - "-" "Mozilla/5.0 (compatible; DotBot/1.2; +https://opensiteexplorer.org/dotbot; help@moz.com)"
216.244.66.236 - - [02/Sep/2026:08:04:52 -0700] "GET /athlete_form.cfm?CFID=ed91900d-e88f-4b08-9b17-8e7f5bc9a7a4&CFTOKEN=0 HTTP/1.1" 301 - "-" "Mozilla/5.0 (compatible; DotBot/1.2; +https://opensiteexplorer.org/dotbot; help@moz.com)"
216.244.66.236 - - [02/Sep/2026:08:05:15 -0700] "GET /athlete_form.cfm?CFID=ed91c89f-0eb8-46e3-9794-fbfd48059e11&CFTOKEN=0 HTTP/1.1" 301 - "-" "Mozilla/5.0 (compatible; DotBot/1.2; +https://opensiteexplorer.org/dotbot; help@moz.com)"
173.231.200.77 - - [02/Sep/2026:08:05:49 -0700] "POST /wp-cron.php?doing_wp_cron=1788361549.3968429565429687500000 HTTP/1.1" 200 - "-" "WordPress/7.1; https://usaigc.com"
216.244.66.236 - - [02/Sep/2026:08:05:49 -0700] "GET /athlete_form.cfm?CFID=eda5be56-b3f9-4147-b23a-15bd3642af92&CFTOKEN=0 HTTP/1.1" 301 - "-" "Mozilla/5.0 (compatible; DotBot/1.2; +https://opensiteexplorer.org/dotbot; help@moz.com)"
216.244.66.236 - - [02/Sep/2026:08:06:18 -0700] "GET /athlete_form.cfm?CFID=edabccc9-9e2d-4726-955d-1947a4cc118f&CFTOKEN=0 HTTP/1.1" 301 - "-" "Mozilla/5.0 (compatible; DotBot/1.2; +https://opensiteexplorer.org/dotbot; help@moz.com)"
173.231.200.77 - - [02/Sep/2026:08:06:46 -0700] "POST /wp-cron.php?doing_wp_cron=1788361606.6139199733734130859375 HTTP/1.1" 200 - "-" "WordPress/7.1; https://usaigc.com"
216.244.66.236 - - [02/Sep/2026:08:06:46 -0700] "GET /athlete_form.cfm?CFID=edad3175-8efd-4529-b45a-28dbadb9f27a&CFTOKEN=0 HTTP/1.1" 301 - "-" "Mozilla/5.0 (compatible; DotBot/1.2; +https://opensiteexplorer.org/dotbot; help@moz.com)"
216.244.66.236 - - [02/Sep/2026:08:07:14 -0700] "GET /athlete_form.cfm?CFID=ee0109d1-2fd4-42b1-9bee-594ec2df6b58&CFTOKEN=0 HTTP/1.1" 301 - "-" "Mozilla/5.0 (compatible; DotBot/1.2; +https://opensiteexplorer.org/dotbot; help@moz.com)"
173.231.200.77 - - [02/Sep/2026:08:07:42 -0700] "POST /wp-cron.php?doing_wp_cron=1788361662.2270541191101074218750 HTTP/1.1" 200 - "-" "WordPress/7.1; https://usaigc.com"
216.244.66.236 - - [02/Sep/2026:08:07:42 -0700] "GET /athlete_form.cfm?CFID=ee0f0aed-77da-44d9-844c-792a747979ad&CFTOKEN=0 HTTP/1.1" 301 - "-" "Mozilla/5.0 (compatible; DotBot/1.2; +https://opensiteexplorer.org/dotbot; help@moz.com)"
216.244.66.236 - - [02/Sep/2026:08:08:07 -0700] "GET /athlete_form.cfm?CFID=ee401b61-9573-408e-bea6-a00a53588c23&CFTOKEN=0 HTTP/1.1" 301 - "-" "Mozilla/5.0 (compatible; DotBot/1.2; +https://opensiteexplorer.org/dotbot; help@moz.com)"
161.35.193.156 - - [02/Sep/2026:08:08:14 -0700] "POST /wp-login.php HTTP/1.1" 200 7596 "-" "Mozilla/5.0"
173.231.200.77 - - [02/Sep/2026:08:08:32 -0700] "POST /wp-cron.php?doing_wp_cron=1788361712.7520101070404052734375 HTTP/1.1" 200 - "-" "WordPress/7.1; https://usaigc.com"
216.244.66.236 - - [02/Sep/2026:08:08:32 -0700] "GET /athlete_form.cfm?CFID=ee55a117-be66-460e-8bb2-6aaa3c5b2503&CFTOKEN=0 HTTP/1.1" 301 - "-" "Mozilla/5.0 (compatible; DotBot/1.2; +https://opensiteexplorer.org/dotbot; help@moz.com)"
216.244.66.236 - - [02/Sep/2026:08:08:56 -0700] "GET /athlete_form.cfm?CFID=ee5caa18-a82d-4471-a07c-0a9c54b31cab&CFTOKEN=0 HTTP/1.1" 301 - "-" "Mozilla/5.0 (compatible; DotBot/1.2; +https://opensiteexplorer.org/dotbot; help@moz.com)"
210.1.60.159 - - [02/Sep/2026:08:09:04 -0700] "GET /wp-login.php HTTP/2.0" 200 7211 "http://usaigc.com/wp-login.php" "Mozilla/5.0 (Windows NT 10.0; Win64; x64; rv:154.0) Gecko/20100101 Firefox/154.0"
210.1.60.159 - - [02/Sep/2026:08:09:05 -0700] "GET /wp-json/wp/v2/users HTTP/2.0" 200 903 "http://usaigc.com/wp-login.php" "Mozilla/5.0 (Windows NT 10.0; Win64; x64; rv:154.0) Gecko/20100101 Firefox/154.0"
210.1.60.159 - - [02/Sep/2026:08:09:06 -0700] "POST /wp-login.php HTTP/2.0" 200 7587 "https://usaigc.com/wp-login.php?redirect_to=https%3A%2F%2Fusaigc.com%2Fwp-admin%2F" "Mozilla/5.0 (Windows NT 10.0; Win64; x64; rv:154.0) Gecko/20100101 Firefox/154.0"
210.1.60.159 - - [02/Sep/2026:08:09:07 -0700] "POST /wp-login.php HTTP/2.0" 200 7592 "https://usaigc.com/wp-login.php?redirect_to=https%3A%2F%2Fusaigc.com%2Fwp-admin%2F" "Mozilla/5.0 (Windows NT 10.0; Win64; x64; rv:154.0) Gecko/20100101 Firefox/154.0"
216.244.66.236 - - [02/Sep/2026:08:09:20 -0700] "GET /athlete_form.cfm?CFID=ee65e586-e78c-4ea8-8990-a0d06130d519&CFTOKEN=0 HTTP/1.1" 301 - "-" "Mozilla/5.0 (compatible; DotBot/1.2; +https://opensiteexplorer.org/dotbot; help@moz.com)"
173.231.200.77 - - [02/Sep/2026:08:09:41 -0700] "POST /wp-cron.php?doing_wp_cron=1788361781.8885159492492675781250 HTTP/1.1" 200 - "-" "WordPress/7.1; https://usaigc.com"
216.244.66.236 - - [02/Sep/2026:08:09:41 -0700] "GET /athlete_form.cfm?CFID=ee7a2184-5b1e-41c9-bbf8-387e3c9a79ab&CFTOKEN=0 HTTP/1.1" 301 - "-" "Mozilla/5.0 (compatible; DotBot/1.2; +https://opensiteexplorer.org/dotbot; help@moz.com)"
216.244.66.236 - - [02/Sep/2026:08:10:03 -0700] "GET /athlete_form.cfm?CFID=ee812884-308a-4cbf-8320-bca62ece4374&CFTOKEN=0 HTTP/1.1" 301 - "-" "Mozilla/5.0 (compatible; DotBot/1.2; +https://opensiteexplorer.org/dotbot; help@moz.com)"
173.231.200.77 - - [02/Sep/2026:08:10:24 -0700] "POST /wp-cron.php?doing_wp_cron=1788361824.9619719982147216796875 HTTP/1.1" 200 - "-" "WordPress/7.1; https://usaigc.com"
216.244.66.236 - - [02/Sep/2026:08:10:24 -0700] "GET /athlete_form.cfm?CFID=eead0d9d-baef-46f8-be9a-c015b7c7c2db&CFTOKEN=0 HTTP/1.1" 301 - "-" "Mozilla/5.0 (compatible; DotBot/1.2; +https://opensiteexplorer.org/dotbot; help@moz.com)"
216.244.66.236 - - [02/Sep/2026:08:10:44 -0700] "GET /athlete_form.cfm?CFID=eebc19e0-1164-4fa6-86d9-4e53cb8e4991&CFTOKEN=0 HTTP/1.1" 301 - "-" "Mozilla/5.0 (compatible; DotBot/1.2; +https://opensiteexplorer.org/dotbot; help@moz.com)"
216.244.66.236 - - [02/Sep/2026:08:11:02 -0700] "GET /athlete_form.cfm?CFID=eed31b45-fc76-4a4d-880b-62379062cd79&CFTOKEN=0 HTTP/1.1" 301 - "-" "Mozilla/5.0 (compatible; DotBot/1.2; +https://opensiteexplorer.org/dotbot; help@moz.com)"
216.244.66.236 - - [02/Sep/2026:08:11:19 -0700] "GET /athlete_form.cfm?CFID=ef0456a3-5211-49f3-9cfb-f78e15383204&CFTOKEN=0 HTTP/1.1" 301 - "-" "Mozilla/5.0 (compatible; DotBot/1.2; +https://opensiteexplorer.org/dotbot; help@moz.com)"
173.231.200.77 - - [02/Sep/2026:08:11:27 -0700] "POST /wp-cron.php?doing_wp_cron=1788361887.7253270149230957031250 HTTP/1.1" 200 - "-" "WordPress/7.1; https://usaigc.com"
107.23.119.137 - - [02/Sep/2026:08:11:27 -0700] "GET /about-us/ HTTP/1.1" 301 - "-" "Mozilla/5.0 (Windows NT 10.0; Win64; x64) AppleWebKit/537.36 (KHTML, like Gecko) Chrome/130.0.0.0.169 Safari/537.36"
107.23.119.137 - - [02/Sep/2026:08:11:27 -0700] "GET /about-us/ HTTP/1.1" 404 100519 "-" "Mozilla/5.0 (Windows NT 10.0; Win64; x64) AppleWebKit/537.36 (KHTML, like Gecko) Chrome/130.0.0.0.169 Safari/537.36"
216.244.66.236 - - [02/Sep/2026:08:11:34 -0700] "GET /athlete_form.cfm?CFID=ef2fd3e8-d34e-409d-ad33-9b16f62112fa&CFTOKEN=0 HTTP/1.1" 301 - "-" "Mozilla/5.0 (compatible; DotBot/1.2; +https://opensiteexplorer.org/dotbot; help@moz.com)"
54.163.169.168 - - [02/Sep/2026:08:11:37 -0700] "GET /wp-content/themes/f7/ HTTP/1.1" 500 - "-" "Mozilla/5.0 AppleWebKit/537.36 (KHTML, like Gecko; compatible; Amazonbot/0.1; +https://developer.amazon.com/support/amazonbot) Chrome/119.0.6045.214 Safari/537.36"
216.244.66.236 - - [02/Sep/2026:08:11:56 -0700] "GET /athlete_form.cfm?CFID=ef3f9a1c-9a5e-4712-ab62-d68e57827294&CFTOKEN=0 HTTP/1.1" 301 - "-" "Mozilla/5.0 (compatible; DotBot/1.2; +https://opensiteexplorer.org/dotbot; help@moz.com)"
216.244.66.236 - - [02/Sep/2026:08:13:11 -0700] "GET /athlete_form.cfm?CFID=ef8b734a-862b-4953-8bed-526466ae695e&CFTOKEN=0 HTTP/1.1" 301 - "-" "Mozilla/5.0 (compatible; DotBot/1.2; +https://opensiteexplorer.org/dotbot; help@moz.com)"
173.231.200.77 - - [02/Sep/2026:08:13:11 -0700] "POST /wp-cron.php?doing_wp_cron=1788361991.6886589527130126953125 HTTP/1.1" 200 - "-" "WordPress/7.1; https://usaigc.com"
136.144.43.137 - - [02/Sep/2026:08:12:07 -0700] "POST /wp-login.php HTTP/1.1" 200 7596 "-" "Mozilla/5.0"
173.231.200.77 - - [02/Sep/2026:08:13:42 -0700] "POST /wp-cron.php?doing_wp_cron=1788362022.2504510879516601562500 HTTP/1.1" 200 - "-" "WordPress/7.1; https://usaigc.com"
216.244.66.236 - - [02/Sep/2026:08:13:42 -0700] "GET /athlete_form.cfm?CFID=efa00071-09d7-4b68-923c-e236ae45f0e9&CFTOKEN=0 HTTP/1.1" 301 - "-" "Mozilla/5.0 (compatible; DotBot/1.2; +https://opensiteexplorer.org/dotbot; help@moz.com)"
46.105.48.30 - - [02/Sep/2026:08:14:08 -0700] "GET /robots.txt HTTP/1.1" 200 153 "-" "Mozilla/5.0 (compatible; MJ12bot/v2.0.5; http://mj12bot.com/)"
46.105.48.30 - - [02/Sep/2026:08:14:09 -0700] "GET / HTTP/1.1" 200 131156 "-" "Mozilla/5.0 (compatible; MJ12bot/v2.0.5; http://mj12bot.com/)"
216.244.66.236 - - [02/Sep/2026:08:14:11 -0700] "GET /athlete_form.cfm?CFID=efc17ff4-7d46-418c-86d9-7acaf84c2a48&CFTOKEN=0 HTTP/1.1" 301 - "-" "Mozilla/5.0 (compatible; DotBot/1.2; +https://opensiteexplorer.org/dotbot; help@moz.com)"
173.231.200.77 - - [02/Sep/2026:08:14:36 -0700] "POST /wp-cron.php?doing_wp_cron=1788362076.3964591026306152343750 HTTP/1.1" 200 - "-" "WordPress/7.1; https://usaigc.com"
40.77.167.61 - - [02/Sep/2026:08:14:36 -0700] "GET /CompetitionScores/Last%20chance%20meet%20results%20USAIGC.pdf HTTP/2.0" 301 - "-" "Mozilla/5.0 AppleWebKit/537.36 (KHTML, like Gecko; compatible; bingbot/2.0; +http://www.bing.com/bingbot.htm) Chrome/116.0.1938.76 Safari/537.36"
216.244.66.236 - - [02/Sep/2026:08:14:41 -0700] "GET /athlete_form.cfm?CFID=effa0fd0-37e1-49a9-a391-c99e259a94b5&CFTOKEN=0 HTTP/1.1" 301 - "-" "Mozilla/5.0 (compatible; DotBot/1.2; +https://opensiteexplorer.org/dotbot; help@moz.com)"
216.244.66.236 - - [02/Sep/2026:08:15:07 -0700] "GET /athlete_form.cfm?CFID=f0112367-e7fb-4af6-927a-3768d580a331&CFTOKEN=0 HTTP/1.1" 301 - "-" "Mozilla/5.0 (compatible; DotBot/1.2; +https://opensiteexplorer.org/dotbot; help@moz.com)"
52.167.144.65 - - [02/Sep/2026:08:15:08 -0700] "GET /robots.txt HTTP/2.0" 200 153 "-" "Mozilla/5.0 AppleWebKit/537.36 (KHTML, like Gecko; compatible; bingbot/2.0; +http://www.bing.com/bingbot.htm) Chrome/116.0.1938.76 Safari/537.36"
173.231.200.77 - - [02/Sep/2026:08:15:33 -0700] "POST /wp-cron.php?doing_wp_cron=1788362133.0229849815368652343750 HTTP/1.1" 200 - "-" "WordPress/7.1; https://usaigc.com"
216.244.66.236 - - [02/Sep/2026:08:15:32 -0700] "GET /athlete_form.cfm?CFID=f03876f7-1e8f-4850-921a-939f7145e1c1&CFTOKEN=0 HTTP/1.1" 301 - "-" "Mozilla/5.0 (compatible; DotBot/1.2; +https://opensiteexplorer.org/dotbot; help@moz.com)"
216.244.66.236 - - [02/Sep/2026:08:15:59 -0700] "GET /athlete_form.cfm?CFID=f039ceca-4736-4f01-a445-0ceb6e4fa723&CFTOKEN=0 HTTP/1.1" 301 - "-" "Mozilla/5.0 (compatible; DotBot/1.2; +https://opensiteexplorer.org/dotbot; help@moz.com)"
173.231.200.77 - - [02/Sep/2026:08:16:26 -0700] "POST /wp-cron.php?doing_wp_cron=1788362186.8461480140686035156250 HTTP/1.1" 200 - "-" "WordPress/7.1; https://usaigc.com"
216.244.66.236 - - [02/Sep/2026:08:16:23 -0700] "GET /athlete_form.cfm?CFID=f059acc7-24ba-4897-a4fc-93e7d969ed7b&CFTOKEN=0 HTTP/1.1" 301 - "-" "Mozilla/5.0 (compatible; DotBot/1.2; +https://opensiteexplorer.org/dotbot; help@moz.com)"
41.155.52.80 - - [02/Sep/2026:08:16:50 -0700] "POST /xmlrpc.php HTTP/1.1" 200 403 "-" "Jetpack/12.1; WordPress/6.4; http://site12791563.com"
216.244.66.236 - - [02/Sep/2026:08:16:52 -0700] "GET /athlete_form.cfm?CFID=f07ad7e0-08c6-4b69-af72-e2b922c7e4fb&CFTOKEN=0 HTTP/1.1" 301 - "-" "Mozilla/5.0 (compatible; DotBot/1.2; +https://opensiteexplorer.org/dotbot; help@moz.com)"
41.155.52.80 - - [02/Sep/2026:08:17:00 -0700] "POST /xmlrpc.php HTTP/1.1" 200 403 "-" "Jetpack/12.5; WordPress/6.2; http://site71104242.com"
41.155.52.80 - - [02/Sep/2026:08:17:11 -0700] "POST /xmlrpc.php HTTP/1.1" 200 403 "-" "Jetpack by WordPress.com (Jetpack 12.5; WordPress 6.1)"
216.244.66.236 - - [02/Sep/2026:08:17:13 -0700] "GET /athlete_form.cfm?CFID=f09e46a2-0dfd-4119-8384-abbc6817cb85&CFTOKEN=0 HTTP/1.1" 301 - "-" "Mozilla/5.0 (compatible; DotBot/1.2; +https://opensiteexplorer.org/dotbot; help@moz.com)"
173.231.200.77 - - [02/Sep/2026:08:17:22 -0700] "POST /wp-cron.php?doing_wp_cron=1788362242.2789409160614013671875 HTTP/1.1" 200 - "-" "WordPress/7.1; https://usaigc.com"
41.155.52.80 - - [02/Sep/2026:08:17:22 -0700] "POST /xmlrpc.php HTTP/1.1" 200 403 "-" "WordPress.com; https://wordpress.com"
41.155.52.80 - - [02/Sep/2026:08:17:32 -0700] "POST /xmlrpc.php HTTP/1.1" 200 403 "-" "Jetpack by WordPress.com"
216.244.66.236 - - [02/Sep/2026:08:17:35 -0700] "GET /athlete_form.cfm?CFID=f0a1fe67-08f4-4fd5-b05e-d8c890b7ff53&CFTOKEN=0 HTTP/1.1" 301 - "-" "Mozilla/5.0 (compatible; DotBot/1.2; +https://opensiteexplorer.org/dotbot; help@moz.com)"
41.155.52.80 - - [02/Sep/2026:08:17:43 -0700] "POST /xmlrpc.php HTTP/1.1" 200 403 "-" "Jetpack/12.1; WordPress/6.4; http://site41306295.com"
41.155.52.80 - - [02/Sep/2026:08:17:54 -0700] "POST /xmlrpc.php HTTP/1.1" 200 403 "-" "Jetpack/12.0; WordPress/6.2; http://site22777871.com"
216.244.66.236 - - [02/Sep/2026:08:17:58 -0700] "GET /athlete_form.cfm?CFID=f0a9d8a3-d32c-4800-ab4b-f51cbfd22581&CFTOKEN=0 HTTP/1.1" 301 - "-" "Mozilla/5.0 (compatible; DotBot/1.2; +https://opensiteexplorer.org/dotbot; help@moz.com)"
41.155.52.80 - - [02/Sep/2026:08:18:04 -0700] "POST /xmlrpc.php HTTP/1.1" 200 403 "-" "Jetpack by WordPress.com (Jetpack 12.1; WordPress 6.1)"
41.155.52.80 - - [02/Sep/2026:08:18:15 -0700] "POST /xmlrpc.php HTTP/1.1" 200 403 "-" "WordPress.com; https://wordpress.com"
216.244.66.236 - - [02/Sep/2026:08:18:20 -0700] "GET /athlete_form.cfm?CFID=f0a9eef2-d2bd-406c-8e8e-00f60b1ab811&CFTOKEN=0 HTTP/1.1" 301 - "-" "Mozilla/5.0 (compatible; DotBot/1.2; +https://opensiteexplorer.org/dotbot; help@moz.com)"
173.231.200.77 - - [02/Sep/2026:08:18:26 -0700] "POST /wp-cron.php?doing_wp_cron=1788362306.2303559780120849609375 HTTP/1.1" 200 - "-" "WordPress/7.1; https://usaigc.com"
41.155.52.80 - - [02/Sep/2026:08:18:26 -0700] "POST /xmlrpc.php HTTP/1.1" 200 403 "-" "Jetpack by WordPress.com (Jetpack 12.5; WordPress 6.2)"
41.155.52.80 - - [02/Sep/2026:08:18:36 -0700] "POST /xmlrpc.php HTTP/1.1" 200 403 "-" "Jetpack by WordPress.com"
216.244.66.236 - - [02/Sep/2026:08:18:39 -0700] "GET /athlete_form.cfm?CFID=f110f0b9-40d8-4d58-9b44-dc56addeaf5e&CFTOKEN=0 HTTP/1.1" 301 - "-" "Mozilla/5.0 (compatible; DotBot/1.2; +https://opensiteexplorer.org/dotbot; help@moz.com)"
41.155.52.80 - - [02/Sep/2026:08:18:47 -0700] "POST /xmlrpc.php HTTP/1.1" 200 403 "-" "WordPress.com; https://wordpress.com"
41.155.52.80 - - [02/Sep/2026:08:18:57 -0700] "POST /xmlrpc.php HTTP/1.1" 200 403 "-" "Jetpack by WordPress.com (Jetpack 12.5; WordPress 6.3)"
216.244.66.236 - - [02/Sep/2026:08:19:00 -0700] "GET /athlete_form.cfm?CFID=f11d4571-7eb6-47b3-bbbc-3c67f5f9dbcb&CFTOKEN=0 HTTP/1.1" 301 - "-" "Mozilla/5.0 (compatible; DotBot/1.2; +https://opensiteexplorer.org/dotbot; help@moz.com)"
41.155.52.80 - - [02/Sep/2026:08:19:08 -0700] "POST /xmlrpc.php HTTP/1.1" 200 403 "-" "Jetpack/12.0; WordPress/6.2; http://site52192722.com"
216.244.66.236 - - [02/Sep/2026:08:19:15 -0700] "GET /athlete_form.cfm?CFID=f1311efc-081a-436e-b230-f3ec3ef5dfa8&CFTOKEN=0 HTTP/1.1" 301 - "-" "Mozilla/5.0 (compatible; DotBot/1.2; +https://opensiteexplorer.org/dotbot; help@moz.com)"
41.155.52.80 - - [02/Sep/2026:08:19:19 -0700] "POST /xmlrpc.php HTTP/1.1" 200 403 "-" "Jetpack by WordPress.com"
173.231.200.77 - - [02/Sep/2026:08:19:29 -0700] "POST /wp-cron.php?doing_wp_cron=1788362369.9593720436096191406250 HTTP/1.1" 200 - "-" "WordPress/7.1; https://usaigc.com"
41.155.52.80 - - [02/Sep/2026:08:19:29 -0700] "POST /xmlrpc.php HTTP/1.1" 200 403 "-" "Jetpack by WordPress.com (Jetpack 12.0; WordPress 6.2)"
216.244.66.236 - - [02/Sep/2026:08:19:31 -0700] "GET /athlete_form.cfm?CFID=f1567b23-8543-4242-bdd7-f29a7e139123&CFTOKEN=0 HTTP/1.1" 301 - "-" "Mozilla/5.0 (compatible; DotBot/1.2; +https://opensiteexplorer.org/dotbot; help@moz.com)"
41.155.52.80 - - [02/Sep/2026:08:19:40 -0700] "POST /xmlrpc.php HTTP/1.1" 200 403 "-" "Jetpack/12.1; WordPress/6.4; http://site97160048.com"
216.244.66.236 - - [02/Sep/2026:08:19:45 -0700] "GET /athlete_form.cfm?CFID=f15f3ed2-bc90-40f0-80bc-1ac584f49e04&CFTOKEN=0 HTTP/1.1" 301 - "-" "Mozilla/5.0 (compatible; DotBot/1.2; +https://opensiteexplorer.org/dotbot; help@moz.com)"
41.155.52.80 - - [02/Sep/2026:08:19:51 -0700] "POST /xmlrpc.php HTTP/1.1" 200 403 "-" "Jetpack/13.0; WordPress/6.4; http://site22719663.com"
41.155.52.80 - - [02/Sep/2026:08:20:01 -0700] "POST /xmlrpc.php HTTP/1.1" 200 403 "-" "Jetpack/12.0; WordPress/6.3; http://site78705527.com"
216.244.66.236 - - [02/Sep/2026:08:20:02 -0700] "GET /athlete_form.cfm?CFID=f1648ecc-a0a5-4109-9b40-5f3767520321&CFTOKEN=0 HTTP/1.1" 301 - "-" "Mozilla/5.0 (compatible; DotBot/1.2; +https://opensiteexplorer.org/dotbot; help@moz.com)"
41.155.52.80 - - [02/Sep/2026:08:20:12 -0700] "POST /xmlrpc.php HTTP/1.1" 200 403 "-" "Jetpack by WordPress.com"
216.244.66.236 - - [02/Sep/2026:08:20:17 -0700] "GET /athlete_form.cfm?CFID=f1857dc5-f2b2-4e58-908f-8ab7181827d5&CFTOKEN=0 HTTP/1.1" 301 - "-" "Mozilla/5.0 (compatible; DotBot/1.2; +https://opensiteexplorer.org/dotbot; help@moz.com)"
173.231.200.77 - - [02/Sep/2026:08:20:23 -0700] "POST /wp-cron.php?doing_wp_cron=1788362423.3761520385742187500000 HTTP/1.1" 200 - "-" "WordPress/7.1; https://usaigc.com"
41.155.52.80 - - [02/Sep/2026:08:20:23 -0700] "POST /xmlrpc.php HTTP/1.1" 200 403 "-" "Jetpack/13.0; WordPress/6.3; http://site36530801.com"
216.244.66.236 - - [02/Sep/2026:08:20:32 -0700] "GET /athlete_form.cfm?CFID=f1b3f624-34c0-430a-9db3-85d1612ae4c4&CFTOKEN=0 HTTP/1.1" 301 - "-" "Mozilla/5.0 (compatible; DotBot/1.2; +https://opensiteexplorer.org/dotbot; help@moz.com)"
41.155.52.80 - - [02/Sep/2026:08:20:33 -0700] "POST /xmlrpc.php HTTP/1.1" 200 403 "-" "WordPress.com; https://wordpress.com"
173.231.200.77 - - [02/Sep/2026:08:20:43 -0700] "POST /wp-cron.php?doing_wp_cron=1788362443.9692909717559814453125 HTTP/1.1" 200 - "-" "WordPress/7.1; https://usaigc.com"
216.244.66.236 - - [02/Sep/2026:08:20:43 -0700] "GET /athlete_form.cfm?CFID=f1d2afed-20fc-40bd-b488-10c1710c19b0&CFTOKEN=0 HTTP/1.1" 301 - "-" "Mozilla/5.0 (compatible; DotBot/1.2; +https://opensiteexplorer.org/dotbot; help@moz.com)"
41.155.52.80 - - [02/Sep/2026:08:20:44 -0700] "POST /xmlrpc.php HTTP/1.1" 200 403 "-" "WordPress.com; https://wordpress.com"
41.155.52.80 - - [02/Sep/2026:08:20:55 -0700] "POST /xmlrpc.php HTTP/1.1" 200 403 "-" "WordPress.com; https://wordpress.com"
216.244.66.236 - - [02/Sep/2026:08:20:55 -0700] "GET /athlete_form.cfm?CFID=f1db1b58-85eb-4975-99ef-c90d265bc111&CFTOKEN=0 HTTP/1.1" 301 - "-" "Mozilla/5.0 (compatible; DotBot/1.2; +https://opensiteexplorer.org/dotbot; help@moz.com)"
41.155.52.80 - - [02/Sep/2026:08:21:05 -0700] "POST /xmlrpc.php HTTP/1.1" 200 403 "-" "Jetpack/12.1; WordPress/6.1; http://site74408018.com"
216.244.66.236 - - [02/Sep/2026:08:21:05 -0700] "GET /athlete_form.cfm?CFID=f1dcab2c-c74b-4876-b699-fdd0ed6806bf&CFTOKEN=0 HTTP/1.1" 301 - "-" "Mozilla/5.0 (compatible; DotBot/1.2; +https://opensiteexplorer.org/dotbot; help@moz.com)"
216.244.66.236 - - [02/Sep/2026:08:21:15 -0700] "GET /athlete_form.cfm?CFID=f203f68f-522b-4674-8b0e-fba75365e909&CFTOKEN=0 HTTP/1.1" 301 - "-" "Mozilla/5.0 (compatible; DotBot/1.2; +https://opensiteexplorer.org/dotbot; help@moz.com)"
41.155.52.80 - - [02/Sep/2026:08:21:16 -0700] "POST /xmlrpc.php HTTP/1.1" 200 403 "-" "Jetpack by WordPress.com (Jetpack 12.1; WordPress 6.2)"
173.231.200.77 - - [02/Sep/2026:08:21:23 -0700] "POST /wp-cron.php?doing_wp_cron=1788362483.1830379962921142578125 HTTP/1.1" 200 - "-" "WordPress/7.1; https://usaigc.com"
216.244.66.236 - - [02/Sep/2026:08:21:23 -0700] "GET /athlete_form.cfm?CFID=f213d804-7750-492d-993c-180a427c5e4f&CFTOKEN=0 HTTP/1.1" 301 - "-" "Mozilla/5.0 (compatible; DotBot/1.2; +https://opensiteexplorer.org/dotbot; help@moz.com)"
41.155.52.80 - - [02/Sep/2026:08:21:26 -0700] "POST /xmlrpc.php HTTP/1.1" 200 403 "-" "Jetpack by WordPress.com (Jetpack 13.0; WordPress 6.1)"
216.244.66.236 - - [02/Sep/2026:08:21:30 -0700] "GET /athlete_form.cfm?CFID=f221273b-3b2c-4ccc-bcc7-61ccc28f14a7&CFTOKEN=0 HTTP/1.1" 301 - "-" "Mozilla/5.0 (compatible; DotBot/1.2; +https://opensiteexplorer.org/dotbot; help@moz.com)"
216.244.66.236 - - [02/Sep/2026:08:21:37 -0700] "GET /athlete_form.cfm?CFID=f229bb37-1716-4c00-8bcc-8e41ee70d844&CFTOKEN=0 HTTP/1.1" 301 - "-" "Mozilla/5.0 (compatible; DotBot/1.2; +https://opensiteexplorer.org/dotbot; help@moz.com)"
41.155.52.80 - - [02/Sep/2026:08:21:37 -0700] "POST /xmlrpc.php HTTP/1.1" 200 403 "-" "Jetpack/13.0; WordPress/6.1; http://site35495507.com"
216.244.66.236 - - [02/Sep/2026:08:21:46 -0700] "GET /athlete_form.cfm?CFID=f22b1d6b-7b1c-41ff-a4cb-d9153e301525&CFTOKEN=0 HTTP/1.1" 301 - "-" "Mozilla/5.0 (compatible; DotBot/1.2; +https://opensiteexplorer.org/dotbot; help@moz.com)"
41.155.52.80 - - [02/Sep/2026:08:21:48 -0700] "POST /xmlrpc.php HTTP/1.1" 200 403 "-" "Jetpack/13.0; WordPress/6.3; http://site98091298.com"
216.244.66.236 - - [02/Sep/2026:08:21:54 -0700] "GET /athlete_form.cfm?CFID=f22c3ad1-9279-4cba-a301-56e5f648f308&CFTOKEN=0 HTTP/1.1" 301 - "-" "Mozilla/5.0 (compatible; DotBot/1.2; +https://opensiteexplorer.org/dotbot; help@moz.com)"
41.155.52.80 - - [02/Sep/2026:08:21:58 -0700] "POST /xmlrpc.php HTTP/1.1" 200 403 "-" "Jetpack by WordPress.com (Jetpack 12.5; WordPress 6.4)"
216.244.66.236 - - [02/Sep/2026:08:22:00 -0700] "GET /athlete_form.cfm?CFID=f233f0c5-5e9e-4eb5-ac1c-33ab3de44bf7&CFTOKEN=0 HTTP/1.1" 301 - "-" "Mozilla/5.0 (compatible; DotBot/1.2; +https://opensiteexplorer.org/dotbot; help@moz.com)"
216.244.66.236 - - [02/Sep/2026:08:22:05 -0700] "GET /athlete_form.cfm?CFID=f283d42d-fe4e-47ad-b184-841dbc946341&CFTOKEN=0 HTTP/1.1" 301 - "-" "Mozilla/5.0 (compatible; DotBot/1.2; +https://opensiteexplorer.org/dotbot; help@moz.com)"
41.155.52.80 - - [02/Sep/2026:08:22:09 -0700] "POST /xmlrpc.php HTTP/1.1" 200 403 "-" "Jetpack by WordPress.com (Jetpack 12.0; WordPress 6.2)"
216.244.66.236 - - [02/Sep/2026:08:22:12 -0700] "GET /athlete_form.cfm?CFID=f2869704-6828-4399-a443-15a2c7b1c8e8&CFTOKEN=0 HTTP/1.1" 301 - "-" "Mozilla/5.0 (compatible; DotBot/1.2; +https://opensiteexplorer.org/dotbot; help@moz.com)"
41.155.52.80 - - [02/Sep/2026:08:22:20 -0700] "POST /xmlrpc.php HTTP/1.1" 200 403 "-" "Jetpack by WordPress.com"
173.231.200.77 - - [02/Sep/2026:08:22:21 -0700] "POST /wp-cron.php?doing_wp_cron=1788362541.5875968933105468750000 HTTP/1.1" 200 - "-" "WordPress/7.1; https://usaigc.com"
216.244.66.236 - - [02/Sep/2026:08:22:21 -0700] "GET /athlete_form.cfm?CFID=f2962489-0bf2-4be8-a25f-bae996d0fbaa&CFTOKEN=0 HTTP/1.1" 301 - "-" "Mozilla/5.0 (compatible; DotBot/1.2; +https://opensiteexplorer.org/dotbot; help@moz.com)"
216.244.66.236 - - [02/Sep/2026:08:22:28 -0700] "GET /athlete_form.cfm?CFID=f2a5d174-786e-4827-b1cc-47ee8de2416b&CFTOKEN=0 HTTP/1.1" 301 - "-" "Mozilla/5.0 (compatible; DotBot/1.2; +https://opensiteexplorer.org/dotbot; help@moz.com)"
41.155.52.80 - - [02/Sep/2026:08:22:30 -0700] "POST /xmlrpc.php HTTP/1.1" 200 403 "-" "WordPress.com; https://wordpress.com"
41.155.52.80 - - [02/Sep/2026:08:22:41 -0700] "POST /xmlrpc.php HTTP/1.1" 200 403 "-" "Jetpack by WordPress.com (Jetpack 13.0; WordPress 6.3)"
41.155.52.80 - - [02/Sep/2026:08:22:51 -0700] "POST /xmlrpc.php HTTP/1.1" 200 403 "-" "WordPress.com; https://wordpress.com"
216.244.66.236 - - [02/Sep/2026:08:22:59 -0700] "GET /athlete_form.cfm?CFID=f2be3877-72a0-46e7-a983-cc197d6087c5&CFTOKEN=0 HTTP/1.1" 301 - "-" "Mozilla/5.0 (compatible; DotBot/1.2; +https://opensiteexplorer.org/dotbot; help@moz.com)"
41.155.52.80 - - [02/Sep/2026:08:23:02 -0700] "POST /xmlrpc.php HTTP/1.1" 200 403 "-" "Jetpack/12.0; WordPress/6.1; http://site50541700.com"
216.244.66.236 - - [02/Sep/2026:08:23:12 -0700] "GET /athlete_form.cfm?CFID=f2ce33a8-43c6-4620-9046-90dfe13a01af&CFTOKEN=0 HTTP/1.1" 301 - "-" "Mozilla/5.0 (compatible; DotBot/1.2; +https://opensiteexplorer.org/dotbot; help@moz.com)"
41.155.52.80 - - [02/Sep/2026:08:23:13 -0700] "POST /xmlrpc.php HTTP/1.1" 200 403 "-" "Jetpack by WordPress.com (Jetpack 12.5; WordPress 6.1)"
173.231.200.77 - - [02/Sep/2026:08:23:23 -0700] "POST /wp-cron.php?doing_wp_cron=1788362603.9486060142517089843750 HTTP/1.1" 200 - "-" "WordPress/7.1; https://usaigc.com"
41.155.52.80 - - [02/Sep/2026:08:23:23 -0700] "POST /xmlrpc.php HTTP/1.1" 200 403 "-" "Jetpack by WordPress.com (Jetpack 12.1; WordPress 6.2)"
216.244.66.236 - - [02/Sep/2026:08:23:24 -0700] "GET /athlete_form.cfm?CFID=f2d476a9-aa19-47d9-a7b9-07633cc41744&CFTOKEN=0 HTTP/1.1" 301 - "-" "Mozilla/5.0 (compatible; DotBot/1.2; +https://opensiteexplorer.org/dotbot; help@moz.com)"
41.155.52.80 - - [02/Sep/2026:08:23:34 -0700] "POST /xmlrpc.php HTTP/1.1" 200 403 "-" "Jetpack/12.5; WordPress/6.2; http://site47743385.com"
216.244.66.236 - - [02/Sep/2026:08:23:36 -0700] "GET /athlete_form.cfm?CFID=f2e24040-075b-4b80-8606-b82ab45d80f2&CFTOKEN=0 HTTP/1.1" 301 - "-" "Mozilla/5.0 (compatible; DotBot/1.2; +https://opensiteexplorer.org/dotbot; help@moz.com)"
41.155.52.80 - - [02/Sep/2026:08:23:45 -0700] "POST /xmlrpc.php HTTP/1.1" 200 403 "-" "Jetpack/12.0; WordPress/6.4; http://site53513832.com"
216.244.66.236 - - [02/Sep/2026:08:23:45 -0700] "GET /athlete_form.cfm?CFID=f30368b2-14a2-4676-b6a3-1ee4dea6327e&CFTOKEN=0 HTTP/1.1" 301 - "-" "Mozilla/5.0 (compatible; DotBot/1.2; +https://opensiteexplorer.org/dotbot; help@moz.com)"
216.244.66.236 - - [02/Sep/2026:08:23:55 -0700] "GET /athlete_form.cfm?CFID=f3061b11-6e2f-451b-bb86-895f58173465&CFTOKEN=0 HTTP/1.1" 301 - "-" "Mozilla/5.0 (compatible; DotBot/1.2; +https://opensiteexplorer.org/dotbot; help@moz.com)"
41.155.52.80 - - [02/Sep/2026:08:23:55 -0700] "POST /xmlrpc.php HTTP/1.1" 200 403 "-" "WordPress.com; https://wordpress.com"
216.244.66.236 - - [02/Sep/2026:08:24:01 -0700] "GET /athlete_form.cfm?CFID=f334d5d4-852b-40db-948b-d1a023d0d0a8&CFTOKEN=0 HTTP/1.1" 301 - "-" "Mozilla/5.0 (compatible; DotBot/1.2; +https://opensiteexplorer.org/dotbot; help@moz.com)"
41.155.52.80 - - [02/Sep/2026:08:24:06 -0700] "POST /xmlrpc.php HTTP/1.1" 200 403 "-" "WordPress.com; https://wordpress.com"
216.244.66.236 - - [02/Sep/2026:08:24:09 -0700] "GET /athlete_form.cfm?CFID=f3436455-3de1-48b7-a872-64797d870bd5&CFTOKEN=0 HTTP/1.1" 301 - "-" "Mozilla/5.0 (compatible; DotBot/1.2; +https://opensiteexplorer.org/dotbot; help@moz.com)"
100.59.16.62 - - [02/Sep/2026:08:24:14 -0700] "GET / HTTP/1.1" 301 - "-" "Mozilla/5.0 (Windows NT 10.0; Win64; x64) AppleWebKit/537.36 (KHTML, like Gecko) Chrome/144.0.0.0 Safari/537.36"
100.59.16.62 - - [02/Sep/2026:08:24:14 -0700] "GET / HTTP/1.1" 200 131156 "-" "Mozilla/5.0 (Macintosh; Intel Mac OS X 10_15_7) AppleWebKit/537.36 (KHTML, like Gecko) Chrome/140.0.0.0 newsai/1.0 Safari/537.36"
216.244.66.236 - - [02/Sep/2026:08:24:15 -0700] "GET /athlete_form.cfm?CFID=f3559e27-d894-4fc4-9e94-4e73ac174d9f&CFTOKEN=0 HTTP/1.1" 301 - "-" "Mozilla/5.0 (compatible; DotBot/1.2; +https://opensiteexplorer.org/dotbot; help@moz.com)"
100.59.16.62 - - [02/Sep/2026:08:24:15 -0700] "GET / HTTP/1.1" 200 131156 "-" "Mozilla/5.0 (Windows NT 10.0; Win64; x64) AppleWebKit/537.36 (KHTML, like Gecko) Chrome/144.0.0.0 Safari/537.36"
41.155.52.80 - - [02/Sep/2026:08:24:16 -0700] "POST /xmlrpc.php HTTP/1.1" 200 403 "-" "Jetpack/12.1; WordPress/6.3; http://site36130749.com"
216.244.66.236 - - [02/Sep/2026:08:24:19 -0700] "GET /athlete_form.cfm?CFID=f3569006-db87-4424-a2e4-cbd962c0e693&CFTOKEN=0 HTTP/1.1" 301 - "-" "Mozilla/5.0 (compatible; DotBot/1.2; +https://opensiteexplorer.org/dotbot; help@moz.com)"
173.231.200.77 - - [02/Sep/2026:08:24:27 -0700] "POST /wp-cron.php?doing_wp_cron=1788362667.6717450618743896484375 HTTP/1.1" 200 - "-" "WordPress/7.1; https://usaigc.com"
41.155.52.80 - - [02/Sep/2026:08:24:27 -0700] "POST /xmlrpc.php HTTP/1.1" 200 403 "-" "WordPress.com; https://wordpress.com"
216.244.66.236 - - [02/Sep/2026:08:24:29 -0700] "GET /athlete_form.cfm?CFID=f37bcd9f-a4df-4169-b6be-98a9c15025d0&CFTOKEN=0 HTTP/1.1" 301 - "-" "Mozilla/5.0 (compatible; DotBot/1.2; +https://opensiteexplorer.org/dotbot; help@moz.com)"
