216.244.66.236 - - [02/Sep/2026:11:44:20 -0700] "GET /athlete_form.cfm?CFID=7591bd17-a693-411d-8db4-7b1ed2096b0f&CFTOKEN=0 HTTP/1.1" 301 - "-" "Mozilla/5.0 (compatible; DotBot/1.2; +https://opensiteexplorer.org/dotbot; help@moz.com)"
216.244.66.236 - - [02/Sep/2026:11:44:20 -0700] "GET /athlete_form.cfm?CFID=7594a198-8d47-43ab-b93b-3caeacbc4bd4&CFTOKEN=0 HTTP/1.1" 301 - "-" "Mozilla/5.0 (compatible; DotBot/1.2; +https://opensiteexplorer.org/dotbot; help@moz.com)"
173.231.200.77 - - [02/Sep/2026:11:44:23 -0700] "POST /wp-cron.php?doing_wp_cron=1788374663.4442379474639892578125 HTTP/1.1" 200 - "-" "WordPress/7.1; https://usaigc.com"
216.244.66.236 - - [02/Sep/2026:11:44:23 -0700] "GET /athlete_form.cfm?CFID=75953fb1-8c69-43e7-a4fe-4d5a15a9d10f&CFTOKEN=0 HTTP/1.1" 301 - "-" "Mozilla/5.0 (compatible; DotBot/1.2; +https://opensiteexplorer.org/dotbot; help@moz.com)"
216.244.66.236 - - [02/Sep/2026:11:44:27 -0700] "GET /athlete_form.cfm?CFID=759686a1-09bb-49aa-870e-a018d0d75336&CFTOKEN=0 HTTP/1.1" 301 - "-" "Mozilla/5.0 (compatible; DotBot/1.2; +https://opensiteexplorer.org/dotbot; help@moz.com)"
216.244.66.236 - - [02/Sep/2026:11:44:31 -0700] "GET /athlete_form.cfm?CFID=75a41e9e-aa6f-43d6-96b7-dd472165e9d8&CFTOKEN=0 HTTP/1.1" 301 - "-" "Mozilla/5.0 (compatible; DotBot/1.2; +https://opensiteexplorer.org/dotbot; help@moz.com)"
216.244.66.236 - - [02/Sep/2026:11:44:34 -0700] "GET /athlete_form.cfm?CFID=75ada522-73a2-4df9-9cd8-6fe28d076bd7&CFTOKEN=0 HTTP/1.1" 301 - "-" "Mozilla/5.0 (compatible; DotBot/1.2; +https://opensiteexplorer.org/dotbot; help@moz.com)"
216.244.66.236 - - [02/Sep/2026:11:44:37 -0700] "GET /athlete_form.cfm?CFID=75b2f58f-cd63-47d3-9a49-b59f5fc8ceaa&CFTOKEN=0 HTTP/1.1" 301 - "-" "Mozilla/5.0 (compatible; DotBot/1.2; +https://opensiteexplorer.org/dotbot; help@moz.com)"
216.244.66.236 - - [02/Sep/2026:11:44:39 -0700] "GET /athlete_form.cfm?CFID=75c9ae9e-cc31-4065-af30-da7c46995a8d&CFTOKEN=0 HTTP/1.1" 301 - "-" "Mozilla/5.0 (compatible; DotBot/1.2; +https://opensiteexplorer.org/dotbot; help@moz.com)"
216.244.66.236 - - [02/Sep/2026:11:44:41 -0700] "GET /athlete_form.cfm?CFID=75cf5f23-7797-4776-876d-8a3cccc43344&CFTOKEN=0 HTTP/1.1" 301 - "-" "Mozilla/5.0 (compatible; DotBot/1.2; +https://opensiteexplorer.org/dotbot; help@moz.com)"
216.244.66.236 - - [02/Sep/2026:11:44:43 -0700] "GET /athlete_form.cfm?CFID=75d77363-5b0e-471a-abcc-3f5f5ee7b103&CFTOKEN=0 HTTP/1.1" 301 - "-" "Mozilla/5.0 (compatible; DotBot/1.2; +https://opensiteexplorer.org/dotbot; help@moz.com)"
216.244.66.236 - - [02/Sep/2026:11:44:45 -0700] "GET /athlete_form.cfm?CFID=75d7bc9f-a032-44f6-afd3-698ba2b70ba0&CFTOKEN=0 HTTP/1.1" 301 - "-" "Mozilla/5.0 (compatible; DotBot/1.2; +https://opensiteexplorer.org/dotbot; help@moz.com)"
216.244.66.236 - - [02/Sep/2026:11:44:47 -0700] "GET /athlete_form.cfm?CFID=75e5f4ae-3248-414b-8310-cbfe8fc1e2f7&CFTOKEN=0 HTTP/1.1" 301 - "-" "Mozilla/5.0 (compatible; DotBot/1.2; +https://opensiteexplorer.org/dotbot; help@moz.com)"
216.244.66.236 - - [02/Sep/2026:11:44:48 -0700] "GET /athlete_form.cfm?CFID=75e78d2b-a153-4796-8e2f-0e00cf0d7843&CFTOKEN=0 HTTP/1.1" 301 - "-" "Mozilla/5.0 (compatible; DotBot/1.2; +https://opensiteexplorer.org/dotbot; help@moz.com)"
216.244.66.236 - - [02/Sep/2026:11:44:56 -0700] "GET /athlete_form.cfm?CFID=75f6cb0f-3857-45ce-b415-6865b267539a&CFTOKEN=0 HTTP/1.1" 301 - "-" "Mozilla/5.0 (compatible; DotBot/1.2; +https://opensiteexplorer.org/dotbot; help@moz.com)"
216.73.216.77 - - [02/Sep/2026:11:45:12 -0700] "GET /sitemap.rss HTTP/2.0" 200 14383 "-" "Mozilla/5.0 AppleWebKit/537.36 (KHTML, like Gecko; compatible; ClaudeBot/1.0; +claudebot@anthropic.com)"
173.231.200.77 - - [02/Sep/2026:11:45:27 -0700] "POST /wp-cron.php?doing_wp_cron=1788374727.6202259063720703125000 HTTP/1.1" 200 - "-" "WordPress/7.1; https://usaigc.com"
216.244.66.236 - - [02/Sep/2026:11:45:27 -0700] "GET /athlete_form.cfm?CFID=760ffe6f-1817-44ef-8ee8-9b89555535d8&CFTOKEN=0 HTTP/1.1" 301 - "-" "Mozilla/5.0 (compatible; DotBot/1.2; +https://opensiteexplorer.org/dotbot; help@moz.com)"
216.244.66.236 - - [02/Sep/2026:11:45:56 -0700] "GET /athlete_form.cfm?CFID=761eb3de-7f96-46d6-8552-1459c4bdd36e&CFTOKEN=0 HTTP/1.1" 301 - "-" "Mozilla/5.0 (compatible; DotBot/1.2; +https://opensiteexplorer.org/dotbot; help@moz.com)"
173.231.200.77 - - [02/Sep/2026:11:46:25 -0700] "POST /wp-cron.php?doing_wp_cron=1788374785.7450110912322998046875 HTTP/1.1" 200 - "-" "WordPress/7.1; https://usaigc.com"
216.244.66.236 - - [02/Sep/2026:11:46:25 -0700] "GET /athlete_form.cfm?CFID=76302831-277c-4f74-9444-f718d8c39c84&CFTOKEN=0 HTTP/1.1" 301 - "-" "Mozilla/5.0 (compatible; DotBot/1.2; +https://opensiteexplorer.org/dotbot; help@moz.com)"
216.244.66.236 - - [02/Sep/2026:11:46:52 -0700] "GET /athlete_form.cfm?CFID=7648556d-f1bf-48b3-beed-39373cfb901c&CFTOKEN=0 HTTP/1.1" 301 - "-" "Mozilla/5.0 (compatible; DotBot/1.2; +https://opensiteexplorer.org/dotbot; help@moz.com)"
31.186.13.166 - - [02/Sep/2026:11:47:09 -0700] "GET / HTTP/1.1" 200 131156 "-" "Mozilla/5.0 (Windows NT 10.0; Win64; x64) AppleWebKit/537.36"
216.244.66.236 - - [02/Sep/2026:11:47:19 -0700] "GET /athlete_form.cfm?CFID=765f8f1f-dfeb-40fa-8459-afb30d0ced16&CFTOKEN=0 HTTP/1.1" 301 - "-" "Mozilla/5.0 (compatible; DotBot/1.2; +https://opensiteexplorer.org/dotbot; help@moz.com)"
173.231.200.77 - - [02/Sep/2026:11:47:30 -0700] "POST /wp-cron.php?doing_wp_cron=1788374850.8016800880432128906250 HTTP/1.1" 200 - "-" "WordPress/7.1; https://usaigc.com"
78.47.42.23 - - [02/Sep/2026:11:47:30 -0700] "GET /sitemap_index.xml HTTP/1.1" 302 - "-" "Mozilla/5.0 (Windows NT 10.0; Win64; x64) AppleWebKit/537.36 (KHTML, like Gecko) Chrome/135.0.0.0 Safari/537.36"
78.47.42.23 - - [02/Sep/2026:11:47:31 -0700] "GET /sitemap.xml HTTP/1.1" 200 800 "-" "Mozilla/5.0 (Windows NT 10.0; Win64; x64) AppleWebKit/537.36 (KHTML, like Gecko) Chrome/135.0.0.0 Safari/537.36"
78.47.42.23 - - [02/Sep/2026:11:47:31 -0700] "GET /post-sitemap.xml HTTP/1.1" 200 3841 "-" "Mozilla/5.0 (Linux; Android 8.0; Pixel 2 Build/OPD3.170816.012) AppleWebKit/537.36 (KHTML, like Gecko) Chrome/41.0.9357.1350 Mobile Safari/537.36"
216.244.66.236 - - [02/Sep/2026:11:47:44 -0700] "GET /athlete_form.cfm?CFID=7660114c-5d28-49a8-a492-6c929a6a76ac&CFTOKEN=0 HTTP/1.1" 301 - "-" "Mozilla/5.0 (compatible; DotBot/1.2; +https://opensiteexplorer.org/dotbot; help@moz.com)"
57.141.18.18 - - [02/Sep/2026:11:47:50 -0700] "GET /wp-content/uploads/2023/12/usaigc-chart-2023-2024-COPPER-THRU-GOLD-updated-SEPT-26-2023-1.pdf HTTP/2.0" 200 725464 "-" "Mozilla/5.0 (Windows NT 10.0; Win64; x64) AppleWebKit/537.36 (KHTML, like Gecko) Chrome/145.0.0.0 Safari/537.36 (compatible; meta-webindexer/1.1 (+https://developers.facebook.com/docs/sharing/webmasters/crawler))"
216.244.66.236 - - [02/Sep/2026:11:48:09 -0700] "GET /athlete_form.cfm?CFID=7664f9e5-abb4-4eb0-964d-252cc294f5ce&CFTOKEN=0 HTTP/1.1" 301 - "-" "Mozilla/5.0 (compatible; DotBot/1.2; +https://opensiteexplorer.org/dotbot; help@moz.com)"
173.231.200.77 - - [02/Sep/2026:11:48:32 -0700] "POST /wp-cron.php?doing_wp_cron=1788374912.6502718925476074218750 HTTP/1.1" 200 - "-" "WordPress/7.1; https://usaigc.com"
216.244.66.236 - - [02/Sep/2026:11:48:32 -0700] "GET /athlete_form.cfm?CFID=768b48c0-8380-4bd7-8ab5-7f9afeafb850&CFTOKEN=0 HTTP/1.1" 301 - "-" "Mozilla/5.0 (compatible; DotBot/1.2; +https://opensiteexplorer.org/dotbot; help@moz.com)"
216.244.66.236 - - [02/Sep/2026:11:48:55 -0700] "GET /athlete_form.cfm?CFID=768fa4bd-af5c-43bc-baca-cc0f5ae75d42&CFTOKEN=0 HTTP/1.1" 301 - "-" "Mozilla/5.0 (compatible; DotBot/1.2; +https://opensiteexplorer.org/dotbot; help@moz.com)"
216.244.66.236 - - [02/Sep/2026:11:49:16 -0700] "GET /athlete_form.cfm?CFID=769f4bbb-e269-4cba-93d6-d045ddfbb836&CFTOKEN=0 HTTP/1.1" 301 - "-" "Mozilla/5.0 (compatible; DotBot/1.2; +https://opensiteexplorer.org/dotbot; help@moz.com)"
173.231.200.77 - - [02/Sep/2026:11:49:36 -0700] "POST /wp-cron.php?doing_wp_cron=1788374976.8456580638885498046875 HTTP/1.1" 200 - "-" "WordPress/7.1; https://usaigc.com"
216.244.66.236 - - [02/Sep/2026:11:49:36 -0700] "GET /athlete_form.cfm?CFID=76a881d3-d9e7-4363-b6bf-6bfa55cb7e18&CFTOKEN=0 HTTP/1.1" 301 - "-" "Mozilla/5.0 (compatible; DotBot/1.2; +https://opensiteexplorer.org/dotbot; help@moz.com)"
216.244.66.236 - - [02/Sep/2026:11:49:56 -0700] "GET /athlete_form.cfm?CFID=76cae1f7-0f14-4499-9ffd-5914c9bfc368&CFTOKEN=0 HTTP/1.1" 301 - "-" "Mozilla/5.0 (compatible; DotBot/1.2; +https://opensiteexplorer.org/dotbot; help@moz.com)"
216.244.66.236 - - [02/Sep/2026:11:50:14 -0700] "GET /athlete_form.cfm?CFID=76d037dd-0aae-4bba-9a05-c6e4fbbdf11f&CFTOKEN=0 HTTP/1.1" 301 - "-" "Mozilla/5.0 (compatible; DotBot/1.2; +https://opensiteexplorer.org/dotbot; help@moz.com)"
173.231.200.77 - - [02/Sep/2026:11:50:31 -0700] "POST /wp-cron.php?doing_wp_cron=1788375031.8187088966369628906250 HTTP/1.1" 200 - "-" "WordPress/7.1; https://usaigc.com"
216.244.66.236 - - [02/Sep/2026:11:50:31 -0700] "GET /athlete_form.cfm?CFID=76d6b2a4-589c-430c-8697-1cf2a93b182f&CFTOKEN=0 HTTP/1.1" 301 - "-" "Mozilla/5.0 (compatible; DotBot/1.2; +https://opensiteexplorer.org/dotbot; help@moz.com)"
216.244.66.236 - - [02/Sep/2026:11:50:47 -0700] "GET /athlete_form.cfm?CFID=76dd4892-507e-4872-b295-a79e5a98e685&CFTOKEN=0 HTTP/1.1" 301 - "-" "Mozilla/5.0 (compatible; DotBot/1.2; +https://opensiteexplorer.org/dotbot; help@moz.com)"
69.114.240.98 - - [02/Sep/2026:11:51:07 -0700] "GET / HTTP/2.0" 200 131156 "-" "Mozilla/5.0 (iPhone; CPU iPhone OS 18_7 like Mac OS X) AppleWebKit/605.1.15 (KHTML, like Gecko) Version/26.6.1 Mobile/15E148 Safari/604.1"
69.114.240.98 - - [02/Sep/2026:11:51:08 -0700] "GET /wp-content/uploads/hummingbird-assets/643adc03774cdb087b0ad109bcf87eea.css HTTP/2.0" 200 21084 "https://usaigc.com/" "Mozilla/5.0 (iPhone; CPU iPhone OS 18_7 like Mac OS X) AppleWebKit/605.1.15 (KHTML, like Gecko) Version/26.6.1 Mobile/15E148 Safari/604.1"
69.114.240.98 - - [02/Sep/2026:11:51:08 -0700] "GET /wp-content/uploads/hummingbird-assets/2ab2ba5f7f136571c5f6707948e9760f.css HTTP/2.0" 200 24769 "https://usaigc.com/" "Mozilla/5.0 (iPhone; CPU iPhone OS 18_7 like Mac OS X) AppleWebKit/605.1.15 (KHTML, like Gecko) Version/26.6.1 Mobile/15E148 Safari/604.1"
69.114.240.98 - - [02/Sep/2026:11:51:08 -0700] "GET /wp-content/plugins/instagram-feed/css/sbi-styles.min.css HTTP/2.0" 200 46555 "https://usaigc.com/" "Mozilla/5.0 (iPhone; CPU iPhone OS 18_7 like Mac OS X) AppleWebKit/605.1.15 (KHTML, like Gecko) Version/26.6.1 Mobile/15E148 Safari/604.1"
69.114.240.98 - - [02/Sep/2026:11:51:08 -0700] "GET /wp-content/uploads/elementor/css/post-11.css HTTP/2.0" 200 54362 "https://usaigc.com/" "Mozilla/5.0 (iPhone; CPU iPhone OS 18_7 like Mac OS X) AppleWebKit/605.1.15 (KHTML, like Gecko) Version/26.6.1 Mobile/15E148 Safari/604.1"
69.114.240.98 - - [02/Sep/2026:11:51:08 -0700] "GET /wp-content/uploads/hummingbird-assets/49cdf6bbd09e930c7fbd2377304dfc4e.css HTTP/2.0" 200 259089 "https://usaigc.com/" "Mozilla/5.0 (iPhone; CPU iPhone OS 18_7 like Mac OS X) AppleWebKit/605.1.15 (KHTML, like Gecko) Version/26.6.1 Mobile/15E148 Safari/604.1"
69.114.240.98 - - [02/Sep/2026:11:51:08 -0700] "GET /wp-content/uploads/hummingbird-assets/b4af289e0ca1ead096a59d802fe8b520.css HTTP/2.0" 200 310020 "https://usaigc.com/" "Mozilla/5.0 (iPhone; CPU iPhone OS 18_7 like Mac OS X) AppleWebKit/605.1.15 (KHTML, like Gecko) Version/26.6.1 Mobile/15E148 Safari/604.1"
69.114.240.98 - - [02/Sep/2026:11:51:08 -0700] "GET /wp-content/plugins/elementor/assets/lib/font-awesome/js/v4-shims.min.js HTTP/2.0" 200 15073 "https://usaigc.com/" "Mozilla/5.0 (iPhone; CPU iPhone OS 18_7 like Mac OS X) AppleWebKit/605.1.15 (KHTML, like Gecko) Version/26.6.1 Mobile/15E148 Safari/604.1"
69.114.240.98 - - [02/Sep/2026:11:51:08 -0700] "GET /wp-content/uploads/hummingbird-assets/f2015d7b263362243841ecbb23ab63b8.css HTTP/2.0" 200 37219 "https://usaigc.com/" "Mozilla/5.0 (iPhone; CPU iPhone OS 18_7 like Mac OS X) AppleWebKit/605.1.15 (KHTML, like Gecko) Version/26.6.1 Mobile/15E148 Safari/604.1"
69.114.240.98 - - [02/Sep/2026:11:51:08 -0700] "GET /wp-content/uploads/hummingbird-assets/6c6cd98a6cb254c81a352bc7957ad68a.css HTTP/2.0" 200 61458 "https://usaigc.com/" "Mozilla/5.0 (iPhone; CPU iPhone OS 18_7 like Mac OS X) AppleWebKit/605.1.15 (KHTML, like Gecko) Version/26.6.1 Mobile/15E148 Safari/604.1"
69.114.240.98 - - [02/Sep/2026:11:51:08 -0700] "GET /wp-content/uploads/hummingbird-assets/9a31db504563c009a94bb8252fcec2d0.js HTTP/2.0" 200 101173 "https://usaigc.com/" "Mozilla/5.0 (iPhone; CPU iPhone OS 18_7 like Mac OS X) AppleWebKit/605.1.15 (KHTML, like Gecko) Version/26.6.1 Mobile/15E148 Safari/604.1"
173.231.200.77 - - [02/Sep/2026:11:52:47 -0700] "POST /wp-cron.php?doing_wp_cron=1788375167.8086860179901123046875 HTTP/1.1" 200 - "-" "WordPress/7.1; https://usaigc.com"
34.206.193.60 - - [02/Sep/2026:11:52:47 -0700] "GET /wp-json/wp/v2/pages/14666 HTTP/1.1" 200 14454 "-" "Mozilla/5.0 AppleWebKit/537.36 (KHTML, like Gecko; compatible; Amazonbot/0.1; +https://developer.amazon.com/support/amazonbot) Chrome/119.0.6045.214 Safari/537.36"
112.86.225.171 - - [02/Sep/2026:11:53:48 -0700] "GET /blog/ HTTP/1.1" 200 118042 "-" "Sogou web spider/4.0(+http://www.sogou.com/docs/help/webmasters.htm#07)"
108.4.148.14 - - [02/Sep/2026:11:55:44 -0700] "GET /apple-touch-icon.png HTTP/2.0" 301 - "-" "com.apple.WebKit.Networking/21624.5.1.11.3 Network/5812.160.9 macOS/26.6.2"
173.231.200.77 - - [02/Sep/2026:11:55:44 -0700] "POST /wp-cron.php?doing_wp_cron=1788375344.4193840026855468750000 HTTP/1.1" 200 - "-" "WordPress/7.1; https://usaigc.com"
108.4.148.14 - - [02/Sep/2026:11:55:44 -0700] "GET /competition_world_championship.cfm HTTP/2.0" 301 - "-" "Mozilla/5.0 (Macintosh; Intel Mac OS X 10_11_1) AppleWebKit/601.2.4 (KHTML, like Gecko) Version/9.0.1 Safari/601.2.4 facebookexternalhit/1.1 Facebot Twitterbot/1.0"
108.4.148.14 - - [02/Sep/2026:11:55:44 -0700] "GET /favicon.ico HTTP/2.0" 302 - "-" "com.apple.WebKit.Networking/21624.5.1.11.3 Network/5812.160.9 macOS/26.6.2"
108.4.148.14 - - [02/Sep/2026:11:55:44 -0700] "GET /wp-content/uploads/2023/11/illustration-arrow-right-1.svg HTTP/2.0" 200 334 "-" "com.apple.WebKit.Networking/21624.5.1.11.3 Network/5812.160.9 macOS/26.6.2"
108.4.148.14 - - [02/Sep/2026:11:55:44 -0700] "GET /apple-touch-icon-precomposed.png HTTP/2.0" 301 - "-" "com.apple.WebKit.Networking/21624.5.1.11.3 Network/5812.160.9 macOS/26.6.2"
108.4.148.14 - - [02/Sep/2026:11:55:44 -0700] "GET /apple-touch-icon.png HTTP/2.0" 404 100615 "-" "com.apple.WebKit.Networking/21624.5.1.11.3 Network/5812.160.9 macOS/26.6.2"
108.4.148.14 - - [02/Sep/2026:11:55:44 -0700] "GET /competition_world_championship.cfm HTTP/2.0" 404 100727 "-" "Mozilla/5.0 (Macintosh; Intel Mac OS X 10_11_1) AppleWebKit/601.2.4 (KHTML, like Gecko) Version/9.0.1 Safari/601.2.4 facebookexternalhit/1.1 Facebot Twitterbot/1.0"
108.4.148.14 - - [02/Sep/2026:11:55:44 -0700] "GET /apple-touch-icon-precomposed.png HTTP/2.0" 404 100711 "-" "com.apple.WebKit.Networking/21624.5.1.11.3 Network/5812.160.9 macOS/26.6.2"
20.48.179.39 - - [02/Sep/2026:11:56:09 -0700] "GET /wp-content/plugins/hellopress/wp_filemanager.php HTTP/1.1" 404 100863 "-" "-"
20.48.179.39 - - [02/Sep/2026:11:56:10 -0700] "GET /this_is_a_new_hello_world.php HTTP/1.1" 404 100687 "-" "-"
20.48.179.39 - - [02/Sep/2026:11:56:10 -0700] "GET /aaa.php?p= HTTP/1.1" 301 - "-" "-"
20.48.179.39 - - [02/Sep/2026:11:56:11 -0700] "GET /aaa.php HTTP/1.1" 404 100511 "-" "-"
20.48.179.39 - - [02/Sep/2026:11:56:11 -0700] "GET /images.php HTTP/1.1" 404 100535 "-" "-"
20.48.179.39 - - [02/Sep/2026:11:56:12 -0700] "GET /ops.php HTTP/1.1" 404 100511 "-" "-"
20.48.179.39 - - [02/Sep/2026:11:56:13 -0700] "GET /about.php HTTP/1.1" 404 100527 "-" "-"
20.48.179.39 - - [02/Sep/2026:11:56:13 -0700] "GET /admin.php HTTP/1.1" 404 100527 "-" "-"
20.48.179.39 - - [02/Sep/2026:11:56:14 -0700] "GET /media.php HTTP/1.1" 404 100527 "-" "-"
20.48.179.39 - - [02/Sep/2026:11:56:15 -0700] "GET /mac.php HTTP/1.1" 404 100511 "-" "-"
20.48.179.39 - - [02/Sep/2026:11:56:15 -0700] "GET /1.php HTTP/1.1" 404 100495 "-" "-"
20.48.179.39 - - [02/Sep/2026:11:56:16 -0700] "GET /4PJcpMFsD8B.php HTTP/1.1" 404 100575 "-" "-"
20.48.179.39 - - [02/Sep/2026:11:56:16 -0700] "GET /3PJcpMFsD8B.php HTTP/1.1" 404 100575 "-" "-"
20.48.179.39 - - [02/Sep/2026:11:56:17 -0700] "GET /verox.php HTTP/1.1" 404 100527 "-" "-"
20.48.179.39 - - [02/Sep/2026:11:56:18 -0700] "GET /fling.php?p= HTTP/1.1" 301 - "-" "-"
20.48.179.39 - - [02/Sep/2026:11:56:18 -0700] "GET /fling.php HTTP/1.1" 404 100527 "-" "-"
20.48.179.39 - - [02/Sep/2026:11:56:19 -0700] "GET /ba.php?p= HTTP/1.1" 301 - "-" "-"
20.48.179.39 - - [02/Sep/2026:11:56:19 -0700] "GET /ba.php HTTP/1.1" 404 100503 "-" "-"
20.48.179.39 - - [02/Sep/2026:11:56:19 -0700] "GET /site.php HTTP/1.1" 404 100519 "-" "-"
173.231.200.77 - - [02/Sep/2026:11:56:21 -0700] "POST /wp-cron.php?doing_wp_cron=1788375381.0331079959869384765625 HTTP/1.1" 200 - "-" "WordPress/7.1; https://usaigc.com"
20.48.179.39 - - [02/Sep/2026:11:56:20 -0700] "GET /adminfuns.php HTTP/1.1" 404 100559 "-" "-"
20.48.179.39 - - [02/Sep/2026:11:56:21 -0700] "GET /k.php?p= HTTP/1.1" 301 - "-" "-"
20.48.179.39 - - [02/Sep/2026:11:56:21 -0700] "GET /k.php HTTP/1.1" 404 100495 "-" "-"
20.48.179.39 - - [02/Sep/2026:11:56:22 -0700] "GET /bulet.php HTTP/1.1" 404 100527 "-" "-"
20.48.179.39 - - [02/Sep/2026:11:56:22 -0700] "GET /plugins.php?p= HTTP/1.1" 301 - "-" "-"
20.48.179.39 - - [02/Sep/2026:11:56:23 -0700] "GET /plugins.php HTTP/1.1" 404 100543 "-" "-"
20.48.179.39 - - [02/Sep/2026:11:56:23 -0700] "GET /run.php HTTP/1.1" 404 100511 "-" "-"
20.48.179.39 - - [02/Sep/2026:11:56:24 -0700] "GET /wp-mail.php HTTP/1.1" 403 2613 "-" "-"
20.48.179.39 - - [02/Sep/2026:11:56:24 -0700] "GET /BDKR28WP.php HTTP/1.1" 404 100551 "-" "-"
20.48.179.39 - - [02/Sep/2026:11:56:25 -0700] "GET /images2.php HTTP/1.1" 404 100543 "-" "-"
20.48.179.39 - - [02/Sep/2026:11:56:25 -0700] "GET /robots.php HTTP/1.1" 404 100535 "-" "-"
20.48.179.39 - - [02/Sep/2026:11:56:26 -0700] "GET /xmini4.php HTTP/1.1" 404 100535 "-" "-"
20.48.179.39 - - [02/Sep/2026:11:56:27 -0700] "GET /reop3.php?p= HTTP/1.1" 301 - "-" "-"
20.48.179.39 - - [02/Sep/2026:11:56:27 -0700] "GET /reop3.php HTTP/1.1" 404 100527 "-" "-"
20.48.179.39 - - [02/Sep/2026:11:56:27 -0700] "GET /2d7433/index.php HTTP/1.1" 301 - "-" "-"
20.48.179.39 - - [02/Sep/2026:11:56:28 -0700] "GET /2d7433/ HTTP/1.1" 404 100503 "-" "-"
20.48.179.39 - - [02/Sep/2026:11:56:28 -0700] "GET /classwithtostring.php?p= HTTP/1.1" 301 - "-" "-"
20.48.179.39 - - [02/Sep/2026:11:56:28 -0700] "GET /classwithtostring.php HTTP/1.1" 404 100623 "-" "-"
20.48.179.39 - - [02/Sep/2026:11:56:29 -0700] "GET /simple.php HTTP/1.1" 404 100535 "-" "-"
20.48.179.39 - - [02/Sep/2026:11:56:30 -0700] "GET /wp-admin/css/colors/modern/ HTTP/1.1" 200 1569 "-" "-"
20.48.179.39 - - [02/Sep/2026:11:56:30 -0700] "GET /wp-admin/css/colors/sunrise/ HTTP/1.1" 200 1571 "-" "-"
20.48.179.39 - - [02/Sep/2026:11:56:30 -0700] "GET /goods.php HTTP/1.1" 404 100527 "-" "-"
20.48.179.39 - - [02/Sep/2026:11:56:31 -0700] "GET /btx25.php HTTP/1.1" 404 100527 "-" "-"
20.48.179.39 - - [02/Sep/2026:11:56:31 -0700] "GET /radio.php HTTP/1.1" 404 100527 "-" "-"
20.48.179.39 - - [02/Sep/2026:11:56:32 -0700] "GET /dex.php HTTP/1.1" 404 100511 "-" "-"
20.48.179.39 - - [02/Sep/2026:11:56:32 -0700] "GET /replace.php HTTP/1.1" 404 100543 "-" "-"
20.48.179.39 - - [02/Sep/2026:11:56:33 -0700] "GET /gulu.php HTTP/1.1" 404 100519 "-" "-"
20.48.179.39 - - [02/Sep/2026:11:56:34 -0700] "GET /v.php HTTP/1.1" 404 100495 "-" "-"
20.48.179.39 - - [02/Sep/2026:11:56:34 -0700] "GET /ioxi-o.php HTTP/1.1" 404 100535 "-" "-"
20.48.179.39 - - [02/Sep/2026:11:56:35 -0700] "GET /file.php HTTP/1.1" 404 100519 "-" "-"
20.48.179.39 - - [02/Sep/2026:11:56:36 -0700] "GET /bless.php HTTP/1.1" 404 100527 "-" "-"
89.246.165.15 - - [02/Sep/2026:11:56:36 -0700] "GET / HTTP/1.1" 301 - "-" "Mozilla/5.0 (Windows NT 10.0; WOW64) AppleWebKit/537.36 (KHTML, like Gecko) Chrome/62.0.3202.75 Safari/537.36"
20.48.179.39 - - [02/Sep/2026:11:56:36 -0700] "GET /file32.php HTTP/1.1" 404 100535 "-" "-"
20.48.179.39 - - [02/Sep/2026:11:56:37 -0700] "GET /class20.php HTTP/1.1" 404 100543 "-" "-"
89.246.165.15 - - [02/Sep/2026:11:56:37 -0700] "GET / HTTP/1.1" 200 131156 "-" "Mozilla/5.0 (Windows NT 10.0; WOW64) AppleWebKit/537.36 (KHTML, like Gecko) Chrome/62.0.3202.75 Safari/537.36"
20.48.179.39 - - [02/Sep/2026:11:56:38 -0700] "GET /wso.php HTTP/1.1" 404 100511 "-" "-"
20.48.179.39 - - [02/Sep/2026:11:56:38 -0700] "GET /blurbs.php HTTP/1.1" 404 100535 "-" "-"
20.48.179.39 - - [02/Sep/2026:11:56:39 -0700] "GET /av.php HTTP/1.1" 404 100503 "-" "-"
20.48.179.39 - - [02/Sep/2026:11:56:39 -0700] "GET /abcd.php HTTP/1.1" 404 100519 "-" "-"
20.48.179.39 - - [02/Sep/2026:11:56:40 -0700] "GET /wp-includes/pomo/xxx.php HTTP/1.1" 404 100663 "-" "-"
20.48.179.39 - - [02/Sep/2026:11:56:41 -0700] "GET /cong.php HTTP/1.1" 404 100519 "-" "-"
20.48.179.39 - - [02/Sep/2026:11:56:41 -0700] "GET /file61.php HTTP/1.1" 404 100535 "-" "-"
20.48.179.39 - - [02/Sep/2026:11:56:42 -0700] "GET /file59.php HTTP/1.1" 404 100535 "-" "-"
20.48.179.39 - - [02/Sep/2026:11:56:43 -0700] "GET /test2.php HTTP/1.1" 404 100527 "-" "-"
103.65.236.212 - - [02/Sep/2026:11:56:43 -0700] "GET / HTTP/1.1" 200 122872 "-" "Mozilla/5.0 (X11; Linux x86_64; rv:127.0) Gecko/20100101 Firefox/127.0"
20.48.179.39 - - [02/Sep/2026:11:56:43 -0700] "GET /test01.php HTTP/1.1" 404 100535 "-" "-"
20.48.179.39 - - [02/Sep/2026:11:56:44 -0700] "GET /file31.php HTTP/1.1" 404 100535 "-" "-"
20.48.179.39 - - [02/Sep/2026:11:56:45 -0700] "GET /v4on3fxtoo5z5cq0yCdefault.php HTTP/1.1" 404 100687 "-" "-"
103.65.236.212 - - [02/Sep/2026:11:56:45 -0700] "GET /wp-admin/admin-ajax.php?action=wdpsso_step1&redirect=&_=1788375404043 HTTP/1.1" 400 1 "-" "Mozilla/5.0 (Windows NT 10.0; Win64; x64) AppleWebKit/537.36 (KHTML, like Gecko) Chrome/126.0.0.0 Safari/537.36"
20.48.179.39 - - [02/Sep/2026:11:56:45 -0700] "GET /8xmlr9ommwdy3ro8dCdefault.php HTTP/1.1" 404 100687 "-" "-"
20.48.179.39 - - [02/Sep/2026:11:56:46 -0700] "GET /file2.php HTTP/1.1" 404 100527 "-" "-"
136.144.43.141 - - [02/Sep/2026:11:56:47 -0700] "POST /wp-login.php HTTP/1.1" 200 7596 "-" "Mozilla/5.0"
20.48.179.39 - - [02/Sep/2026:11:56:47 -0700] "GET /ai.php HTTP/1.1" 404 100503 "-" "-"
20.48.179.39 - - [02/Sep/2026:11:56:47 -0700] "GET /133.php HTTP/1.1" 404 100511 "-" "-"
20.48.179.39 - - [02/Sep/2026:11:56:48 -0700] "GET /b8.php HTTP/1.1" 404 100503 "-" "-"
20.48.179.39 - - [02/Sep/2026:11:56:48 -0700] "GET /adminimagess.php HTTP/1.1" 404 100583 "-" "-"
20.48.179.39 - - [02/Sep/2026:11:56:49 -0700] "GET /xx.php HTTP/1.1" 404 100503 "-" "-"
20.48.179.39 - - [02/Sep/2026:11:56:50 -0700] "GET /222.php HTTP/1.1" 404 100511 "-" "-"
20.48.179.39 - - [02/Sep/2026:11:56:50 -0700] "GET /8.php HTTP/1.1" 404 100495 "-" "-"
20.48.179.39 - - [02/Sep/2026:11:56:51 -0700] "GET /simple.php HTTP/1.1" 404 100535 "-" "-"
20.48.179.39 - - [02/Sep/2026:11:56:52 -0700] "GET /file5.php HTTP/1.1" 404 100527 "-" "-"
20.48.179.39 - - [02/Sep/2026:11:56:52 -0700] "GET /kir.php HTTP/1.1" 404 100511 "-" "-"
20.48.179.39 - - [02/Sep/2026:11:56:53 -0700] "GET /new.php HTTP/1.1" 404 100511 "-" "-"
20.48.179.39 - - [02/Sep/2026:11:56:53 -0700] "GET /155.php HTTP/1.1" 404 100511 "-" "-"
20.48.179.39 - - [02/Sep/2026:11:56:54 -0700] "GET /wp-content/index.php HTTP/1.1" 200 - "-" "-"
20.48.179.39 - - [02/Sep/2026:11:56:54 -0700] "GET /wp-includes/ID3/about.php HTTP/1.1" 404 100671 "-" "-"
20.48.179.39 - - [02/Sep/2026:11:56:55 -0700] "GET /wp-admin/css/ HTTP/1.1" 200 20496 "-" "-"
20.48.179.39 - - [02/Sep/2026:11:56:55 -0700] "GET /wp-includes/blocks/details/ HTTP/1.1" 200 2291 "-" "-"
20.48.179.39 - - [02/Sep/2026:11:56:55 -0700] "GET /wp-includes/blocks/audio/ HTTP/1.1" 200 3011 "-" "-"
20.48.179.39 - - [02/Sep/2026:11:56:55 -0700] "GET /wp-temp.php HTTP/1.1" 404 100543 "-" "-"
20.48.179.39 - - [02/Sep/2026:11:56:56 -0700] "GET /wp-admin/js/index.php HTTP/1.1" 301 - "-" "-"
20.48.179.39 - - [02/Sep/2026:11:56:56 -0700] "GET /wp-admin/js/ HTTP/1.1" 200 18683 "-" "-"
20.48.179.39 - - [02/Sep/2026:11:56:56 -0700] "GET /wp-includes/Requests/ HTTP/1.1" 200 990 "-" "-"
20.48.179.39 - - [02/Sep/2026:11:56:57 -0700] "GET /wp-content/admin.php HTTP/1.1" 404 100623 "-" "-"
20.48.179.39 - - [02/Sep/2026:11:56:57 -0700] "GET /wp-content/themes/index.php HTTP/1.1" 200 - "-" "-"
20.48.179.39 - - [02/Sep/2026:11:56:57 -0700] "GET /wp-content/themes/index.php HTTP/1.1" 200 - "-" "-"
20.48.179.39 - - [02/Sep/2026:11:56:58 -0700] "GET /wp-blog.php HTTP/1.1" 404 100543 "-" "-"
20.48.179.39 - - [02/Sep/2026:11:56:58 -0700] "GET /wp-includes/js/jquery/ HTTP/1.1" 200 4178 "-" "-"
20.48.179.39 - - [02/Sep/2026:11:56:59 -0700] "GET /cgi-bin/index.php HTTP/1.1" 301 - "-" "-"
34.69.230.149 - - [02/Sep/2026:11:56:59 -0700] "GET /.git/config HTTP/1.1" 404 100599 "-" "-"
20.48.179.39 - - [02/Sep/2026:11:56:59 -0700] "GET /cgi-bin/ HTTP/1.1" 404 100511 "-" "-"
20.48.179.39 - - [02/Sep/2026:11:57:00 -0700] "GET /wp-includes/l10n/ HTTP/1.1" 200 1643 "-" "-"
20.48.179.39 - - [02/Sep/2026:11:57:00 -0700] "GET /wp-manager.php HTTP/1.1" 404 100567 "-" "-"
20.48.179.39 - - [02/Sep/2026:11:57:00 -0700] "GET /wp-includes/Text/Diff/Engine/about.php HTTP/1.1" 404 100791 "-" "-"
20.48.179.39 - - [02/Sep/2026:11:57:01 -0700] "GET /cgi-bin/admin.php HTTP/1.1" 404 100599 "-" "-"
57.141.18.61 - - [02/Sep/2026:11:57:02 -0700] "GET /2023/12/02/elevating-presence-strategic-collaborations-with-gymnastic-influencers/ HTTP/2.0" 200 114414 "-" "Mozilla/5.0 (Macintosh; Intel Mac OS X 10_15_7) AppleWebKit/537.36 (KHTML, like Gecko) Chrome/145.0.0.0 Safari/537.36 (compatible; meta-webindexer/1.1 (+https://developers.facebook.com/docs/sharing/webmasters/crawler))"
20.48.179.39 - - [02/Sep/2026:11:57:02 -0700] "GET /wp-content/ HTTP/1.1" 200 - "-" "-"
20.48.179.39 - - [02/Sep/2026:11:57:02 -0700] "GET /wp-admin/css/colors/blue/ HTTP/1.1" 200 1565 "-" "-"
20.48.179.39 - - [02/Sep/2026:11:57:02 -0700] "GET /wp-includes/block-bindings/ HTTP/1.1" 200 1386 "-" "-"
20.48.179.39 - - [02/Sep/2026:11:57:03 -0700] "GET /wp-includes/assets/ HTTP/1.1" 200 1229 "-" "-"
20.48.179.39 - - [02/Sep/2026:11:57:03 -0700] "GET /wp-admin/network/plugins.php HTTP/1.1" 302 - "-" "-"
20.48.179.39 - - [02/Sep/2026:11:57:03 -0700] "GET /wp-login.php?redirect_to=https%3A%2F%2Fusaigc.com%2Fwp-admin%2Fnetwork%2Fplugins.php&reauth=1 HTTP/1.1" 200 7230 "-" "-"
20.48.179.39 - - [02/Sep/2026:11:57:03 -0700] "GET /wp-admin/maint/index.php HTTP/1.1" 301 - "-" "-"
20.48.179.39 - - [02/Sep/2026:11:57:03 -0700] "GET /wp-admin/maint/ HTTP/1.1" 200 805 "-" "-"
20.48.179.39 - - [02/Sep/2026:11:57:04 -0700] "GET /wp-includes/blocks/post-comments-form/ HTTP/1.1" 200 2313 "-" "-"
20.48.179.39 - - [02/Sep/2026:11:57:04 -0700] "GET /qazwsx.php HTTP/1.1" 404 100535 "-" "-"
20.48.179.39 - - [02/Sep/2026:11:57:05 -0700] "GET /elp.php?p= HTTP/1.1" 301 - "-" "-"
20.48.179.39 - - [02/Sep/2026:11:57:05 -0700] "GET /elp.php HTTP/1.1" 404 100511 "-" "-"
20.48.179.39 - - [02/Sep/2026:11:57:05 -0700] "GET /wp-content/uploads/ HTTP/1.1" 200 4556 "-" "-"
20.48.179.39 - - [02/Sep/2026:11:57:06 -0700] "GET /wp-comments-post.php HTTP/1.1" 405 - "-" "-"
20.48.179.39 - - [02/Sep/2026:11:57:06 -0700] "GET /kgblegacy.php HTTP/1.1" 404 100559 "-" "-"
20.48.179.39 - - [02/Sep/2026:11:57:06 -0700] "GET /x123.php HTTP/1.1" 404 100519 "-" "-"
20.48.179.39 - - [02/Sep/2026:11:57:07 -0700] "GET /wp_blog_footer.php HTTP/1.1" 404 100599 "-" "-"
20.48.179.39 - - [02/Sep/2026:11:57:08 -0700] "GET /w.php HTTP/1.1" 404 100495 "-" "-"
20.48.179.39 - - [02/Sep/2026:11:57:09 -0700] "GET /k2.php HTTP/1.1" 404 100503 "-" "-"
20.48.179.39 - - [02/Sep/2026:11:57:09 -0700] "GET /xex.php HTTP/1.1" 404 100511 "-" "-"
20.48.179.39 - - [02/Sep/2026:11:57:10 -0700] "GET /date.php HTTP/1.1" 404 100519 "-" "-"
20.48.179.39 - - [02/Sep/2026:11:57:11 -0700] "GET /4y756.php HTTP/1.1" 404 100527 "-" "-"
20.48.179.39 - - [02/Sep/2026:11:57:11 -0700] "GET /or.php HTTP/1.1" 404 100503 "-" "-"
20.48.179.39 - - [02/Sep/2026:11:57:12 -0700] "GET /das.php HTTP/1.1" 404 100511 "-" "-"
20.48.179.39 - - [02/Sep/2026:11:57:12 -0700] "GET /indo.php HTTP/1.1" 404 100519 "-" "-"
20.48.179.39 - - [02/Sep/2026:11:57:13 -0700] "GET /R2.php HTTP/1.1" 404 100503 "-" "-"
20.48.179.39 - - [02/Sep/2026:11:57:14 -0700] "GET /opqweas.php HTTP/1.1" 404 100543 "-" "-"
20.48.179.39 - - [02/Sep/2026:11:57:14 -0700] "GET /sym.php?p= HTTP/1.1" 301 - "-" "-"
20.48.179.39 - - [02/Sep/2026:11:57:15 -0700] "GET /sym.php HTTP/1.1" 404 100511 "-" "-"
20.48.179.39 - - [02/Sep/2026:11:57:15 -0700] "GET /user-new.php HTTP/1.1" 404 100551 "-" "-"
20.48.179.39 - - [02/Sep/2026:11:57:16 -0700] "GET /database.php HTTP/1.1" 404 100551 "-" "-"
159.223.214.132 - - [02/Sep/2026:11:59:00 -0700] "GET / HTTP/1.1" 200 131156 "-" "Mozilla/5.0 (X11; Linux x86_64) AppleWebKit/537.36 (KHTML, like Gecko) Chrome/142.0.0.0 Safari/537.36"
159.223.214.132 - - [02/Sep/2026:11:59:05 -0700] "GET /wp-content/uploads/2023/11/illustration-arrow-right-1.svg HTTP/1.1" 200 334 "https://usaigc.com/" "Mozilla/5.0 (X11; Linux x86_64) AppleWebKit/537.36 (KHTML, like Gecko) Chrome/142.0.0.0 Safari/537.36"
173.231.200.77 - - [02/Sep/2026:12:01:21 -0700] "POST /wp-cron.php?doing_wp_cron=1788375681.7166829109191894531250 HTTP/1.1" 200 - "-" "WordPress/7.1; https://usaigc.com"
34.79.230.17 - - [02/Sep/2026:12:01:21 -0700] "GET / HTTP/1.1" 301 - "-" "Mozilla/5.0 (Windows NT 10.0; Win64; x64) AppleWebKit/537.36 (KHTML, like Gecko) Chrome/84.0.4147.105 Safari/537.36"
34.79.230.17 - - [02/Sep/2026:12:01:30 -0700] "GET / HTTP/1.1" 200 131156 "-" "Mozilla/5.0 (Windows NT 10.0; Win64; x64) AppleWebKit/537.36 (KHTML, like Gecko) Chrome/84.0.4147.105 Safari/537.36"
51.81.170.12 - - [02/Sep/2026:12:01:55 -0700] "GET /sitemap.xml HTTP/2.0" 200 800 "-" "Mozilla/5.0 (compatible; AhrefsBot/7.0; +http://ahrefs.com/robot/)"
51.81.165.212 - - [02/Sep/2026:12:01:57 -0700] "GET /post-sitemap.xml HTTP/2.0" 200 3841 "-" "Mozilla/5.0 (compatible; AhrefsBot/7.0; +http://ahrefs.com/robot/)"
51.81.163.67 - - [02/Sep/2026:12:01:58 -0700] "GET /page-sitemap.xml HTTP/2.0" 200 23053 "-" "Mozilla/5.0 (compatible; AhrefsBot/7.0; +http://ahrefs.com/robot/)"
51.81.165.222 - - [02/Sep/2026:12:02:00 -0700] "GET /category-sitemap.xml HTTP/2.0" 200 704 "-" "Mozilla/5.0 (compatible; AhrefsBot/7.0; +http://ahrefs.com/robot/)"
34.222.195.72 - - [02/Sep/2026:12:02:18 -0700] "GET /SitePDFs/Bronze%20Event%20Finals%2013%20years.pdf HTTP/1.1" 404 100855 "-" "python-httpx/0.28.1"
34.222.195.72 - - [02/Sep/2026:12:02:20 -0700] "GET /SitePDFs/Bronze%20Event%20Finals%2013%20years.pdf HTTP/1.1" 404 100855 "-" "python-httpx/0.28.1"
173.231.200.77 - - [02/Sep/2026:12:02:23 -0700] "POST /wp-cron.php?doing_wp_cron=1788375743.4490020275115966796875 HTTP/1.1" 200 - "-" "WordPress/7.1; https://usaigc.com"
34.222.195.72 - - [02/Sep/2026:12:02:23 -0700] "GET /SitePDFs/Bronze%20Event%20Finals%2013%20years.pdf HTTP/1.1" 404 100855 "-" "python-httpx/0.28.1"
57.141.18.114 - - [02/Sep/2026:12:03:21 -0700] "GET /2023/12/01/captivating-audiences-elevating-visual-appeal-and-social-media-presence/ HTTP/2.0" 200 114109 "-" "Mozilla/5.0 (Windows NT 10.0; Win64; x64) AppleWebKit/537.36 (KHTML, like Gecko) Chrome/145.0.0.0 Safari/537.36 (compatible; meta-webindexer/1.1 (+https://developers.facebook.com/docs/sharing/webmasters/crawler))"
173.231.200.77 - - [02/Sep/2026:12:09:19 -0700] "POST /wp-cron.php?doing_wp_cron=1788376159.6969480514526367187500 HTTP/1.1" 200 - "-" "WordPress/7.1; https://usaigc.com"
216.244.66.236 - - [02/Sep/2026:12:09:19 -0700] "GET /athlete_form.cfm?CFID=d3ce33ba-29f7-4202-a3b7-c44f69a89402&CFTOKEN=0 HTTP/1.1" 301 - "-" "Mozilla/5.0 (compatible; DotBot/1.2; +https://opensiteexplorer.org/dotbot; help@moz.com)"
173.231.200.77 - - [02/Sep/2026:12:09:29 -0700] "POST /wp-cron.php?doing_wp_cron=1788376169.3266770839691162109375 HTTP/1.1" 200 - "-" "WordPress/7.1; https://usaigc.com"
216.244.66.236 - - [02/Sep/2026:12:09:29 -0700] "GET /athlete_form.cfm?CFID=d3e0a3a9-8304-4142-8356-0ead6aecce95&CFTOKEN=0 HTTP/1.1" 301 - "-" "Mozilla/5.0 (compatible; DotBot/1.2; +https://opensiteexplorer.org/dotbot; help@moz.com)"
216.244.66.236 - - [02/Sep/2026:12:09:37 -0700] "GET /athlete_form.cfm?CFID=d3eb36f8-b18d-4d63-bf95-9897d6d4048d&CFTOKEN=0 HTTP/1.1" 301 - "-" "Mozilla/5.0 (compatible; DotBot/1.2; +https://opensiteexplorer.org/dotbot; help@moz.com)"
216.244.66.236 - - [02/Sep/2026:12:09:45 -0700] "GET /athlete_form.cfm?CFID=d3f1615a-96f6-435c-a9a5-db994d2db2bd&CFTOKEN=0 HTTP/1.1" 301 - "-" "Mozilla/5.0 (compatible; DotBot/1.2; +https://opensiteexplorer.org/dotbot; help@moz.com)"
216.244.66.236 - - [02/Sep/2026:12:09:53 -0700] "GET /athlete_form.cfm?CFID=d3fe5db7-4aea-419d-9e6f-ebec505532d0&CFTOKEN=0 HTTP/1.1" 301 - "-" "Mozilla/5.0 (compatible; DotBot/1.2; +https://opensiteexplorer.org/dotbot; help@moz.com)"
216.244.66.236 - - [02/Sep/2026:12:09:58 -0700] "GET /athlete_form.cfm?CFID=d40478b1-9c3f-4e77-9a03-9a83bdc10dba&CFTOKEN=0 HTTP/1.1" 301 - "-" "Mozilla/5.0 (compatible; DotBot/1.2; +https://opensiteexplorer.org/dotbot; help@moz.com)"
216.244.66.236 - - [02/Sep/2026:12:10:04 -0700] "GET /athlete_form.cfm?CFID=d418006d-7925-4199-81a9-972ee4900810&CFTOKEN=0 HTTP/1.1" 301 - "-" "Mozilla/5.0 (compatible; DotBot/1.2; +https://opensiteexplorer.org/dotbot; help@moz.com)"
216.244.66.236 - - [02/Sep/2026:12:10:08 -0700] "GET /athlete_form.cfm?CFID=d41b3d22-20c9-4dc8-87a8-11460bdafc92&CFTOKEN=0 HTTP/1.1" 301 - "-" "Mozilla/5.0 (compatible; DotBot/1.2; +https://opensiteexplorer.org/dotbot; help@moz.com)"
216.244.66.236 - - [02/Sep/2026:12:10:11 -0700] "GET /athlete_form.cfm?CFID=d41e741d-552e-44d5-92c6-acdd677abf1b&CFTOKEN=0 HTTP/1.1" 301 - "-" "Mozilla/5.0 (compatible; DotBot/1.2; +https://opensiteexplorer.org/dotbot; help@moz.com)"
216.244.66.236 - - [02/Sep/2026:12:10:14 -0700] "GET /athlete_form.cfm?CFID=d4267ce1-02b8-41c4-8885-ef01411b528e&CFTOKEN=0 HTTP/1.1" 301 - "-" "Mozilla/5.0 (compatible; DotBot/1.2; +https://opensiteexplorer.org/dotbot; help@moz.com)"
216.244.66.236 - - [02/Sep/2026:12:10:16 -0700] "GET /athlete_form.cfm?CFID=d439f423-2d07-4567-912c-4ed9287f1c81&CFTOKEN=0 HTTP/1.1" 301 - "-" "Mozilla/5.0 (compatible; DotBot/1.2; +https://opensiteexplorer.org/dotbot; help@moz.com)"
216.244.66.236 - - [02/Sep/2026:12:10:19 -0700] "GET /athlete_form.cfm?CFID=d443679a-c025-49fc-872b-d4907723a776&CFTOKEN=0 HTTP/1.1" 301 - "-" "Mozilla/5.0 (compatible; DotBot/1.2; +https://opensiteexplorer.org/dotbot; help@moz.com)"
173.231.200.77 - - [02/Sep/2026:12:10:23 -0700] "POST /wp-cron.php?doing_wp_cron=1788376223.7418179512023925781250 HTTP/1.1" 200 - "-" "WordPress/7.1; https://usaigc.com"
216.244.66.236 - - [02/Sep/2026:12:10:23 -0700] "GET /athlete_form.cfm?CFID=d44d183d-e02b-4679-b744-2c70c4813f84&CFTOKEN=0 HTTP/1.1" 301 - "-" "Mozilla/5.0 (compatible; DotBot/1.2; +https://opensiteexplorer.org/dotbot; help@moz.com)"
216.244.66.236 - - [02/Sep/2026:12:10:26 -0700] "GET /athlete_form.cfm?CFID=d4515f83-0348-4622-934c-94f32c1e2122&CFTOKEN=0 HTTP/1.1" 301 - "-" "Mozilla/5.0 (compatible; DotBot/1.2; +https://opensiteexplorer.org/dotbot; help@moz.com)"
216.244.66.236 - - [02/Sep/2026:12:10:29 -0700] "GET /athlete_form.cfm?CFID=d480bf31-9c37-4c04-866c-fb59d38d0775&CFTOKEN=0 HTTP/1.1" 301 - "-" "Mozilla/5.0 (compatible; DotBot/1.2; +https://opensiteexplorer.org/dotbot; help@moz.com)"
216.244.66.236 - - [02/Sep/2026:12:10:32 -0700] "GET /athlete_form.cfm?CFID=d4bd354d-40d5-498a-a49e-5e7c229a63ae&CFTOKEN=0 HTTP/1.1" 301 - "-" "Mozilla/5.0 (compatible; DotBot/1.2; +https://opensiteexplorer.org/dotbot; help@moz.com)"
216.244.66.236 - - [02/Sep/2026:12:10:35 -0700] "GET /athlete_form.cfm?CFID=d4f622f3-99fb-42b3-b36e-ac6158c8effb&CFTOKEN=0 HTTP/1.1" 301 - "-" "Mozilla/5.0 (compatible; DotBot/1.2; +https://opensiteexplorer.org/dotbot; help@moz.com)"
216.244.66.236 - - [02/Sep/2026:12:10:39 -0700] "GET /athlete_form.cfm?CFID=d503a0d3-c07e-4f3a-9d5f-0ccb25bfadfd&CFTOKEN=0 HTTP/1.1" 301 - "-" "Mozilla/5.0 (compatible; DotBot/1.2; +https://opensiteexplorer.org/dotbot; help@moz.com)"
216.244.66.236 - - [02/Sep/2026:12:10:41 -0700] "GET /athlete_form.cfm?CFID=d5132c02-1a4a-443f-9353-b1edcbc38b2c&CFTOKEN=0 HTTP/1.1" 301 - "-" "Mozilla/5.0 (compatible; DotBot/1.2; +https://opensiteexplorer.org/dotbot; help@moz.com)"
216.244.66.236 - - [02/Sep/2026:12:10:44 -0700] "GET /athlete_form.cfm?CFID=d5161c62-9765-4707-92ab-04cddf085eb0&CFTOKEN=0 HTTP/1.1" 301 - "-" "Mozilla/5.0 (compatible; DotBot/1.2; +https://opensiteexplorer.org/dotbot; help@moz.com)"
216.244.66.236 - - [02/Sep/2026:12:10:46 -0700] "GET /athlete_form.cfm?CFID=d533aa6b-0c23-4f07-98c1-22d32a06f74f&CFTOKEN=0 HTTP/1.1" 301 - "-" "Mozilla/5.0 (compatible; DotBot/1.2; +https://opensiteexplorer.org/dotbot; help@moz.com)"
216.244.66.236 - - [02/Sep/2026:12:10:47 -0700] "GET /athlete_form.cfm?CFID=d53ddffc-a7ed-49e9-93c1-1e28ba0c27f0&CFTOKEN=0 HTTP/1.1" 301 - "-" "Mozilla/5.0 (compatible; DotBot/1.2; +https://opensiteexplorer.org/dotbot; help@moz.com)"
216.244.66.236 - - [02/Sep/2026:12:10:49 -0700] "GET /athlete_form.cfm?CFID=d5425c74-dfc3-4b41-a82c-087d4b2195a2&CFTOKEN=0 HTTP/1.1" 301 - "-" "Mozilla/5.0 (compatible; DotBot/1.2; +https://opensiteexplorer.org/dotbot; help@moz.com)"
216.244.66.236 - - [02/Sep/2026:12:10:50 -0700] "GET /athlete_form.cfm?CFID=d542f604-035b-426b-87df-ed0dc0b305fb&CFTOKEN=0 HTTP/1.1" 301 - "-" "Mozilla/5.0 (compatible; DotBot/1.2; +https://opensiteexplorer.org/dotbot; help@moz.com)"
216.244.66.236 - - [02/Sep/2026:12:10:51 -0700] "GET /athlete_form.cfm?CFID=d5570f24-4a24-462f-a091-06647f88d9f5&CFTOKEN=0 HTTP/1.1" 301 - "-" "Mozilla/5.0 (compatible; DotBot/1.2; +https://opensiteexplorer.org/dotbot; help@moz.com)"
216.244.66.236 - - [02/Sep/2026:12:10:52 -0700] "GET /athlete_form.cfm?CFID=d5613738-edb7-4197-ae68-44ae0d335eda&CFTOKEN=0 HTTP/1.1" 301 - "-" "Mozilla/5.0 (compatible; DotBot/1.2; +https://opensiteexplorer.org/dotbot; help@moz.com)"
216.244.66.236 - - [02/Sep/2026:12:10:53 -0700] "GET /athlete_form.cfm?CFID=d57dcef2-5a94-4368-a338-1cc74ef0a26b&CFTOKEN=0 HTTP/1.1" 301 - "-" "Mozilla/5.0 (compatible; DotBot/1.2; +https://opensiteexplorer.org/dotbot; help@moz.com)"
169.58.146.169 - - [02/Sep/2026:12:10:54 -0700] "GET / HTTP/2.0" 200 131156 "-" "Mozilla/5.0 (Macintosh; Intel Mac OS X 10_15_7) AppleWebKit/537.36 (KHTML, like Gecko) Chrome/124.0.0.0 Safari/537.36"
216.244.66.236 - - [02/Sep/2026:12:11:05 -0700] "GET /athlete_form.cfm?CFID=d59162bb-573f-4ab0-aa5d-2a2e6629e634&CFTOKEN=0 HTTP/1.1" 301 - "-" "Mozilla/5.0 (compatible; DotBot/1.2; +https://opensiteexplorer.org/dotbot; help@moz.com)"
216.244.66.236 - - [02/Sep/2026:12:11:06 -0700] "GET /athlete_form.cfm?CFID=d59d84fe-54b0-4d30-8b01-4bdad8fb8302&CFTOKEN=0 HTTP/1.1" 301 - "-" "Mozilla/5.0 (compatible; DotBot/1.2; +https://opensiteexplorer.org/dotbot; help@moz.com)"
216.244.66.236 - - [02/Sep/2026:12:11:19 -0700] "GET /athlete_form.cfm?CFID=d5c6872e-df5a-40e7-b0f3-cf51c9897900&CFTOKEN=0 HTTP/1.1" 301 - "-" "Mozilla/5.0 (compatible; DotBot/1.2; +https://opensiteexplorer.org/dotbot; help@moz.com)"
216.244.66.236 - - [02/Sep/2026:12:11:20 -0700] "GET /athlete_form.cfm?CFID=d5ce0646-8536-4bba-aebc-8c431527aca7&CFTOKEN=0 HTTP/1.1" 301 - "-" "Mozilla/5.0 (compatible; DotBot/1.2; +https://opensiteexplorer.org/dotbot; help@moz.com)"
173.231.200.77 - - [02/Sep/2026:12:11:23 -0700] "POST /wp-cron.php?doing_wp_cron=1788376283.0518350601196289062500 HTTP/1.1" 200 - "-" "WordPress/7.1; https://usaigc.com"
216.244.66.236 - - [02/Sep/2026:12:11:22 -0700] "GET /athlete_form.cfm?CFID=d5e4004a-c54e-4376-8fae-27e3ce0706c8&CFTOKEN=0 HTTP/1.1" 301 - "-" "Mozilla/5.0 (compatible; DotBot/1.2; +https://opensiteexplorer.org/dotbot; help@moz.com)"
216.244.66.236 - - [02/Sep/2026:12:11:24 -0700] "GET /athlete_form.cfm?CFID=d5ef80e9-eedf-457a-a7c6-fc17482c10c0&CFTOKEN=0 HTTP/1.1" 301 - "-" "Mozilla/5.0 (compatible; DotBot/1.2; +https://opensiteexplorer.org/dotbot; help@moz.com)"
216.244.66.236 - - [02/Sep/2026:12:11:25 -0700] "GET /athlete_form.cfm?CFID=d605fa38-0aac-486a-9b41-32c31b8183d3&CFTOKEN=0 HTTP/1.1" 301 - "-" "Mozilla/5.0 (compatible; DotBot/1.2; +https://opensiteexplorer.org/dotbot; help@moz.com)"
216.244.66.236 - - [02/Sep/2026:12:11:26 -0700] "GET /athlete_form.cfm?CFID=d60c250b-af1c-4c96-8e11-4c3d784d3412&CFTOKEN=0 HTTP/1.1" 301 - "-" "Mozilla/5.0 (compatible; DotBot/1.2; +https://opensiteexplorer.org/dotbot; help@moz.com)"
216.244.66.236 - - [02/Sep/2026:12:11:27 -0700] "GET /athlete_form.cfm?CFID=d60c9313-a056-4f43-b1a2-c92c4b2b47b4&CFTOKEN=0 HTTP/1.1" 301 - "-" "Mozilla/5.0 (compatible; DotBot/1.2; +https://opensiteexplorer.org/dotbot; help@moz.com)"
216.244.66.236 - - [02/Sep/2026:12:11:28 -0700] "GET /athlete_form.cfm?CFID=d612ab16-4b8d-4a95-bcab-d4a67e3f8479&CFTOKEN=0 HTTP/1.1" 301 - "-" "Mozilla/5.0 (compatible; DotBot/1.2; +https://opensiteexplorer.org/dotbot; help@moz.com)"
216.244.66.236 - - [02/Sep/2026:12:11:29 -0700] "GET /athlete_form.cfm?CFID=d61ad365-c2bc-4f4c-b47f-7c12ba69045a&CFTOKEN=0 HTTP/1.1" 301 - "-" "Mozilla/5.0 (compatible; DotBot/1.2; +https://opensiteexplorer.org/dotbot; help@moz.com)"
216.244.66.236 - - [02/Sep/2026:12:11:30 -0700] "GET /athlete_form.cfm?CFID=d630a54f-e637-4543-8cb7-c61aba529301&CFTOKEN=0 HTTP/1.1" 301 - "-" "Mozilla/5.0 (compatible; DotBot/1.2; +https://opensiteexplorer.org/dotbot; help@moz.com)"
216.244.66.236 - - [02/Sep/2026:12:11:31 -0700] "GET /athlete_form.cfm?CFID=d66369e7-8641-48f6-969e-c5784ad81832&CFTOKEN=0 HTTP/1.1" 301 - "-" "Mozilla/5.0 (compatible; DotBot/1.2; +https://opensiteexplorer.org/dotbot; help@moz.com)"
216.244.66.236 - - [02/Sep/2026:12:11:32 -0700] "GET /athlete_form.cfm?CFID=d6bab00f-c416-4494-aeb7-363964ae0bc7&CFTOKEN=0 HTTP/1.1" 301 - "-" "Mozilla/5.0 (compatible; DotBot/1.2; +https://opensiteexplorer.org/dotbot; help@moz.com)"
216.244.66.236 - - [02/Sep/2026:12:11:34 -0700] "GET /athlete_form.cfm?CFID=d6c9b63d-32ab-4950-8447-82a1ac201dcf&CFTOKEN=0 HTTP/1.1" 301 - "-" "Mozilla/5.0 (compatible; DotBot/1.2; +https://opensiteexplorer.org/dotbot; help@moz.com)"
216.244.66.236 - - [02/Sep/2026:12:11:35 -0700] "GET /athlete_form.cfm?CFID=d6dc7fb1-4137-43e7-abfa-20400582f961&CFTOKEN=0 HTTP/1.1" 301 - "-" "Mozilla/5.0 (compatible; DotBot/1.2; +https://opensiteexplorer.org/dotbot; help@moz.com)"
216.244.66.236 - - [02/Sep/2026:12:11:37 -0700] "GET /athlete_form.cfm?CFID=d71d2fc1-9995-4deb-97c0-a16435f2188c&CFTOKEN=0 HTTP/1.1" 301 - "-" "Mozilla/5.0 (compatible; DotBot/1.2; +https://opensiteexplorer.org/dotbot; help@moz.com)"
216.244.66.236 - - [02/Sep/2026:12:11:38 -0700] "GET /athlete_form.cfm?CFID=d7589f1a-9651-4342-83f5-527e788aac14&CFTOKEN=0 HTTP/1.1" 301 - "-" "Mozilla/5.0 (compatible; DotBot/1.2; +https://opensiteexplorer.org/dotbot; help@moz.com)"
216.244.66.236 - - [02/Sep/2026:12:11:39 -0700] "GET /athlete_form.cfm?CFID=d77334eb-76e0-4559-b931-9d6ed840e365&CFTOKEN=0 HTTP/1.1" 301 - "-" "Mozilla/5.0 (compatible; DotBot/1.2; +https://opensiteexplorer.org/dotbot; help@moz.com)"
216.244.66.236 - - [02/Sep/2026:12:11:40 -0700] "GET /athlete_form.cfm?CFID=d7e724c7-6e60-4848-8662-3f8feeb9f7af&CFTOKEN=0 HTTP/1.1" 301 - "-" "Mozilla/5.0 (compatible; DotBot/1.2; +https://opensiteexplorer.org/dotbot; help@moz.com)"
216.244.66.236 - - [02/Sep/2026:12:11:40 -0700] "GET /athlete_form.cfm?CFID=d8257896-3751-4bd1-9de3-5f63c77d72ae&CFTOKEN=0 HTTP/1.1" 301 - "-" "Mozilla/5.0 (compatible; DotBot/1.2; +https://opensiteexplorer.org/dotbot; help@moz.com)"
46.18.142.27 - - [02/Sep/2026:12:11:40 -0700] "GET / HTTP/2.0" 200 131156 "https://www.google.com/" "Mozilla/5.0 (Windows NT 10.0; Win64; x64) AppleWebKit/537.36 (KHTML, like Gecko) Chrome/151.0.0.0 Safari/537.36"
46.18.142.27 - - [02/Sep/2026:12:11:41 -0700] "GET /wp-content/plugins/instagram-feed/css/sbi-styles.min.css HTTP/2.0" 200 46555 "https://usaigc.com/" "Mozilla/5.0 (Windows NT 10.0; Win64; x64) AppleWebKit/537.36 (KHTML, like Gecko) Chrome/151.0.0.0 Safari/537.36"
46.18.142.27 - - [02/Sep/2026:12:11:41 -0700] "GET /wp-content/uploads/hummingbird-assets/b4af289e0ca1ead096a59d802fe8b520.css HTTP/2.0" 200 310020 "https://usaigc.com/" "Mozilla/5.0 (Windows NT 10.0; Win64; x64) AppleWebKit/537.36 (KHTML, like Gecko) Chrome/151.0.0.0 Safari/537.36"
46.18.142.27 - - [02/Sep/2026:12:11:41 -0700] "GET /wp-content/uploads/elementor/css/post-11.css HTTP/2.0" 200 54362 "https://usaigc.com/" "Mozilla/5.0 (Windows NT 10.0; Win64; x64) AppleWebKit/537.36 (KHTML, like Gecko) Chrome/151.0.0.0 Safari/537.36"
46.18.142.27 - - [02/Sep/2026:12:11:41 -0700] "GET /wp-content/uploads/hummingbird-assets/49cdf6bbd09e930c7fbd2377304dfc4e.css HTTP/2.0" 200 259089 "https://usaigc.com/" "Mozilla/5.0 (Windows NT 10.0; Win64; x64) AppleWebKit/537.36 (KHTML, like Gecko) Chrome/151.0.0.0 Safari/537.36"
46.18.142.27 - - [02/Sep/2026:12:11:41 -0700] "GET /wp-content/uploads/hummingbird-assets/3bc16ab83db33802d31670bbb5e751f7.css HTTP/2.0" 200 2956 "https://usaigc.com/" "Mozilla/5.0 (Windows NT 10.0; Win64; x64) AppleWebKit/537.36 (KHTML, like Gecko) Chrome/151.0.0.0 Safari/537.36"
46.18.142.27 - - [02/Sep/2026:12:11:41 -0700] "GET /wp-content/uploads/hummingbird-assets/6c6cd98a6cb254c81a352bc7957ad68a.css HTTP/2.0" 200 61458 "https://usaigc.com/" "Mozilla/5.0 (Windows NT 10.0; Win64; x64) AppleWebKit/537.36 (KHTML, like Gecko) Chrome/151.0.0.0 Safari/537.36"
46.18.142.27 - - [02/Sep/2026:12:11:41 -0700] "GET /wp-content/uploads/hummingbird-assets/f2015d7b263362243841ecbb23ab63b8.css HTTP/2.0" 200 37219 "https://usaigc.com/" "Mozilla/5.0 (Windows NT 10.0; Win64; x64) AppleWebKit/537.36 (KHTML, like Gecko) Chrome/151.0.0.0 Safari/537.36"
46.18.142.27 - - [02/Sep/2026:12:11:41 -0700] "GET /wp-content/uploads/hummingbird-assets/9a31db504563c009a94bb8252fcec2d0.js HTTP/2.0" 200 101173 "https://usaigc.com/" "Mozilla/5.0 (Windows NT 10.0; Win64; x64) AppleWebKit/537.36 (KHTML, like Gecko) Chrome/151.0.0.0 Safari/537.36"
46.18.142.27 - - [02/Sep/2026:12:11:41 -0700] "GET /wp-content/plugins/elementor/assets/lib/font-awesome/js/v4-shims.min.js HTTP/2.0" 200 15073 "https://usaigc.com/" "Mozilla/5.0 (Windows NT 10.0; Win64; x64) AppleWebKit/537.36 (KHTML, like Gecko) Chrome/151.0.0.0 Safari/537.36"
46.18.142.27 - - [02/Sep/2026:12:11:41 -0700] "GET /wp-content/uploads/2020/12/2024-SAFE-CLUB-1.png HTTP/2.0" 200 90507 "https://usaigc.com/" "Mozilla/5.0 (Windows NT 10.0; Win64; x64) AppleWebKit/537.36 (KHTML, like Gecko) Chrome/151.0.0.0 Safari/537.36"
46.18.142.27 - - [02/Sep/2026:12:11:41 -0700] "GET /wp-content/uploads/2020/12/2-kDVQFeBk7MRU6D1-removebg-preview.png HTTP/2.0" 200 43128 "https://usaigc.com/" "Mozilla/5.0 (Windows NT 10.0; Win64; x64) AppleWebKit/537.36 (KHTML, like Gecko) Chrome/151.0.0.0 Safari/537.36"
46.18.142.27 - - [02/Sep/2026:12:11:41 -0700] "GET /wp-content/uploads/2023/11/shutterstock_1374593345-1536x768.jpg HTTP/2.0" 200 203824 "https://usaigc.com/" "Mozilla/5.0 (Windows NT 10.0; Win64; x64) AppleWebKit/537.36 (KHTML, like Gecko) Chrome/151.0.0.0 Safari/537.36"
46.18.142.27 - - [02/Sep/2026:12:11:42 -0700] "GET /wp-content/uploads/2020/12/iaigc_competition_logo_clear-removebg-preview.png HTTP/2.0" 200 41145 "https://usaigc.com/" "Mozilla/5.0 (Windows NT 10.0; Win64; x64) AppleWebKit/537.36 (KHTML, like Gecko) Chrome/151.0.0.0 Safari/537.36"
46.18.142.27 - - [02/Sep/2026:12:11:42 -0700] "GET /wp-content/uploads/hummingbird-assets/3119900ce03b730c311bb1ec88f60bb4.js HTTP/2.0" 200 424288 "https://usaigc.com/" "Mozilla/5.0 (Windows NT 10.0; Win64; x64) AppleWebKit/537.36 (KHTML, like Gecko) Chrome/151.0.0.0 Safari/537.36"
46.18.142.27 - - [02/Sep/2026:12:11:42 -0700] "GET /wp-content/plugins/elementor/assets/js/webpack.runtime.min.js HTTP/2.0" 200 5350 "https://usaigc.com/" "Mozilla/5.0 (Windows NT 10.0; Win64; x64) AppleWebKit/537.36 (KHTML, like Gecko) Chrome/151.0.0.0 Safari/537.36"
46.18.142.27 - - [02/Sep/2026:12:11:42 -0700] "GET /wp-content/plugins/elementor/assets/js/frontend-modules.min.js HTTP/2.0" 200 59749 "https://usaigc.com/" "Mozilla/5.0 (Windows NT 10.0; Win64; x64) AppleWebKit/537.36 (KHTML, like Gecko) Chrome/151.0.0.0 Safari/537.36"
46.18.142.27 - - [02/Sep/2026:12:11:42 -0700] "GET /wp-includes/js/jquery/ui/core.min.js HTTP/2.0" 200 18674 "https://usaigc.com/" "Mozilla/5.0 (Windows NT 10.0; Win64; x64) AppleWebKit/537.36 (KHTML, like Gecko) Chrome/151.0.0.0 Safari/537.36"
46.18.142.27 - - [02/Sep/2026:12:11:42 -0700] "GET /wp-content/uploads/hummingbird-assets/67d2ab8eca88207793ca464316f15c10.js HTTP/2.0" 200 79037 "https://usaigc.com/" "Mozilla/5.0 (Windows NT 10.0; Win64; x64) AppleWebKit/537.36 (KHTML, like Gecko) Chrome/151.0.0.0 Safari/537.36"
216.244.66.236 - - [02/Sep/2026:12:11:42 -0700] "GET /athlete_form.cfm?CFID=d89e0e5a-f9b4-4186-b948-6a555ba2b53e&CFTOKEN=0 HTTP/1.1" 301 - "-" "Mozilla/5.0 (compatible; DotBot/1.2; +https://opensiteexplorer.org/dotbot; help@moz.com)"
46.18.142.27 - - [02/Sep/2026:12:11:42 -0700] "GET /wp-content/plugins/elementor-pro/assets/js/webpack-pro.runtime.min.js HTTP/2.0" 200 6263 "https://usaigc.com/" "Mozilla/5.0 (Windows NT 10.0; Win64; x64) AppleWebKit/537.36 (KHTML, like Gecko) Chrome/151.0.0.0 Safari/537.36"
46.18.142.27 - - [02/Sep/2026:12:11:42 -0700] "GET /wp-content/uploads/hummingbird-assets/2d0fc86d08c0addc7f54a6a33ef11370.js HTTP/2.0" 200 10815 "https://usaigc.com/" "Mozilla/5.0 (Windows NT 10.0; Win64; x64) AppleWebKit/537.36 (KHTML, like Gecko) Chrome/151.0.0.0 Safari/537.36"
46.18.142.27 - - [02/Sep/2026:12:11:42 -0700] "GET /wp-content/uploads/hummingbird-assets/4f2f05e2bccbc74bfdc4d4a9af4df128.js HTTP/2.0" 200 84064 "https://usaigc.com/" "Mozilla/5.0 (Windows NT 10.0; Win64; x64) AppleWebKit/537.36 (KHTML, like Gecko) Chrome/151.0.0.0 Safari/537.36"
