34.206.249.188 - - [02/Sep/2026:13:32:37 -0700] "GET /wp-content/plugins/elementor/core/base/traits/?C=S;O%3DA HTTP/1.1" 200 922 "-" "Mozilla/5.0 AppleWebKit/537.36 (KHTML, like Gecko; compatible; Amazonbot/0.1; +https://developer.amazon.com/support/amazonbot) Chrome/119.0.6045.214 Safari/537.36"
3.210.114.189 - - [02/Sep/2026:13:32:43 -0700] "GET /wp-content/plugins/elementor-pro/modules/flip-box/assets/?C=D;O%3DA HTTP/1.1" 200 752 "-" "Mozilla/5.0 AppleWebKit/537.36 (KHTML, like Gecko; compatible; Amazonbot/0.1; +https://developer.amazon.com/support/amazonbot) Chrome/119.0.6045.214 Safari/537.36"
44.209.35.147 - - [02/Sep/2026:13:32:45 -0700] "GET /wp-content/plugins/elementor/includes/template-library/classes/?C=N;O%3DD HTTP/1.1" 200 960 "-" "Mozilla/5.0 AppleWebKit/537.36 (KHTML, like Gecko; compatible; Amazonbot/0.1; +https://developer.amazon.com/support/amazonbot) Chrome/119.0.6045.214 Safari/537.36"
34.231.118.144 - - [02/Sep/2026:13:32:51 -0700] "GET /wp-content/plugins/elementor/core/base/background-process/?C=D;O%3DA HTTP/1.1" 200 1127 "-" "Mozilla/5.0 AppleWebKit/537.36 (KHTML, like Gecko; compatible; Amazonbot/0.1; +https://developer.amazon.com/support/amazonbot) Chrome/119.0.6045.214 Safari/537.36"
34.203.111.15 - - [02/Sep/2026:13:32:53 -0700] "GET /wp-content/plugins/elementor-pro/modules/call-to-action/assets/?C=M;O%3DA HTTP/1.1" 200 770 "-" "Mozilla/5.0 AppleWebKit/537.36 (KHTML, like Gecko; compatible; Amazonbot/0.1; +https://developer.amazon.com/support/amazonbot) Chrome/119.0.6045.214 Safari/537.36"
44.223.115.10 - - [02/Sep/2026:13:32:58 -0700] "GET /wp-content/plugins/elementor-pro/modules/floating-buttons/classes/?C=S;O%3DD HTTP/1.1" 200 953 "-" "Mozilla/5.0 AppleWebKit/537.36 (KHTML, like Gecko; compatible; Amazonbot/0.1; +https://developer.amazon.com/support/amazonbot) Chrome/119.0.6045.214 Safari/537.36"
173.231.200.77 - - [02/Sep/2026:13:33:28 -0700] "POST /wp-cron.php?doing_wp_cron=1788381208.0287361145019531250000 HTTP/1.1" 200 - "-" "WordPress/7.1; https://usaigc.com"
43.153.26.108 - - [02/Sep/2026:13:33:27 -0700] "GET /ip HTTP/1.1" 404 100471 "-" "Mozilla/5.0 (Macintosh; Intel Mac OS X 10_15_7) AppleWebKit/537.36 (KHTML, like Gecko) Chrome/114.0.0.0 Safari/537.36"
43.128.80.25 - - [02/Sep/2026:13:33:27 -0700] "GET /ip HTTP/1.1" 404 100471 "-" "Mozilla/5.0 (Macintosh; Intel Mac OS X 10_15_7) AppleWebKit/537.36 (KHTML, like Gecko) Chrome/114.0.0.0 Safari/537.36"
101.33.34.235 - - [02/Sep/2026:13:33:27 -0700] "GET /ip HTTP/1.1" 404 100471 "-" "Mozilla/5.0 (Macintosh; Intel Mac OS X 10_15_7) AppleWebKit/537.36 (KHTML, like Gecko) Chrome/114.0.0.0 Safari/537.36"
173.231.200.77 - - [02/Sep/2026:13:37:30 -0700] "POST /wp-cron.php?doing_wp_cron=1788381450.7781159877777099609375 HTTP/1.1" 200 - "-" "WordPress/7.1; https://usaigc.com"
17.166.237.6 - - [02/Sep/2026:13:37:30 -0700] "GET /competition_scores.cfm?id=1911 HTTP/2.0" 301 - "-" "Mozilla/5.0 (Macintosh; Intel Mac OS X 10_15_7) AppleWebKit/605.1.15 (KHTML, like Gecko) Version/17.4 Safari/605.1.15 (Applebot/0.1; +http://www.apple.com/go/applebot)"
17.166.232.82 - - [02/Sep/2026:13:37:32 -0700] "GET /competition_scores.cfm?id=1911 HTTP/2.0" 404 100631 "-" "Mozilla/5.0 (Macintosh; Intel Mac OS X 10_15_7) AppleWebKit/605.1.15 (KHTML, like Gecko) Version/17.4 Safari/605.1.15 (Applebot/0.1; +http://www.apple.com/go/applebot)"
223.109.252.225 - - [02/Sep/2026:13:37:50 -0700] "GET /crossfit/ HTTP/1.1" 200 104196 "-" "Sogou web spider/4.0(+http://www.sogou.com/docs/help/webmasters.htm#07)"
192.178.6.169 - - [02/Sep/2026:13:37:58 -0700] "GET /wp-content/uploads/2020/12/2024-SAFE-CLUB-1.png HTTP/1.1" 304 - "-" "Googlebot-Image/1.0"
173.231.200.77 - - [02/Sep/2026:13:38:37 -0700] "POST /wp-cron.php?doing_wp_cron=1788381517.6234378814697265625000 HTTP/1.1" 200 - "-" "WordPress/7.1; https://usaigc.com"
172.203.190.136 - - [02/Sep/2026:13:38:37 -0700] "GET /robots.txt HTTP/2.0" 301 - "-" "Mozilla/5.0 (Macintosh; Intel Mac OS X 10_15_7) AppleWebKit/537.36 (KHTML, like Gecko) Chrome/131.0.0.0 Safari/537.36; compatible; OAI-SearchBot/1.0; +https://openai.com/searchbot"
172.203.190.143 - - [02/Sep/2026:13:38:37 -0700] "GET /robots.txt HTTP/2.0" 200 153 "-" "Mozilla/5.0 (Macintosh; Intel Mac OS X 10_15_7) AppleWebKit/537.36 (KHTML, like Gecko) Chrome/131.0.0.0 Safari/537.36; compatible; OAI-SearchBot/1.0; +https://openai.com/searchbot"
172.56.34.247 - - [02/Sep/2026:13:38:41 -0700] "GET /wp-content/uploads/2025/09/USAIGC-RULES-POLICIES-2025-to-2026-FINAL-SEP-12-2025.pdf HTTP/2.0" 200 10602295 "https://usaigc.com/documents-links/" "Mozilla/5.0 (iPhone; CPU iPhone OS 18_6_2 like Mac OS X) AppleWebKit/605.1.15 (KHTML, like Gecko) Version/18.6 Mobile/15E148 Safari/604.1"
216.244.66.236 - - [02/Sep/2026:13:39:11 -0700] "GET /athlete_form.cfm?CFID=1006421&CFTOKEN=26c6e987e7840ea5-B6C08A67-EF8C-1621-6AEBA1E73070A070 HTTP/1.1" 301 - "-" "Mozilla/5.0 (compatible; DotBot/1.2; +https://opensiteexplorer.org/dotbot; help@moz.com)"
216.244.66.236 - - [02/Sep/2026:13:39:16 -0700] "GET /athlete_form.cfm?CFID=1080910&CFTOKEN=77cd4a60df1e8f42-92923B6E-EF8C-1621-6AEF9862EC35ED6C HTTP/1.1" 301 - "-" "Mozilla/5.0 (compatible; DotBot/1.2; +https://opensiteexplorer.org/dotbot; help@moz.com)"
216.244.66.236 - - [02/Sep/2026:13:39:20 -0700] "GET /athlete_form.cfm?CFID=1102463&CFTOKEN=68e469090c0e8bf5-DCC6A107-EF8C-1621-6AE53C85DA8E8F03 HTTP/1.1" 301 - "-" "Mozilla/5.0 (compatible; DotBot/1.2; +https://opensiteexplorer.org/dotbot; help@moz.com)"
173.231.200.77 - - [02/Sep/2026:13:39:24 -0700] "POST /wp-cron.php?doing_wp_cron=1788381564.0965499877929687500000 HTTP/1.1" 200 - "-" "WordPress/7.1; https://usaigc.com"
216.244.66.236 - - [02/Sep/2026:13:39:23 -0700] "GET /athlete_form.cfm?CFID=1131053&CFTOKEN=8611d9fcb132d52f-1670218D-EF8C-1621-6AEC233FEF693AAC HTTP/1.1" 301 - "-" "Mozilla/5.0 (compatible; DotBot/1.2; +https://opensiteexplorer.org/dotbot; help@moz.com)"
216.244.66.236 - - [02/Sep/2026:13:39:26 -0700] "GET /athlete_form.cfm?CFID=1146578&CFTOKEN=d7c4f740acbe7407-3AAB08C1-EF8C-1621-6AED081B034CADB1 HTTP/1.1" 301 - "-" "Mozilla/5.0 (compatible; DotBot/1.2; +https://opensiteexplorer.org/dotbot; help@moz.com)"
216.244.66.236 - - [02/Sep/2026:13:39:29 -0700] "GET /athlete_form.cfm?CFID=1147388&CFTOKEN=380e2b40315ac254-3C1CE330-EF8C-1621-6AEE303AA4999A09 HTTP/1.1" 301 - "-" "Mozilla/5.0 (compatible; DotBot/1.2; +https://opensiteexplorer.org/dotbot; help@moz.com)"
216.244.66.236 - - [02/Sep/2026:13:39:45 -0700] "GET /athlete_form.cfm?CFID=1232166&CFTOKEN=d04a0c61ea8b6a87-F817C5CF-EF8C-1621-6AE5F1230B8F433A HTTP/1.1" 301 - "-" "Mozilla/5.0 (compatible; DotBot/1.2; +https://opensiteexplorer.org/dotbot; help@moz.com)"
216.244.66.236 - - [02/Sep/2026:13:39:49 -0700] "GET /athlete_form.cfm?CFID=1242317&CFTOKEN=7c69842a46fea20c-0F043000-EF8C-1621-6AE427C0652040DF HTTP/1.1" 301 - "-" "Mozilla/5.0 (compatible; DotBot/1.2; +https://opensiteexplorer.org/dotbot; help@moz.com)"
216.244.66.236 - - [02/Sep/2026:13:39:51 -0700] "GET /athlete_form.cfm?CFID=1261049&CFTOKEN=131a181af4b03cf2-3190BDAB-EF8C-1621-6AE7DB77A7C641AF HTTP/1.1" 301 - "-" "Mozilla/5.0 (compatible; DotBot/1.2; +https://opensiteexplorer.org/dotbot; help@moz.com)"
216.244.66.236 - - [02/Sep/2026:13:39:55 -0700] "GET /athlete_form.cfm?CFID=1268565&CFTOKEN=6b8cb452a27588d0-3EF4F964-EF8C-1621-6AE10CA9823F40DF HTTP/1.1" 301 - "-" "Mozilla/5.0 (compatible; DotBot/1.2; +https://opensiteexplorer.org/dotbot; help@moz.com)"
216.244.66.236 - - [02/Sep/2026:13:39:57 -0700] "GET /athlete_form.cfm?CFID=1303302&CFTOKEN=f2ce61da035d582a-929422B8-EF8C-1621-6AECC5353F5D7748 HTTP/1.1" 301 - "-" "Mozilla/5.0 (compatible; DotBot/1.2; +https://opensiteexplorer.org/dotbot; help@moz.com)"
216.244.66.236 - - [02/Sep/2026:13:39:59 -0700] "GET /athlete_form.cfm?CFID=1311109&CFTOKEN=b33ac1f30719d38f-A2CBAACE-EF8C-1621-6AE005719EE18E91 HTTP/1.1" 301 - "-" "Mozilla/5.0 (compatible; DotBot/1.2; +https://opensiteexplorer.org/dotbot; help@moz.com)"
216.244.66.236 - - [02/Sep/2026:13:40:00 -0700] "GET /athlete_form.cfm?CFID=1355054&CFTOKEN=e3e999cb09e7c252-02EAF79D-EF8C-1621-6AE4F51A5F0C47F4 HTTP/1.1" 301 - "-" "Mozilla/5.0 (compatible; DotBot/1.2; +https://opensiteexplorer.org/dotbot; help@moz.com)"
216.244.66.236 - - [02/Sep/2026:13:40:02 -0700] "GET /athlete_form.cfm?CFID=1433817&CFTOKEN=5f8fb1f749a382c-E9A9735C-EF8C-1621-6AE0903230C67D10 HTTP/1.1" 301 - "-" "Mozilla/5.0 (compatible; DotBot/1.2; +https://opensiteexplorer.org/dotbot; help@moz.com)"
216.244.66.236 - - [02/Sep/2026:13:40:03 -0700] "GET /athlete_form.cfm?CFID=1434514&CFTOKEN=614b17eb16c71628-EB34963D-EF8C-1621-6AECEDDC2F56E981 HTTP/1.1" 301 - "-" "Mozilla/5.0 (compatible; DotBot/1.2; +https://opensiteexplorer.org/dotbot; help@moz.com)"
216.244.66.236 - - [02/Sep/2026:13:40:04 -0700] "GET /athlete_form.cfm?CFID=1434887&CFTOKEN=a353af8e6d3ccb94-ECB14D38-EF8C-1621-6AE813D620969A17 HTTP/1.1" 301 - "-" "Mozilla/5.0 (compatible; DotBot/1.2; +https://opensiteexplorer.org/dotbot; help@moz.com)"
216.244.66.236 - - [02/Sep/2026:13:40:07 -0700] "GET /athlete_form.cfm?CFID=1435219&CFTOKEN=428ef7acaa945c27-ECC48C20-EF8C-1621-6AECFDC692A8729E HTTP/1.1" 301 - "-" "Mozilla/5.0 (compatible; DotBot/1.2; +https://opensiteexplorer.org/dotbot; help@moz.com)"
216.244.66.236 - - [02/Sep/2026:13:40:11 -0700] "GET /athlete_form.cfm?CFID=1435328&CFTOKEN=2248f15652585369-ECCB8F00-EF8C-1621-6AEFA73E6691FBB1 HTTP/1.1" 301 - "-" "Mozilla/5.0 (compatible; DotBot/1.2; +https://opensiteexplorer.org/dotbot; help@moz.com)"
216.244.66.236 - - [02/Sep/2026:13:40:14 -0700] "GET /athlete_form.cfm?CFID=1435937&CFTOKEN=efcd60cdc71c0c0f-EE4E27D1-EF8C-1621-6AEE1A61906317D1 HTTP/1.1" 301 - "-" "Mozilla/5.0 (compatible; DotBot/1.2; +https://opensiteexplorer.org/dotbot; help@moz.com)"
216.244.66.236 - - [02/Sep/2026:13:40:17 -0700] "GET /athlete_form.cfm?CFID=1439249&CFTOKEN=b40aac19dba9e8f1-F79FABA1-EF8C-1621-6AE3DB01AA978B56 HTTP/1.1" 301 - "-" "Mozilla/5.0 (compatible; DotBot/1.2; +https://opensiteexplorer.org/dotbot; help@moz.com)"
216.244.66.236 - - [02/Sep/2026:13:40:20 -0700] "GET /athlete_form.cfm?CFID=1439601&CFTOKEN=598b66e477d4608f-F9150BE6-EF8C-1621-6AEEE792341F10B8 HTTP/1.1" 301 - "-" "Mozilla/5.0 (compatible; DotBot/1.2; +https://opensiteexplorer.org/dotbot; help@moz.com)"
173.231.200.77 - - [02/Sep/2026:13:40:22 -0700] "POST /wp-cron.php?doing_wp_cron=1788381622.3525071144104003906250 HTTP/1.1" 200 - "-" "WordPress/7.1; https://usaigc.com"
216.244.66.236 - - [02/Sep/2026:13:40:22 -0700] "GET /athlete_form.cfm?CFID=1442434&CFTOKEN=ad113afa48e93ae0-FF471F4B-EF8C-1621-6AEBCB59BBC27411 HTTP/1.1" 301 - "-" "Mozilla/5.0 (compatible; DotBot/1.2; +https://opensiteexplorer.org/dotbot; help@moz.com)"
216.244.66.236 - - [02/Sep/2026:13:40:24 -0700] "GET /athlete_form.cfm?CFID=1444982&CFTOKEN=a515ce8d189f63c1-0561E5A0-EF8C-1621-6AE931D49071FEC7 HTTP/1.1" 301 - "-" "Mozilla/5.0 (compatible; DotBot/1.2; +https://opensiteexplorer.org/dotbot; help@moz.com)"
216.244.66.236 - - [02/Sep/2026:13:40:25 -0700] "GET /athlete_form.cfm?CFID=1446963&CFTOKEN=72998fc2cf72344f-0A30130F-EF8C-1621-6AE4EAB98988C33F HTTP/1.1" 301 - "-" "Mozilla/5.0 (compatible; DotBot/1.2; +https://opensiteexplorer.org/dotbot; help@moz.com)"
216.244.66.236 - - [02/Sep/2026:13:40:27 -0700] "GET /athlete_form.cfm?CFID=1447541&CFTOKEN=bf2fac9c9530948e-0B7A3F5C-EF8C-1621-6AE065FCEB2D554B HTTP/1.1" 301 - "-" "Mozilla/5.0 (compatible; DotBot/1.2; +https://opensiteexplorer.org/dotbot; help@moz.com)"
216.244.66.236 - - [02/Sep/2026:13:40:28 -0700] "GET /athlete_form.cfm?CFID=1448069&CFTOKEN=2abbd9781a3bde96-0D076AC7-EF8C-1621-6AE9FCD728B4CF57 HTTP/1.1" 301 - "-" "Mozilla/5.0 (compatible; DotBot/1.2; +https://opensiteexplorer.org/dotbot; help@moz.com)"
216.244.66.236 - - [02/Sep/2026:13:40:29 -0700] "GET /athlete_form.cfm?CFID=1448130&CFTOKEN=4d5815dabb07f5ce-0D0B680E-EF8C-1621-6AED8C389CFEFC08 HTTP/1.1" 301 - "-" "Mozilla/5.0 (compatible; DotBot/1.2; +https://opensiteexplorer.org/dotbot; help@moz.com)"
216.244.66.236 - - [02/Sep/2026:13:40:30 -0700] "GET /athlete_form.cfm?CFID=1448879&CFTOKEN=7ed935709bc82721-0E9A6721-EF8C-1621-6AE10A2EA87835CC HTTP/1.1" 301 - "-" "Mozilla/5.0 (compatible; DotBot/1.2; +https://opensiteexplorer.org/dotbot; help@moz.com)"
216.244.66.236 - - [02/Sep/2026:13:40:31 -0700] "GET /athlete_form.cfm?CFID=1450283&CFTOKEN=198598be105f03e4-11A36F7A-EF8C-1621-6AE4A67427577785 HTTP/1.1" 301 - "-" "Mozilla/5.0 (compatible; DotBot/1.2; +https://opensiteexplorer.org/dotbot; help@moz.com)"
216.244.66.236 - - [02/Sep/2026:13:40:32 -0700] "GET /athlete_form.cfm?CFID=1450722&CFTOKEN=fd1a1f7d2659fcf1-1308E680-EF8C-1621-6AEE401EAF2D643E HTTP/1.1" 301 - "-" "Mozilla/5.0 (compatible; DotBot/1.2; +https://opensiteexplorer.org/dotbot; help@moz.com)"
216.244.66.236 - - [02/Sep/2026:13:40:32 -0700] "GET /athlete_form.cfm?CFID=1451012&CFTOKEN=f3e1de8acb27e6b0-13196C2E-EF8C-1621-6AED181FD9D30F9B HTTP/1.1" 301 - "-" "Mozilla/5.0 (compatible; DotBot/1.2; +https://opensiteexplorer.org/dotbot; help@moz.com)"
216.244.66.236 - - [02/Sep/2026:13:40:33 -0700] "GET /athlete_form.cfm?CFID=1451469&CFTOKEN=3025f29bab2c53c3-1488315F-EF8C-1621-6AE50E38AAA53876 HTTP/1.1" 301 - "-" "Mozilla/5.0 (compatible; DotBot/1.2; +https://opensiteexplorer.org/dotbot; help@moz.com)"
216.244.66.236 - - [02/Sep/2026:13:40:34 -0700] "GET /athlete_form.cfm?CFID=1451564&CFTOKEN=1b523569e1372828-148DFB22-EF8C-1621-6AE90513442AE199 HTTP/1.1" 301 - "-" "Mozilla/5.0 (compatible; DotBot/1.2; +https://opensiteexplorer.org/dotbot; help@moz.com)"
216.244.66.236 - - [02/Sep/2026:13:40:34 -0700] "GET /athlete_form.cfm?CFID=1451619&CFTOKEN=35f042615e9a3356-1490FC9C-EF8C-1621-6AEB119D2430B496 HTTP/1.1" 301 - "-" "Mozilla/5.0 (compatible; DotBot/1.2; +https://opensiteexplorer.org/dotbot; help@moz.com)"
216.244.66.236 - - [02/Sep/2026:13:40:35 -0700] "GET /athlete_form.cfm?CFID=1452875&CFTOKEN=36e2abf1b5ed5242-1799C2E1-EF8C-1621-6AE92E3F5E53AFF9 HTTP/1.1" 301 - "-" "Mozilla/5.0 (compatible; DotBot/1.2; +https://opensiteexplorer.org/dotbot; help@moz.com)"
216.244.66.236 - - [02/Sep/2026:13:40:35 -0700] "GET /athlete_form.cfm?CFID=1453794&CFTOKEN=7f48a70789c12797-1928F9B6-EF8C-1621-6AE700D2739102FA HTTP/1.1" 301 - "-" "Mozilla/5.0 (compatible; DotBot/1.2; +https://opensiteexplorer.org/dotbot; help@moz.com)"
216.244.66.236 - - [02/Sep/2026:13:40:36 -0700] "GET /athlete_form.cfm?CFID=1454193&CFTOKEN=b128e4dff13a6a8e-1A8EC415-EF8C-1621-6AEE1AADBA603D06 HTTP/1.1" 301 - "-" "Mozilla/5.0 (compatible; DotBot/1.2; +https://opensiteexplorer.org/dotbot; help@moz.com)"
216.244.66.236 - - [02/Sep/2026:13:40:37 -0700] "GET /athlete_form.cfm?CFID=1455069&CFTOKEN=8c1ade9a3db5210b-1C3EA186-EF8C-1621-6AEA4A7A36BEF70A HTTP/1.1" 301 - "-" "Mozilla/5.0 (compatible; DotBot/1.2; +https://opensiteexplorer.org/dotbot; help@moz.com)"
216.244.66.236 - - [02/Sep/2026:13:40:39 -0700] "GET /athlete_form.cfm?CFID=1457487&CFTOKEN=589a64032010de2-224164FE-EF8C-1621-6AEF8A64EC96DEBF HTTP/1.1" 301 - "-" "Mozilla/5.0 (compatible; DotBot/1.2; +https://opensiteexplorer.org/dotbot; help@moz.com)"
216.244.66.236 - - [02/Sep/2026:13:40:40 -0700] "GET /athlete_form.cfm?CFID=1457565&CFTOKEN=ac7f6bfc1423d2f1-224617D8-EF8C-1621-6AE650D8E355D58A HTTP/1.1" 301 - "-" "Mozilla/5.0 (compatible; DotBot/1.2; +https://opensiteexplorer.org/dotbot; help@moz.com)"
216.244.66.236 - - [02/Sep/2026:13:40:42 -0700] "GET /athlete_form.cfm?CFID=1458218&CFTOKEN=3fbdaa5be3dee8f1-23F286D2-EF8C-1621-6AE57D0904CFF4EE HTTP/1.1" 301 - "-" "Mozilla/5.0 (compatible; DotBot/1.2; +https://opensiteexplorer.org/dotbot; help@moz.com)"
216.244.66.236 - - [02/Sep/2026:13:40:43 -0700] "GET /athlete_form.cfm?CFID=1458800&CFTOKEN=12839e0cf40c942d-2582F6A5-EF8C-1621-6AEF71443E91AF98 HTTP/1.1" 301 - "-" "Mozilla/5.0 (compatible; DotBot/1.2; +https://opensiteexplorer.org/dotbot; help@moz.com)"
216.244.66.236 - - [02/Sep/2026:13:40:44 -0700] "GET /athlete_form.cfm?CFID=1458811&CFTOKEN=ff07d1f5b376dcdb-25839A27-EF8C-1621-6AE6857010368BFC HTTP/1.1" 301 - "-" "Mozilla/5.0 (compatible; DotBot/1.2; +https://opensiteexplorer.org/dotbot; help@moz.com)"
216.244.66.236 - - [02/Sep/2026:13:40:45 -0700] "GET /athlete_form.cfm?CFID=1460399&CFTOKEN=5d76f69cf0275031-29D704F5-EF8C-1621-6AEFB6D622FDC884 HTTP/1.1" 301 - "-" "Mozilla/5.0 (compatible; DotBot/1.2; +https://opensiteexplorer.org/dotbot; help@moz.com)"
216.244.66.236 - - [02/Sep/2026:13:40:46 -0700] "GET /athlete_form.cfm?CFID=1460590&CFTOKEN=62e08f0139fb54e0-29E287DC-EF8C-1621-6AE944CB434E74A8 HTTP/1.1" 301 - "-" "Mozilla/5.0 (compatible; DotBot/1.2; +https://opensiteexplorer.org/dotbot; help@moz.com)"
216.244.66.236 - - [02/Sep/2026:13:40:47 -0700] "GET /athlete_form.cfm?CFID=1460846&CFTOKEN=2cfdab36c46aa9cb-29F61EDC-EF8C-1621-6AE589FF4FE4B673 HTTP/1.1" 301 - "-" "Mozilla/5.0 (compatible; DotBot/1.2; +https://opensiteexplorer.org/dotbot; help@moz.com)"
216.244.66.236 - - [02/Sep/2026:13:40:48 -0700] "GET /athlete_form.cfm?CFID=1462109&CFTOKEN=d117a04780a10284-2D2D90F0-EF8C-1621-6AE40A062B9B817A HTTP/1.1" 301 - "-" "Mozilla/5.0 (compatible; DotBot/1.2; +https://opensiteexplorer.org/dotbot; help@moz.com)"
216.244.66.236 - - [02/Sep/2026:13:40:49 -0700] "GET /athlete_form.cfm?CFID=1464295&CFTOKEN=2a6021b1fdabd3d1-31AD6D43-EF8C-1621-6AE2EBB7A1FC0356 HTTP/1.1" 301 - "-" "Mozilla/5.0 (compatible; DotBot/1.2; +https://opensiteexplorer.org/dotbot; help@moz.com)"
216.244.66.236 - - [02/Sep/2026:13:40:50 -0700] "GET /athlete_form.cfm?CFID=1464427&CFTOKEN=870e42d9e1b56698-31B603B3-EF8C-1621-6AED01F049794F8F HTTP/1.1" 301 - "-" "Mozilla/5.0 (compatible; DotBot/1.2; +https://opensiteexplorer.org/dotbot; help@moz.com)"
216.244.66.236 - - [02/Sep/2026:13:40:50 -0700] "GET /athlete_form.cfm?CFID=1466162&CFTOKEN=c81bd7c43896b8b9-3680D034-EF8C-1621-6AE8A741FEDDCB59 HTTP/1.1" 301 - "-" "Mozilla/5.0 (compatible; DotBot/1.2; +https://opensiteexplorer.org/dotbot; help@moz.com)"
216.244.66.236 - - [02/Sep/2026:13:40:51 -0700] "GET /athlete_form.cfm?CFID=1466446&CFTOKEN=ea630843cdaffd55-36971B7A-EF8C-1621-6AEB9A0F87D53B40 HTTP/1.1" 301 - "-" "Mozilla/5.0 (compatible; DotBot/1.2; +https://opensiteexplorer.org/dotbot; help@moz.com)"
216.244.66.236 - - [02/Sep/2026:13:40:51 -0700] "GET /athlete_form.cfm?CFID=1467151&CFTOKEN=f0ba91eb9f55e8af-381D5702-EF8C-1621-6AE67421FFB34A38 HTTP/1.1" 301 - "-" "Mozilla/5.0 (compatible; DotBot/1.2; +https://opensiteexplorer.org/dotbot; help@moz.com)"
216.244.66.236 - - [02/Sep/2026:13:40:52 -0700] "GET /athlete_form.cfm?CFID=1467541&CFTOKEN=26ccffde4cae5754-39A974C3-EF8C-1621-6AECD98C4F57C87F HTTP/1.1" 301 - "-" "Mozilla/5.0 (compatible; DotBot/1.2; +https://opensiteexplorer.org/dotbot; help@moz.com)"
216.244.66.236 - - [02/Sep/2026:13:40:52 -0700] "GET /athlete_form.cfm?CFID=1468811&CFTOKEN=f9fbd9063a7ed1fe-3CEA4B02-EF8C-1621-6AEA502864CA48A8 HTTP/1.1" 301 - "-" "Mozilla/5.0 (compatible; DotBot/1.2; +https://opensiteexplorer.org/dotbot; help@moz.com)"
216.244.66.236 - - [02/Sep/2026:13:40:53 -0700] "GET /athlete_form.cfm?CFID=1468903&CFTOKEN=e981280e125f0ecb-3CF03EF1-EF8C-1621-6AEA5AA762E9A5BA HTTP/1.1" 301 - "-" "Mozilla/5.0 (compatible; DotBot/1.2; +https://opensiteexplorer.org/dotbot; help@moz.com)"
216.244.66.236 - - [02/Sep/2026:13:40:53 -0700] "GET /athlete_form.cfm?CFID=1468930&CFTOKEN=638bcdb66ff0299b-3CF1D953-EF8C-1621-6AE639EF728A10A6 HTTP/1.1" 301 - "-" "Mozilla/5.0 (compatible; DotBot/1.2; +https://opensiteexplorer.org/dotbot; help@moz.com)"
216.244.66.236 - - [02/Sep/2026:13:40:54 -0700] "GET /athlete_form.cfm?CFID=1469664&CFTOKEN=eef0706c460040eb-3E747EF0-EF8C-1621-6AED1C8811BA66EC HTTP/1.1" 301 - "-" "Mozilla/5.0 (compatible; DotBot/1.2; +https://opensiteexplorer.org/dotbot; help@moz.com)"
216.244.66.236 - - [02/Sep/2026:13:41:05 -0700] "GET /athlete_form.cfm?CFID=1476363&CFTOKEN=d816caaf04609d51-5319A800-EF8C-1621-6AE38862B4ABB4AE HTTP/1.1" 301 - "-" "Mozilla/5.0 (compatible; DotBot/1.2; +https://opensiteexplorer.org/dotbot; help@moz.com)"
216.244.66.236 - - [02/Sep/2026:13:41:06 -0700] "GET /athlete_form.cfm?CFID=1476780&CFTOKEN=ed70a0401abab34-54B7B9AF-EF8C-1621-6AE5D1B52EBE16FC HTTP/1.1" 301 - "-" "Mozilla/5.0 (compatible; DotBot/1.2; +https://opensiteexplorer.org/dotbot; help@moz.com)"
216.244.66.236 - - [02/Sep/2026:13:41:07 -0700] "GET /athlete_form.cfm?CFID=1477592&CFTOKEN=dfd424b8c7079f8e-57F98749-EF8C-1621-6AE28D0FFC84FD48 HTTP/1.1" 301 - "-" "Mozilla/5.0 (compatible; DotBot/1.2; +https://opensiteexplorer.org/dotbot; help@moz.com)"
216.244.66.236 - - [02/Sep/2026:13:41:08 -0700] "GET /athlete_form.cfm?CFID=1477751&CFTOKEN=fe47d17951d0fe3b-5804D02E-EF8C-1621-6AE2B9A39F8A7B68 HTTP/1.1" 301 - "-" "Mozilla/5.0 (compatible; DotBot/1.2; +https://opensiteexplorer.org/dotbot; help@moz.com)"
216.244.66.236 - - [02/Sep/2026:13:41:09 -0700] "GET /athlete_form.cfm?CFID=1477862&CFTOKEN=e75a8b44c009f0d6-580BC78E-EF8C-1621-6AE66BCDE2904178 HTTP/1.1" 301 - "-" "Mozilla/5.0 (compatible; DotBot/1.2; +https://opensiteexplorer.org/dotbot; help@moz.com)"
216.244.66.236 - - [02/Sep/2026:13:41:10 -0700] "GET /athlete_form.cfm?CFID=1478236&CFTOKEN=876012d035371ca5-59A87DF6-EF8C-1621-6AEE5A332720C74E HTTP/1.1" 301 - "-" "Mozilla/5.0 (compatible; DotBot/1.2; +https://opensiteexplorer.org/dotbot; help@moz.com)"
216.244.66.236 - - [02/Sep/2026:13:41:10 -0700] "GET /athlete_form.cfm?CFID=1478463&CFTOKEN=64bccd98066c6010-59B63CEF-EF8C-1621-6AE5587CFB311DC7 HTTP/1.1" 301 - "-" "Mozilla/5.0 (compatible; DotBot/1.2; +https://opensiteexplorer.org/dotbot; help@moz.com)"
173.231.200.77 - - [02/Sep/2026:13:41:22 -0700] "POST /wp-cron.php?doing_wp_cron=1788381682.7578608989715576171875 HTTP/1.1" 200 - "-" "WordPress/7.1; https://usaigc.com"
216.244.66.236 - - [02/Sep/2026:13:41:22 -0700] "GET /athlete_form.cfm?CFID=1479709&CFTOKEN=c2e55071f1e6fa5e-5CBE05D7-EF8C-1621-6AE6F86AEEB96A38 HTTP/1.1" 301 - "-" "Mozilla/5.0 (compatible; DotBot/1.2; +https://opensiteexplorer.org/dotbot; help@moz.com)"
216.244.66.236 - - [02/Sep/2026:13:41:23 -0700] "GET /athlete_form.cfm?CFID=1479773&CFTOKEN=d29a83ffc480781c-5CC4EF0A-EF8C-1621-6AE74223CDA82051 HTTP/1.1" 301 - "-" "Mozilla/5.0 (compatible; DotBot/1.2; +https://opensiteexplorer.org/dotbot; help@moz.com)"
216.244.66.236 - - [02/Sep/2026:13:41:24 -0700] "GET /athlete_form.cfm?CFID=1480841&CFTOKEN=c5b6fde56141dedb-5E62BA92-EF8C-1621-6AE3048CF6CAD304 HTTP/1.1" 301 - "-" "Mozilla/5.0 (compatible; DotBot/1.2; +https://opensiteexplorer.org/dotbot; help@moz.com)"
216.244.66.236 - - [02/Sep/2026:13:41:25 -0700] "GET /athlete_form.cfm?CFID=1481385&CFTOKEN=dc78a1d9280f34bb-5FB40AFB-EF8C-1621-6AE8D6E11B43E0EB HTTP/1.1" 301 - "-" "Mozilla/5.0 (compatible; DotBot/1.2; +https://opensiteexplorer.org/dotbot; help@moz.com)"
216.244.66.236 - - [02/Sep/2026:13:41:26 -0700] "GET /athlete_form.cfm?CFID=1481575&CFTOKEN=9268de4073e9b85e-5FBF6447-EF8C-1621-6AE323AD02C41536 HTTP/1.1" 301 - "-" "Mozilla/5.0 (compatible; DotBot/1.2; +https://opensiteexplorer.org/dotbot; help@moz.com)"
216.244.66.236 - - [02/Sep/2026:13:41:26 -0700] "GET /athlete_form.cfm?CFID=1481691&CFTOKEN=1544d5a8dda72aba-5FC6D237-EF8C-1621-6AE143B8BF19642F HTTP/1.1" 301 - "-" "Mozilla/5.0 (compatible; DotBot/1.2; +https://opensiteexplorer.org/dotbot; help@moz.com)"
216.244.66.236 - - [02/Sep/2026:13:41:27 -0700] "GET /athlete_form.cfm?CFID=1482579&CFTOKEN=8468b0a2ef45416e-6165E254-EF8C-1621-6AEDE3B56D11D3EA HTTP/1.1" 301 - "-" "Mozilla/5.0 (compatible; DotBot/1.2; +https://opensiteexplorer.org/dotbot; help@moz.com)"
216.244.66.236 - - [02/Sep/2026:13:41:28 -0700] "GET /athlete_form.cfm?CFID=1482979&CFTOKEN=1ff5975d84dd17e6-617F54D7-EF8C-1621-6AEBD226BDA3F4F8 HTTP/1.1" 301 - "-" "Mozilla/5.0 (compatible; DotBot/1.2; +https://opensiteexplorer.org/dotbot; help@moz.com)"
216.244.66.236 - - [02/Sep/2026:13:41:29 -0700] "GET /athlete_form.cfm?CFID=1484026&CFTOKEN=de0d667a6d9ebe73-6300E6B6-EF8C-1621-6AE6CF79823042E5 HTTP/1.1" 301 - "-" "Mozilla/5.0 (compatible; DotBot/1.2; +https://opensiteexplorer.org/dotbot; help@moz.com)"
216.244.66.236 - - [02/Sep/2026:13:41:29 -0700] "GET /athlete_form.cfm?CFID=1484027&CFTOKEN=1ac8b464687ffcb2-6300EE1B-EF8C-1621-6AE751D43D6822AD HTTP/1.1" 301 - "-" "Mozilla/5.0 (compatible; DotBot/1.2; +https://opensiteexplorer.org/dotbot; help@moz.com)"
216.244.66.236 - - [02/Sep/2026:13:41:30 -0700] "GET /athlete_form.cfm?CFID=1484153&CFTOKEN=4507729055e6b842-63093088-EF8C-1621-6AE663761F24EE36 HTTP/1.1" 301 - "-" "Mozilla/5.0 (compatible; DotBot/1.2; +https://opensiteexplorer.org/dotbot; help@moz.com)"
216.244.66.236 - - [02/Sep/2026:13:41:30 -0700] "GET /athlete_form.cfm?CFID=1484597&CFTOKEN=376378577becbf19-648785E6-EF8C-1621-6AECC827EB4124C3 HTTP/1.1" 301 - "-" "Mozilla/5.0 (compatible; DotBot/1.2; +https://opensiteexplorer.org/dotbot; help@moz.com)"
216.244.66.236 - - [02/Sep/2026:13:41:31 -0700] "GET /athlete_form.cfm?CFID=1486752&CFTOKEN=c25ffb0bd6216227-67A2F4FF-EF8C-1621-6AE819D78E0EA2C6 HTTP/1.1" 301 - "-" "Mozilla/5.0 (compatible; DotBot/1.2; +https://opensiteexplorer.org/dotbot; help@moz.com)"
216.244.66.236 - - [02/Sep/2026:13:41:31 -0700] "GET /athlete_form.cfm?CFID=1487410&CFTOKEN=7c4f8b3d7aede8ed-67CE68E6-EF8C-1621-6AE8F4D809745EFD HTTP/1.1" 301 - "-" "Mozilla/5.0 (compatible; DotBot/1.2; +https://opensiteexplorer.org/dotbot; help@moz.com)"
216.244.66.236 - - [02/Sep/2026:13:41:31 -0700] "GET /athlete_form.cfm?CFID=1487886&CFTOKEN=8550c15decd6bc9e-691A24EF-EF8C-1621-6AECF7B2D7CEC215 HTTP/1.1" 301 - "-" "Mozilla/5.0 (compatible; DotBot/1.2; +https://opensiteexplorer.org/dotbot; help@moz.com)"
216.244.66.236 - - [02/Sep/2026:13:41:33 -0700] "GET /athlete_form.cfm?CFID=1488181&CFTOKEN=295d33bfad1bab73-692F5972-EF8C-1621-6AEE77CE31105CB3 HTTP/1.1" 301 - "-" "Mozilla/5.0 (compatible; DotBot/1.2; +https://opensiteexplorer.org/dotbot; help@moz.com)"
216.244.66.236 - - [02/Sep/2026:13:41:35 -0700] "GET /athlete_form.cfm?CFID=1489197&CFTOKEN=7359b2e4f140a67c-6AB55D52-EF8C-1621-6AE01182A7E8E1A6 HTTP/1.1" 301 - "-" "Mozilla/5.0 (compatible; DotBot/1.2; +https://opensiteexplorer.org/dotbot; help@moz.com)"
216.244.66.236 - - [02/Sep/2026:13:41:36 -0700] "GET /athlete_form.cfm?CFID=1489580&CFTOKEN=1ab14fe66665ebf2-6AD2D444-EF8C-1621-6AE1338C1FF29FC0 HTTP/1.1" 301 - "-" "Mozilla/5.0 (compatible; DotBot/1.2; +https://opensiteexplorer.org/dotbot; help@moz.com)"
216.244.66.236 - - [02/Sep/2026:13:41:39 -0700] "GET /athlete_form.cfm?CFID=1490484&CFTOKEN=d46278e803e1a793-6C473CE0-EF8C-1621-6AE2604023E61E2B HTTP/1.1" 301 - "-" "Mozilla/5.0 (compatible; DotBot/1.2; +https://opensiteexplorer.org/dotbot; help@moz.com)"
216.244.66.236 - - [02/Sep/2026:13:41:41 -0700] "GET /athlete_form.cfm?CFID=1490630&CFTOKEN=2c2d5de0e926934b-6C50ACF7-EF8C-1621-6AE24A7C1452A1CC HTTP/1.1" 301 - "-" "Mozilla/5.0 (compatible; DotBot/1.2; +https://opensiteexplorer.org/dotbot; help@moz.com)"
216.244.66.236 - - [02/Sep/2026:13:41:43 -0700] "GET /athlete_form.cfm?CFID=1491036&CFTOKEN=cb74c340281b4e2f-6C6B9783-EF8C-1621-6AEEF12350F45223 HTTP/1.1" 301 - "-" "Mozilla/5.0 (compatible; DotBot/1.2; +https://opensiteexplorer.org/dotbot; help@moz.com)"
216.244.66.236 - - [02/Sep/2026:13:41:47 -0700] "GET /athlete_form.cfm?CFID=1493648&CFTOKEN=f4825c2c50784a88-70D3CBA0-EF8C-1621-6AE9340E5A5FB99C HTTP/1.1" 301 - "-" "Mozilla/5.0 (compatible; DotBot/1.2; +https://opensiteexplorer.org/dotbot; help@moz.com)"
54.38.196.24 - - [02/Sep/2026:13:41:48 -0700] "GET / HTTP/1.1" 200 131156 "-" "Mozilla/5.0 (Linux; Android 12; Pixel 6) AppleWebKit/537.36 (KHTML, like Gecko) Chrome/114.0.0.0 Mobile Safari/537.36"
216.244.66.236 - - [02/Sep/2026:13:41:51 -0700] "GET /athlete_form.cfm?CFID=1493877&CFTOKEN=8837dfa1fd9018a2-70E1DABC-EF8C-1621-6AE3C79595965ED9 HTTP/1.1" 301 - "-" "Mozilla/5.0 (compatible; DotBot/1.2; +https://opensiteexplorer.org/dotbot; help@moz.com)"
216.244.66.236 - - [02/Sep/2026:13:41:55 -0700] "GET /athlete_form.cfm?CFID=1493926&CFTOKEN=d87218c5a037abe5-70E53BDF-EF8C-1621-6AE22382EA96123C HTTP/1.1" 301 - "-" "Mozilla/5.0 (compatible; DotBot/1.2; +https://opensiteexplorer.org/dotbot; help@moz.com)"
216.244.66.236 - - [02/Sep/2026:13:41:58 -0700] "GET /athlete_form.cfm?CFID=1495093&CFTOKEN=b9abcb3b672daec4-727DA859-EF8C-1621-6AE6CA61B46B32E8 HTTP/1.1" 301 - "-" "Mozilla/5.0 (compatible; DotBot/1.2; +https://opensiteexplorer.org/dotbot; help@moz.com)"
216.244.66.236 - - [02/Sep/2026:13:42:01 -0700] "GET /athlete_form.cfm?CFID=1496538&CFTOKEN=d4ed6aa37f9cbf20-7421DBB7-EF8C-1621-6AE20C39A75413DA HTTP/1.1" 301 - "-" "Mozilla/5.0 (compatible; DotBot/1.2; +https://opensiteexplorer.org/dotbot; help@moz.com)"
216.244.66.236 - - [02/Sep/2026:13:42:05 -0700] "GET /athlete_form.cfm?CFID=1496969&CFTOKEN=4d77e3705bed548-75BCE4B5-EF8C-1621-6AE0A73F7B988D49 HTTP/1.1" 301 - "-" "Mozilla/5.0 (compatible; DotBot/1.2; +https://opensiteexplorer.org/dotbot; help@moz.com)"
216.244.66.236 - - [02/Sep/2026:13:42:07 -0700] "GET /athlete_form.cfm?CFID=1498156&CFTOKEN=cff14a6841772435-792EECA3-EF8C-1621-6AE0D6138C8F0843 HTTP/1.1" 301 - "-" "Mozilla/5.0 (compatible; DotBot/1.2; +https://opensiteexplorer.org/dotbot; help@moz.com)"
216.244.66.236 - - [02/Sep/2026:13:42:08 -0700] "GET /athlete_form.cfm?CFID=1498554&CFTOKEN=fa0200c5da26337e-7A9C86CA-EF8C-1621-6AE694565E4C37DC HTTP/1.1" 301 - "-" "Mozilla/5.0 (compatible; DotBot/1.2; +https://opensiteexplorer.org/dotbot; help@moz.com)"
216.244.66.236 - - [02/Sep/2026:13:42:10 -0700] "GET /athlete_form.cfm?CFID=1499221&CFTOKEN=8a167199ff64822e-7C40F6B9-EF8C-1621-6AE78AF0D1E0D14B HTTP/1.1" 301 - "-" "Mozilla/5.0 (compatible; DotBot/1.2; +https://opensiteexplorer.org/dotbot; help@moz.com)"
216.244.66.236 - - [02/Sep/2026:13:42:11 -0700] "GET /athlete_form.cfm?CFID=1499637&CFTOKEN=52c08109c6a041d-7DA1FCA0-EF8C-1621-6AEF0D2D7AB276A7 HTTP/1.1" 301 - "-" "Mozilla/5.0 (compatible; DotBot/1.2; +https://opensiteexplorer.org/dotbot; help@moz.com)"
216.244.66.236 - - [02/Sep/2026:13:42:13 -0700] "GET /athlete_form.cfm?CFID=1500667&CFTOKEN=bfaa220547102e67-80D64637-EF8C-1621-6AE5C52B6BDCE51D HTTP/1.1" 301 - "-" "Mozilla/5.0 (compatible; DotBot/1.2; +https://opensiteexplorer.org/dotbot; help@moz.com)"
216.244.66.236 - - [02/Sep/2026:13:42:14 -0700] "GET /athlete_form.cfm?CFID=1501010&CFTOKEN=1865c47c031ca3a2-824FECAC-EF8C-1621-6AEB0BCB1F1C9FFB HTTP/1.1" 301 - "-" "Mozilla/5.0 (compatible; DotBot/1.2; +https://opensiteexplorer.org/dotbot; help@moz.com)"
216.244.66.236 - - [02/Sep/2026:13:42:16 -0700] "GET /athlete_form.cfm?CFID=1502726&CFTOKEN=a583859db91ecb67-8705E34E-EF8C-1621-6AE9B6798855C923 HTTP/1.1" 301 - "-" "Mozilla/5.0 (compatible; DotBot/1.2; +https://opensiteexplorer.org/dotbot; help@moz.com)"
216.244.66.236 - - [02/Sep/2026:13:42:18 -0700] "GET /athlete_form.cfm?CFID=1504452&CFTOKEN=d69525a9a5ab055b-8BAD18B8-EF8C-1621-6AE72A41D3F80C22 HTTP/1.1" 301 - "-" "Mozilla/5.0 (compatible; DotBot/1.2; +https://opensiteexplorer.org/dotbot; help@moz.com)"
216.244.66.236 - - [02/Sep/2026:13:42:20 -0700] "GET /athlete_form.cfm?CFID=1504863&CFTOKEN=3a556e58ec342742-8D1F7751-EF8C-1621-6AE0350EB0D90485 HTTP/1.1" 301 - "-" "Mozilla/5.0 (compatible; DotBot/1.2; +https://opensiteexplorer.org/dotbot; help@moz.com)"
173.231.200.77 - - [02/Sep/2026:13:42:21 -0700] "POST /wp-cron.php?doing_wp_cron=1788381741.9360890388488769531250 HTTP/1.1" 200 - "-" "WordPress/7.1; https://usaigc.com"
216.244.66.236 - - [02/Sep/2026:13:42:21 -0700] "GET /athlete_form.cfm?CFID=1505059&CFTOKEN=87f933a0fc55987b-8D2D3047-EF8C-1621-6AECF2D9C5933C53 HTTP/1.1" 301 - "-" "Mozilla/5.0 (compatible; DotBot/1.2; +https://opensiteexplorer.org/dotbot; help@moz.com)"
216.244.66.236 - - [02/Sep/2026:13:42:23 -0700] "GET /athlete_form.cfm?CFID=1506530&CFTOKEN=9e6cd9938f7e60b-906E3AA0-EF8C-1621-6AE37144F6B781C5 HTTP/1.1" 301 - "-" "Mozilla/5.0 (compatible; DotBot/1.2; +https://opensiteexplorer.org/dotbot; help@moz.com)"
216.244.66.236 - - [02/Sep/2026:13:42:24 -0700] "GET /athlete_form.cfm?CFID=1506659&CFTOKEN=feceb9e469b712af-9077ACBE-EF8C-1621-6AEB757D8B8F886F HTTP/1.1" 301 - "-" "Mozilla/5.0 (compatible; DotBot/1.2; +https://opensiteexplorer.org/dotbot; help@moz.com)"
216.244.66.236 - - [02/Sep/2026:13:42:25 -0700] "GET /athlete_form.cfm?CFID=1507050&CFTOKEN=276e75d8cd03c0ab-91E3A39A-EF8C-1621-6AEBCC1FFB766444 HTTP/1.1" 301 - "-" "Mozilla/5.0 (compatible; DotBot/1.2; +https://opensiteexplorer.org/dotbot; help@moz.com)"
62.60.130.198 - - [02/Sep/2026:13:42:26 -0700] "GET /wp-admin/css/ HTTP/1.1" 200 20496 "binance.com" "Mozilla/5.0 (Windows NT 10.0; Win64; x64) AppleWebKit/537.36 (KHTML, like Gecko) Chrome/90.0.4430.85 Safari/537.36"
216.244.66.236 - - [02/Sep/2026:13:42:26 -0700] "GET /athlete_form.cfm?CFID=1507673&CFTOKEN=3056bbd03284e594-936D9887-EF8C-1621-6AED69389770BAD9 HTTP/1.1" 301 - "-" "Mozilla/5.0 (compatible; DotBot/1.2; +https://opensiteexplorer.org/dotbot; help@moz.com)"
216.244.66.236 - - [02/Sep/2026:13:42:27 -0700] "GET /athlete_form.cfm?CFID=1508485&CFTOKEN=f4e5e73eab02d622-950C3DFA-EF8C-1621-6AE42BD34FF75899 HTTP/1.1" 301 - "-" "Mozilla/5.0 (compatible; DotBot/1.2; +https://opensiteexplorer.org/dotbot; help@moz.com)"
216.244.66.236 - - [02/Sep/2026:13:42:28 -0700] "GET /athlete_form.cfm?CFID=1509449&CFTOKEN=16636ca70eb331dd-981665FB-EF8C-1621-6AE8A32DD7E75D8D HTTP/1.1" 301 - "-" "Mozilla/5.0 (compatible; DotBot/1.2; +https://opensiteexplorer.org/dotbot; help@moz.com)"
216.244.66.236 - - [02/Sep/2026:13:42:29 -0700] "GET /athlete_form.cfm?CFID=1510804&CFTOKEN=29c0e2e930cf1086-9B4715E6-EF8C-1621-6AE4F3CA31B823D2 HTTP/1.1" 301 - "-" "Mozilla/5.0 (compatible; DotBot/1.2; +https://opensiteexplorer.org/dotbot; help@moz.com)"
216.244.66.236 - - [02/Sep/2026:13:42:29 -0700] "GET /athlete_form.cfm?CFID=1511979&CFTOKEN=81ebf47409b03357-9CF817F1-EF8C-1621-6AEFA21D2076AD9B HTTP/1.1" 301 - "-" "Mozilla/5.0 (compatible; DotBot/1.2; +https://opensiteexplorer.org/dotbot; help@moz.com)"
216.244.66.236 - - [02/Sep/2026:13:42:30 -0700] "GET /athlete_form.cfm?CFID=1512206&CFTOKEN=fce8bdd47f66b5c4-9E5F77CB-EF8C-1621-6AE5E8AE38E51A9E HTTP/1.1" 301 - "-" "Mozilla/5.0 (compatible; DotBot/1.2; +https://opensiteexplorer.org/dotbot; help@moz.com)"
216.244.66.236 - - [02/Sep/2026:13:42:30 -0700] "GET /athlete_form.cfm?CFID=1512538&CFTOKEN=da03d9c498382f21-9E7938D8-EF8C-1621-6AE983C6ED633F12 HTTP/1.1" 301 - "-" "Mozilla/5.0 (compatible; DotBot/1.2; +https://opensiteexplorer.org/dotbot; help@moz.com)"
216.244.66.236 - - [02/Sep/2026:13:42:31 -0700] "GET /athlete_form.cfm?CFID=1516203&CFTOKEN=1eabbfb63d6a5ec-A49EDD07-EF8C-1621-6AEBF7B7AF7F8849 HTTP/1.1" 301 - "-" "Mozilla/5.0 (compatible; DotBot/1.2; +https://opensiteexplorer.org/dotbot; help@moz.com)"
216.244.66.236 - - [02/Sep/2026:13:42:31 -0700] "GET /athlete_form.cfm?CFID=1518641&CFTOKEN=c9ab49f36185b43f-ACE3371D-EF8C-1621-6AE0C98904F52DFA HTTP/1.1" 301 - "-" "Mozilla/5.0 (compatible; DotBot/1.2; +https://opensiteexplorer.org/dotbot; help@moz.com)"
216.244.66.236 - - [02/Sep/2026:13:42:32 -0700] "GET /athlete_form.cfm?CFID=151870&CFTOKEN=123557493d47e6e7-F34AF8EF-EF8C-1621-6AEBFE36CF618FE0 HTTP/1.1" 301 - "-" "Mozilla/5.0 (compatible; DotBot/1.2; +https://opensiteexplorer.org/dotbot; help@moz.com)"
216.244.66.236 - - [02/Sep/2026:13:42:32 -0700] "GET /athlete_form.cfm?CFID=1518983&CFTOKEN=7ad30ee097a92539-AE685364-EF8C-1621-6AE6AE258C236FB6 HTTP/1.1" 301 - "-" "Mozilla/5.0 (compatible; DotBot/1.2; +https://opensiteexplorer.org/dotbot; help@moz.com)"
216.244.66.236 - - [02/Sep/2026:13:42:33 -0700] "GET /athlete_form.cfm?CFID=1520389&CFTOKEN=638183fdf1a9b776-B19F0587-EF8C-1621-6AE3591240821C9E HTTP/1.1" 301 - "-" "Mozilla/5.0 (compatible; DotBot/1.2; +https://opensiteexplorer.org/dotbot; help@moz.com)"
216.244.66.236 - - [02/Sep/2026:13:42:34 -0700] "GET /athlete_form.cfm?CFID=1521866&CFTOKEN=fa6910383f6d6a61-B640999B-EF8C-1621-6AE60F347EC12BD8 HTTP/1.1" 301 - "-" "Mozilla/5.0 (compatible; DotBot/1.2; +https://opensiteexplorer.org/dotbot; help@moz.com)"
216.244.66.236 - - [02/Sep/2026:13:42:34 -0700] "GET /athlete_form.cfm?CFID=1522058&CFTOKEN=e75624f5eea818f0-B64ED33C-EF8C-1621-6AE2F36F29AA5CBA HTTP/1.1" 301 - "-" "Mozilla/5.0 (compatible; DotBot/1.2; +https://opensiteexplorer.org/dotbot; help@moz.com)"
216.244.66.236 - - [02/Sep/2026:13:42:34 -0700] "GET /athlete_form.cfm?CFID=1522349&CFTOKEN=9d50e787792d2bab-B7C0FD95-EF8C-1621-6AE1E95B79413922 HTTP/1.1" 301 - "-" "Mozilla/5.0 (compatible; DotBot/1.2; +https://opensiteexplorer.org/dotbot; help@moz.com)"
216.244.66.236 - - [02/Sep/2026:13:42:35 -0700] "GET /athlete_form.cfm?CFID=1522580&CFTOKEN=4a640bfc51ef88d4-B7D0994B-EF8C-1621-6AEA1BC147C6761A HTTP/1.1" 301 - "-" "Mozilla/5.0 (compatible; DotBot/1.2; +https://opensiteexplorer.org/dotbot; help@moz.com)"
216.244.66.236 - - [02/Sep/2026:13:42:35 -0700] "GET /athlete_form.cfm?CFID=1523267&CFTOKEN=b36414fefd574c29-B972499C-EF8C-1621-6AE5945E66BBB337 HTTP/1.1" 301 - "-" "Mozilla/5.0 (compatible; DotBot/1.2; +https://opensiteexplorer.org/dotbot; help@moz.com)"
216.244.66.236 - - [02/Sep/2026:13:42:36 -0700] "GET /athlete_form.cfm?CFID=1523686&CFTOKEN=211921329ad5e0ab-BAF6D91C-EF8C-1621-6AE956B7D2A09887 HTTP/1.1" 301 - "-" "Mozilla/5.0 (compatible; DotBot/1.2; +https://opensiteexplorer.org/dotbot; help@moz.com)"
216.244.66.236 - - [02/Sep/2026:13:42:36 -0700] "GET /athlete_form.cfm?CFID=1524448&CFTOKEN=e4e81ffd7f1bb9a7-BC9387B0-EF8C-1621-6AEC46ABC7C33321 HTTP/1.1" 301 - "-" "Mozilla/5.0 (compatible; DotBot/1.2; +https://opensiteexplorer.org/dotbot; help@moz.com)"
216.244.66.236 - - [02/Sep/2026:13:42:37 -0700] "GET /athlete_form.cfm?CFID=1526676&CFTOKEN=69c24c20fe0a71a8-C44BE38E-EF8C-1621-6AE5183C1EE34E5E HTTP/1.1" 301 - "-" "Mozilla/5.0 (compatible; DotBot/1.2; +https://opensiteexplorer.org/dotbot; help@moz.com)"
216.244.66.236 - - [02/Sep/2026:13:42:37 -0700] "GET /athlete_form.cfm?CFID=1526934&CFTOKEN=33885f7424ef7aca-C45D9F39-EF8C-1621-6AEC1944EBBEAFF7 HTTP/1.1" 301 - "-" "Mozilla/5.0 (compatible; DotBot/1.2; +https://opensiteexplorer.org/dotbot; help@moz.com)"
216.244.66.236 - - [02/Sep/2026:13:42:37 -0700] "GET /athlete_form.cfm?CFID=1530543&CFTOKEN=3ac79c1abc8f8e30-CC3DF43C-EF8C-1621-6AEF16D2179A58F7 HTTP/1.1" 301 - "-" "Mozilla/5.0 (compatible; DotBot/1.2; +https://opensiteexplorer.org/dotbot; help@moz.com)"
216.244.66.236 - - [02/Sep/2026:13:42:38 -0700] "GET /athlete_form.cfm?CFID=1531038&CFTOKEN=230c6aa2b50079ac-CD9F30E1-EF8C-1621-6AE7EF37827F7335 HTTP/1.1" 301 - "-" "Mozilla/5.0 (compatible; DotBot/1.2; +https://opensiteexplorer.org/dotbot; help@moz.com)"
216.244.66.236 - - [02/Sep/2026:13:42:38 -0700] "GET /athlete_form.cfm?CFID=1531872&CFTOKEN=620bfe707b236704-CF1A0243-EF8C-1621-6AE2243787F4541E HTTP/1.1" 301 - "-" "Mozilla/5.0 (compatible; DotBot/1.2; +https://opensiteexplorer.org/dotbot; help@moz.com)"
216.244.66.236 - - [02/Sep/2026:13:42:39 -0700] "GET /athlete_form.cfm?CFID=1532235&CFTOKEN=c27a00287cea32d3-CF35E2DC-EF8C-1621-6AE395CE42CE15F7 HTTP/1.1" 301 - "-" "Mozilla/5.0 (compatible; DotBot/1.2; +https://opensiteexplorer.org/dotbot; help@moz.com)"
216.244.66.236 - - [02/Sep/2026:13:42:39 -0700] "GET /athlete_form.cfm?CFID=1535162&CFTOKEN=1f9e8caabc2d77f4-D551FAF1-EF8C-1621-6AEA8C645B141D84 HTTP/1.1" 301 - "-" "Mozilla/5.0 (compatible; DotBot/1.2; +https://opensiteexplorer.org/dotbot; help@moz.com)"
216.244.66.236 - - [02/Sep/2026:13:42:40 -0700] "GET /athlete_form.cfm?CFID=1535416&CFTOKEN=547177703642fec3-D56A33F1-EF8C-1621-6AEA1D9613E9B051 HTTP/1.1" 301 - "-" "Mozilla/5.0 (compatible; DotBot/1.2; +https://opensiteexplorer.org/dotbot; help@moz.com)"
62.60.130.198 - - [02/Sep/2026:13:42:40 -0700] "GET /wp-content/uploads/2026/09/ HTTP/1.1" 200 666 "binance.com" "Mozilla/5.0 (Windows NT 10.0; Win64; x64) AppleWebKit/537.36 (KHTML, like Gecko) Chrome/90.0.4430.85 Safari/537.36"
216.244.66.236 - - [02/Sep/2026:13:42:40 -0700] "GET /athlete_form.cfm?CFID=153570&CFTOKEN=f745ea6a8e6bcacf-F3A7805B-EF8C-1621-6AE8992E46460EC9 HTTP/1.1" 301 - "-" "Mozilla/5.0 (compatible; DotBot/1.2; +https://opensiteexplorer.org/dotbot; help@moz.com)"
216.244.66.236 - - [02/Sep/2026:13:42:40 -0700] "GET /athlete_form.cfm?CFID=1536033&CFTOKEN=fd9b786f1ad894a1-D6E576EE-EF8C-1621-6AE090A427199B08 HTTP/1.1" 301 - "-" "Mozilla/5.0 (compatible; DotBot/1.2; +https://opensiteexplorer.org/dotbot; help@moz.com)"
216.244.66.236 - - [02/Sep/2026:13:42:41 -0700] "GET /athlete_form.cfm?CFID=1537223&CFTOKEN=859f4376c376687a-D88E9996-EF8C-1621-6AEBF19E693DB7C9 HTTP/1.1" 301 - "-" "Mozilla/5.0 (compatible; DotBot/1.2; +https://opensiteexplorer.org/dotbot; help@moz.com)"
216.244.66.236 - - [02/Sep/2026:13:42:41 -0700] "GET /athlete_form.cfm?CFID=153981&CFTOKEN=e714b7f0cb5baf09-F3BE525B-EF8C-1621-6AEBA3272581E095 HTTP/1.1" 301 - "-" "Mozilla/5.0 (compatible; DotBot/1.2; +https://opensiteexplorer.org/dotbot; help@moz.com)"
154.28.237.63 - - [02/Sep/2026:13:42:41 -0700] "GET / HTTP/2.0" 301 - "https://www.yandex.com/" "Mozilla/5.0 (iPhone; CPU iPhone OS 18_5_0 like Mac OS X) AppleWebKit/605.1.15 (KHTML, like Gecko) GSA/375.1.776343893 Mobile/15E148 Safari/604.1"
216.244.66.236 - - [02/Sep/2026:13:42:42 -0700] "GET /athlete_form.cfm?CFID=1540127&CFTOKEN=5c4ef2722ed950cc-E3ADD044-EF8C-1621-6AE5236B58E884A2 HTTP/1.1" 301 - "-" "Mozilla/5.0 (compatible; DotBot/1.2; +https://opensiteexplorer.org/dotbot; help@moz.com)"
216.244.66.236 - - [02/Sep/2026:13:42:42 -0700] "GET /athlete_form.cfm?CFID=1540968&CFTOKEN=19996c51f2f1fc6b-E55D1713-EF8C-1621-6AED7EA812F44FE5 HTTP/1.1" 301 - "-" "Mozilla/5.0 (compatible; DotBot/1.2; +https://opensiteexplorer.org/dotbot; help@moz.com)"
154.28.237.63 - - [02/Sep/2026:13:42:42 -0700] "GET / HTTP/2.0" 200 131156 "https://www.usaigc.com/" "Mozilla/5.0 (iPhone; CPU iPhone OS 18_5_0 like Mac OS X) AppleWebKit/605.1.15 (KHTML, like Gecko) GSA/375.1.776343893 Mobile/15E148 Safari/604.1"
216.244.66.236 - - [02/Sep/2026:13:42:43 -0700] "GET /athlete_form.cfm?CFID=1541747&CFTOKEN=78067d4fbddeef56-E7009CEF-EF8C-1621-6AE99F13DB0CB9A4 HTTP/1.1" 301 - "-" "Mozilla/5.0 (compatible; DotBot/1.2; +https://opensiteexplorer.org/dotbot; help@moz.com)"
216.244.66.236 - - [02/Sep/2026:13:42:43 -0700] "GET /athlete_form.cfm?CFID=1542393&CFTOKEN=48935702c56f1a51-EA08D1B5-EF8C-1621-6AE137A54FC47C69 HTTP/1.1" 301 - "-" "Mozilla/5.0 (compatible; DotBot/1.2; +https://opensiteexplorer.org/dotbot; help@moz.com)"
216.244.66.236 - - [02/Sep/2026:13:42:43 -0700] "GET /athlete_form.cfm?CFID=1542672&CFTOKEN=ad502b959d2e46f1-EB76AB15-EF8C-1621-6AEEF175FEB929FF HTTP/1.1" 301 - "-" "Mozilla/5.0 (compatible; DotBot/1.2; +https://opensiteexplorer.org/dotbot; help@moz.com)"
154.28.237.63 - - [02/Sep/2026:13:42:44 -0700] "GET /about/club-member-benefits/ HTTP/2.0" 301 - "https://usaigc.com/" "Mozilla/5.0 (iPhone; CPU iPhone OS 18_5_0 like Mac OS X) AppleWebKit/605.1.15 (KHTML, like Gecko) GSA/375.1.776343893 Mobile/15E148 Safari/604.1"
216.244.66.236 - - [02/Sep/2026:13:42:44 -0700] "GET /athlete_form.cfm?CFID=1543361&CFTOKEN=a47fca90853231de-EBA53D2E-EF8C-1621-6AE02BC14B59B5DF HTTP/1.1" 301 - "-" "Mozilla/5.0 (compatible; DotBot/1.2; +https://opensiteexplorer.org/dotbot; help@moz.com)"
216.244.66.236 - - [02/Sep/2026:13:42:44 -0700] "GET /athlete_form.cfm?CFID=1544850&CFTOKEN=ee075e93e4f2cfc6-F034E56E-EF8C-1621-6AEFE9CFBB625458 HTTP/1.1" 301 - "-" "Mozilla/5.0 (compatible; DotBot/1.2; +https://opensiteexplorer.org/dotbot; help@moz.com)"
216.244.66.236 - - [02/Sep/2026:13:42:45 -0700] "GET /athlete_form.cfm?CFID=1545571&CFTOKEN=bfbb2a69c24103f3-F1D6785F-EF8C-1621-6AEB71E4520CBC6A HTTP/1.1" 301 - "-" "Mozilla/5.0 (compatible; DotBot/1.2; +https://opensiteexplorer.org/dotbot; help@moz.com)"
154.28.237.63 - - [02/Sep/2026:13:42:45 -0700] "GET /about/club-member-benefits/ HTTP/2.0" 404 100671 "https://www.usaigc.com/about/club-member-benefits/" "Mozilla/5.0 (iPhone; CPU iPhone OS 18_5_0 like Mac OS X) AppleWebKit/605.1.15 (KHTML, like Gecko) GSA/375.1.776343893 Mobile/15E148 Safari/604.1"
216.244.66.236 - - [02/Sep/2026:13:42:45 -0700] "GET /athlete_form.cfm?CFID=1547481&CFTOKEN=76732c3187113964-F4F94EA7-EF8C-1621-6AE38DD6F68630F4 HTTP/1.1" 301 - "-" "Mozilla/5.0 (compatible; DotBot/1.2; +https://opensiteexplorer.org/dotbot; help@moz.com)"
216.244.66.236 - - [02/Sep/2026:13:42:46 -0700] "GET /athlete_form.cfm?CFID=1547642&CFTOKEN=deecafb863cd7521-F5048490-EF8C-1621-6AE039428E346469 HTTP/1.1" 301 - "-" "Mozilla/5.0 (compatible; DotBot/1.2; +https://opensiteexplorer.org/dotbot; help@moz.com)"
216.244.66.236 - - [02/Sep/2026:13:42:46 -0700] "GET /athlete_form.cfm?CFID=1548256&CFTOKEN=319f3fe0bd289ebd-F677E327-EF8C-1621-6AEA5569C53F9ABD HTTP/1.1" 301 - "-" "Mozilla/5.0 (compatible; DotBot/1.2; +https://opensiteexplorer.org/dotbot; help@moz.com)"
216.244.66.236 - - [02/Sep/2026:13:42:48 -0700] "GET /athlete_form.cfm?CFID=1549523&CFTOKEN=f593f08808df1709-F81E1E5E-EF8C-1621-6AE8719A7DAF48E0 HTTP/1.1" 301 - "-" "Mozilla/5.0 (compatible; DotBot/1.2; +https://opensiteexplorer.org/dotbot; help@moz.com)"
216.244.66.236 - - [02/Sep/2026:13:42:52 -0700] "GET /athlete_form.cfm?CFID=1549777&CFTOKEN=df3e94c72ad84d50-F82EE2B6-EF8C-1621-6AE9B1A59AE0DD12 HTTP/1.1" 301 - "-" "Mozilla/5.0 (compatible; DotBot/1.2; +https://opensiteexplorer.org/dotbot; help@moz.com)"
62.60.130.198 - - [02/Sep/2026:13:42:53 -0700] "GET /wp-content/uploads/2026/08/ HTTP/1.1" 200 666 "binance.com" "Mozilla/5.0 (Windows NT 10.0; Win64; x64) AppleWebKit/537.36 (KHTML, like Gecko) Chrome/90.0.4430.85 Safari/537.36"
216.244.66.236 - - [02/Sep/2026:13:42:56 -0700] "GET /athlete_form.cfm?CFID=1550962&CFTOKEN=11b3dc1fa8f4f2b8-FB2794B5-EF8C-1621-6AEBCFD267653EBA HTTP/1.1" 301 - "-" "Mozilla/5.0 (compatible; DotBot/1.2; +https://opensiteexplorer.org/dotbot; help@moz.com)"
216.244.66.236 - - [02/Sep/2026:13:42:58 -0700] "GET /athlete_form.cfm?CFID=1551067&CFTOKEN=8218a0da7bd1d06f-FB2E941B-EF8C-1621-6AEF25CCC97F019A HTTP/1.1" 301 - "-" "Mozilla/5.0 (compatible; DotBot/1.2; +https://opensiteexplorer.org/dotbot; help@moz.com)"
216.244.66.236 - - [02/Sep/2026:13:43:01 -0700] "GET /athlete_form.cfm?CFID=155121&CFTOKEN=f9903980fd8cd5a4-F49A83EF-EF8C-1621-6AE80DBAF239B746 HTTP/1.1" 301 - "-" "Mozilla/5.0 (compatible; DotBot/1.2; +https://opensiteexplorer.org/dotbot; help@moz.com)"
216.244.66.236 - - [02/Sep/2026:13:43:03 -0700] "GET /athlete_form.cfm?CFID=1552017&CFTOKEN=2529ee60a6b90cc4-FCA29052-EF8C-1621-6AE40D547BB479D4 HTTP/1.1" 301 - "-" "Mozilla/5.0 (compatible; DotBot/1.2; +https://opensiteexplorer.org/dotbot; help@moz.com)"
62.60.130.198 - - [02/Sep/2026:13:43:04 -0700] "GET /wp-content/uploads/ HTTP/1.1" 200 4556 "binance.com" "Mozilla/5.0 (Windows NT 10.0; Win64; x64) AppleWebKit/537.36 (KHTML, like Gecko) Chrome/90.0.4430.85 Safari/537.36"
216.244.66.236 - - [02/Sep/2026:13:43:05 -0700] "GET /athlete_form.cfm?CFID=1552502&CFTOKEN=af3bff7b66f6e084-FE2B7C83-EF8C-1621-6AEB28BD8082A9E0 HTTP/1.1" 301 - "-" "Mozilla/5.0 (compatible; DotBot/1.2; +https://opensiteexplorer.org/dotbot; help@moz.com)"
216.244.66.236 - - [02/Sep/2026:13:43:06 -0700] "GET /athlete_form.cfm?CFID=1553503&CFTOKEN=dcabdf2758a9111f-FFC56979-EF8C-1621-6AEFA1D3510510AE HTTP/1.1" 301 - "-" "Mozilla/5.0 (compatible; DotBot/1.2; +https://opensiteexplorer.org/dotbot; help@moz.com)"
216.244.66.236 - - [02/Sep/2026:13:43:08 -0700] "GET /athlete_form.cfm?CFID=1555627&CFTOKEN=37d9bf6ef97ff08a-049A2224-EF8C-1621-6AEC43E05B0C9ADE HTTP/1.1" 301 - "-" "Mozilla/5.0 (compatible; DotBot/1.2; +https://opensiteexplorer.org/dotbot; help@moz.com)"
216.244.66.236 - - [02/Sep/2026:13:43:09 -0700] "GET /athlete_form.cfm?CFID=1556399&CFTOKEN=c91b98344a760312-06228A67-EF8C-1621-6AE0CBA15D5C5D91 HTTP/1.1" 301 - "-" "Mozilla/5.0 (compatible; DotBot/1.2; +https://opensiteexplorer.org/dotbot; help@moz.com)"
62.60.130.198 - - [02/Sep/2026:13:43:13 -0700] "GET /wp-content/upgrade/ HTTP/1.1" 200 637 "binance.com" "Mozilla/5.0 (Windows NT 10.0; Win64; x64) AppleWebKit/537.36 (KHTML, like Gecko) Chrome/90.0.4430.85 Safari/537.36"
173.231.200.77 - - [02/Sep/2026:13:43:22 -0700] "POST /wp-cron.php?doing_wp_cron=1788381802.1581859588623046875000 HTTP/1.1" 200 - "-" "WordPress/7.1; https://usaigc.com"
216.244.66.236 - - [02/Sep/2026:13:43:21 -0700] "GET /athlete_form.cfm?CFID=1557959&CFTOKEN=d34b1fd9e21abc3-0927D252-EF8C-1621-6AE6F9933C469740 HTTP/1.1" 301 - "-" "Mozilla/5.0 (compatible; DotBot/1.2; +https://opensiteexplorer.org/dotbot; help@moz.com)"
62.60.130.198 - - [02/Sep/2026:13:43:21 -0700] "GET /wp-content/languages/ HTTP/1.1" 404 100623 "binance.com" "Mozilla/5.0 (Windows NT 10.0; Win64; x64) AppleWebKit/537.36 (KHTML, like Gecko) Chrome/90.0.4430.85 Safari/537.36"
216.244.66.236 - - [02/Sep/2026:13:43:23 -0700] "GET /athlete_form.cfm?CFID=1558244&CFTOKEN=e577584d683379d0-093D8585-EF8C-1621-6AE65A877F61758E HTTP/1.1" 301 - "-" "Mozilla/5.0 (compatible; DotBot/1.2; +https://opensiteexplorer.org/dotbot; help@moz.com)"
216.244.66.236 - - [02/Sep/2026:13:43:24 -0700] "GET /athlete_form.cfm?CFID=1558859&CFTOKEN=f9b70043becbfda-0AB1100B-EF8C-1621-6AE3E516045364B2 HTTP/1.1" 301 - "-" "Mozilla/5.0 (compatible; DotBot/1.2; +https://opensiteexplorer.org/dotbot; help@moz.com)"
216.244.66.236 - - [02/Sep/2026:13:43:26 -0700] "GET /athlete_form.cfm?CFID=1558982&CFTOKEN=4c35039df74caedc-0AB95399-EF8C-1621-6AEA58DB398D8D01 HTTP/1.1" 301 - "-" "Mozilla/5.0 (compatible; DotBot/1.2; +https://opensiteexplorer.org/dotbot; help@moz.com)"
216.244.66.236 - - [02/Sep/2026:13:43:27 -0700] "GET /athlete_form.cfm?CFID=1559065&CFTOKEN=e8edf73914f142a0-0ABE774B-EF8C-1621-6AED1415A17F68C3 HTTP/1.1" 301 - "-" "Mozilla/5.0 (compatible; DotBot/1.2; +https://opensiteexplorer.org/dotbot; help@moz.com)"
216.244.66.236 - - [02/Sep/2026:13:43:28 -0700] "GET /athlete_form.cfm?CFID=1559768&CFTOKEN=add022a324069ebc-0C3EC67B-EF8C-1621-6AE3553498EA8612 HTTP/1.1" 301 - "-" "Mozilla/5.0 (compatible; DotBot/1.2; +https://opensiteexplorer.org/dotbot; help@moz.com)"
216.244.66.236 - - [02/Sep/2026:13:43:28 -0700] "GET /athlete_form.cfm?CFID=156008&CFTOKEN=a17488cb051a8a32-F4C9E5A6-EF8C-1621-6AEDB9D9B6A5EA6A HTTP/1.1" 301 - "-" "Mozilla/5.0 (compatible; DotBot/1.2; +https://opensiteexplorer.org/dotbot; help@moz.com)"
