41.155.52.80 - - [02/Sep/2026:08:24:38 -0700] "POST /xmlrpc.php HTTP/1.1" 200 403 "-" "WordPress.com; https://wordpress.com"
72.90.71.145 - - [02/Sep/2026:08:24:42 -0700] "GET /rules-policies/ HTTP/2.0" 200 105790 "https://www.google.com/" "Mozilla/5.0 (iPhone; CPU iPhone OS 18_7 like Mac OS X) AppleWebKit/605.1.15 (KHTML, like Gecko) Version/26.6 Mobile/15E148 Safari/604.1"
72.90.71.145 - - [02/Sep/2026:08:24:42 -0700] "GET /wp-content/uploads/hummingbird-assets/643adc03774cdb087b0ad109bcf87eea.css HTTP/2.0" 200 21084 "https://usaigc.com/rules-policies/" "Mozilla/5.0 (iPhone; CPU iPhone OS 18_7 like Mac OS X) AppleWebKit/605.1.15 (KHTML, like Gecko) Version/26.6 Mobile/15E148 Safari/604.1"
72.90.71.145 - - [02/Sep/2026:08:24:42 -0700] "GET /wp-content/uploads/hummingbird-assets/2ab2ba5f7f136571c5f6707948e9760f.css HTTP/2.0" 200 24769 "https://usaigc.com/rules-policies/" "Mozilla/5.0 (iPhone; CPU iPhone OS 18_7 like Mac OS X) AppleWebKit/605.1.15 (KHTML, like Gecko) Version/26.6 Mobile/15E148 Safari/604.1"
72.90.71.145 - - [02/Sep/2026:08:24:42 -0700] "GET /wp-content/plugins/instagram-feed/css/sbi-styles.min.css HTTP/2.0" 200 46555 "https://usaigc.com/rules-policies/" "Mozilla/5.0 (iPhone; CPU iPhone OS 18_7 like Mac OS X) AppleWebKit/605.1.15 (KHTML, like Gecko) Version/26.6 Mobile/15E148 Safari/604.1"
72.90.71.145 - - [02/Sep/2026:08:24:42 -0700] "GET /wp-content/uploads/hummingbird-assets/727ecb83d127c146704c33f57fef9282.css HTTP/2.0" 200 506803 "https://usaigc.com/rules-policies/" "Mozilla/5.0 (iPhone; CPU iPhone OS 18_7 like Mac OS X) AppleWebKit/605.1.15 (KHTML, like Gecko) Version/26.6 Mobile/15E148 Safari/604.1"
72.90.71.145 - - [02/Sep/2026:08:24:42 -0700] "GET /wp-content/plugins/elementor/assets/lib/font-awesome/js/v4-shims.min.js HTTP/2.0" 200 15073 "https://usaigc.com/rules-policies/" "Mozilla/5.0 (iPhone; CPU iPhone OS 18_7 like Mac OS X) AppleWebKit/605.1.15 (KHTML, like Gecko) Version/26.6 Mobile/15E148 Safari/604.1"
72.90.71.145 - - [02/Sep/2026:08:24:42 -0700] "GET /wp-content/uploads/hummingbird-assets/acad0b82613f33412aee4b23f806a90d.css HTTP/2.0" 200 61458 "https://usaigc.com/rules-policies/" "Mozilla/5.0 (iPhone; CPU iPhone OS 18_7 like Mac OS X) AppleWebKit/605.1.15 (KHTML, like Gecko) Version/26.6 Mobile/15E148 Safari/604.1"
72.90.71.145 - - [02/Sep/2026:08:24:42 -0700] "GET /wp-content/uploads/hummingbird-assets/9a31db504563c009a94bb8252fcec2d0.js HTTP/2.0" 200 101173 "https://usaigc.com/rules-policies/" "Mozilla/5.0 (iPhone; CPU iPhone OS 18_7 like Mac OS X) AppleWebKit/605.1.15 (KHTML, like Gecko) Version/26.6 Mobile/15E148 Safari/604.1"
72.90.71.145 - - [02/Sep/2026:08:24:42 -0700] "GET /wp-content/plugins/elementor-pro/assets/js/webpack-pro.runtime.min.js HTTP/2.0" 200 6263 "https://usaigc.com/rules-policies/" "Mozilla/5.0 (iPhone; CPU iPhone OS 18_7 like Mac OS X) AppleWebKit/605.1.15 (KHTML, like Gecko) Version/26.6 Mobile/15E148 Safari/604.1"
72.90.71.145 - - [02/Sep/2026:08:24:42 -0700] "GET /wp-content/uploads/hummingbird-assets/507807d56b734f9aa4eb9cdeebecdb9f.css HTTP/2.0" 200 18942 "https://usaigc.com/rules-policies/" "Mozilla/5.0 (iPhone; CPU iPhone OS 18_7 like Mac OS X) AppleWebKit/605.1.15 (KHTML, like Gecko) Version/26.6 Mobile/15E148 Safari/604.1"
72.90.71.145 - - [02/Sep/2026:08:24:42 -0700] "GET /wp-content/uploads/hummingbird-assets/bd6bfff1b5bb06b58bacc9768c2a417e.js HTTP/2.0" 200 27972 "https://usaigc.com/rules-policies/" "Mozilla/5.0 (iPhone; CPU iPhone OS 18_7 like Mac OS X) AppleWebKit/605.1.15 (KHTML, like Gecko) Version/26.6 Mobile/15E148 Safari/604.1"
72.90.71.145 - - [02/Sep/2026:08:24:42 -0700] "GET /wp-content/uploads/hummingbird-assets/3b2aeb99691de3ed41fc96142f99d15e.css HTTP/2.0" 200 49702 "https://usaigc.com/rules-policies/" "Mozilla/5.0 (iPhone; CPU iPhone OS 18_7 like Mac OS X) AppleWebKit/605.1.15 (KHTML, like Gecko) Version/26.6 Mobile/15E148 Safari/604.1"
72.90.71.145 - - [02/Sep/2026:08:24:42 -0700] "GET /wp-content/plugins/elementor/assets/js/frontend-modules.min.js HTTP/2.0" 200 59749 "https://usaigc.com/rules-policies/" "Mozilla/5.0 (iPhone; CPU iPhone OS 18_7 like Mac OS X) AppleWebKit/605.1.15 (KHTML, like Gecko) Version/26.6 Mobile/15E148 Safari/604.1"
72.90.71.145 - - [02/Sep/2026:08:24:42 -0700] "GET /wp-content/uploads/hummingbird-assets/4f2f05e2bccbc74bfdc4d4a9af4df128.js HTTP/2.0" 200 84064 "https://usaigc.com/rules-policies/" "Mozilla/5.0 (iPhone; CPU iPhone OS 18_7 like Mac OS X) AppleWebKit/605.1.15 (KHTML, like Gecko) Version/26.6 Mobile/15E148 Safari/604.1"
72.90.71.145 - - [02/Sep/2026:08:24:42 -0700] "GET /wp-content/uploads/hummingbird-assets/2d0fc86d08c0addc7f54a6a33ef11370.js HTTP/2.0" 200 10815 "https://usaigc.com/rules-policies/" "Mozilla/5.0 (iPhone; CPU iPhone OS 18_7 like Mac OS X) AppleWebKit/605.1.15 (KHTML, like Gecko) Version/26.6 Mobile/15E148 Safari/604.1"
72.90.71.145 - - [02/Sep/2026:08:24:42 -0700] "GET /wp-content/plugins/elementor/assets/js/webpack.runtime.min.js HTTP/2.0" 200 5350 "https://usaigc.com/rules-policies/" "Mozilla/5.0 (iPhone; CPU iPhone OS 18_7 like Mac OS X) AppleWebKit/605.1.15 (KHTML, like Gecko) Version/26.6 Mobile/15E148 Safari/604.1"
72.90.71.145 - - [02/Sep/2026:08:24:42 -0700] "GET /wp-includes/js/jquery/ui/core.min.js HTTP/2.0" 200 18674 "https://usaigc.com/rules-policies/" "Mozilla/5.0 (iPhone; CPU iPhone OS 18_7 like Mac OS X) AppleWebKit/605.1.15 (KHTML, like Gecko) Version/26.6 Mobile/15E148 Safari/604.1"
72.90.71.145 - - [02/Sep/2026:08:24:42 -0700] "GET /wp-content/uploads/hummingbird-assets/01292a0bfeb98219a4864300d4e673a5.js HTTP/2.0" 200 79037 "https://usaigc.com/rules-policies/" "Mozilla/5.0 (iPhone; CPU iPhone OS 18_7 like Mac OS X) AppleWebKit/605.1.15 (KHTML, like Gecko) Version/26.6 Mobile/15E148 Safari/604.1"
72.90.71.145 - - [02/Sep/2026:08:24:42 -0700] "GET /wp-content/uploads/2020/12/2-kDVQFeBk7MRU6D1-removebg-preview.png HTTP/2.0" 200 43128 "https://usaigc.com/rules-policies/" "Mozilla/5.0 (iPhone; CPU iPhone OS 18_7 like Mac OS X) AppleWebKit/605.1.15 (KHTML, like Gecko) Version/26.6 Mobile/15E148 Safari/604.1"
72.90.71.145 - - [02/Sep/2026:08:24:42 -0700] "GET /wp-content/uploads/2020/12/2024-SAFE-CLUB-1.png HTTP/2.0" 200 90507 "https://usaigc.com/rules-policies/" "Mozilla/5.0 (iPhone; CPU iPhone OS 18_7 like Mac OS X) AppleWebKit/605.1.15 (KHTML, like Gecko) Version/26.6 Mobile/15E148 Safari/604.1"
72.90.71.145 - - [02/Sep/2026:08:24:42 -0700] "GET /wp-content/uploads/2020/12/iaigc_competition_logo_clear-removebg-preview.png HTTP/2.0" 200 41145 "https://usaigc.com/rules-policies/" "Mozilla/5.0 (iPhone; CPU iPhone OS 18_7 like Mac OS X) AppleWebKit/605.1.15 (KHTML, like Gecko) Version/26.6 Mobile/15E148 Safari/604.1"
72.90.71.145 - - [02/Sep/2026:08:24:42 -0700] "GET /wp-content/uploads/2020/12/PBSportzsoft-300x169-1-e1701549356217.png HTTP/2.0" 200 18957 "https://usaigc.com/rules-policies/" "Mozilla/5.0 (iPhone; CPU iPhone OS 18_7 like Mac OS X) AppleWebKit/605.1.15 (KHTML, like Gecko) Version/26.6 Mobile/15E148 Safari/604.1"
72.90.71.145 - - [02/Sep/2026:08:24:44 -0700] "GET /wp-content/uploads/hummingbird-assets/39c4cfff4ed9636507c780e102533e5b.css HTTP/2.0" 200 247 "https://usaigc.com/rules-policies/" "Mozilla/5.0 (iPhone; CPU iPhone OS 18_7 like Mac OS X) AppleWebKit/605.1.15 (KHTML, like Gecko) Version/26.6 Mobile/15E148 Safari/604.1"
72.90.71.145 - - [02/Sep/2026:08:24:44 -0700] "GET /wp-content/uploads/hummingbird-assets/3bc16ab83db33802d31670bbb5e751f7.css HTTP/2.0" 200 2956 "https://usaigc.com/rules-policies/" "Mozilla/5.0 (iPhone; CPU iPhone OS 18_7 like Mac OS X) AppleWebKit/605.1.15 (KHTML, like Gecko) Version/26.6 Mobile/15E148 Safari/604.1"
72.90.71.145 - - [02/Sep/2026:08:24:44 -0700] "GET /wp-content/themes/f7/vamtam/assets/js/low-priority.js HTTP/2.0" 200 1263 "https://usaigc.com/rules-policies/" "Mozilla/5.0 (iPhone; CPU iPhone OS 18_7 like Mac OS X) AppleWebKit/605.1.15 (KHTML, like Gecko) Version/26.6 Mobile/15E148 Safari/604.1"
72.90.71.145 - - [02/Sep/2026:08:24:44 -0700] "GET /wp-content/uploads/elementor/custom-icons/theme-icons/fonts/theme-icons.ttf?yox6f HTTP/2.0" 200 5924 "https://usaigc.com/rules-policies/" "Mozilla/5.0 (iPhone; CPU iPhone OS 18_7 like Mac OS X) AppleWebKit/605.1.15 (KHTML, like Gecko) Version/26.6 Mobile/15E148 Safari/604.1"
72.90.71.145 - - [02/Sep/2026:08:24:44 -0700] "GET /wp-content/plugins/elementor/assets/lib/font-awesome/webfonts/fa-solid-900.woff2 HTTP/2.0" 200 78196 "https://usaigc.com/rules-policies/" "Mozilla/5.0 (iPhone; CPU iPhone OS 18_7 like Mac OS X) AppleWebKit/605.1.15 (KHTML, like Gecko) Version/26.6 Mobile/15E148 Safari/604.1"
72.90.71.145 - - [02/Sep/2026:08:24:44 -0700] "GET /wp-content/plugins/elementor/assets/lib/font-awesome/webfonts/fa-brands-400.woff2 HTTP/2.0" 200 81612 "https://usaigc.com/rules-policies/" "Mozilla/5.0 (iPhone; CPU iPhone OS 18_7 like Mac OS X) AppleWebKit/605.1.15 (KHTML, like Gecko) Version/26.6 Mobile/15E148 Safari/604.1"
72.90.71.145 - - [02/Sep/2026:08:24:44 -0700] "GET /wp-content/plugins/elementor/assets/lib/eicons/fonts/eicons.woff2?5.35.0 HTTP/2.0" 200 98056 "https://usaigc.com/rules-policies/" "Mozilla/5.0 (iPhone; CPU iPhone OS 18_7 like Mac OS X) AppleWebKit/605.1.15 (KHTML, like Gecko) Version/26.6 Mobile/15E148 Safari/604.1"
72.90.71.145 - - [02/Sep/2026:08:24:44 -0700] "GET /wp-content/plugins/elementor/assets/lib/font-awesome/webfonts/fa-regular-400.woff2 HTTP/2.0" 200 13276 "https://usaigc.com/rules-policies/" "Mozilla/5.0 (iPhone; CPU iPhone OS 18_7 like Mac OS X) AppleWebKit/605.1.15 (KHTML, like Gecko) Version/26.6 Mobile/15E148 Safari/604.1"
72.90.71.145 - - [02/Sep/2026:08:24:44 -0700] "GET /wp-content/plugins/elementor/assets/lib/dialog/dialog.min.js?ver=4.9.3 HTTP/2.0" 200 11286 "https://usaigc.com/rules-policies/" "Mozilla/5.0 (iPhone; CPU iPhone OS 18_7 like Mac OS X) AppleWebKit/605.1.15 (KHTML, like Gecko) Version/26.6 Mobile/15E148 Safari/604.1"
72.90.71.145 - - [02/Sep/2026:08:24:44 -0700] "GET /wp-content/uploads/2020/12/2-kDVQFeBk7MRU6D1-removebg-preview.png HTTP/2.0" 200 43128 "https://usaigc.com/rules-policies/" "Mozilla/5.0 (iPhone; CPU iPhone OS 18_7 like Mac OS X) AppleWebKit/605.1.15 (KHTML, like Gecko) Version/26.6 Mobile/15E148 Safari/604.1"
72.90.71.145 - - [02/Sep/2026:08:24:44 -0700] "GET /wp-content/uploads/2023/11/shape-purple.png HTTP/2.0" 200 8036 "https://usaigc.com/rules-policies/" "Mozilla/5.0 (iPhone; CPU iPhone OS 18_7 like Mac OS X) AppleWebKit/605.1.15 (KHTML, like Gecko) Version/26.6 Mobile/15E148 Safari/604.1"
72.90.71.145 - - [02/Sep/2026:08:24:44 -0700] "GET /wp-content/plugins/elementor-pro/assets/js/nav-menu.a23fbd67486c5bedf26c.bundle.min.js HTTP/2.0" 200 5282 "https://usaigc.com/rules-policies/" "Mozilla/5.0 (iPhone; CPU iPhone OS 18_7 like Mac OS X) AppleWebKit/605.1.15 (KHTML, like Gecko) Version/26.6 Mobile/15E148 Safari/604.1"
72.90.71.145 - - [02/Sep/2026:08:24:44 -0700] "GET /wp-content/plugins/elementor/assets/js/text-editor.c084ef86600b6f11690d.bundle.min.js HTTP/2.0" 200 1394 "https://usaigc.com/rules-policies/" "Mozilla/5.0 (iPhone; CPU iPhone OS 18_7 like Mac OS X) AppleWebKit/605.1.15 (KHTML, like Gecko) Version/26.6 Mobile/15E148 Safari/604.1"
72.90.71.145 - - [02/Sep/2026:08:24:44 -0700] "GET /wp-content/plugins/instagram-feed/img/sbi-sprite.png HTTP/2.0" 200 3943 "https://usaigc.com/rules-policies/" "Mozilla/5.0 (iPhone; CPU iPhone OS 18_7 like Mac OS X) AppleWebKit/605.1.15 (KHTML, like Gecko) Version/26.6 Mobile/15E148 Safari/604.1"
72.90.71.145 - - [02/Sep/2026:08:24:44 -0700] "GET /wp-content/uploads/2023/11/illustration-arrow-right-1.svg HTTP/2.0" 200 334 "https://usaigc.com/rules-policies/" "Mozilla/5.0 (iPhone; CPU iPhone OS 18_7 like Mac OS X) AppleWebKit/605.1.15 (KHTML, like Gecko) Version/26.6 Mobile/15E148 Safari/604.1"
41.155.52.80 - - [02/Sep/2026:08:24:48 -0700] "POST /xmlrpc.php HTTP/1.1" 200 403 "-" "Jetpack by WordPress.com"
72.90.71.145 - - [02/Sep/2026:08:24:59 -0700] "GET /documents-links/ HTTP/2.0" 200 108756 "https://usaigc.com/rules-policies/" "Mozilla/5.0 (iPhone; CPU iPhone OS 18_7 like Mac OS X) AppleWebKit/605.1.15 (KHTML, like Gecko) Version/26.6 Mobile/15E148 Safari/604.1"
41.155.52.80 - - [02/Sep/2026:08:24:59 -0700] "POST /xmlrpc.php HTTP/1.1" 200 403 "-" "Jetpack by WordPress.com (Jetpack 12.1; WordPress 6.4)"
72.90.71.145 - - [02/Sep/2026:08:25:01 -0700] "GET /wp-content/uploads/hummingbird-assets/a4998caaaeed4f5b78422d61b759f90a.css HTTP/2.0" 200 50427 "https://usaigc.com/documents-links/" "Mozilla/5.0 (iPhone; CPU iPhone OS 18_7 like Mac OS X) AppleWebKit/605.1.15 (KHTML, like Gecko) Version/26.6 Mobile/15E148 Safari/604.1"
72.90.71.145 - - [02/Sep/2026:08:25:01 -0700] "GET /wp-content/uploads/hummingbird-assets/2f84794cba3a036a9fc7b476e118fc2f.js HTTP/2.0" 200 52094 "https://usaigc.com/documents-links/" "Mozilla/5.0 (iPhone; CPU iPhone OS 18_7 like Mac OS X) AppleWebKit/605.1.15 (KHTML, like Gecko) Version/26.6 Mobile/15E148 Safari/604.1"
72.90.71.145 - - [02/Sep/2026:08:25:01 -0700] "GET /wp-content/uploads/hummingbird-assets/48f09a15f4bd0d21bcec84af82679a1a.js HTTP/2.0" 200 54915 "https://usaigc.com/documents-links/" "Mozilla/5.0 (iPhone; CPU iPhone OS 18_7 like Mac OS X) AppleWebKit/605.1.15 (KHTML, like Gecko) Version/26.6 Mobile/15E148 Safari/604.1"
72.90.71.145 - - [02/Sep/2026:08:25:01 -0700] "GET /wp-content/uploads/hummingbird-assets/7c03e4625554119787306ec2ee015f02.css HTTP/2.0" 200 516869 "https://usaigc.com/documents-links/" "Mozilla/5.0 (iPhone; CPU iPhone OS 18_7 like Mac OS X) AppleWebKit/605.1.15 (KHTML, like Gecko) Version/26.6 Mobile/15E148 Safari/604.1"
34.230.124.21 - - [02/Sep/2026:08:25:05 -0700] "GET /wp-content/plugins/elementor-pro/core/notifications/traits/ HTTP/1.1" 200 940 "-" "Mozilla/5.0 AppleWebKit/537.36 (KHTML, like Gecko; compatible; Amazonbot/0.1; +https://developer.amazon.com/support/amazonbot) Chrome/119.0.6045.214 Safari/537.36"
41.155.52.80 - - [02/Sep/2026:08:25:10 -0700] "POST /xmlrpc.php HTTP/1.1" 200 403 "-" "Jetpack/12.0; WordPress/6.3; http://site57109878.com"
72.90.71.145 - - [02/Sep/2026:08:25:10 -0700] "GET /wp-content/uploads/2025/09/USAIGC-RULES-POLICIES-2025-to-2026-FINAL-SEP-12-2025.pdf HTTP/2.0" 200 10602295 "https://usaigc.com/documents-links/" "Mozilla/5.0 (iPhone; CPU iPhone OS 18_7 like Mac OS X) AppleWebKit/605.1.15 (KHTML, like Gecko) Version/26.6 Mobile/15E148 Safari/604.1"
72.90.71.145 - - [02/Sep/2026:08:25:11 -0700] "GET /favicon.ico HTTP/2.0" 302 - "https://usaigc.com/wp-content/uploads/2025/09/USAIGC-RULES-POLICIES-2025-to-2026-FINAL-SEP-12-2025.pdf" "Mozilla/5.0 (iPhone; CPU iPhone OS 18_7 like Mac OS X) AppleWebKit/605.1.15 (KHTML, like Gecko) Version/26.6 Mobile/15E148 Safari/604.1"
72.90.71.145 - - [02/Sep/2026:08:25:11 -0700] "GET /wp-content/uploads/2023/11/illustration-arrow-right-1.svg HTTP/2.0" 200 334 "https://usaigc.com/wp-content/uploads/2025/09/USAIGC-RULES-POLICIES-2025-to-2026-FINAL-SEP-12-2025.pdf" "Mozilla/5.0 (iPhone; CPU iPhone OS 18_7 like Mac OS X) AppleWebKit/605.1.15 (KHTML, like Gecko) Version/26.6 Mobile/15E148 Safari/604.1"
41.155.52.80 - - [02/Sep/2026:08:25:20 -0700] "POST /xmlrpc.php HTTP/1.1" 200 403 "-" "Jetpack/12.5; WordPress/6.2; http://site30790554.com"
173.231.200.77 - - [02/Sep/2026:08:25:33 -0700] "POST /wp-cron.php?doing_wp_cron=1788362733.1902399063110351562500 HTTP/1.1" 200 - "-" "WordPress/7.1; https://usaigc.com"
41.155.52.80 - - [02/Sep/2026:08:25:31 -0700] "POST /xmlrpc.php HTTP/1.1" 200 403 "-" "Jetpack by WordPress.com"
41.155.52.80 - - [02/Sep/2026:08:25:41 -0700] "POST /xmlrpc.php HTTP/1.1" 200 403 "-" "Jetpack by WordPress.com (Jetpack 12.5; WordPress 6.3)"
41.155.52.80 - - [02/Sep/2026:08:25:52 -0700] "POST /xmlrpc.php HTTP/1.1" 200 403 "-" "Jetpack/12.0; WordPress/6.1; http://site23617619.com"
41.155.52.80 - - [02/Sep/2026:08:26:03 -0700] "POST /xmlrpc.php HTTP/1.1" 200 403 "-" "Jetpack/13.0; WordPress/6.3; http://site34938587.com"
41.155.52.80 - - [02/Sep/2026:08:26:13 -0700] "POST /xmlrpc.php HTTP/1.1" 200 403 "-" "WordPress.com; https://wordpress.com"
173.231.200.77 - - [02/Sep/2026:08:26:24 -0700] "POST /wp-cron.php?doing_wp_cron=1788362784.3185079097747802734375 HTTP/1.1" 200 - "-" "WordPress/7.1; https://usaigc.com"
41.155.52.80 - - [02/Sep/2026:08:26:24 -0700] "POST /xmlrpc.php HTTP/1.1" 200 403 "-" "Jetpack by WordPress.com (Jetpack 12.1; WordPress 6.2)"
41.155.52.80 - - [02/Sep/2026:08:26:34 -0700] "POST /xmlrpc.php HTTP/1.1" 200 403 "-" "WordPress.com; https://wordpress.com"
41.155.52.80 - - [02/Sep/2026:08:26:45 -0700] "POST /xmlrpc.php HTTP/1.1" 200 403 "-" "WordPress.com; https://wordpress.com"
71.7.202.14 - - [02/Sep/2026:08:26:51 -0700] "GET / HTTP/2.0" 200 131156 "-" "Mozilla/5.0 (Macintosh; Intel Mac OS X 10_15_7) AppleWebKit/537.36 (KHTML, like Gecko) Chrome/145.0.0.0 Safari/537.36"
47.82.201.79 - - [02/Sep/2026:08:26:52 -0700] "GET /wp-content/plugins/instagram-feed/css/sbi-styles.min.css HTTP/1.1" 200 46555 "https://usaigc.com/" "Mozilla/5.0 (Macintosh; Intel Mac OS X 10_15_7) AppleWebKit/537.36 (KHTML, like Gecko) Chrome/145.0.0.0 Safari/537.36"
47.82.201.163 - - [02/Sep/2026:08:26:52 -0700] "GET /wp-content/uploads/hummingbird-assets/3bc16ab83db33802d31670bbb5e751f7.css HTTP/1.1" 200 2956 "https://usaigc.com/" "Mozilla/5.0 (Macintosh; Intel Mac OS X 10_15_7) AppleWebKit/537.36 (KHTML, like Gecko) Chrome/145.0.0.0 Safari/537.36"
43.119.100.200 - - [02/Sep/2026:08:26:52 -0700] "GET /wp-content/uploads/hummingbird-assets/f2015d7b263362243841ecbb23ab63b8.css HTTP/1.1" 200 37219 "https://usaigc.com/" "Mozilla/5.0 (Macintosh; Intel Mac OS X 10_15_7) AppleWebKit/537.36 (KHTML, like Gecko) Chrome/145.0.0.0 Safari/537.36"
43.119.104.178 - - [02/Sep/2026:08:26:52 -0700] "GET /wp-content/plugins/elementor/assets/lib/font-awesome/js/v4-shims.min.js HTTP/1.1" 200 15073 "https://usaigc.com/" "Mozilla/5.0 (Macintosh; Intel Mac OS X 10_15_7) AppleWebKit/537.36 (KHTML, like Gecko) Chrome/145.0.0.0 Safari/537.36"
47.82.201.157 - - [02/Sep/2026:08:26:52 -0700] "GET /wp-content/uploads/hummingbird-assets/6c6cd98a6cb254c81a352bc7957ad68a.css HTTP/1.1" 200 61458 "https://usaigc.com/" "Mozilla/5.0 (Macintosh; Intel Mac OS X 10_15_7) AppleWebKit/537.36 (KHTML, like Gecko) Chrome/145.0.0.0 Safari/537.36"
47.82.201.199 - - [02/Sep/2026:08:26:52 -0700] "GET /wp-content/uploads/elementor/css/post-11.css HTTP/1.1" 200 54362 "https://usaigc.com/" "Mozilla/5.0 (Macintosh; Intel Mac OS X 10_15_7) AppleWebKit/537.36 (KHTML, like Gecko) Chrome/145.0.0.0 Safari/537.36"
43.119.100.38 - - [02/Sep/2026:08:26:53 -0700] "GET /wp-content/plugins/elementor/assets/js/webpack.runtime.min.js HTTP/1.1" 200 5350 "https://usaigc.com/" "Mozilla/5.0 (Macintosh; Intel Mac OS X 10_15_7) AppleWebKit/537.36 (KHTML, like Gecko) Chrome/145.0.0.0 Safari/537.36"
47.82.201.25 - - [02/Sep/2026:08:26:52 -0700] "GET /wp-content/uploads/hummingbird-assets/9a31db504563c009a94bb8252fcec2d0.js HTTP/1.1" 200 101173 "https://usaigc.com/" "Mozilla/5.0 (Macintosh; Intel Mac OS X 10_15_7) AppleWebKit/537.36 (KHTML, like Gecko) Chrome/145.0.0.0 Safari/537.36"
47.82.201.74 - - [02/Sep/2026:08:26:52 -0700] "GET /wp-content/uploads/hummingbird-assets/49cdf6bbd09e930c7fbd2377304dfc4e.css HTTP/1.1" 200 259089 "https://usaigc.com/" "Mozilla/5.0 (Macintosh; Intel Mac OS X 10_15_7) AppleWebKit/537.36 (KHTML, like Gecko) Chrome/145.0.0.0 Safari/537.36"
43.119.100.78 - - [02/Sep/2026:08:26:52 -0700] "GET /wp-content/uploads/hummingbird-assets/b4af289e0ca1ead096a59d802fe8b520.css HTTP/1.1" 200 310020 "https://usaigc.com/" "Mozilla/5.0 (Macintosh; Intel Mac OS X 10_15_7) AppleWebKit/537.36 (KHTML, like Gecko) Chrome/145.0.0.0 Safari/537.36"
47.82.201.2 - - [02/Sep/2026:08:26:53 -0700] "GET /wp-content/uploads/hummingbird-assets/3119900ce03b730c311bb1ec88f60bb4.js HTTP/1.1" 200 424288 "https://usaigc.com/" "Mozilla/5.0 (Macintosh; Intel Mac OS X 10_15_7) AppleWebKit/537.36 (KHTML, like Gecko) Chrome/145.0.0.0 Safari/537.36"
47.82.201.226 - - [02/Sep/2026:08:26:54 -0700] "GET /wp-content/plugins/elementor/assets/js/frontend-modules.min.js HTTP/1.1" 200 59749 "https://usaigc.com/" "Mozilla/5.0 (Macintosh; Intel Mac OS X 10_15_7) AppleWebKit/537.36 (KHTML, like Gecko) Chrome/145.0.0.0 Safari/537.36"
43.119.100.82 - - [02/Sep/2026:08:26:54 -0700] "GET /wp-content/uploads/hummingbird-assets/643adc03774cdb087b0ad109bcf87eea.css HTTP/1.1" 200 21084 "https://usaigc.com/" "Mozilla/5.0 (Macintosh; Intel Mac OS X 10_15_7) AppleWebKit/537.36 (KHTML, like Gecko) Chrome/145.0.0.0 Safari/537.36"
47.82.202.161 - - [02/Sep/2026:08:26:54 -0700] "GET /wp-content/plugins/elementor-pro/assets/js/webpack-pro.runtime.min.js HTTP/1.1" 200 6263 "https://usaigc.com/" "Mozilla/5.0 (Macintosh; Intel Mac OS X 10_15_7) AppleWebKit/537.36 (KHTML, like Gecko) Chrome/145.0.0.0 Safari/537.36"
43.119.100.194 - - [02/Sep/2026:08:26:54 -0700] "GET /wp-content/uploads/hummingbird-assets/2ab2ba5f7f136571c5f6707948e9760f.css HTTP/1.1" 200 24769 "https://usaigc.com/" "Mozilla/5.0 (Macintosh; Intel Mac OS X 10_15_7) AppleWebKit/537.36 (KHTML, like Gecko) Chrome/145.0.0.0 Safari/537.36"
47.82.201.149 - - [02/Sep/2026:08:26:54 -0700] "GET /wp-content/uploads/hummingbird-assets/2d0fc86d08c0addc7f54a6a33ef11370.js HTTP/1.1" 200 10815 "https://usaigc.com/" "Mozilla/5.0 (Macintosh; Intel Mac OS X 10_15_7) AppleWebKit/537.36 (KHTML, like Gecko) Chrome/145.0.0.0 Safari/537.36"
47.82.201.165 - - [02/Sep/2026:08:26:54 -0700] "GET /wp-includes/js/jquery/ui/core.min.js HTTP/1.1" 200 18674 "https://usaigc.com/" "Mozilla/5.0 (Macintosh; Intel Mac OS X 10_15_7) AppleWebKit/537.36 (KHTML, like Gecko) Chrome/145.0.0.0 Safari/537.36"
43.119.100.90 - - [02/Sep/2026:08:26:54 -0700] "GET /wp-content/uploads/elementor/custom-icons/theme-icons/fonts/theme-icons.ttf?yox6f HTTP/1.1" 200 5924 "https://usaigc.com/wp-content/uploads/hummingbird-assets/b4af289e0ca1ead096a59d802fe8b520.css" "Mozilla/5.0 (Macintosh; Intel Mac OS X 10_15_7) AppleWebKit/537.36 (KHTML, like Gecko) Chrome/145.0.0.0 Safari/537.36"
43.119.100.12 - - [02/Sep/2026:08:26:54 -0700] "GET /wp-content/plugins/elementor/assets/lib/font-awesome/webfonts/fa-brands-400.woff2 HTTP/1.1" 200 81612 "https://usaigc.com/wp-content/uploads/hummingbird-assets/b4af289e0ca1ead096a59d802fe8b520.css" "Mozilla/5.0 (Macintosh; Intel Mac OS X 10_15_7) AppleWebKit/537.36 (KHTML, like Gecko) Chrome/145.0.0.0 Safari/537.36"
47.82.201.169 - - [02/Sep/2026:08:26:54 -0700] "GET /wp-content/plugins/elementor/assets/lib/eicons/fonts/eicons.woff2?5.35.0 HTTP/1.1" 200 98056 "https://usaigc.com/wp-content/uploads/hummingbird-assets/b4af289e0ca1ead096a59d802fe8b520.css" "Mozilla/5.0 (Macintosh; Intel Mac OS X 10_15_7) AppleWebKit/537.36 (KHTML, like Gecko) Chrome/145.0.0.0 Safari/537.36"
43.119.100.175 - - [02/Sep/2026:08:26:54 -0700] "GET /wp-content/uploads/hummingbird-assets/4f2f05e2bccbc74bfdc4d4a9af4df128.js HTTP/1.1" 200 84064 "https://usaigc.com/" "Mozilla/5.0 (Macintosh; Intel Mac OS X 10_15_7) AppleWebKit/537.36 (KHTML, like Gecko) Chrome/145.0.0.0 Safari/537.36"
47.82.201.158 - - [02/Sep/2026:08:26:54 -0700] "GET /wp-content/plugins/elementor/assets/lib/font-awesome/webfonts/fa-solid-900.woff2 HTTP/1.1" 200 78196 "https://usaigc.com/wp-content/uploads/hummingbird-assets/b4af289e0ca1ead096a59d802fe8b520.css" "Mozilla/5.0 (Macintosh; Intel Mac OS X 10_15_7) AppleWebKit/537.36 (KHTML, like Gecko) Chrome/145.0.0.0 Safari/537.36"
47.82.201.41 - - [02/Sep/2026:08:26:55 -0700] "GET /wp-content/themes/f7/vamtam/assets/js/low-priority.js HTTP/1.1" 200 1263 "https://usaigc.com/" "Mozilla/5.0 (Macintosh; Intel Mac OS X 10_15_7) AppleWebKit/537.36 (KHTML, like Gecko) Chrome/145.0.0.0 Safari/537.36"
43.119.100.14 - - [02/Sep/2026:08:26:55 -0700] "GET /wp-content/plugins/elementor-pro/assets/js/media-carousel.afbaabb756a7c18ddb09.bundle.min.js HTTP/1.1" 200 7003 "https://usaigc.com/" "Mozilla/5.0 (Macintosh; Intel Mac OS X 10_15_7) AppleWebKit/537.36 (KHTML, like Gecko) Chrome/145.0.0.0 Safari/537.36"
47.82.201.167 - - [02/Sep/2026:08:26:56 -0700] "GET /wp-content/plugins/elementor/assets/js/text-editor.c084ef86600b6f11690d.bundle.min.js HTTP/1.1" 200 1394 "https://usaigc.com/" "Mozilla/5.0 (Macintosh; Intel Mac OS X 10_15_7) AppleWebKit/537.36 (KHTML, like Gecko) Chrome/145.0.0.0 Safari/537.36"
47.82.201.192 - - [02/Sep/2026:08:26:56 -0700] "GET /wp-content/plugins/elementor-pro/assets/js/animated-headline.588a0449647bd4f113f3.bundle.min.js HTTP/1.1" 200 7567 "https://usaigc.com/" "Mozilla/5.0 (Macintosh; Intel Mac OS X 10_15_7) AppleWebKit/537.36 (KHTML, like Gecko) Chrome/145.0.0.0 Safari/537.36"
43.119.104.170 - - [02/Sep/2026:08:26:56 -0700] "GET /wp-content/plugins/elementor-pro/assets/js/lottie.e74a53bfa4c0bd939250.bundle.min.js HTTP/1.1" 200 14409 "https://usaigc.com/" "Mozilla/5.0 (Macintosh; Intel Mac OS X 10_15_7) AppleWebKit/537.36 (KHTML, like Gecko) Chrome/145.0.0.0 Safari/537.36"
47.82.201.59 - - [02/Sep/2026:08:26:56 -0700] "GET /wp-content/plugins/elementor-pro/assets/js/nav-menu.a23fbd67486c5bedf26c.bundle.min.js HTTP/1.1" 200 5282 "https://usaigc.com/" "Mozilla/5.0 (Macintosh; Intel Mac OS X 10_15_7) AppleWebKit/537.36 (KHTML, like Gecko) Chrome/145.0.0.0 Safari/537.36"
41.155.52.80 - - [02/Sep/2026:08:26:56 -0700] "POST /xmlrpc.php HTTP/1.1" 200 403 "-" "Jetpack/13.0; WordPress/6.1; http://site77463202.com"
71.7.202.14 - - [02/Sep/2026:08:26:56 -0700] "GET /wp-content/uploads/2021/03/Arrows-animation.json HTTP/2.0" 200 14916 "https://usaigc.com/" "Mozilla/5.0 (Macintosh; Intel Mac OS X 10_15_7) AppleWebKit/537.36 (KHTML, like Gecko) Chrome/145.0.0.0 Safari/537.36"
47.82.201.81 - - [02/Sep/2026:08:26:56 -0700] "GET /wp-content/plugins/elementor/assets/lib/dialog/dialog.min.js?ver=4.9.3 HTTP/1.1" 200 11286 "https://usaigc.com/" "Mozilla/5.0 (Macintosh; Intel Mac OS X 10_15_7) AppleWebKit/537.36 (KHTML, like Gecko) Chrome/145.0.0.0 Safari/537.36"
41.155.52.80 - - [02/Sep/2026:08:27:06 -0700] "POST /xmlrpc.php HTTP/1.1" 200 403 "-" "Jetpack by WordPress.com (Jetpack 12.1; WordPress 6.2)"
41.155.52.80 - - [02/Sep/2026:08:27:17 -0700] "POST /xmlrpc.php HTTP/1.1" 200 403 "-" "WordPress.com; https://wordpress.com"
173.231.200.77 - - [02/Sep/2026:08:27:28 -0700] "POST /wp-cron.php?doing_wp_cron=1788362848.1626510620117187500000 HTTP/1.1" 200 - "-" "WordPress/7.1; https://usaigc.com"
41.155.52.80 - - [02/Sep/2026:08:27:28 -0700] "POST /xmlrpc.php HTTP/1.1" 200 403 "-" "WordPress.com; https://wordpress.com"
41.155.52.80 - - [02/Sep/2026:08:27:38 -0700] "POST /xmlrpc.php HTTP/1.1" 200 403 "-" "Jetpack/12.1; WordPress/6.4; http://site14981671.com"
41.155.52.80 - - [02/Sep/2026:08:27:49 -0700] "POST /xmlrpc.php HTTP/1.1" 200 403 "-" "Jetpack/13.0; WordPress/6.2; http://site19227365.com"
40.77.167.79 - - [02/Sep/2026:08:27:57 -0700] "GET /app/application/views/sitepdfs/Gold%20Team%20Results.pdf HTTP/2.0" 404 100935 "-" "Mozilla/5.0 AppleWebKit/537.36 (KHTML, like Gecko; compatible; bingbot/2.0; +http://www.bing.com/bingbot.htm) Chrome/116.0.1938.76 Safari/537.36"
41.155.52.80 - - [02/Sep/2026:08:27:59 -0700] "POST /xmlrpc.php HTTP/1.1" 200 403 "-" "WordPress.com; https://wordpress.com"
41.155.52.80 - - [02/Sep/2026:08:28:10 -0700] "POST /xmlrpc.php HTTP/1.1" 200 403 "-" "Jetpack by WordPress.com (Jetpack 12.1; WordPress 6.2)"
173.231.200.77 - - [02/Sep/2026:08:28:21 -0700] "POST /wp-cron.php?doing_wp_cron=1788362901.2547600269317626953125 HTTP/1.1" 200 - "-" "WordPress/7.1; https://usaigc.com"
41.155.52.80 - - [02/Sep/2026:08:28:21 -0700] "POST /xmlrpc.php HTTP/1.1" 200 403 "-" "Jetpack by WordPress.com (Jetpack 12.5; WordPress 6.3)"
41.155.52.80 - - [02/Sep/2026:08:28:31 -0700] "POST /xmlrpc.php HTTP/1.1" 200 403 "-" "WordPress.com; https://wordpress.com"
173.252.82.57 - - [02/Sep/2026:08:28:35 -0700] "GET /robots.txt HTTP/2.0" 301 - "-" "facebookexternalhit/1.1 (+http://www.facebook.com/externalhit_uatext.php)"
173.252.82.14 - - [02/Sep/2026:08:28:36 -0700] "GET /robots.txt HTTP/2.0" 200 153 "-" "facebookexternalhit/1.1 (+http://www.facebook.com/externalhit_uatext.php)"
41.155.52.80 - - [02/Sep/2026:08:28:42 -0700] "POST /xmlrpc.php HTTP/1.1" 200 403 "-" "Jetpack/12.5; WordPress/6.1; http://site34041743.com"
41.155.52.80 - - [02/Sep/2026:08:28:52 -0700] "POST /xmlrpc.php HTTP/1.1" 200 403 "-" "WordPress.com; https://wordpress.com"
41.155.52.80 - - [02/Sep/2026:08:29:03 -0700] "POST /xmlrpc.php HTTP/1.1" 200 403 "-" "WordPress.com; https://wordpress.com"
41.155.52.80 - - [02/Sep/2026:08:29:14 -0700] "POST /xmlrpc.php HTTP/1.1" 200 403 "-" "Jetpack by WordPress.com (Jetpack 12.1; WordPress 6.2)"
41.155.52.80 - - [02/Sep/2026:08:29:35 -0700] "POST /xmlrpc.php HTTP/1.1" 200 403 "-" "Jetpack/13.0; WordPress/6.1; http://site69360953.com"
173.231.200.77 - - [02/Sep/2026:08:29:35 -0700] "POST /wp-cron.php?doing_wp_cron=1788362975.6854488849639892578125 HTTP/1.1" 200 - "-" "WordPress/7.1; https://usaigc.com"
41.155.52.80 - - [02/Sep/2026:08:29:24 -0700] "POST /xmlrpc.php HTTP/1.1" 200 403 "-" "WordPress.com; https://wordpress.com"
41.155.52.80 - - [02/Sep/2026:08:29:46 -0700] "POST /xmlrpc.php HTTP/1.1" 200 403 "-" "WordPress.com; https://wordpress.com"
41.155.52.80 - - [02/Sep/2026:08:29:56 -0700] "POST /xmlrpc.php HTTP/1.1" 200 403 "-" "Jetpack/13.0; WordPress/6.2; http://site40644550.com"
41.155.52.80 - - [02/Sep/2026:08:30:07 -0700] "POST /xmlrpc.php HTTP/1.1" 200 403 "-" "Jetpack by WordPress.com"
95.108.213.200 - - [02/Sep/2026:08:30:08 -0700] "GET /robots.txt HTTP/1.1" 200 153 "-" "Mozilla/5.0 (compatible; YandexBot/3.0; +http://yandex.com/bots)"
95.108.213.120 - - [02/Sep/2026:08:30:09 -0700] "GET /documents-links/ HTTP/2.0" 200 108756 "-" "Mozilla/5.0 (compatible; YandexBot/3.0; +http://yandex.com/bots)"
41.155.52.80 - - [02/Sep/2026:08:30:18 -0700] "POST /xmlrpc.php HTTP/1.1" 200 403 "-" "Jetpack/13.0; WordPress/6.3; http://site87905834.com"
173.231.200.77 - - [02/Sep/2026:08:30:28 -0700] "POST /wp-cron.php?doing_wp_cron=1788363028.6556689739227294921875 HTTP/1.1" 200 - "-" "WordPress/7.1; https://usaigc.com"
41.155.52.80 - - [02/Sep/2026:08:30:28 -0700] "POST /xmlrpc.php HTTP/1.1" 200 403 "-" "Jetpack by WordPress.com (Jetpack 12.1; WordPress 6.4)"
41.155.52.80 - - [02/Sep/2026:08:30:39 -0700] "POST /xmlrpc.php HTTP/1.1" 200 403 "-" "Jetpack/12.5; WordPress/6.2; http://site34788786.com"
41.155.52.80 - - [02/Sep/2026:08:30:49 -0700] "POST /xmlrpc.php HTTP/1.1" 200 403 "-" "WordPress.com; https://wordpress.com"
173.231.200.77 - - [02/Sep/2026:08:31:00 -0700] "POST /wp-cron.php?doing_wp_cron=1788363060.7693819999694824218750 HTTP/1.1" 200 - "-" "WordPress/7.1; https://usaigc.com"
41.155.52.80 - - [02/Sep/2026:08:31:00 -0700] "POST /xmlrpc.php HTTP/1.1" 200 403 "-" "Jetpack/13.0; WordPress/6.2; http://site48677092.com"
136.144.43.130 - - [02/Sep/2026:08:31:07 -0700] "POST /wp-login.php HTTP/1.1" 200 7596 "-" "Mozilla/5.0"
41.155.52.80 - - [02/Sep/2026:08:31:11 -0700] "POST /xmlrpc.php HTTP/1.1" 200 403 "-" "WordPress.com; https://wordpress.com"
40.77.167.72 - - [02/Sep/2026:08:31:16 -0700] "GET /sitemap.xml HTTP/2.0" 200 800 "-" "Mozilla/5.0 AppleWebKit/537.36 (KHTML, like Gecko; compatible; bingbot/2.0; +http://www.bing.com/bingbot.htm) Chrome/116.0.1938.76 Safari/537.36"
173.231.200.77 - - [02/Sep/2026:08:31:22 -0700] "POST /wp-cron.php?doing_wp_cron=1788363081.9919579029083251953125 HTTP/1.1" 200 - "-" "WordPress/7.1; https://usaigc.com"
41.155.52.80 - - [02/Sep/2026:08:31:21 -0700] "POST /xmlrpc.php HTTP/1.1" 200 403 "-" "Jetpack by WordPress.com (Jetpack 12.0; WordPress 6.2)"
41.155.52.80 - - [02/Sep/2026:08:31:32 -0700] "POST /xmlrpc.php HTTP/1.1" 200 403 "-" "Jetpack by WordPress.com (Jetpack 13.0; WordPress 6.2)"
41.155.52.80 - - [02/Sep/2026:08:31:43 -0700] "POST /xmlrpc.php HTTP/1.1" 200 403 "-" "Jetpack by WordPress.com (Jetpack 12.0; WordPress 6.1)"
41.155.52.80 - - [02/Sep/2026:08:31:53 -0700] "POST /xmlrpc.php HTTP/1.1" 200 403 "-" "WordPress.com; https://wordpress.com"
41.155.52.80 - - [02/Sep/2026:08:32:04 -0700] "POST /xmlrpc.php HTTP/1.1" 200 403 "-" "Jetpack by WordPress.com"
41.155.52.80 - - [02/Sep/2026:08:32:14 -0700] "POST /xmlrpc.php HTTP/1.1" 200 403 "-" "Jetpack by WordPress.com (Jetpack 13.0; WordPress 6.1)"
173.231.200.77 - - [02/Sep/2026:08:32:25 -0700] "POST /wp-cron.php?doing_wp_cron=1788363145.7221519947052001953125 HTTP/1.1" 200 - "-" "WordPress/7.1; https://usaigc.com"
41.155.52.80 - - [02/Sep/2026:08:32:25 -0700] "POST /xmlrpc.php HTTP/1.1" 200 403 "-" "Jetpack by WordPress.com (Jetpack 12.0; WordPress 6.1)"
41.155.52.80 - - [02/Sep/2026:08:32:36 -0700] "POST /xmlrpc.php HTTP/1.1" 200 403 "-" "WordPress.com; https://wordpress.com"
41.155.52.80 - - [02/Sep/2026:08:32:46 -0700] "POST /xmlrpc.php HTTP/1.1" 200 403 "-" "Jetpack by WordPress.com"
41.155.52.80 - - [02/Sep/2026:08:32:57 -0700] "POST /xmlrpc.php HTTP/1.1" 200 403 "-" "Jetpack by WordPress.com (Jetpack 12.0; WordPress 6.4)"
41.155.52.80 - - [02/Sep/2026:08:33:07 -0700] "POST /xmlrpc.php HTTP/1.1" 200 403 "-" "Jetpack/12.1; WordPress/6.4; http://site97680076.com"
41.155.52.80 - - [02/Sep/2026:08:33:18 -0700] "POST /xmlrpc.php HTTP/1.1" 200 403 "-" "Jetpack/12.1; WordPress/6.3; http://site43825688.com"
173.231.200.77 - - [02/Sep/2026:08:33:29 -0700] "POST /wp-cron.php?doing_wp_cron=1788363209.2345399856567382812500 HTTP/1.1" 200 - "-" "WordPress/7.1; https://usaigc.com"
41.155.52.80 - - [02/Sep/2026:08:33:29 -0700] "POST /xmlrpc.php HTTP/1.1" 200 403 "-" "Jetpack by WordPress.com"
41.155.52.80 - - [02/Sep/2026:08:33:39 -0700] "POST /xmlrpc.php HTTP/1.1" 200 403 "-" "Jetpack by WordPress.com"
41.155.52.80 - - [02/Sep/2026:08:33:50 -0700] "POST /xmlrpc.php HTTP/1.1" 200 403 "-" "Jetpack by WordPress.com (Jetpack 13.0; WordPress 6.3)"
41.155.52.80 - - [02/Sep/2026:08:34:01 -0700] "POST /xmlrpc.php HTTP/1.1" 200 403 "-" "Jetpack/13.0; WordPress/6.4; http://site75667977.com"
41.155.52.80 - - [02/Sep/2026:08:34:11 -0700] "POST /xmlrpc.php HTTP/1.1" 200 403 "-" "Jetpack by WordPress.com"
173.231.200.77 - - [02/Sep/2026:08:34:22 -0700] "POST /wp-cron.php?doing_wp_cron=1788363262.5112218856811523437500 HTTP/1.1" 200 - "-" "WordPress/7.1; https://usaigc.com"
41.155.52.80 - - [02/Sep/2026:08:34:22 -0700] "POST /xmlrpc.php HTTP/1.1" 200 403 "-" "Jetpack/12.1; WordPress/6.2; http://site93292157.com"
41.155.52.80 - - [02/Sep/2026:08:34:32 -0700] "POST /xmlrpc.php HTTP/1.1" 200 403 "-" "Jetpack by WordPress.com (Jetpack 12.5; WordPress 6.4)"
41.155.52.80 - - [02/Sep/2026:08:34:43 -0700] "POST /xmlrpc.php HTTP/1.1" 200 403 "-" "Jetpack/13.0; WordPress/6.4; http://site83340713.com"
41.155.52.80 - - [02/Sep/2026:08:34:54 -0700] "POST /xmlrpc.php HTTP/1.1" 200 403 "-" "Jetpack/12.1; WordPress/6.3; http://site50925299.com"
18.209.201.119 - - [02/Sep/2026:08:34:57 -0700] "GET /wp-content/uploads/2023/11/logo-4.png HTTP/1.1" 200 18860 "-" "Mozilla/5.0 AppleWebKit/537.36 (KHTML, like Gecko; compatible; Amazonbot/0.1; +https://developer.amazon.com/support/amazonbot) Chrome/119.0.6045.214 Safari/537.36"
41.155.52.80 - - [02/Sep/2026:08:35:04 -0700] "POST /xmlrpc.php HTTP/1.1" 200 403 "-" "WordPress.com; https://wordpress.com"
41.155.52.80 - - [02/Sep/2026:08:35:15 -0700] "POST /xmlrpc.php HTTP/1.1" 200 403 "-" "WordPress.com; https://wordpress.com"
173.231.200.77 - - [02/Sep/2026:08:35:26 -0700] "POST /wp-cron.php?doing_wp_cron=1788363326.2754800319671630859375 HTTP/1.1" 200 - "-" "WordPress/7.1; https://usaigc.com"
41.155.52.80 - - [02/Sep/2026:08:35:26 -0700] "POST /xmlrpc.php HTTP/1.1" 200 403 "-" "WordPress.com; https://wordpress.com"
51.81.169.122 - - [02/Sep/2026:08:35:26 -0700] "GET /sitemap.xml HTTP/2.0" 200 800 "-" "Mozilla/5.0 (compatible; AhrefsBot/7.0; +http://ahrefs.com/robot/)"
51.81.164.152 - - [02/Sep/2026:08:35:28 -0700] "GET /post-sitemap.xml HTTP/2.0" 200 3841 "-" "Mozilla/5.0 (compatible; AhrefsBot/7.0; +http://ahrefs.com/robot/)"
51.81.164.198 - - [02/Sep/2026:08:35:31 -0700] "GET /page-sitemap.xml HTTP/2.0" 200 23053 "-" "Mozilla/5.0 (compatible; AhrefsBot/7.0; +http://ahrefs.com/robot/)"
51.81.163.56 - - [02/Sep/2026:08:35:33 -0700] "GET /category-sitemap.xml HTTP/2.0" 200 704 "-" "Mozilla/5.0 (compatible; AhrefsBot/7.0; +http://ahrefs.com/robot/)"
41.155.52.80 - - [02/Sep/2026:08:35:36 -0700] "POST /xmlrpc.php HTTP/1.1" 200 403 "-" "Jetpack/12.1; WordPress/6.1; http://site68050902.com"
41.155.52.80 - - [02/Sep/2026:08:35:47 -0700] "POST /xmlrpc.php HTTP/1.1" 200 403 "-" "WordPress.com; https://wordpress.com"
207.46.13.160 - - [02/Sep/2026:08:35:48 -0700] "GET /sitemap.rss HTTP/2.0" 200 14383 "-" "Mozilla/5.0 AppleWebKit/537.36 (KHTML, like Gecko; compatible; bingbot/2.0; +http://www.bing.com/bingbot.htm) Chrome/116.0.1938.76 Safari/537.36"
41.155.52.80 - - [02/Sep/2026:08:35:57 -0700] "POST /xmlrpc.php HTTP/1.1" 200 403 "-" "WordPress.com; https://wordpress.com"
112.86.225.166 - - [02/Sep/2026:08:36:02 -0700] "GET /club-directory/ HTTP/1.1" 200 97709 "-" "Sogou web spider/4.0(+http://www.sogou.com/docs/help/webmasters.htm#07)"
41.155.52.80 - - [02/Sep/2026:08:36:08 -0700] "POST /xmlrpc.php HTTP/1.1" 200 403 "-" "WordPress.com; https://wordpress.com"
41.155.52.80 - - [02/Sep/2026:08:36:19 -0700] "POST /xmlrpc.php HTTP/1.1" 200 403 "-" "Jetpack/12.5; WordPress/6.1; http://site83981072.com"
173.231.200.77 - - [02/Sep/2026:08:36:30 -0700] "POST /wp-cron.php?doing_wp_cron=1788363390.0265939235687255859375 HTTP/1.1" 200 - "-" "WordPress/7.1; https://usaigc.com"
41.155.52.80 - - [02/Sep/2026:08:36:29 -0700] "POST /xmlrpc.php HTTP/1.1" 200 403 "-" "Jetpack by WordPress.com (Jetpack 13.0; WordPress 6.3)"
41.155.52.80 - - [02/Sep/2026:08:36:40 -0700] "POST /xmlrpc.php HTTP/1.1" 200 403 "-" "Jetpack by WordPress.com"
165.227.39.235 - - [02/Sep/2026:08:36:48 -0700] "GET / HTTP/1.1" 301 - "-" "Mozilla/5.0 (l9scan/2.0.7373e2030323e2133323e2337313; +https://leakix.net)"
41.155.52.80 - - [02/Sep/2026:08:36:50 -0700] "POST /xmlrpc.php HTTP/1.1" 200 403 "-" "Jetpack by WordPress.com (Jetpack 12.5; WordPress 6.2)"
165.227.39.235 - - [02/Sep/2026:08:36:51 -0700] "GET /console/ HTTP/1.1" 404 100559 "-" "Mozilla/5.0 (l9scan/2.0.7373e2030323e2133323e2337313; +https://leakix.net)"
165.227.39.235 - - [02/Sep/2026:08:36:52 -0700] "GET /server HTTP/1.1" 404 100551 "-" "Mozilla/5.0 (l9scan/2.0.7373e2030323e2133323e2337313; +https://leakix.net)"
165.227.39.235 - - [02/Sep/2026:08:36:53 -0700] "GET /server-status HTTP/1.1" 404 100607 "-" "Mozilla/5.0 (l9scan/2.0.7373e2030323e2133323e2337313; +https://leakix.net)"
165.227.39.235 - - [02/Sep/2026:08:36:55 -0700] "GET /about HTTP/1.1" 301 - "-" "Mozilla/5.0 (l9scan/2.0.7373e2030323e2133323e2337313; +https://leakix.net)"
165.227.39.235 - - [02/Sep/2026:08:36:56 -0700] "GET /login.action HTTP/1.1" 404 100599 "-" "Mozilla/5.0 (l9scan/2.0.7373e2030323e2133323e2337313; +https://leakix.net)"
165.227.39.235 - - [02/Sep/2026:08:36:57 -0700] "GET / HTTP/1.1" 301 - "-" "Mozilla/5.0 (l9scan/2.0.7373e2030323e2133323e2337313; +https://leakix.net)"
165.227.39.235 - - [02/Sep/2026:08:36:58 -0700] "GET /___proxy_subdomain_whm/login HTTP/1.1" 401 12511 "-" "Mozilla/5.0 (l9scan/2.0.7373e2030323e2133323e2337313; +https://leakix.net)"
165.227.39.235 - - [02/Sep/2026:08:36:59 -0700] "POST /___proxy_subdomain_whm/login/?login_only=1 HTTP/1.1" 401 38 "-" "Mozilla/5.0 (l9scan/2.0.7373e2030323e2133323e2337313; +https://leakix.net)"
165.227.39.235 - - [02/Sep/2026:08:37:00 -0700] "GET /___proxy_subdomain_whm HTTP/1.1" 307 102 "-" "Mozilla/5.0 (l9scan/2.0.7373e2030323e2133323e2337313; +https://leakix.net)"
165.227.39.235 - - [02/Sep/2026:08:37:00 -0700] "GET /___proxy_subdomain_whm/scripts2/listaccts HTTP/1.1" 200 12518 "-" "Mozilla/5.0 (l9scan/2.0.7373e2030323e2133323e2337313; +https://leakix.net)"
41.155.52.80 - - [02/Sep/2026:08:37:01 -0700] "POST /xmlrpc.php HTTP/1.1" 200 403 "-" "Jetpack by WordPress.com"
165.227.39.235 - - [02/Sep/2026:08:37:01 -0700] "GET /v2/_catalog HTTP/1.1" 404 100599 "-" "Mozilla/5.0 (l9scan/2.0.7373e2030323e2133323e2337313; +https://leakix.net)"
165.227.39.235 - - [02/Sep/2026:08:37:03 -0700] "GET /.DS_Store HTTP/1.1" 404 100575 "-" "Mozilla/5.0 (l9scan/2.0.7373e2030323e2133323e2337313; +https://leakix.net)"
165.227.39.235 - - [02/Sep/2026:08:37:04 -0700] "GET /.env HTTP/1.1" 404 100535 "-" "Mozilla/5.0 (l9scan/2.0.7373e2030323e2133323e2337313; +https://leakix.net)"
165.227.39.235 - - [02/Sep/2026:08:37:06 -0700] "GET /ecp/Current/exporttool/microsoft.exchange.ediscovery.exporttool.application HTTP/1.1" 404 101127 "-" "Mozilla/5.0 (l9scan/2.0.7373e2030323e2133323e2337313; +https://leakix.net)"
18.232.11.247 - - [02/Sep/2026:08:37:09 -0700] "GET /wp-json/oembed/1.0/embed?format=xml&url=https://usaigc.com/reviews/ HTTP/1.1" 200 2261 "-" "Mozilla/5.0 AppleWebKit/537.36 (KHTML, like Gecko; compatible; Amazonbot/0.1; +https://developer.amazon.com/support/amazonbot) Chrome/119.0.6045.214 Safari/537.36"
165.227.39.235 - - [02/Sep/2026:08:37:09 -0700] "GET /.git/config HTTP/1.1" 404 100599 "-" "Mozilla/5.0 (l9scan/2.0.7373e2030323e2133323e2337313; +https://leakix.net)"
165.227.39.235 - - [02/Sep/2026:08:37:10 -0700] "POST /graphql HTTP/1.1" 404 100559 "-" "Mozilla/5.0 (l9scan/2.0.7373e2030323e2133323e2337313; +https://leakix.net)"
165.227.39.235 - - [02/Sep/2026:08:37:11 -0700] "POST /api HTTP/1.1" 404 100527 "-" "Mozilla/5.0 (l9scan/2.0.7373e2030323e2133323e2337313; +https://leakix.net)"
41.155.52.80 - - [02/Sep/2026:08:37:12 -0700] "POST /xmlrpc.php HTTP/1.1" 200 403 "-" "Jetpack by WordPress.com"
165.227.39.235 - - [02/Sep/2026:08:37:12 -0700] "POST /api/graphql HTTP/1.1" 404 100599 "-" "Mozilla/5.0 (l9scan/2.0.7373e2030323e2133323e2337313; +https://leakix.net)"
165.227.39.235 - - [02/Sep/2026:08:37:13 -0700] "POST /graphql/api HTTP/1.1" 404 100599 "-" "Mozilla/5.0 (l9scan/2.0.7373e2030323e2133323e2337313; +https://leakix.net)"
165.227.39.235 - - [02/Sep/2026:08:37:15 -0700] "POST /api/gql HTTP/1.1" 404 100567 "-" "Mozilla/5.0 (l9scan/2.0.7373e2030323e2133323e2337313; +https://leakix.net)"
165.227.39.235 - - [02/Sep/2026:08:37:16 -0700] "GET /s/7373e2030323e2133323e2337313/_/;/META-INF/maven/com.atlassian.jira/jira-webapp-dist/pom.properties HTTP/1.1" 404 101367 "-" "Mozilla/5.0 (l9scan/2.0.7373e2030323e2133323e2337313; +https://leakix.net)"
165.227.39.235 - - [02/Sep/2026:08:37:17 -0700] "GET /config.json HTTP/1.1" 404 100591 "-" "Mozilla/5.0 (l9scan/2.0.7373e2030323e2133323e2337313; +https://leakix.net)"
165.227.39.235 - - [02/Sep/2026:08:37:19 -0700] "GET /telescope/requests HTTP/1.1" 404 100655 "-" "Mozilla/5.0 (l9scan/2.0.7373e2030323e2133323e2337313; +https://leakix.net)"
173.231.200.77 - - [02/Sep/2026:08:37:21 -0700] "POST /wp-cron.php?doing_wp_cron=1788363441.6586289405822753906250 HTTP/1.1" 200 - "-" "WordPress/7.1; https://usaigc.com"
165.227.39.235 - - [02/Sep/2026:08:37:21 -0700] "GET /info.php HTTP/1.1" 404 100567 "-" "Mozilla/5.0 (l9scan/2.0.7373e2030323e2133323e2337313; +https://leakix.net)"
41.155.52.80 - - [02/Sep/2026:08:37:22 -0700] "POST /xmlrpc.php HTTP/1.1" 200 403 "-" "Jetpack by WordPress.com (Jetpack 12.5; WordPress 6.2)"
165.227.39.235 - - [02/Sep/2026:08:37:22 -0700] "GET /.well-known/security.txt HTTP/1.1" 404 100703 "-" "Mozilla/5.0 (l9scan/2.0.7373e2030323e2133323e2337313; +https://leakix.net)"
165.227.39.235 - - [02/Sep/2026:08:37:24 -0700] "GET /actuator/env HTTP/1.1" 404 100607 "-" "Mozilla/5.0 (l9scan/2.0.7373e2030323e2133323e2337313; +https://leakix.net)"
165.227.39.235 - - [02/Sep/2026:08:37:26 -0700] "GET /trace.axd HTTP/1.1" 404 100575 "-" "Mozilla/5.0 (l9scan/2.0.7373e2030323e2133323e2337313; +https://leakix.net)"
165.227.39.235 - - [02/Sep/2026:08:37:28 -0700] "GET /@vite/env HTTP/1.1" 404 100583 "-" "Mozilla/5.0 (l9scan/2.0.7373e2030323e2133323e2337313; +https://leakix.net)"
165.227.39.235 - - [02/Sep/2026:08:37:29 -0700] "GET /.vscode/sftp.json HTTP/1.1" 404 100647 "-" "Mozilla/5.0 (l9scan/2.0.7373e2030323e2133323e2337313; +https://leakix.net)"
165.227.39.235 - - [02/Sep/2026:08:37:31 -0700] "OPTIONS / HTTP/1.1" 200 130979 "-" "Mozilla/5.0 (l9scan/2.0.7373e2030323e2133323e2337313; +https://leakix.net)"
41.155.52.80 - - [02/Sep/2026:08:37:33 -0700] "POST /xmlrpc.php HTTP/1.1" 200 403 "-" "WordPress.com; https://wordpress.com"
165.227.39.235 - - [02/Sep/2026:08:37:33 -0700] "POST /?rest_route=/batch/v1 HTTP/1.1" 207 628 "-" "Mozilla/5.0 (l9scan/2.0.7373e2030323e2133323e2337313; +https://leakix.net)"
165.227.39.235 - - [02/Sep/2026:08:37:34 -0700] "POST /?rest_route=/batch/v1 HTTP/1.1" 207 628 "-" "Mozilla/5.0 (l9scan/2.0.7373e2030323e2133323e2337313; +https://leakix.net)"
165.227.39.235 - - [02/Sep/2026:08:37:35 -0700] "POST /wp-json/batch/v1 HTTP/1.1" 207 628 "-" "Mozilla/5.0 (l9scan/2.0.7373e2030323e2133323e2337313; +https://leakix.net)"
165.227.39.235 - - [02/Sep/2026:08:37:36 -0700] "POST /wp-json/batch/v1 HTTP/1.1" 207 628 "-" "Mozilla/5.0 (l9scan/2.0.7373e2030323e2133323e2337313; +https://leakix.net)"
165.227.39.235 - - [02/Sep/2026:08:37:37 -0700] "GET /?rest_route=/wp/v2/users/ HTTP/1.1" 200 903 "-" "Mozilla/5.0 (l9scan/2.0.7373e2030323e2133323e2337313; +https://leakix.net)"
165.227.39.235 - - [02/Sep/2026:08:37:41 -0700] "GET /debug/default/view?panel=config HTTP/1.1" 404 100663 "-" "Mozilla/5.0 (l9scan/2.0.7373e2030323e2133323e2337313; +https://leakix.net)"
41.155.52.80 - - [02/Sep/2026:08:37:44 -0700] "POST /xmlrpc.php HTTP/1.1" 200 403 "-" "WordPress.com; https://wordpress.com"
41.155.52.80 - - [02/Sep/2026:08:37:54 -0700] "POST /xmlrpc.php HTTP/1.1" 200 403 "-" "Jetpack by WordPress.com (Jetpack 12.1; WordPress 6.2)"
41.155.52.80 - - [02/Sep/2026:08:38:05 -0700] "POST /xmlrpc.php HTTP/1.1" 200 403 "-" "Jetpack by WordPress.com"
41.155.52.80 - - [02/Sep/2026:08:38:15 -0700] "POST /xmlrpc.php HTTP/1.1" 200 403 "-" "Jetpack/12.1; WordPress/6.2; http://site81281824.com"
173.231.200.77 - - [02/Sep/2026:08:38:26 -0700] "POST /wp-cron.php?doing_wp_cron=1788363506.6511120796203613281250 HTTP/1.1" 200 - "-" "WordPress/7.1; https://usaigc.com"
41.155.52.80 - - [02/Sep/2026:08:38:26 -0700] "POST /xmlrpc.php HTTP/1.1" 200 403 "-" "Jetpack by WordPress.com"
41.155.52.80 - - [02/Sep/2026:08:38:37 -0700] "POST /xmlrpc.php HTTP/1.1" 200 403 "-" "WordPress.com; https://wordpress.com"
41.155.52.80 - - [02/Sep/2026:08:38:47 -0700] "POST /xmlrpc.php HTTP/1.1" 200 403 "-" "Jetpack/13.0; WordPress/6.3; http://site58564167.com"
57.141.18.34 - - [02/Sep/2026:08:38:48 -0700] "GET /rules-policies/ HTTP/2.0" 200 105790 "-" "Mozilla/5.0 (Windows NT 10.0; Win64; x64) AppleWebKit/537.36 (KHTML, like Gecko) Chrome/145.0.0.0 Safari/537.36 (compatible; meta-webindexer/1.1 (+https://developers.facebook.com/docs/sharing/webmasters/crawler))"
41.155.52.80 - - [02/Sep/2026:08:38:58 -0700] "POST /xmlrpc.php HTTP/1.1" 200 403 "-" "Jetpack by WordPress.com (Jetpack 12.0; WordPress 6.1)"
41.155.52.80 - - [02/Sep/2026:08:39:09 -0700] "POST /xmlrpc.php HTTP/1.1" 200 403 "-" "Jetpack/12.0; WordPress/6.2; http://site98623147.com"
41.155.52.80 - - [02/Sep/2026:08:39:19 -0700] "POST /xmlrpc.php HTTP/1.1" 200 403 "-" "Jetpack by WordPress.com (Jetpack 12.1; WordPress 6.4)"
173.231.200.77 - - [02/Sep/2026:08:39:30 -0700] "POST /wp-cron.php?doing_wp_cron=1788363570.5764720439910888671875 HTTP/1.1" 200 - "-" "WordPress/7.1; https://usaigc.com"
41.155.52.80 - - [02/Sep/2026:08:39:30 -0700] "POST /xmlrpc.php HTTP/1.1" 200 403 "-" "Jetpack by WordPress.com (Jetpack 12.5; WordPress 6.3)"
41.155.52.80 - - [02/Sep/2026:08:39:41 -0700] "POST /xmlrpc.php HTTP/1.1" 200 403 "-" "Jetpack by WordPress.com"
41.155.52.80 - - [02/Sep/2026:08:39:51 -0700] "POST /xmlrpc.php HTTP/1.1" 200 403 "-" "Jetpack/12.0; WordPress/6.1; http://site93651329.com"
41.155.52.80 - - [02/Sep/2026:08:40:02 -0700] "POST /xmlrpc.php HTTP/1.1" 200 403 "-" "Jetpack by WordPress.com"
41.155.52.80 - - [02/Sep/2026:08:40:13 -0700] "POST /xmlrpc.php HTTP/1.1" 200 403 "-" "WordPress.com; https://wordpress.com"
173.231.200.77 - - [02/Sep/2026:08:40:23 -0700] "POST /wp-cron.php?doing_wp_cron=1788363623.8884990215301513671875 HTTP/1.1" 200 - "-" "WordPress/7.1; https://usaigc.com"
41.155.52.80 - - [02/Sep/2026:08:40:23 -0700] "POST /xmlrpc.php HTTP/1.1" 200 403 "-" "Jetpack by WordPress.com"
41.155.52.80 - - [02/Sep/2026:08:40:34 -0700] "POST /xmlrpc.php HTTP/1.1" 200 403 "-" "Jetpack by WordPress.com"
41.155.52.80 - - [02/Sep/2026:08:40:44 -0700] "POST /xmlrpc.php HTTP/1.1" 200 403 "-" "Jetpack/13.0; WordPress/6.4; http://site68827722.com"
41.155.52.80 - - [02/Sep/2026:08:40:55 -0700] "POST /xmlrpc.php HTTP/1.1" 200 403 "-" "Jetpack by WordPress.com"
41.155.52.80 - - [02/Sep/2026:08:41:06 -0700] "POST /xmlrpc.php HTTP/1.1" 200 403 "-" "Jetpack by WordPress.com"
41.155.52.80 - - [02/Sep/2026:08:41:17 -0700] "POST /xmlrpc.php HTTP/1.1" 200 403 "-" "Jetpack by WordPress.com"
173.231.200.77 - - [02/Sep/2026:08:41:27 -0700] "POST /wp-cron.php?doing_wp_cron=1788363687.9157090187072753906250 HTTP/1.1" 200 - "-" "WordPress/7.1; https://usaigc.com"
41.155.52.80 - - [02/Sep/2026:08:41:27 -0700] "POST /xmlrpc.php HTTP/1.1" 200 403 "-" "WordPress.com; https://wordpress.com"
41.155.52.80 - - [02/Sep/2026:08:41:38 -0700] "POST /xmlrpc.php HTTP/1.1" 200 403 "-" "WordPress.com; https://wordpress.com"
41.155.52.80 - - [02/Sep/2026:08:41:49 -0700] "POST /xmlrpc.php HTTP/1.1" 200 403 "-" "Jetpack by WordPress.com"
41.155.52.80 - - [02/Sep/2026:08:41:59 -0700] "POST /xmlrpc.php HTTP/1.1" 200 403 "-" "Jetpack by WordPress.com (Jetpack 12.5; WordPress 6.4)"
173.231.200.77 - - [02/Sep/2026:08:42:10 -0700] "POST /wp-cron.php?doing_wp_cron=1788363730.4230430126190185546875 HTTP/1.1" 200 - "-" "WordPress/7.1; https://usaigc.com"
41.155.52.80 - - [02/Sep/2026:08:42:10 -0700] "POST /xmlrpc.php HTTP/1.1" 200 403 "-" "Jetpack by WordPress.com (Jetpack 13.0; WordPress 6.3)"
173.231.200.77 - - [02/Sep/2026:08:42:21 -0700] "POST /wp-cron.php?doing_wp_cron=1788363741.0713949203491210937500 HTTP/1.1" 200 - "-" "WordPress/7.1; https://usaigc.com"
41.155.52.80 - - [02/Sep/2026:08:42:20 -0700] "POST /xmlrpc.php HTTP/1.1" 200 403 "-" "Jetpack by WordPress.com (Jetpack 12.1; WordPress 6.3)"
