34.92.176.191 - - [02/Sep/2026:11:33:23 -0700] "GET / HTTP/1.1" 200 131156 "-" "Mozilla/5.0 (X11; Linux x86_64) AppleWebKit/537.36 (KHTML, like Gecko) Chrome/131.0.0.0 Safari/537.36"
173.231.200.77 - - [02/Sep/2026:11:33:24 -0700] "POST /wp-cron.php?doing_wp_cron=1788374004.0299251079559326171875 HTTP/1.1" 200 - "-" "WordPress/7.1; https://usaigc.com"
34.92.176.191 - - [02/Sep/2026:11:33:23 -0700] "GET / HTTP/1.1" 301 - "-" "Mozilla/5.0 (Windows NT 10.0; Win64; x64) AppleWebKit/537.36 (KHTML, like Gecko) Chrome/131.0.0.0 Safari/537.36"
34.92.176.191 - - [02/Sep/2026:11:33:24 -0700] "POST / HTTP/1.1" 200 130979 "-" "Mozilla/5.0 (Windows NT 10.0; Win64; x64) AppleWebKit/537.36 (KHTML, like Gecko) Chrome/131.0.0.0 Safari/537.36"
34.92.176.191 - - [02/Sep/2026:11:33:24 -0700] "POST / HTTP/1.1" 200 130931 "-" "Mozilla/5.0 (X11; Linux x86_64) AppleWebKit/537.36 (KHTML, like Gecko) Chrome/131.0.0.0 Safari/537.36"
216.244.66.236 - - [02/Sep/2026:11:33:25 -0700] "GET /athlete_form.cfm?CFID=70f909e4-bfd4-4fd3-afb9-f57c33ff2e6a&CFTOKEN=0 HTTP/1.1" 301 - "-" "Mozilla/5.0 (compatible; DotBot/1.2; +https://opensiteexplorer.org/dotbot; help@moz.com)"
34.92.176.191 - - [02/Sep/2026:11:33:25 -0700] "POST / HTTP/1.1" 200 130979 "-" "Mozilla/5.0 (Windows NT 10.0; Win64; x64) AppleWebKit/537.36 (KHTML, like Gecko) Chrome/131.0.0.0 Safari/537.36"
34.92.176.191 - - [02/Sep/2026:11:33:25 -0700] "POST / HTTP/1.1" 200 130931 "-" "Mozilla/5.0 (X11; Linux x86_64) AppleWebKit/537.36 (KHTML, like Gecko) Chrome/131.0.0.0 Safari/537.36"
34.92.176.191 - - [02/Sep/2026:11:33:26 -0700] "POST / HTTP/1.1" 200 130979 "-" "Mozilla/5.0 (Windows NT 10.0; Win64; x64) AppleWebKit/537.36 (KHTML, like Gecko) Chrome/131.0.0.0 Safari/537.36"
34.92.176.191 - - [02/Sep/2026:11:33:26 -0700] "POST / HTTP/1.1" 200 130931 "-" "Mozilla/5.0 (X11; Linux x86_64) AppleWebKit/537.36 (KHTML, like Gecko) Chrome/131.0.0.0 Safari/537.36"
34.92.176.191 - - [02/Sep/2026:11:33:27 -0700] "GET /.git/config HTTP/1.1" 404 100599 "-" "Mozilla/5.0 (Windows NT 10.0; Win64; x64) AppleWebKit/537.36 (KHTML, like Gecko) Chrome/131.0.0.0 Safari/537.36"
34.92.176.191 - - [02/Sep/2026:11:33:27 -0700] "GET /.git/config HTTP/1.1" 404 100551 "-" "Mozilla/5.0 (X11; Linux x86_64) AppleWebKit/537.36 (KHTML, like Gecko) Chrome/131.0.0.0 Safari/537.36"
34.92.176.191 - - [02/Sep/2026:11:33:28 -0700] "POST / HTTP/1.1" 200 130979 "-" "Mozilla/5.0 (Windows NT 10.0; Win64; x64) AppleWebKit/537.36 (KHTML, like Gecko) Chrome/131.0.0.0 Safari/537.36"
34.92.176.191 - - [02/Sep/2026:11:33:28 -0700] "POST / HTTP/1.1" 200 130931 "-" "Mozilla/5.0 (X11; Linux x86_64) AppleWebKit/537.36 (KHTML, like Gecko) Chrome/131.0.0.0 Safari/537.36"
34.92.176.191 - - [02/Sep/2026:11:33:29 -0700] "GET /.env HTTP/1.1" 404 100535 "-" "Mozilla/5.0 (Windows NT 10.0; Win64; x64) AppleWebKit/537.36 (KHTML, like Gecko) Chrome/131.0.0.0 Safari/537.36"
34.92.176.191 - - [02/Sep/2026:11:33:29 -0700] "GET /.env HTTP/1.1" 404 100487 "-" "Mozilla/5.0 (X11; Linux x86_64) AppleWebKit/537.36 (KHTML, like Gecko) Chrome/131.0.0.0 Safari/537.36"
34.92.176.191 - - [02/Sep/2026:11:33:30 -0700] "GET /.env.local HTTP/1.1" 404 100583 "-" "Mozilla/5.0 (Windows NT 10.0; Win64; x64) AppleWebKit/537.36 (KHTML, like Gecko) Chrome/131.0.0.0 Safari/537.36"
34.92.176.191 - - [02/Sep/2026:11:33:31 -0700] "GET /.env.local HTTP/1.1" 404 100535 "-" "Mozilla/5.0 (X11; Linux x86_64) AppleWebKit/537.36 (KHTML, like Gecko) Chrome/131.0.0.0 Safari/537.36"
47.128.52.92 - - [02/Sep/2026:11:33:32 -0700] "GET /robots.txt HTTP/1.1" 301 - "-" "Mozilla/5.0 (Linux; Android 5.0) AppleWebKit/537.36 (KHTML, like Gecko) Mobile Safari/537.36 (compatible; Bytespider; spider-feedback@bytedance.com)"
34.92.176.191 - - [02/Sep/2026:11:33:31 -0700] "GET /.env.production HTTP/1.1" 404 100623 "-" "Mozilla/5.0 (Windows NT 10.0; Win64; x64) AppleWebKit/537.36 (KHTML, like Gecko) Chrome/131.0.0.0 Safari/537.36"
34.92.176.191 - - [02/Sep/2026:11:33:32 -0700] "GET /.env.production HTTP/1.1" 404 100575 "-" "Mozilla/5.0 (X11; Linux x86_64) AppleWebKit/537.36 (KHTML, like Gecko) Chrome/131.0.0.0 Safari/537.36"
34.92.176.191 - - [02/Sep/2026:11:33:33 -0700] "GET /.env.staging HTTP/1.1" 404 100599 "-" "Mozilla/5.0 (Windows NT 10.0; Win64; x64) AppleWebKit/537.36 (KHTML, like Gecko) Chrome/131.0.0.0 Safari/537.36"
34.92.176.191 - - [02/Sep/2026:11:33:33 -0700] "GET /.env.staging HTTP/1.1" 404 100551 "-" "Mozilla/5.0 (X11; Linux x86_64) AppleWebKit/537.36 (KHTML, like Gecko) Chrome/131.0.0.0 Safari/537.36"
47.128.52.92 - - [02/Sep/2026:11:33:34 -0700] "GET /robots.txt HTTP/1.1" 200 153 "-" "Mozilla/5.0 (Linux; Android 5.0) AppleWebKit/537.36 (KHTML, like Gecko) Mobile Safari/537.36 (compatible; Bytespider; spider-feedback@bytedance.com)"
34.92.176.191 - - [02/Sep/2026:11:33:34 -0700] "GET /.env.development HTTP/1.1" 404 100631 "-" "Mozilla/5.0 (Windows NT 10.0; Win64; x64) AppleWebKit/537.36 (KHTML, like Gecko) Chrome/131.0.0.0 Safari/537.36"
34.92.176.191 - - [02/Sep/2026:11:33:34 -0700] "GET /.env.development HTTP/1.1" 404 100583 "-" "Mozilla/5.0 (X11; Linux x86_64) AppleWebKit/537.36 (KHTML, like Gecko) Chrome/131.0.0.0 Safari/537.36"
34.92.176.191 - - [02/Sep/2026:11:33:35 -0700] "GET /.env.test HTTP/1.1" 404 100575 "-" "Mozilla/5.0 (Windows NT 10.0; Win64; x64) AppleWebKit/537.36 (KHTML, like Gecko) Chrome/131.0.0.0 Safari/537.36"
34.92.176.191 - - [02/Sep/2026:11:33:36 -0700] "GET /.env.test HTTP/1.1" 404 100527 "-" "Mozilla/5.0 (X11; Linux x86_64) AppleWebKit/537.36 (KHTML, like Gecko) Chrome/131.0.0.0 Safari/537.36"
34.92.176.191 - - [02/Sep/2026:11:33:37 -0700] "GET /.env.remote HTTP/1.1" 404 100591 "-" "Mozilla/5.0 (Windows NT 10.0; Win64; x64) AppleWebKit/537.36 (KHTML, like Gecko) Chrome/131.0.0.0 Safari/537.36"
34.92.176.191 - - [02/Sep/2026:11:33:37 -0700] "GET /.env.remote HTTP/1.1" 404 100543 "-" "Mozilla/5.0 (X11; Linux x86_64) AppleWebKit/537.36 (KHTML, like Gecko) Chrome/131.0.0.0 Safari/537.36"
34.92.176.191 - - [02/Sep/2026:11:33:38 -0700] "GET /.env.bak HTTP/1.1" 404 100567 "-" "Mozilla/5.0 (Windows NT 10.0; Win64; x64) AppleWebKit/537.36 (KHTML, like Gecko) Chrome/131.0.0.0 Safari/537.36"
34.92.176.191 - - [02/Sep/2026:11:33:39 -0700] "GET /.env.bak HTTP/1.1" 404 100519 "-" "Mozilla/5.0 (X11; Linux x86_64) AppleWebKit/537.36 (KHTML, like Gecko) Chrome/131.0.0.0 Safari/537.36"
216.244.66.236 - - [02/Sep/2026:11:33:39 -0700] "GET /athlete_form.cfm?CFID=710b8b57-8280-4c72-abac-193a363a60a3&CFTOKEN=0 HTTP/1.1" 301 - "-" "Mozilla/5.0 (compatible; DotBot/1.2; +https://opensiteexplorer.org/dotbot; help@moz.com)"
34.92.176.191 - - [02/Sep/2026:11:33:40 -0700] "GET /.env.backup HTTP/1.1" 404 100591 "-" "Mozilla/5.0 (Windows NT 10.0; Win64; x64) AppleWebKit/537.36 (KHTML, like Gecko) Chrome/131.0.0.0 Safari/537.36"
34.92.176.191 - - [02/Sep/2026:11:33:40 -0700] "GET /.env.backup HTTP/1.1" 404 100543 "-" "Mozilla/5.0 (X11; Linux x86_64) AppleWebKit/537.36 (KHTML, like Gecko) Chrome/131.0.0.0 Safari/537.36"
34.92.176.191 - - [02/Sep/2026:11:33:41 -0700] "GET /.env.save HTTP/1.1" 404 100527 "-" "Mozilla/5.0 (X11; Linux x86_64) AppleWebKit/537.36 (KHTML, like Gecko) Chrome/131.0.0.0 Safari/537.36"
34.92.176.191 - - [02/Sep/2026:11:33:41 -0700] "GET /.env.save HTTP/1.1" 404 100575 "-" "Mozilla/5.0 (Windows NT 10.0; Win64; x64) AppleWebKit/537.36 (KHTML, like Gecko) Chrome/131.0.0.0 Safari/537.36"
34.92.176.191 - - [02/Sep/2026:11:33:43 -0700] "GET /.env.old HTTP/1.1" 404 100519 "-" "Mozilla/5.0 (X11; Linux x86_64) AppleWebKit/537.36 (KHTML, like Gecko) Chrome/131.0.0.0 Safari/537.36"
34.92.176.191 - - [02/Sep/2026:11:33:43 -0700] "GET /.env.old HTTP/1.1" 404 100567 "-" "Mozilla/5.0 (Windows NT 10.0; Win64; x64) AppleWebKit/537.36 (KHTML, like Gecko) Chrome/131.0.0.0 Safari/537.36"
34.92.176.191 - - [02/Sep/2026:11:33:44 -0700] "GET /.env.sample HTTP/1.1" 404 100543 "-" "Mozilla/5.0 (X11; Linux x86_64) AppleWebKit/537.36 (KHTML, like Gecko) Chrome/131.0.0.0 Safari/537.36"
34.92.176.191 - - [02/Sep/2026:11:33:45 -0700] "GET /.env.sample HTTP/1.1" 404 100591 "-" "Mozilla/5.0 (Windows NT 10.0; Win64; x64) AppleWebKit/537.36 (KHTML, like Gecko) Chrome/131.0.0.0 Safari/537.36"
34.92.176.191 - - [02/Sep/2026:11:33:46 -0700] "GET /.env.example HTTP/1.1" 404 100551 "-" "Mozilla/5.0 (X11; Linux x86_64) AppleWebKit/537.36 (KHTML, like Gecko) Chrome/131.0.0.0 Safari/537.36"
34.92.176.191 - - [02/Sep/2026:11:33:46 -0700] "GET /.env.example HTTP/1.1" 404 100599 "-" "Mozilla/5.0 (Windows NT 10.0; Win64; x64) AppleWebKit/537.36 (KHTML, like Gecko) Chrome/131.0.0.0 Safari/537.36"
34.92.176.191 - - [02/Sep/2026:11:33:47 -0700] "GET /.env.dev HTTP/1.1" 404 100519 "-" "Mozilla/5.0 (X11; Linux x86_64) AppleWebKit/537.36 (KHTML, like Gecko) Chrome/131.0.0.0 Safari/537.36"
34.92.176.191 - - [02/Sep/2026:11:33:47 -0700] "GET /.env.dev HTTP/1.1" 404 100567 "-" "Mozilla/5.0 (Windows NT 10.0; Win64; x64) AppleWebKit/537.36 (KHTML, like Gecko) Chrome/131.0.0.0 Safari/537.36"
34.92.176.191 - - [02/Sep/2026:11:33:49 -0700] "GET /.env.prod HTTP/1.1" 404 100527 "-" "Mozilla/5.0 (X11; Linux x86_64) AppleWebKit/537.36 (KHTML, like Gecko) Chrome/131.0.0.0 Safari/537.36"
34.92.176.191 - - [02/Sep/2026:11:33:49 -0700] "GET /.env.prod HTTP/1.1" 404 100575 "-" "Mozilla/5.0 (Windows NT 10.0; Win64; x64) AppleWebKit/537.36 (KHTML, like Gecko) Chrome/131.0.0.0 Safari/537.36"
34.92.176.191 - - [02/Sep/2026:11:33:50 -0700] "GET /.env.stage HTTP/1.1" 404 100535 "-" "Mozilla/5.0 (X11; Linux x86_64) AppleWebKit/537.36 (KHTML, like Gecko) Chrome/131.0.0.0 Safari/537.36"
34.92.176.191 - - [02/Sep/2026:11:33:50 -0700] "GET /.env.stage HTTP/1.1" 404 100583 "-" "Mozilla/5.0 (Windows NT 10.0; Win64; x64) AppleWebKit/537.36 (KHTML, like Gecko) Chrome/131.0.0.0 Safari/537.36"
34.92.176.191 - - [02/Sep/2026:11:33:52 -0700] "GET /.env.ci HTTP/1.1" 404 100511 "-" "Mozilla/5.0 (X11; Linux x86_64) AppleWebKit/537.36 (KHTML, like Gecko) Chrome/131.0.0.0 Safari/537.36"
34.92.176.191 - - [02/Sep/2026:11:33:52 -0700] "GET /.env.ci HTTP/1.1" 404 100559 "-" "Mozilla/5.0 (Windows NT 10.0; Win64; x64) AppleWebKit/537.36 (KHTML, like Gecko) Chrome/131.0.0.0 Safari/537.36"
216.244.66.236 - - [02/Sep/2026:11:33:53 -0700] "GET /athlete_form.cfm?CFID=710e7eaf-f0f4-44c7-93bc-44add885c26a&CFTOKEN=0 HTTP/1.1" 301 - "-" "Mozilla/5.0 (compatible; DotBot/1.2; +https://opensiteexplorer.org/dotbot; help@moz.com)"
34.92.176.191 - - [02/Sep/2026:11:33:53 -0700] "GET /.env.docker HTTP/1.1" 404 100543 "-" "Mozilla/5.0 (X11; Linux x86_64) AppleWebKit/537.36 (KHTML, like Gecko) Chrome/131.0.0.0 Safari/537.36"
34.92.176.191 - - [02/Sep/2026:11:33:53 -0700] "GET /.env.docker HTTP/1.1" 404 100591 "-" "Mozilla/5.0 (Windows NT 10.0; Win64; x64) AppleWebKit/537.36 (KHTML, like Gecko) Chrome/131.0.0.0 Safari/537.36"
34.92.176.191 - - [02/Sep/2026:11:33:54 -0700] "GET /.env.live HTTP/1.1" 404 100527 "-" "Mozilla/5.0 (X11; Linux x86_64) AppleWebKit/537.36 (KHTML, like Gecko) Chrome/131.0.0.0 Safari/537.36"
34.92.176.191 - - [02/Sep/2026:11:33:55 -0700] "GET /.env.live HTTP/1.1" 404 100575 "-" "Mozilla/5.0 (Windows NT 10.0; Win64; x64) AppleWebKit/537.36 (KHTML, like Gecko) Chrome/131.0.0.0 Safari/537.36"
34.92.176.191 - - [02/Sep/2026:11:33:56 -0700] "GET /.env.preprod HTTP/1.1" 404 100551 "-" "Mozilla/5.0 (X11; Linux x86_64) AppleWebKit/537.36 (KHTML, like Gecko) Chrome/131.0.0.0 Safari/537.36"
34.92.176.191 - - [02/Sep/2026:11:33:56 -0700] "GET /.env.preprod HTTP/1.1" 404 100599 "-" "Mozilla/5.0 (Windows NT 10.0; Win64; x64) AppleWebKit/537.36 (KHTML, like Gecko) Chrome/131.0.0.0 Safari/537.36"
34.92.176.191 - - [02/Sep/2026:11:33:57 -0700] "GET /.env.uat HTTP/1.1" 404 100519 "-" "Mozilla/5.0 (X11; Linux x86_64) AppleWebKit/537.36 (KHTML, like Gecko) Chrome/131.0.0.0 Safari/537.36"
34.92.176.191 - - [02/Sep/2026:11:33:57 -0700] "GET /.env.uat HTTP/1.1" 404 100567 "-" "Mozilla/5.0 (Windows NT 10.0; Win64; x64) AppleWebKit/537.36 (KHTML, like Gecko) Chrome/131.0.0.0 Safari/537.36"
34.92.176.191 - - [02/Sep/2026:11:33:59 -0700] "GET /.env.dist HTTP/1.1" 404 100527 "-" "Mozilla/5.0 (X11; Linux x86_64) AppleWebKit/537.36 (KHTML, like Gecko) Chrome/131.0.0.0 Safari/537.36"
34.92.176.191 - - [02/Sep/2026:11:33:59 -0700] "GET /.env.dist HTTP/1.1" 404 100575 "-" "Mozilla/5.0 (Windows NT 10.0; Win64; x64) AppleWebKit/537.36 (KHTML, like Gecko) Chrome/131.0.0.0 Safari/537.36"
34.92.176.191 - - [02/Sep/2026:11:34:00 -0700] "GET /.env.swp HTTP/1.1" 404 100519 "-" "Mozilla/5.0 (X11; Linux x86_64) AppleWebKit/537.36 (KHTML, like Gecko) Chrome/131.0.0.0 Safari/537.36"
34.92.176.191 - - [02/Sep/2026:11:34:00 -0700] "GET /.env.swp HTTP/1.1" 404 100567 "-" "Mozilla/5.0 (Windows NT 10.0; Win64; x64) AppleWebKit/537.36 (KHTML, like Gecko) Chrome/131.0.0.0 Safari/537.36"
34.92.176.191 - - [02/Sep/2026:11:34:01 -0700] "GET /.env~ HTTP/1.1" 404 100495 "-" "Mozilla/5.0 (X11; Linux x86_64) AppleWebKit/537.36 (KHTML, like Gecko) Chrome/131.0.0.0 Safari/537.36"
34.92.176.191 - - [02/Sep/2026:11:34:02 -0700] "GET /.env~ HTTP/1.1" 404 100543 "-" "Mozilla/5.0 (Windows NT 10.0; Win64; x64) AppleWebKit/537.36 (KHTML, like Gecko) Chrome/131.0.0.0 Safari/537.36"
34.92.176.191 - - [02/Sep/2026:11:34:03 -0700] "GET /.env1 HTTP/1.1" 404 100495 "-" "Mozilla/5.0 (X11; Linux x86_64) AppleWebKit/537.36 (KHTML, like Gecko) Chrome/131.0.0.0 Safari/537.36"
34.92.176.191 - - [02/Sep/2026:11:34:03 -0700] "GET /.env1 HTTP/1.1" 404 100543 "-" "Mozilla/5.0 (Windows NT 10.0; Win64; x64) AppleWebKit/537.36 (KHTML, like Gecko) Chrome/131.0.0.0 Safari/537.36"
34.92.176.191 - - [02/Sep/2026:11:34:04 -0700] "GET /.env2 HTTP/1.1" 404 100495 "-" "Mozilla/5.0 (X11; Linux x86_64) AppleWebKit/537.36 (KHTML, like Gecko) Chrome/131.0.0.0 Safari/537.36"
34.92.176.191 - - [02/Sep/2026:11:34:04 -0700] "GET /.env2 HTTP/1.1" 404 100543 "-" "Mozilla/5.0 (Windows NT 10.0; Win64; x64) AppleWebKit/537.36 (KHTML, like Gecko) Chrome/131.0.0.0 Safari/537.36"
216.244.66.236 - - [02/Sep/2026:11:34:05 -0700] "GET /athlete_form.cfm?CFID=7119d4a7-71d0-4854-bb5b-97ab3267fa84&CFTOKEN=0 HTTP/1.1" 301 - "-" "Mozilla/5.0 (compatible; DotBot/1.2; +https://opensiteexplorer.org/dotbot; help@moz.com)"
34.92.176.191 - - [02/Sep/2026:11:34:06 -0700] "GET /.env_copy HTTP/1.1" 404 100575 "-" "Mozilla/5.0 (Windows NT 10.0; Win64; x64) AppleWebKit/537.36 (KHTML, like Gecko) Chrome/131.0.0.0 Safari/537.36"
34.92.176.191 - - [02/Sep/2026:11:34:06 -0700] "GET /.env_copy HTTP/1.1" 404 100527 "-" "Mozilla/5.0 (X11; Linux x86_64) AppleWebKit/537.36 (KHTML, like Gecko) Chrome/131.0.0.0 Safari/537.36"
34.92.176.191 - - [02/Sep/2026:11:34:07 -0700] "GET /.env.txt HTTP/1.1" 404 100519 "-" "Mozilla/5.0 (X11; Linux x86_64) AppleWebKit/537.36 (KHTML, like Gecko) Chrome/131.0.0.0 Safari/537.36"
34.92.176.191 - - [02/Sep/2026:11:34:07 -0700] "GET /.env.txt HTTP/1.1" 404 100567 "-" "Mozilla/5.0 (Windows NT 10.0; Win64; x64) AppleWebKit/537.36 (KHTML, like Gecko) Chrome/131.0.0.0 Safari/537.36"
34.92.176.191 - - [02/Sep/2026:11:34:08 -0700] "GET /.env.json HTTP/1.1" 404 100527 "-" "Mozilla/5.0 (X11; Linux x86_64) AppleWebKit/537.36 (KHTML, like Gecko) Chrome/131.0.0.0 Safari/537.36"
34.92.176.191 - - [02/Sep/2026:11:34:08 -0700] "GET /.env.json HTTP/1.1" 404 100575 "-" "Mozilla/5.0 (Windows NT 10.0; Win64; x64) AppleWebKit/537.36 (KHTML, like Gecko) Chrome/131.0.0.0 Safari/537.36"
34.92.176.191 - - [02/Sep/2026:11:34:10 -0700] "GET /.env.yaml HTTP/1.1" 404 100527 "-" "Mozilla/5.0 (X11; Linux x86_64) AppleWebKit/537.36 (KHTML, like Gecko) Chrome/131.0.0.0 Safari/537.36"
34.92.176.191 - - [02/Sep/2026:11:34:10 -0700] "GET /.env.yaml HTTP/1.1" 404 100575 "-" "Mozilla/5.0 (Windows NT 10.0; Win64; x64) AppleWebKit/537.36 (KHTML, like Gecko) Chrome/131.0.0.0 Safari/537.36"
34.92.176.191 - - [02/Sep/2026:11:34:11 -0700] "GET /.env.yml HTTP/1.1" 404 100519 "-" "Mozilla/5.0 (X11; Linux x86_64) AppleWebKit/537.36 (KHTML, like Gecko) Chrome/131.0.0.0 Safari/537.36"
34.92.176.191 - - [02/Sep/2026:11:34:11 -0700] "GET /.env.yml HTTP/1.1" 404 100567 "-" "Mozilla/5.0 (Windows NT 10.0; Win64; x64) AppleWebKit/537.36 (KHTML, like Gecko) Chrome/131.0.0.0 Safari/537.36"
34.92.176.191 - - [02/Sep/2026:11:34:12 -0700] "GET /app/.env HTTP/1.1" 404 100527 "-" "Mozilla/5.0 (X11; Linux x86_64) AppleWebKit/537.36 (KHTML, like Gecko) Chrome/131.0.0.0 Safari/537.36"
34.92.176.191 - - [02/Sep/2026:11:34:12 -0700] "GET /app/.env HTTP/1.1" 404 100575 "-" "Mozilla/5.0 (Windows NT 10.0; Win64; x64) AppleWebKit/537.36 (KHTML, like Gecko) Chrome/131.0.0.0 Safari/537.36"
34.92.176.191 - - [02/Sep/2026:11:34:14 -0700] "GET /apps/.env HTTP/1.1" 404 100535 "-" "Mozilla/5.0 (X11; Linux x86_64) AppleWebKit/537.36 (KHTML, like Gecko) Chrome/131.0.0.0 Safari/537.36"
34.92.176.191 - - [02/Sep/2026:11:34:14 -0700] "GET /apps/.env HTTP/1.1" 404 100583 "-" "Mozilla/5.0 (Windows NT 10.0; Win64; x64) AppleWebKit/537.36 (KHTML, like Gecko) Chrome/131.0.0.0 Safari/537.36"
34.92.176.191 - - [02/Sep/2026:11:34:15 -0700] "GET /api/.env HTTP/1.1" 404 100575 "-" "Mozilla/5.0 (Windows NT 10.0; Win64; x64) AppleWebKit/537.36 (KHTML, like Gecko) Chrome/131.0.0.0 Safari/537.36"
34.92.176.191 - - [02/Sep/2026:11:34:15 -0700] "GET /api/.env HTTP/1.1" 404 100527 "-" "Mozilla/5.0 (X11; Linux x86_64) AppleWebKit/537.36 (KHTML, like Gecko) Chrome/131.0.0.0 Safari/537.36"
216.244.66.236 - - [02/Sep/2026:11:34:16 -0700] "GET /athlete_form.cfm?CFID=711db6d5-96c2-4fa9-82d1-a976770d68df&CFTOKEN=0 HTTP/1.1" 301 - "-" "Mozilla/5.0 (compatible; DotBot/1.2; +https://opensiteexplorer.org/dotbot; help@moz.com)"
34.92.176.191 - - [02/Sep/2026:11:34:16 -0700] "GET /web/.env HTTP/1.1" 404 100527 "-" "Mozilla/5.0 (X11; Linux x86_64) AppleWebKit/537.36 (KHTML, like Gecko) Chrome/131.0.0.0 Safari/537.36"
34.92.176.191 - - [02/Sep/2026:11:34:16 -0700] "GET /web/.env HTTP/1.1" 404 100575 "-" "Mozilla/5.0 (Windows NT 10.0; Win64; x64) AppleWebKit/537.36 (KHTML, like Gecko) Chrome/131.0.0.0 Safari/537.36"
34.92.176.191 - - [02/Sep/2026:11:34:18 -0700] "GET /site/.env HTTP/1.1" 404 100535 "-" "Mozilla/5.0 (X11; Linux x86_64) AppleWebKit/537.36 (KHTML, like Gecko) Chrome/131.0.0.0 Safari/537.36"
34.92.176.191 - - [02/Sep/2026:11:34:18 -0700] "GET /site/.env HTTP/1.1" 404 100583 "-" "Mozilla/5.0 (Windows NT 10.0; Win64; x64) AppleWebKit/537.36 (KHTML, like Gecko) Chrome/131.0.0.0 Safari/537.36"
34.92.176.191 - - [02/Sep/2026:11:34:19 -0700] "GET /public/.env HTTP/1.1" 404 100551 "-" "Mozilla/5.0 (X11; Linux x86_64) AppleWebKit/537.36 (KHTML, like Gecko) Chrome/131.0.0.0 Safari/537.36"
34.92.176.191 - - [02/Sep/2026:11:34:19 -0700] "GET /public/.env HTTP/1.1" 404 100599 "-" "Mozilla/5.0 (Windows NT 10.0; Win64; x64) AppleWebKit/537.36 (KHTML, like Gecko) Chrome/131.0.0.0 Safari/537.36"
173.231.200.77 - - [02/Sep/2026:11:34:21 -0700] "POST /wp-cron.php?doing_wp_cron=1788374061.2204310894012451171875 HTTP/1.1" 200 - "-" "WordPress/7.1; https://usaigc.com"
34.92.176.191 - - [02/Sep/2026:11:34:20 -0700] "GET /admin/.env HTTP/1.1" 404 100543 "-" "Mozilla/5.0 (X11; Linux x86_64) AppleWebKit/537.36 (KHTML, like Gecko) Chrome/131.0.0.0 Safari/537.36"
34.92.176.191 - - [02/Sep/2026:11:34:20 -0700] "GET /admin/.env HTTP/1.1" 404 100591 "-" "Mozilla/5.0 (Windows NT 10.0; Win64; x64) AppleWebKit/537.36 (KHTML, like Gecko) Chrome/131.0.0.0 Safari/537.36"
34.92.176.191 - - [02/Sep/2026:11:34:22 -0700] "GET /backend/.env HTTP/1.1" 404 100559 "-" "Mozilla/5.0 (X11; Linux x86_64) AppleWebKit/537.36 (KHTML, like Gecko) Chrome/131.0.0.0 Safari/537.36"
34.92.176.191 - - [02/Sep/2026:11:34:22 -0700] "GET /backend/.env HTTP/1.1" 404 100607 "-" "Mozilla/5.0 (Windows NT 10.0; Win64; x64) AppleWebKit/537.36 (KHTML, like Gecko) Chrome/131.0.0.0 Safari/537.36"
34.92.176.191 - - [02/Sep/2026:11:34:23 -0700] "GET /server/.env HTTP/1.1" 404 100551 "-" "Mozilla/5.0 (X11; Linux x86_64) AppleWebKit/537.36 (KHTML, like Gecko) Chrome/131.0.0.0 Safari/537.36"
34.92.176.191 - - [02/Sep/2026:11:34:23 -0700] "GET /server/.env HTTP/1.1" 404 100599 "-" "Mozilla/5.0 (Windows NT 10.0; Win64; x64) AppleWebKit/537.36 (KHTML, like Gecko) Chrome/131.0.0.0 Safari/537.36"
34.92.176.191 - - [02/Sep/2026:11:34:24 -0700] "GET /frontend/.env HTTP/1.1" 404 100567 "-" "Mozilla/5.0 (X11; Linux x86_64) AppleWebKit/537.36 (KHTML, like Gecko) Chrome/131.0.0.0 Safari/537.36"
34.92.176.191 - - [02/Sep/2026:11:34:24 -0700] "GET /frontend/.env HTTP/1.1" 404 100615 "-" "Mozilla/5.0 (Windows NT 10.0; Win64; x64) AppleWebKit/537.36 (KHTML, like Gecko) Chrome/131.0.0.0 Safari/537.36"
34.92.176.191 - - [02/Sep/2026:11:34:26 -0700] "GET /src/.env HTTP/1.1" 404 100527 "-" "Mozilla/5.0 (X11; Linux x86_64) AppleWebKit/537.36 (KHTML, like Gecko) Chrome/131.0.0.0 Safari/537.36"
34.92.176.191 - - [02/Sep/2026:11:34:26 -0700] "GET /src/.env HTTP/1.1" 404 100575 "-" "Mozilla/5.0 (Windows NT 10.0; Win64; x64) AppleWebKit/537.36 (KHTML, like Gecko) Chrome/131.0.0.0 Safari/537.36"
216.244.66.236 - - [02/Sep/2026:11:34:27 -0700] "GET /athlete_form.cfm?CFID=71320b79-7eb5-4657-9cb0-9317b4933718&CFTOKEN=0 HTTP/1.1" 301 - "-" "Mozilla/5.0 (compatible; DotBot/1.2; +https://opensiteexplorer.org/dotbot; help@moz.com)"
34.92.176.191 - - [02/Sep/2026:11:34:27 -0700] "GET /core/.env HTTP/1.1" 404 100535 "-" "Mozilla/5.0 (X11; Linux x86_64) AppleWebKit/537.36 (KHTML, like Gecko) Chrome/131.0.0.0 Safari/537.36"
34.92.176.191 - - [02/Sep/2026:11:34:27 -0700] "GET /core/.env HTTP/1.1" 404 100583 "-" "Mozilla/5.0 (Windows NT 10.0; Win64; x64) AppleWebKit/537.36 (KHTML, like Gecko) Chrome/131.0.0.0 Safari/537.36"
34.92.176.191 - - [02/Sep/2026:11:34:28 -0700] "GET /core/app/.env HTTP/1.1" 404 100575 "-" "Mozilla/5.0 (X11; Linux x86_64) AppleWebKit/537.36 (KHTML, like Gecko) Chrome/131.0.0.0 Safari/537.36"
34.92.176.191 - - [02/Sep/2026:11:34:29 -0700] "GET /core/app/.env HTTP/1.1" 404 100623 "-" "Mozilla/5.0 (Windows NT 10.0; Win64; x64) AppleWebKit/537.36 (KHTML, like Gecko) Chrome/131.0.0.0 Safari/537.36"
34.92.176.191 - - [02/Sep/2026:11:34:30 -0700] "GET /config/.env HTTP/1.1" 404 100551 "-" "Mozilla/5.0 (X11; Linux x86_64) AppleWebKit/537.36 (KHTML, like Gecko) Chrome/131.0.0.0 Safari/537.36"
34.92.176.191 - - [02/Sep/2026:11:34:30 -0700] "GET /config/.env HTTP/1.1" 404 100599 "-" "Mozilla/5.0 (Windows NT 10.0; Win64; x64) AppleWebKit/537.36 (KHTML, like Gecko) Chrome/131.0.0.0 Safari/537.36"
34.92.176.191 - - [02/Sep/2026:11:34:31 -0700] "GET /private/.env HTTP/1.1" 404 100559 "-" "Mozilla/5.0 (X11; Linux x86_64) AppleWebKit/537.36 (KHTML, like Gecko) Chrome/131.0.0.0 Safari/537.36"
34.92.176.191 - - [02/Sep/2026:11:34:31 -0700] "GET /private/.env HTTP/1.1" 404 100607 "-" "Mozilla/5.0 (Windows NT 10.0; Win64; x64) AppleWebKit/537.36 (KHTML, like Gecko) Chrome/131.0.0.0 Safari/537.36"
34.92.176.191 - - [02/Sep/2026:11:34:33 -0700] "GET /application/.env HTTP/1.1" 404 100591 "-" "Mozilla/5.0 (X11; Linux x86_64) AppleWebKit/537.36 (KHTML, like Gecko) Chrome/131.0.0.0 Safari/537.36"
34.92.176.191 - - [02/Sep/2026:11:34:33 -0700] "GET /application/.env HTTP/1.1" 404 100639 "-" "Mozilla/5.0 (Windows NT 10.0; Win64; x64) AppleWebKit/537.36 (KHTML, like Gecko) Chrome/131.0.0.0 Safari/537.36"
34.92.176.191 - - [02/Sep/2026:11:34:34 -0700] "GET /bootstrap/.env HTTP/1.1" 404 100575 "-" "Mozilla/5.0 (X11; Linux x86_64) AppleWebKit/537.36 (KHTML, like Gecko) Chrome/131.0.0.0 Safari/537.36"
34.92.176.191 - - [02/Sep/2026:11:34:34 -0700] "GET /bootstrap/.env HTTP/1.1" 404 100623 "-" "Mozilla/5.0 (Windows NT 10.0; Win64; x64) AppleWebKit/537.36 (KHTML, like Gecko) Chrome/131.0.0.0 Safari/537.36"
34.92.176.191 - - [02/Sep/2026:11:34:35 -0700] "GET /database/.env HTTP/1.1" 404 100567 "-" "Mozilla/5.0 (X11; Linux x86_64) AppleWebKit/537.36 (KHTML, like Gecko) Chrome/131.0.0.0 Safari/537.36"
216.244.66.236 - - [02/Sep/2026:11:34:36 -0700] "GET /athlete_form.cfm?CFID=7132aeab-b4c4-4b2d-b7ab-a71438034f6a&CFTOKEN=0 HTTP/1.1" 301 - "-" "Mozilla/5.0 (compatible; DotBot/1.2; +https://opensiteexplorer.org/dotbot; help@moz.com)"
34.92.176.191 - - [02/Sep/2026:11:34:36 -0700] "GET /database/.env HTTP/1.1" 404 100615 "-" "Mozilla/5.0 (Windows NT 10.0; Win64; x64) AppleWebKit/537.36 (KHTML, like Gecko) Chrome/131.0.0.0 Safari/537.36"
34.92.176.191 - - [02/Sep/2026:11:34:37 -0700] "GET /storage/.env HTTP/1.1" 404 100559 "-" "Mozilla/5.0 (X11; Linux x86_64) AppleWebKit/537.36 (KHTML, like Gecko) Chrome/131.0.0.0 Safari/537.36"
34.92.176.191 - - [02/Sep/2026:11:34:37 -0700] "GET /storage/.env HTTP/1.1" 404 100607 "-" "Mozilla/5.0 (Windows NT 10.0; Win64; x64) AppleWebKit/537.36 (KHTML, like Gecko) Chrome/131.0.0.0 Safari/537.36"
34.92.176.191 - - [02/Sep/2026:11:34:38 -0700] "GET /var/www/.env HTTP/1.1" 404 100567 "-" "Mozilla/5.0 (X11; Linux x86_64) AppleWebKit/537.36 (KHTML, like Gecko) Chrome/131.0.0.0 Safari/537.36"
34.92.176.191 - - [02/Sep/2026:11:34:38 -0700] "GET /var/www/.env HTTP/1.1" 404 100615 "-" "Mozilla/5.0 (Windows NT 10.0; Win64; x64) AppleWebKit/537.36 (KHTML, like Gecko) Chrome/131.0.0.0 Safari/537.36"
34.92.176.191 - - [02/Sep/2026:11:34:40 -0700] "GET /var/www/html/.env HTTP/1.1" 404 100615 "-" "Mozilla/5.0 (X11; Linux x86_64) AppleWebKit/537.36 (KHTML, like Gecko) Chrome/131.0.0.0 Safari/537.36"
34.92.176.191 - - [02/Sep/2026:11:34:40 -0700] "GET /var/www/html/.env HTTP/1.1" 404 100663 "-" "Mozilla/5.0 (Windows NT 10.0; Win64; x64) AppleWebKit/537.36 (KHTML, like Gecko) Chrome/131.0.0.0 Safari/537.36"
34.92.176.191 - - [02/Sep/2026:11:34:41 -0700] "GET /current/.env HTTP/1.1" 404 100559 "-" "Mozilla/5.0 (X11; Linux x86_64) AppleWebKit/537.36 (KHTML, like Gecko) Chrome/131.0.0.0 Safari/537.36"
34.92.176.191 - - [02/Sep/2026:11:34:41 -0700] "GET /current/.env HTTP/1.1" 404 100607 "-" "Mozilla/5.0 (Windows NT 10.0; Win64; x64) AppleWebKit/537.36 (KHTML, like Gecko) Chrome/131.0.0.0 Safari/537.36"
34.92.176.191 - - [02/Sep/2026:11:34:42 -0700] "GET /release/.env HTTP/1.1" 404 100559 "-" "Mozilla/5.0 (X11; Linux x86_64) AppleWebKit/537.36 (KHTML, like Gecko) Chrome/131.0.0.0 Safari/537.36"
34.92.176.191 - - [02/Sep/2026:11:34:43 -0700] "GET /release/.env HTTP/1.1" 404 100607 "-" "Mozilla/5.0 (Windows NT 10.0; Win64; x64) AppleWebKit/537.36 (KHTML, like Gecko) Chrome/131.0.0.0 Safari/537.36"
216.244.66.236 - - [02/Sep/2026:11:34:44 -0700] "GET /athlete_form.cfm?CFID=714421fe-3131-430b-b298-dd6a69aa07e0&CFTOKEN=0 HTTP/1.1" 301 - "-" "Mozilla/5.0 (compatible; DotBot/1.2; +https://opensiteexplorer.org/dotbot; help@moz.com)"
34.92.176.191 - - [02/Sep/2026:11:34:44 -0700] "GET /releases/.env HTTP/1.1" 404 100567 "-" "Mozilla/5.0 (X11; Linux x86_64) AppleWebKit/537.36 (KHTML, like Gecko) Chrome/131.0.0.0 Safari/537.36"
34.92.176.191 - - [02/Sep/2026:11:34:44 -0700] "GET /releases/.env HTTP/1.1" 404 100615 "-" "Mozilla/5.0 (Windows NT 10.0; Win64; x64) AppleWebKit/537.36 (KHTML, like Gecko) Chrome/131.0.0.0 Safari/537.36"
34.92.176.191 - - [02/Sep/2026:11:34:45 -0700] "GET /shared/.env HTTP/1.1" 404 100551 "-" "Mozilla/5.0 (X11; Linux x86_64) AppleWebKit/537.36 (KHTML, like Gecko) Chrome/131.0.0.0 Safari/537.36"
34.92.176.191 - - [02/Sep/2026:11:34:45 -0700] "GET /shared/.env HTTP/1.1" 404 100599 "-" "Mozilla/5.0 (Windows NT 10.0; Win64; x64) AppleWebKit/537.36 (KHTML, like Gecko) Chrome/131.0.0.0 Safari/537.36"
34.92.176.191 - - [02/Sep/2026:11:34:46 -0700] "GET /deploy/.env HTTP/1.1" 404 100551 "-" "Mozilla/5.0 (X11; Linux x86_64) AppleWebKit/537.36 (KHTML, like Gecko) Chrome/131.0.0.0 Safari/537.36"
34.92.176.191 - - [02/Sep/2026:11:34:47 -0700] "GET /deploy/.env HTTP/1.1" 404 100599 "-" "Mozilla/5.0 (Windows NT 10.0; Win64; x64) AppleWebKit/537.36 (KHTML, like Gecko) Chrome/131.0.0.0 Safari/537.36"
34.92.176.191 - - [02/Sep/2026:11:34:48 -0700] "GET /build/.env HTTP/1.1" 404 100543 "-" "Mozilla/5.0 (X11; Linux x86_64) AppleWebKit/537.36 (KHTML, like Gecko) Chrome/131.0.0.0 Safari/537.36"
34.92.176.191 - - [02/Sep/2026:11:34:48 -0700] "GET /build/.env HTTP/1.1" 404 100591 "-" "Mozilla/5.0 (Windows NT 10.0; Win64; x64) AppleWebKit/537.36 (KHTML, like Gecko) Chrome/131.0.0.0 Safari/537.36"
34.92.176.191 - - [02/Sep/2026:11:34:49 -0700] "GET /dist/.env HTTP/1.1" 404 100535 "-" "Mozilla/5.0 (X11; Linux x86_64) AppleWebKit/537.36 (KHTML, like Gecko) Chrome/131.0.0.0 Safari/537.36"
34.92.176.191 - - [02/Sep/2026:11:34:49 -0700] "GET /dist/.env HTTP/1.1" 404 100583 "-" "Mozilla/5.0 (Windows NT 10.0; Win64; x64) AppleWebKit/537.36 (KHTML, like Gecko) Chrome/131.0.0.0 Safari/537.36"
34.92.176.191 - - [02/Sep/2026:11:34:51 -0700] "GET /public_html/.env HTTP/1.1" 404 100591 "-" "Mozilla/5.0 (X11; Linux x86_64) AppleWebKit/537.36 (KHTML, like Gecko) Chrome/131.0.0.0 Safari/537.36"
34.92.176.191 - - [02/Sep/2026:11:34:51 -0700] "GET /public_html/.env HTTP/1.1" 404 100639 "-" "Mozilla/5.0 (Windows NT 10.0; Win64; x64) AppleWebKit/537.36 (KHTML, like Gecko) Chrome/131.0.0.0 Safari/537.36"
216.244.66.236 - - [02/Sep/2026:11:34:52 -0700] "GET /athlete_form.cfm?CFID=715de967-57d2-45c6-8b33-940c3d3e904d&CFTOKEN=0 HTTP/1.1" 301 - "-" "Mozilla/5.0 (compatible; DotBot/1.2; +https://opensiteexplorer.org/dotbot; help@moz.com)"
34.92.176.191 - - [02/Sep/2026:11:34:52 -0700] "GET /htdocs/.env HTTP/1.1" 404 100551 "-" "Mozilla/5.0 (X11; Linux x86_64) AppleWebKit/537.36 (KHTML, like Gecko) Chrome/131.0.0.0 Safari/537.36"
34.92.176.191 - - [02/Sep/2026:11:34:52 -0700] "GET /htdocs/.env HTTP/1.1" 404 100599 "-" "Mozilla/5.0 (Windows NT 10.0; Win64; x64) AppleWebKit/537.36 (KHTML, like Gecko) Chrome/131.0.0.0 Safari/537.36"
34.92.176.191 - - [02/Sep/2026:11:34:53 -0700] "GET /www/.env HTTP/1.1" 404 100527 "-" "Mozilla/5.0 (X11; Linux x86_64) AppleWebKit/537.36 (KHTML, like Gecko) Chrome/131.0.0.0 Safari/537.36"
34.92.176.191 - - [02/Sep/2026:11:34:53 -0700] "GET /www/.env HTTP/1.1" 404 100575 "-" "Mozilla/5.0 (Windows NT 10.0; Win64; x64) AppleWebKit/537.36 (KHTML, like Gecko) Chrome/131.0.0.0 Safari/537.36"
34.92.176.191 - - [02/Sep/2026:11:34:55 -0700] "GET /html/.env HTTP/1.1" 404 100535 "-" "Mozilla/5.0 (X11; Linux x86_64) AppleWebKit/537.36 (KHTML, like Gecko) Chrome/131.0.0.0 Safari/537.36"
34.92.176.191 - - [02/Sep/2026:11:34:55 -0700] "GET /html/.env HTTP/1.1" 404 100583 "-" "Mozilla/5.0 (Windows NT 10.0; Win64; x64) AppleWebKit/537.36 (KHTML, like Gecko) Chrome/131.0.0.0 Safari/537.36"
34.92.176.191 - - [02/Sep/2026:11:34:56 -0700] "GET /live/.env HTTP/1.1" 404 100583 "-" "Mozilla/5.0 (Windows NT 10.0; Win64; x64) AppleWebKit/537.36 (KHTML, like Gecko) Chrome/131.0.0.0 Safari/537.36"
34.92.176.191 - - [02/Sep/2026:11:34:56 -0700] "GET /live/.env HTTP/1.1" 404 100535 "-" "Mozilla/5.0 (X11; Linux x86_64) AppleWebKit/537.36 (KHTML, like Gecko) Chrome/131.0.0.0 Safari/537.36"
34.92.176.191 - - [02/Sep/2026:11:34:57 -0700] "GET /prod/.env HTTP/1.1" 404 100583 "-" "Mozilla/5.0 (Windows NT 10.0; Win64; x64) AppleWebKit/537.36 (KHTML, like Gecko) Chrome/131.0.0.0 Safari/537.36"
34.92.176.191 - - [02/Sep/2026:11:34:57 -0700] "GET /prod/.env HTTP/1.1" 404 100535 "-" "Mozilla/5.0 (X11; Linux x86_64) AppleWebKit/537.36 (KHTML, like Gecko) Chrome/131.0.0.0 Safari/537.36"
216.244.66.236 - - [02/Sep/2026:11:34:58 -0700] "GET /athlete_form.cfm?CFID=715fefa8-d68f-4702-98cf-4ee1513ce00f&CFTOKEN=0 HTTP/1.1" 301 - "-" "Mozilla/5.0 (compatible; DotBot/1.2; +https://opensiteexplorer.org/dotbot; help@moz.com)"
34.92.176.191 - - [02/Sep/2026:11:34:59 -0700] "GET /dev/.env HTTP/1.1" 404 100575 "-" "Mozilla/5.0 (Windows NT 10.0; Win64; x64) AppleWebKit/537.36 (KHTML, like Gecko) Chrome/131.0.0.0 Safari/537.36"
34.92.176.191 - - [02/Sep/2026:11:34:59 -0700] "GET /dev/.env HTTP/1.1" 404 100527 "-" "Mozilla/5.0 (X11; Linux x86_64) AppleWebKit/537.36 (KHTML, like Gecko) Chrome/131.0.0.0 Safari/537.36"
34.92.176.191 - - [02/Sep/2026:11:35:00 -0700] "GET /staging/.env HTTP/1.1" 404 100607 "-" "Mozilla/5.0 (Windows NT 10.0; Win64; x64) AppleWebKit/537.36 (KHTML, like Gecko) Chrome/131.0.0.0 Safari/537.36"
34.92.176.191 - - [02/Sep/2026:11:35:00 -0700] "GET /staging/.env HTTP/1.1" 404 100559 "-" "Mozilla/5.0 (X11; Linux x86_64) AppleWebKit/537.36 (KHTML, like Gecko) Chrome/131.0.0.0 Safari/537.36"
34.92.176.191 - - [02/Sep/2026:11:35:02 -0700] "GET /opt/.env HTTP/1.1" 404 100575 "-" "Mozilla/5.0 (Windows NT 10.0; Win64; x64) AppleWebKit/537.36 (KHTML, like Gecko) Chrome/131.0.0.0 Safari/537.36"
34.92.176.191 - - [02/Sep/2026:11:35:02 -0700] "GET /opt/.env HTTP/1.1" 404 100527 "-" "Mozilla/5.0 (X11; Linux x86_64) AppleWebKit/537.36 (KHTML, like Gecko) Chrome/131.0.0.0 Safari/537.36"
34.92.176.191 - - [02/Sep/2026:11:35:03 -0700] "GET /laravel/.env HTTP/1.1" 404 100607 "-" "Mozilla/5.0 (Windows NT 10.0; Win64; x64) AppleWebKit/537.36 (KHTML, like Gecko) Chrome/131.0.0.0 Safari/537.36"
34.92.176.191 - - [02/Sep/2026:11:35:03 -0700] "GET /laravel/.env HTTP/1.1" 404 100559 "-" "Mozilla/5.0 (X11; Linux x86_64) AppleWebKit/537.36 (KHTML, like Gecko) Chrome/131.0.0.0 Safari/537.36"
216.244.66.236 - - [02/Sep/2026:11:35:04 -0700] "GET /athlete_form.cfm?CFID=7170ead0-91e4-4bf9-8347-d9111807c918&CFTOKEN=0 HTTP/1.1" 301 - "-" "Mozilla/5.0 (compatible; DotBot/1.2; +https://opensiteexplorer.org/dotbot; help@moz.com)"
34.92.176.191 - - [02/Sep/2026:11:35:04 -0700] "GET /symfony/.env HTTP/1.1" 404 100607 "-" "Mozilla/5.0 (Windows NT 10.0; Win64; x64) AppleWebKit/537.36 (KHTML, like Gecko) Chrome/131.0.0.0 Safari/537.36"
34.92.176.191 - - [02/Sep/2026:11:35:05 -0700] "GET /symfony/.env HTTP/1.1" 404 100559 "-" "Mozilla/5.0 (X11; Linux x86_64) AppleWebKit/537.36 (KHTML, like Gecko) Chrome/131.0.0.0 Safari/537.36"
34.92.176.191 - - [02/Sep/2026:11:35:06 -0700] "GET /wordpress/.env HTTP/1.1" 404 100623 "-" "Mozilla/5.0 (Windows NT 10.0; Win64; x64) AppleWebKit/537.36 (KHTML, like Gecko) Chrome/131.0.0.0 Safari/537.36"
34.92.176.191 - - [02/Sep/2026:11:35:06 -0700] "GET /wordpress/.env HTTP/1.1" 404 100575 "-" "Mozilla/5.0 (X11; Linux x86_64) AppleWebKit/537.36 (KHTML, like Gecko) Chrome/131.0.0.0 Safari/537.36"
34.92.176.191 - - [02/Sep/2026:11:35:07 -0700] "GET /wp/.env HTTP/1.1" 404 100567 "-" "Mozilla/5.0 (Windows NT 10.0; Win64; x64) AppleWebKit/537.36 (KHTML, like Gecko) Chrome/131.0.0.0 Safari/537.36"
34.92.176.191 - - [02/Sep/2026:11:35:07 -0700] "GET /wp/.env HTTP/1.1" 404 100519 "-" "Mozilla/5.0 (X11; Linux x86_64) AppleWebKit/537.36 (KHTML, like Gecko) Chrome/131.0.0.0 Safari/537.36"
216.244.66.236 - - [02/Sep/2026:11:35:09 -0700] "GET /athlete_form.cfm?CFID=7187285d-a2bf-488c-84ce-7c9cdc2eb6d9&CFTOKEN=0 HTTP/1.1" 301 - "-" "Mozilla/5.0 (compatible; DotBot/1.2; +https://opensiteexplorer.org/dotbot; help@moz.com)"
34.92.176.191 - - [02/Sep/2026:11:35:08 -0700] "GET /cms/.env HTTP/1.1" 404 100575 "-" "Mozilla/5.0 (Windows NT 10.0; Win64; x64) AppleWebKit/537.36 (KHTML, like Gecko) Chrome/131.0.0.0 Safari/537.36"
34.92.176.191 - - [02/Sep/2026:11:35:09 -0700] "GET /cms/.env HTTP/1.1" 404 100527 "-" "Mozilla/5.0 (X11; Linux x86_64) AppleWebKit/537.36 (KHTML, like Gecko) Chrome/131.0.0.0 Safari/537.36"
34.92.176.191 - - [02/Sep/2026:11:35:10 -0700] "GET /drupal/.env HTTP/1.1" 404 100599 "-" "Mozilla/5.0 (Windows NT 10.0; Win64; x64) AppleWebKit/537.36 (KHTML, like Gecko) Chrome/131.0.0.0 Safari/537.36"
34.92.176.191 - - [02/Sep/2026:11:35:10 -0700] "GET /drupal/.env HTTP/1.1" 404 100551 "-" "Mozilla/5.0 (X11; Linux x86_64) AppleWebKit/537.36 (KHTML, like Gecko) Chrome/131.0.0.0 Safari/537.36"
34.92.176.191 - - [02/Sep/2026:11:35:11 -0700] "GET /joomla/.env HTTP/1.1" 404 100599 "-" "Mozilla/5.0 (Windows NT 10.0; Win64; x64) AppleWebKit/537.36 (KHTML, like Gecko) Chrome/131.0.0.0 Safari/537.36"
34.92.176.191 - - [02/Sep/2026:11:35:11 -0700] "GET /joomla/.env HTTP/1.1" 404 100551 "-" "Mozilla/5.0 (X11; Linux x86_64) AppleWebKit/537.36 (KHTML, like Gecko) Chrome/131.0.0.0 Safari/537.36"
216.244.66.236 - - [02/Sep/2026:11:35:13 -0700] "GET /athlete_form.cfm?CFID=7189b015-4d87-4b3f-a029-66e4de0e744e&CFTOKEN=0 HTTP/1.1" 301 - "-" "Mozilla/5.0 (compatible; DotBot/1.2; +https://opensiteexplorer.org/dotbot; help@moz.com)"
34.92.176.191 - - [02/Sep/2026:11:35:13 -0700] "GET /magento/.env HTTP/1.1" 404 100607 "-" "Mozilla/5.0 (Windows NT 10.0; Win64; x64) AppleWebKit/537.36 (KHTML, like Gecko) Chrome/131.0.0.0 Safari/537.36"
34.92.176.191 - - [02/Sep/2026:11:35:13 -0700] "GET /magento/.env HTTP/1.1" 404 100559 "-" "Mozilla/5.0 (X11; Linux x86_64) AppleWebKit/537.36 (KHTML, like Gecko) Chrome/131.0.0.0 Safari/537.36"
34.92.176.191 - - [02/Sep/2026:11:35:14 -0700] "GET /shopify/.env HTTP/1.1" 404 100607 "-" "Mozilla/5.0 (Windows NT 10.0; Win64; x64) AppleWebKit/537.36 (KHTML, like Gecko) Chrome/131.0.0.0 Safari/537.36"
34.92.176.191 - - [02/Sep/2026:11:35:14 -0700] "GET /shopify/.env HTTP/1.1" 404 100559 "-" "Mozilla/5.0 (X11; Linux x86_64) AppleWebKit/537.36 (KHTML, like Gecko) Chrome/131.0.0.0 Safari/537.36"
34.92.176.191 - - [02/Sep/2026:11:35:15 -0700] "GET /prestashop/.env HTTP/1.1" 404 100631 "-" "Mozilla/5.0 (Windows NT 10.0; Win64; x64) AppleWebKit/537.36 (KHTML, like Gecko) Chrome/131.0.0.0 Safari/537.36"
34.92.176.191 - - [02/Sep/2026:11:35:15 -0700] "GET /prestashop/.env HTTP/1.1" 404 100583 "-" "Mozilla/5.0 (X11; Linux x86_64) AppleWebKit/537.36 (KHTML, like Gecko) Chrome/131.0.0.0 Safari/537.36"
216.244.66.236 - - [02/Sep/2026:11:35:16 -0700] "GET /athlete_form.cfm?CFID=7193f4e6-a62d-44c9-ab2a-c6420dc1e66c&CFTOKEN=0 HTTP/1.1" 301 - "-" "Mozilla/5.0 (compatible; DotBot/1.2; +https://opensiteexplorer.org/dotbot; help@moz.com)"
34.92.176.191 - - [02/Sep/2026:11:35:17 -0700] "GET /codeigniter/.env HTTP/1.1" 404 100639 "-" "Mozilla/5.0 (Windows NT 10.0; Win64; x64) AppleWebKit/537.36 (KHTML, like Gecko) Chrome/131.0.0.0 Safari/537.36"
34.92.176.191 - - [02/Sep/2026:11:35:17 -0700] "GET /codeigniter/.env HTTP/1.1" 404 100591 "-" "Mozilla/5.0 (X11; Linux x86_64) AppleWebKit/537.36 (KHTML, like Gecko) Chrome/131.0.0.0 Safari/537.36"
34.92.176.191 - - [02/Sep/2026:11:35:18 -0700] "GET /cakephp/.env HTTP/1.1" 404 100607 "-" "Mozilla/5.0 (Windows NT 10.0; Win64; x64) AppleWebKit/537.36 (KHTML, like Gecko) Chrome/131.0.0.0 Safari/537.36"
34.92.176.191 - - [02/Sep/2026:11:35:18 -0700] "GET /cakephp/.env HTTP/1.1" 404 100559 "-" "Mozilla/5.0 (X11; Linux x86_64) AppleWebKit/537.36 (KHTML, like Gecko) Chrome/131.0.0.0 Safari/537.36"
216.244.66.236 - - [02/Sep/2026:11:35:19 -0700] "GET /athlete_form.cfm?CFID=71943e86-ee35-4182-8550-964a656889bd&CFTOKEN=0 HTTP/1.1" 301 - "-" "Mozilla/5.0 (compatible; DotBot/1.2; +https://opensiteexplorer.org/dotbot; help@moz.com)"
34.92.176.191 - - [02/Sep/2026:11:35:19 -0700] "GET /zend/.env HTTP/1.1" 404 100583 "-" "Mozilla/5.0 (Windows NT 10.0; Win64; x64) AppleWebKit/537.36 (KHTML, like Gecko) Chrome/131.0.0.0 Safari/537.36"
34.92.176.191 - - [02/Sep/2026:11:35:20 -0700] "GET /zend/.env HTTP/1.1" 404 100535 "-" "Mozilla/5.0 (X11; Linux x86_64) AppleWebKit/537.36 (KHTML, like Gecko) Chrome/131.0.0.0 Safari/537.36"
173.231.200.77 - - [02/Sep/2026:11:35:21 -0700] "POST /wp-cron.php?doing_wp_cron=1788374121.7936789989471435546875 HTTP/1.1" 200 - "-" "WordPress/7.1; https://usaigc.com"
173.231.200.77 - - [02/Sep/2026:11:35:22 -0700] "POST /wp-cron.php?doing_wp_cron=1788374122.0099189281463623046875 HTTP/1.1" 200 - "-" "WordPress/7.1; https://usaigc.com"
34.92.176.191 - - [02/Sep/2026:11:35:21 -0700] "GET /yii/.env HTTP/1.1" 404 100575 "-" "Mozilla/5.0 (Windows NT 10.0; Win64; x64) AppleWebKit/537.36 (KHTML, like Gecko) Chrome/131.0.0.0 Safari/537.36"
216.244.66.236 - - [02/Sep/2026:11:35:22 -0700] "GET /athlete_form.cfm?CFID=71a2e593-65da-425c-b76e-f33b81956936&CFTOKEN=0 HTTP/1.1" 301 - "-" "Mozilla/5.0 (compatible; DotBot/1.2; +https://opensiteexplorer.org/dotbot; help@moz.com)"
34.92.176.191 - - [02/Sep/2026:11:35:21 -0700] "GET /yii/.env HTTP/1.1" 404 100527 "-" "Mozilla/5.0 (X11; Linux x86_64) AppleWebKit/537.36 (KHTML, like Gecko) Chrome/131.0.0.0 Safari/537.36"
34.92.176.191 - - [02/Sep/2026:11:35:22 -0700] "GET /laravel5/.env HTTP/1.1" 404 100615 "-" "Mozilla/5.0 (Windows NT 10.0; Win64; x64) AppleWebKit/537.36 (KHTML, like Gecko) Chrome/131.0.0.0 Safari/537.36"
34.92.176.191 - - [02/Sep/2026:11:35:22 -0700] "GET /laravel5/.env HTTP/1.1" 404 100567 "-" "Mozilla/5.0 (X11; Linux x86_64) AppleWebKit/537.36 (KHTML, like Gecko) Chrome/131.0.0.0 Safari/537.36"
216.244.66.236 - - [02/Sep/2026:11:35:24 -0700] "GET /athlete_form.cfm?CFID=71a58ec2-a89e-44d6-ab3b-73435671bcef&CFTOKEN=0 HTTP/1.1" 301 - "-" "Mozilla/5.0 (compatible; DotBot/1.2; +https://opensiteexplorer.org/dotbot; help@moz.com)"
34.92.176.191 - - [02/Sep/2026:11:35:24 -0700] "GET /v1/.env HTTP/1.1" 404 100567 "-" "Mozilla/5.0 (Windows NT 10.0; Win64; x64) AppleWebKit/537.36 (KHTML, like Gecko) Chrome/131.0.0.0 Safari/537.36"
34.92.176.191 - - [02/Sep/2026:11:35:24 -0700] "GET /v1/.env HTTP/1.1" 404 100519 "-" "Mozilla/5.0 (X11; Linux x86_64) AppleWebKit/537.36 (KHTML, like Gecko) Chrome/131.0.0.0 Safari/537.36"
34.92.176.191 - - [02/Sep/2026:11:35:26 -0700] "GET /v2/.env HTTP/1.1" 404 100567 "-" "Mozilla/5.0 (Windows NT 10.0; Win64; x64) AppleWebKit/537.36 (KHTML, like Gecko) Chrome/131.0.0.0 Safari/537.36"
34.92.176.191 - - [02/Sep/2026:11:35:26 -0700] "GET /v2/.env HTTP/1.1" 404 100519 "-" "Mozilla/5.0 (X11; Linux x86_64) AppleWebKit/537.36 (KHTML, like Gecko) Chrome/131.0.0.0 Safari/537.36"
216.244.66.236 - - [02/Sep/2026:11:35:26 -0700] "GET /athlete_form.cfm?CFID=71b00c6c-d151-4dc1-972a-faea67a02aac&CFTOKEN=0 HTTP/1.1" 301 - "-" "Mozilla/5.0 (compatible; DotBot/1.2; +https://opensiteexplorer.org/dotbot; help@moz.com)"
34.92.176.191 - - [02/Sep/2026:11:35:27 -0700] "GET /v3/.env HTTP/1.1" 404 100567 "-" "Mozilla/5.0 (Windows NT 10.0; Win64; x64) AppleWebKit/537.36 (KHTML, like Gecko) Chrome/131.0.0.0 Safari/537.36"
34.92.176.191 - - [02/Sep/2026:11:35:27 -0700] "GET /v3/.env HTTP/1.1" 404 100519 "-" "Mozilla/5.0 (X11; Linux x86_64) AppleWebKit/537.36 (KHTML, like Gecko) Chrome/131.0.0.0 Safari/537.36"
216.244.66.236 - - [02/Sep/2026:11:35:28 -0700] "GET /athlete_form.cfm?CFID=71bc4bb4-53c2-4da4-9d18-027573324c09&CFTOKEN=0 HTTP/1.1" 301 - "-" "Mozilla/5.0 (compatible; DotBot/1.2; +https://opensiteexplorer.org/dotbot; help@moz.com)"
34.92.176.191 - - [02/Sep/2026:11:35:28 -0700] "GET /api/v1/.env HTTP/1.1" 404 100559 "-" "Mozilla/5.0 (X11; Linux x86_64) AppleWebKit/537.36 (KHTML, like Gecko) Chrome/131.0.0.0 Safari/537.36"
34.92.176.191 - - [02/Sep/2026:11:35:28 -0700] "GET /api/v1/.env HTTP/1.1" 404 100607 "-" "Mozilla/5.0 (Windows NT 10.0; Win64; x64) AppleWebKit/537.36 (KHTML, like Gecko) Chrome/131.0.0.0 Safari/537.36"
216.244.66.236 - - [02/Sep/2026:11:35:30 -0700] "GET /athlete_form.cfm?CFID=71cff174-5fac-4314-818d-aaf10692e48a&CFTOKEN=0 HTTP/1.1" 301 - "-" "Mozilla/5.0 (compatible; DotBot/1.2; +https://opensiteexplorer.org/dotbot; help@moz.com)"
34.92.176.191 - - [02/Sep/2026:11:35:29 -0700] "GET /api/v2/.env HTTP/1.1" 404 100559 "-" "Mozilla/5.0 (X11; Linux x86_64) AppleWebKit/537.36 (KHTML, like Gecko) Chrome/131.0.0.0 Safari/537.36"
34.92.176.191 - - [02/Sep/2026:11:35:29 -0700] "GET /api/v2/.env HTTP/1.1" 404 100607 "-" "Mozilla/5.0 (Windows NT 10.0; Win64; x64) AppleWebKit/537.36 (KHTML, like Gecko) Chrome/131.0.0.0 Safari/537.36"
216.244.66.236 - - [02/Sep/2026:11:35:31 -0700] "GET /athlete_form.cfm?CFID=71ef028f-9eeb-4c3d-bc05-c044a0eb6233&CFTOKEN=0 HTTP/1.1" 301 - "-" "Mozilla/5.0 (compatible; DotBot/1.2; +https://opensiteexplorer.org/dotbot; help@moz.com)"
34.92.176.191 - - [02/Sep/2026:11:35:31 -0700] "GET /rest/.env HTTP/1.1" 404 100535 "-" "Mozilla/5.0 (X11; Linux x86_64) AppleWebKit/537.36 (KHTML, like Gecko) Chrome/131.0.0.0 Safari/537.36"
34.92.176.191 - - [02/Sep/2026:11:35:31 -0700] "GET /rest/.env HTTP/1.1" 404 100583 "-" "Mozilla/5.0 (Windows NT 10.0; Win64; x64) AppleWebKit/537.36 (KHTML, like Gecko) Chrome/131.0.0.0 Safari/537.36"
216.244.66.236 - - [02/Sep/2026:11:35:32 -0700] "GET /athlete_form.cfm?CFID=71f372d6-f196-4a8e-81d7-e0e366575361&CFTOKEN=0 HTTP/1.1" 301 - "-" "Mozilla/5.0 (compatible; DotBot/1.2; +https://opensiteexplorer.org/dotbot; help@moz.com)"
34.92.176.191 - - [02/Sep/2026:11:35:32 -0700] "GET /graphql/.env HTTP/1.1" 404 100607 "-" "Mozilla/5.0 (Windows NT 10.0; Win64; x64) AppleWebKit/537.36 (KHTML, like Gecko) Chrome/131.0.0.0 Safari/537.36"
34.92.176.191 - - [02/Sep/2026:11:35:32 -0700] "GET /graphql/.env HTTP/1.1" 404 100559 "-" "Mozilla/5.0 (X11; Linux x86_64) AppleWebKit/537.36 (KHTML, like Gecko) Chrome/131.0.0.0 Safari/537.36"
216.244.66.236 - - [02/Sep/2026:11:35:33 -0700] "GET /athlete_form.cfm?CFID=720da577-8270-4765-b5ed-05d85165f061&CFTOKEN=0 HTTP/1.1" 301 - "-" "Mozilla/5.0 (compatible; DotBot/1.2; +https://opensiteexplorer.org/dotbot; help@moz.com)"
216.244.66.236 - - [02/Sep/2026:11:35:34 -0700] "GET /athlete_form.cfm?CFID=722269d6-e99c-4c57-bb17-9653b2d19ab9&CFTOKEN=0 HTTP/1.1" 301 - "-" "Mozilla/5.0 (compatible; DotBot/1.2; +https://opensiteexplorer.org/dotbot; help@moz.com)"
34.92.176.191 - - [02/Sep/2026:11:35:33 -0700] "GET /gateway/.env HTTP/1.1" 404 100607 "-" "Mozilla/5.0 (Windows NT 10.0; Win64; x64) AppleWebKit/537.36 (KHTML, like Gecko) Chrome/131.0.0.0 Safari/537.36"
34.92.176.191 - - [02/Sep/2026:11:35:33 -0700] "GET /gateway/.env HTTP/1.1" 404 100559 "-" "Mozilla/5.0 (X11; Linux x86_64) AppleWebKit/537.36 (KHTML, like Gecko) Chrome/131.0.0.0 Safari/537.36"
216.244.66.236 - - [02/Sep/2026:11:35:35 -0700] "GET /athlete_form.cfm?CFID=722f05a6-9ff5-4ffe-8234-d0c3caaa049b&CFTOKEN=0 HTTP/1.1" 301 - "-" "Mozilla/5.0 (compatible; DotBot/1.2; +https://opensiteexplorer.org/dotbot; help@moz.com)"
216.244.66.236 - - [02/Sep/2026:11:35:35 -0700] "GET /athlete_form.cfm?CFID=72359b12-6637-4818-815a-e02828b9fd54&CFTOKEN=0 HTTP/1.1" 301 - "-" "Mozilla/5.0 (compatible; DotBot/1.2; +https://opensiteexplorer.org/dotbot; help@moz.com)"
34.92.176.191 - - [02/Sep/2026:11:35:35 -0700] "GET /microservice/.env HTTP/1.1" 404 100647 "-" "Mozilla/5.0 (Windows NT 10.0; Win64; x64) AppleWebKit/537.36 (KHTML, like Gecko) Chrome/131.0.0.0 Safari/537.36"
34.92.176.191 - - [02/Sep/2026:11:35:35 -0700] "GET /microservice/.env HTTP/1.1" 404 100599 "-" "Mozilla/5.0 (X11; Linux x86_64) AppleWebKit/537.36 (KHTML, like Gecko) Chrome/131.0.0.0 Safari/537.36"
34.92.176.191 - - [02/Sep/2026:11:35:36 -0700] "GET /service/.env HTTP/1.1" 404 100607 "-" "Mozilla/5.0 (Windows NT 10.0; Win64; x64) AppleWebKit/537.36 (KHTML, like Gecko) Chrome/131.0.0.0 Safari/537.36"
34.92.176.191 - - [02/Sep/2026:11:35:36 -0700] "GET /service/.env HTTP/1.1" 404 100559 "-" "Mozilla/5.0 (X11; Linux x86_64) AppleWebKit/537.36 (KHTML, like Gecko) Chrome/131.0.0.0 Safari/537.36"
20.104.49.130 - - [02/Sep/2026:11:35:37 -0700] "GET /wp-content/plugins/hellopress/wp_filemanager.php HTTP/1.1" 404 100863 "-" "-"
34.92.176.191 - - [02/Sep/2026:11:35:37 -0700] "GET /api/v3/.env HTTP/1.1" 404 100607 "-" "Mozilla/5.0 (Windows NT 10.0; Win64; x64) AppleWebKit/537.36 (KHTML, like Gecko) Chrome/131.0.0.0 Safari/537.36"
34.92.176.191 - - [02/Sep/2026:11:35:38 -0700] "GET /api/v3/.env HTTP/1.1" 404 100559 "-" "Mozilla/5.0 (X11; Linux x86_64) AppleWebKit/537.36 (KHTML, like Gecko) Chrome/131.0.0.0 Safari/537.36"
20.104.49.130 - - [02/Sep/2026:11:35:38 -0700] "GET /this_is_a_new_hello_world.php HTTP/1.1" 404 100687 "-" "-"
20.104.49.130 - - [02/Sep/2026:11:35:39 -0700] "GET /o.php HTTP/1.1" 404 100495 "-" "-"
34.92.176.191 - - [02/Sep/2026:11:35:39 -0700] "GET /api/dev/.env HTTP/1.1" 404 100567 "-" "Mozilla/5.0 (X11; Linux x86_64) AppleWebKit/537.36 (KHTML, like Gecko) Chrome/131.0.0.0 Safari/537.36"
34.92.176.191 - - [02/Sep/2026:11:35:39 -0700] "GET /api/dev/.env HTTP/1.1" 404 100615 "-" "Mozilla/5.0 (Windows NT 10.0; Win64; x64) AppleWebKit/537.36 (KHTML, like Gecko) Chrome/131.0.0.0 Safari/537.36"
20.104.49.130 - - [02/Sep/2026:11:35:40 -0700] "GET /RsR.php HTTP/1.1" 404 100511 "-" "-"
114.119.159.134 - - [02/Sep/2026:11:35:40 -0700] "GET /schedules HTTP/1.1" 301 - "https://usaigc.com/schedules" "Mozilla/5.0 (Linux; Android 7.0;) AppleWebKit/537.36 (HTML, like Gecko) Mobile Safari/537.36 (compatible; PetalBot;+https://webmaster.petalsearch.com/site/petalbot)"
34.92.176.191 - - [02/Sep/2026:11:35:40 -0700] "GET /api/staging/.env HTTP/1.1" 404 100599 "-" "Mozilla/5.0 (X11; Linux x86_64) AppleWebKit/537.36 (KHTML, like Gecko) Chrome/131.0.0.0 Safari/537.36"
20.104.49.130 - - [02/Sep/2026:11:35:41 -0700] "GET /2020.php HTTP/1.1" 404 100519 "-" "-"
34.92.176.191 - - [02/Sep/2026:11:35:40 -0700] "GET /api/staging/.env HTTP/1.1" 404 100647 "-" "Mozilla/5.0 (Windows NT 10.0; Win64; x64) AppleWebKit/537.36 (KHTML, like Gecko) Chrome/131.0.0.0 Safari/537.36"
114.119.159.134 - - [02/Sep/2026:11:35:41 -0700] "GET /schedules/ HTTP/1.1" 200 99707 "https://usaigc.com/schedules" "Mozilla/5.0 (Linux; Android 7.0;) AppleWebKit/537.36 (HTML, like Gecko) Mobile Safari/537.36 (compatible; PetalBot;+https://webmaster.petalsearch.com/site/petalbot)"
20.104.49.130 - - [02/Sep/2026:11:35:41 -0700] "GET /t.php HTTP/1.1" 404 100495 "-" "-"
34.92.176.191 - - [02/Sep/2026:11:35:42 -0700] "GET /vendor/.env HTTP/1.1" 404 100599 "-" "Mozilla/5.0 (Windows NT 10.0; Win64; x64) AppleWebKit/537.36 (KHTML, like Gecko) Chrome/131.0.0.0 Safari/537.36"
34.92.176.191 - - [02/Sep/2026:11:35:42 -0700] "GET /vendor/.env HTTP/1.1" 404 100551 "-" "Mozilla/5.0 (X11; Linux x86_64) AppleWebKit/537.36 (KHTML, like Gecko) Chrome/131.0.0.0 Safari/537.36"
20.104.49.130 - - [02/Sep/2026:11:35:42 -0700] "GET /amax.php HTTP/1.1" 404 100519 "-" "-"
216.244.66.236 - - [02/Sep/2026:11:35:43 -0700] "GET /athlete_form.cfm?CFID=72390c72-1e43-489f-b958-c2e91d8af442&CFTOKEN=0 HTTP/1.1" 301 - "-" "Mozilla/5.0 (compatible; DotBot/1.2; +https://opensiteexplorer.org/dotbot; help@moz.com)"
20.104.49.130 - - [02/Sep/2026:11:35:43 -0700] "GET /akismet.php HTTP/1.1" 404 100543 "-" "-"
34.92.176.191 - - [02/Sep/2026:11:35:43 -0700] "GET /lib/.env HTTP/1.1" 404 100575 "-" "Mozilla/5.0 (Windows NT 10.0; Win64; x64) AppleWebKit/537.36 (KHTML, like Gecko) Chrome/131.0.0.0 Safari/537.36"
34.92.176.191 - - [02/Sep/2026:11:35:43 -0700] "GET /lib/.env HTTP/1.1" 404 100527 "-" "Mozilla/5.0 (X11; Linux x86_64) AppleWebKit/537.36 (KHTML, like Gecko) Chrome/131.0.0.0 Safari/537.36"
