173.231.200.77 - - [02/Sep/2026:12:16:21 -0700] "POST /wp-cron.php?doing_wp_cron=1788376581.8396649360656738281250 HTTP/1.1" 200 - "-" "WordPress/7.1; https://usaigc.com"
216.244.66.236 - - [02/Sep/2026:12:16:21 -0700] "GET /athlete_form.cfm?CFID=daf8f3f2-4f79-4236-bc13-228e9a4a2a6f&CFTOKEN=0 HTTP/1.1" 301 - "-" "Mozilla/5.0 (compatible; DotBot/1.2; +https://opensiteexplorer.org/dotbot; help@moz.com)"
216.244.66.236 - - [02/Sep/2026:12:16:50 -0700] "GET /athlete_form.cfm?CFID=db0787ae-9d29-4644-9d64-6cd57f07476d&CFTOKEN=0 HTTP/1.1" 301 - "-" "Mozilla/5.0 (compatible; DotBot/1.2; +https://opensiteexplorer.org/dotbot; help@moz.com)"
216.244.66.236 - - [02/Sep/2026:12:17:17 -0700] "GET /athlete_form.cfm?CFID=db08c485-c7dc-4358-96aa-6f73f94fa0b7&CFTOKEN=0 HTTP/1.1" 301 - "-" "Mozilla/5.0 (compatible; DotBot/1.2; +https://opensiteexplorer.org/dotbot; help@moz.com)"
173.231.200.77 - - [02/Sep/2026:12:17:45 -0700] "POST /wp-cron.php?doing_wp_cron=1788376665.1940329074859619140625 HTTP/1.1" 200 - "-" "WordPress/7.1; https://usaigc.com"
216.244.66.236 - - [02/Sep/2026:12:17:45 -0700] "GET /athlete_form.cfm?CFID=db0ccaa8-0632-4905-aab1-ff2bdd5ff3a8&CFTOKEN=0 HTTP/1.1" 301 - "-" "Mozilla/5.0 (compatible; DotBot/1.2; +https://opensiteexplorer.org/dotbot; help@moz.com)"
216.244.66.236 - - [02/Sep/2026:12:18:10 -0700] "GET /athlete_form.cfm?CFID=db0d073d-4eda-43fd-a617-64cfed1f7627&CFTOKEN=0 HTTP/1.1" 301 - "-" "Mozilla/5.0 (compatible; DotBot/1.2; +https://opensiteexplorer.org/dotbot; help@moz.com)"
173.231.200.77 - - [02/Sep/2026:12:18:35 -0700] "POST /wp-cron.php?doing_wp_cron=1788376715.0922999382019042968750 HTTP/1.1" 200 - "-" "WordPress/7.1; https://usaigc.com"
216.244.66.236 - - [02/Sep/2026:12:18:34 -0700] "GET /athlete_form.cfm?CFID=db195022-d2ee-4175-bfc9-7b8ca236edd2&CFTOKEN=0 HTTP/1.1" 301 - "-" "Mozilla/5.0 (compatible; DotBot/1.2; +https://opensiteexplorer.org/dotbot; help@moz.com)"
216.244.66.236 - - [02/Sep/2026:12:18:58 -0700] "GET /athlete_form.cfm?CFID=db1fcf27-9926-4cf6-88e4-f05322bb619d&CFTOKEN=0 HTTP/1.1" 301 - "-" "Mozilla/5.0 (compatible; DotBot/1.2; +https://opensiteexplorer.org/dotbot; help@moz.com)"
173.231.200.77 - - [02/Sep/2026:12:19:21 -0700] "POST /wp-cron.php?doing_wp_cron=1788376761.2688000202178955078125 HTTP/1.1" 200 - "-" "WordPress/7.1; https://usaigc.com"
216.244.66.236 - - [02/Sep/2026:12:19:21 -0700] "GET /athlete_form.cfm?CFID=db324ef2-4566-4b1b-981a-fd7995073258&CFTOKEN=0 HTTP/1.1" 301 - "-" "Mozilla/5.0 (compatible; DotBot/1.2; +https://opensiteexplorer.org/dotbot; help@moz.com)"
216.244.66.236 - - [02/Sep/2026:12:19:42 -0700] "GET /athlete_form.cfm?CFID=db32c5e0-ef0d-48f0-860d-de4a58c2badb&CFTOKEN=0 HTTP/1.1" 301 - "-" "Mozilla/5.0 (compatible; DotBot/1.2; +https://opensiteexplorer.org/dotbot; help@moz.com)"
216.244.66.236 - - [02/Sep/2026:12:20:02 -0700] "GET /athlete_form.cfm?CFID=db3a0927-b40c-4893-8ed8-f80117c5029a&CFTOKEN=0 HTTP/1.1" 301 - "-" "Mozilla/5.0 (compatible; DotBot/1.2; +https://opensiteexplorer.org/dotbot; help@moz.com)"
173.231.200.77 - - [02/Sep/2026:12:20:22 -0700] "POST /wp-cron.php?doing_wp_cron=1788376822.5479259490966796875000 HTTP/1.1" 200 - "-" "WordPress/7.1; https://usaigc.com"
216.244.66.236 - - [02/Sep/2026:12:20:22 -0700] "GET /athlete_form.cfm?CFID=db3d7251-4c4c-4625-9ecc-1e8f2acb7c5d&CFTOKEN=0 HTTP/1.1" 301 - "-" "Mozilla/5.0 (compatible; DotBot/1.2; +https://opensiteexplorer.org/dotbot; help@moz.com)"
173.231.200.77 - - [02/Sep/2026:12:20:40 -0700] "POST /wp-cron.php?doing_wp_cron=1788376840.8697240352630615234375 HTTP/1.1" 200 - "-" "WordPress/7.1; https://usaigc.com"
216.244.66.236 - - [02/Sep/2026:12:20:40 -0700] "GET /athlete_form.cfm?CFID=db600fab-702d-4dc2-9525-23ca3e2ecc1b&CFTOKEN=0 HTTP/1.1" 301 - "-" "Mozilla/5.0 (compatible; DotBot/1.2; +https://opensiteexplorer.org/dotbot; help@moz.com)"
216.244.66.236 - - [02/Sep/2026:12:20:58 -0700] "GET /athlete_form.cfm?CFID=db699ed8-4a91-4a60-976c-c951f8e41e3e&CFTOKEN=0 HTTP/1.1" 301 - "-" "Mozilla/5.0 (compatible; DotBot/1.2; +https://opensiteexplorer.org/dotbot; help@moz.com)"
216.244.66.236 - - [02/Sep/2026:12:21:14 -0700] "GET /athlete_form.cfm?CFID=db6e325b-cf82-4dc3-b632-8aba2a728a73&CFTOKEN=0 HTTP/1.1" 301 - "-" "Mozilla/5.0 (compatible; DotBot/1.2; +https://opensiteexplorer.org/dotbot; help@moz.com)"
173.231.200.77 - - [02/Sep/2026:12:21:29 -0700] "POST /wp-cron.php?doing_wp_cron=1788376889.8113090991973876953125 HTTP/1.1" 200 - "-" "WordPress/7.1; https://usaigc.com"
216.244.66.236 - - [02/Sep/2026:12:21:29 -0700] "GET /athlete_form.cfm?CFID=db7a8a84-ab13-43e1-a797-891bb549f178&CFTOKEN=0 HTTP/1.1" 301 - "-" "Mozilla/5.0 (compatible; DotBot/1.2; +https://opensiteexplorer.org/dotbot; help@moz.com)"
216.244.66.236 - - [02/Sep/2026:12:21:44 -0700] "GET /athlete_form.cfm?CFID=db7fff9c-c10c-4d4c-8a02-1140c3e2ed98&CFTOKEN=0 HTTP/1.1" 301 - "-" "Mozilla/5.0 (compatible; DotBot/1.2; +https://opensiteexplorer.org/dotbot; help@moz.com)"
216.244.66.236 - - [02/Sep/2026:12:21:57 -0700] "GET /athlete_form.cfm?CFID=dba0f4b2-75b5-4f14-a7d0-4fadfa77c132&CFTOKEN=0 HTTP/1.1" 301 - "-" "Mozilla/5.0 (compatible; DotBot/1.2; +https://opensiteexplorer.org/dotbot; help@moz.com)"
216.244.66.236 - - [02/Sep/2026:12:22:09 -0700] "GET /athlete_form.cfm?CFID=dbc3e687-d21a-43fc-a743-00cae9c6d6f7&CFTOKEN=0 HTTP/1.1" 301 - "-" "Mozilla/5.0 (compatible; DotBot/1.2; +https://opensiteexplorer.org/dotbot; help@moz.com)"
173.231.200.77 - - [02/Sep/2026:12:22:21 -0700] "POST /wp-cron.php?doing_wp_cron=1788376941.1125240325927734375000 HTTP/1.1" 200 - "-" "WordPress/7.1; https://usaigc.com"
216.244.66.236 - - [02/Sep/2026:12:22:20 -0700] "GET /athlete_form.cfm?CFID=dbc52997-318b-4d97-8142-34ebda2f39ea&CFTOKEN=0 HTTP/1.1" 301 - "-" "Mozilla/5.0 (compatible; DotBot/1.2; +https://opensiteexplorer.org/dotbot; help@moz.com)"
216.244.66.236 - - [02/Sep/2026:12:22:31 -0700] "GET /athlete_form.cfm?CFID=dc08cae5-0d8d-4c15-81a1-3bad0cc4adcb&CFTOKEN=0 HTTP/1.1" 301 - "-" "Mozilla/5.0 (compatible; DotBot/1.2; +https://opensiteexplorer.org/dotbot; help@moz.com)"
216.244.66.236 - - [02/Sep/2026:12:22:41 -0700] "GET /athlete_form.cfm?CFID=dc09bcc3-b34a-459d-8fce-8ccff5172421&CFTOKEN=0 HTTP/1.1" 301 - "-" "Mozilla/5.0 (compatible; DotBot/1.2; +https://opensiteexplorer.org/dotbot; help@moz.com)"
216.244.66.236 - - [02/Sep/2026:12:22:50 -0700] "GET /athlete_form.cfm?CFID=dc0efd79-8952-4a77-be56-996c2c116641&CFTOKEN=0 HTTP/1.1" 301 - "-" "Mozilla/5.0 (compatible; DotBot/1.2; +https://opensiteexplorer.org/dotbot; help@moz.com)"
216.244.66.236 - - [02/Sep/2026:12:22:57 -0700] "GET /athlete_form.cfm?CFID=dc110c4b-15c8-4324-8758-ea3b5b47ca2f&CFTOKEN=0 HTTP/1.1" 301 - "-" "Mozilla/5.0 (compatible; DotBot/1.2; +https://opensiteexplorer.org/dotbot; help@moz.com)"
216.244.66.236 - - [02/Sep/2026:12:23:03 -0700] "GET /athlete_form.cfm?CFID=dc1db467-add9-44ca-8261-093624a0ab9c&CFTOKEN=0 HTTP/1.1" 301 - "-" "Mozilla/5.0 (compatible; DotBot/1.2; +https://opensiteexplorer.org/dotbot; help@moz.com)"
216.244.66.236 - - [02/Sep/2026:12:23:09 -0700] "GET /athlete_form.cfm?CFID=dc3da4a6-2373-48b5-847d-f74c934ca0ed&CFTOKEN=0 HTTP/1.1" 301 - "-" "Mozilla/5.0 (compatible; DotBot/1.2; +https://opensiteexplorer.org/dotbot; help@moz.com)"
24.206.78.222 - - [02/Sep/2026:12:23:09 -0700] "GET /wp-content/uploads/2023/12/usaigc-chart-2023-2024-COPPER-THRU-GOLD-updated-SEPT-26-2023-1.pdf HTTP/1.1" 200 725464 "https://www.bing.com/" "Mozilla/5.0 (Windows NT 10.0; Win64; x64) AppleWebKit/537.36 (KHTML, like Gecko) Chrome/152.0.0.0 Safari/537.36 Edg/152.0.0.0"
24.206.78.222 - - [02/Sep/2026:12:23:10 -0700] "GET /favicon.ico HTTP/1.1" 302 - "https://usaigc.com/wp-content/uploads/2023/12/usaigc-chart-2023-2024-COPPER-THRU-GOLD-updated-SEPT-26-2023-1.pdf" "Mozilla/5.0 (Windows NT 10.0; Win64; x64) AppleWebKit/537.36 (KHTML, like Gecko) Chrome/152.0.0.0 Safari/537.36 Edg/152.0.0.0"
24.206.78.222 - - [02/Sep/2026:12:23:10 -0700] "GET /wp-content/uploads/2023/11/illustration-arrow-right-1.svg HTTP/1.1" 200 334 "https://usaigc.com/wp-content/uploads/2023/12/usaigc-chart-2023-2024-COPPER-THRU-GOLD-updated-SEPT-26-2023-1.pdf" "Mozilla/5.0 (Windows NT 10.0; Win64; x64) AppleWebKit/537.36 (KHTML, like Gecko) Chrome/152.0.0.0 Safari/537.36 Edg/152.0.0.0"
216.244.66.236 - - [02/Sep/2026:12:23:13 -0700] "GET /athlete_form.cfm?CFID=dc7eb7fd-d04f-457b-a37e-0efc915b4cc5&CFTOKEN=0 HTTP/1.1" 301 - "-" "Mozilla/5.0 (compatible; DotBot/1.2; +https://opensiteexplorer.org/dotbot; help@moz.com)"
216.244.66.236 - - [02/Sep/2026:12:23:17 -0700] "GET /athlete_form.cfm?CFID=dcab8d67-33ba-4f71-b3bf-fe454ca719bc&CFTOKEN=0 HTTP/1.1" 301 - "-" "Mozilla/5.0 (compatible; DotBot/1.2; +https://opensiteexplorer.org/dotbot; help@moz.com)"
173.231.200.77 - - [02/Sep/2026:12:23:21 -0700] "POST /wp-cron.php?doing_wp_cron=1788377001.8918600082397460937500 HTTP/1.1" 200 - "-" "WordPress/7.1; https://usaigc.com"
216.244.66.236 - - [02/Sep/2026:12:23:21 -0700] "GET /athlete_form.cfm?CFID=dce2a73e-e821-4a90-b5d9-fe9f02f63ec7&CFTOKEN=0 HTTP/1.1" 301 - "-" "Mozilla/5.0 (compatible; DotBot/1.2; +https://opensiteexplorer.org/dotbot; help@moz.com)"
216.244.66.236 - - [02/Sep/2026:12:23:39 -0700] "GET /athlete_form.cfm?CFID=dcf5fdbd-1a06-45cc-9fee-1afaeccdbed3&CFTOKEN=0 HTTP/1.1" 301 - "-" "Mozilla/5.0 (compatible; DotBot/1.2; +https://opensiteexplorer.org/dotbot; help@moz.com)"
216.244.66.236 - - [02/Sep/2026:12:23:44 -0700] "GET /athlete_form.cfm?CFID=dd2bef68-c6e5-487a-b6c0-f103cdca7ec7&CFTOKEN=0 HTTP/1.1" 301 - "-" "Mozilla/5.0 (compatible; DotBot/1.2; +https://opensiteexplorer.org/dotbot; help@moz.com)"
216.244.66.236 - - [02/Sep/2026:12:23:47 -0700] "GET /athlete_form.cfm?CFID=dd3bf5fb-0ba3-4a06-b6fc-614ae3cc6732&CFTOKEN=0 HTTP/1.1" 301 - "-" "Mozilla/5.0 (compatible; DotBot/1.2; +https://opensiteexplorer.org/dotbot; help@moz.com)"
216.244.66.236 - - [02/Sep/2026:12:23:51 -0700] "GET /athlete_form.cfm?CFID=dd4fbc12-d853-4325-bdb8-81d3fcc5ee01&CFTOKEN=0 HTTP/1.1" 301 - "-" "Mozilla/5.0 (compatible; DotBot/1.2; +https://opensiteexplorer.org/dotbot; help@moz.com)"
216.244.66.236 - - [02/Sep/2026:12:23:54 -0700] "GET /athlete_form.cfm?CFID=dd5cab89-c859-46ec-aeba-51c6865f9d53&CFTOKEN=0 HTTP/1.1" 301 - "-" "Mozilla/5.0 (compatible; DotBot/1.2; +https://opensiteexplorer.org/dotbot; help@moz.com)"
216.244.66.236 - - [02/Sep/2026:12:23:57 -0700] "GET /athlete_form.cfm?CFID=dd6888e4-ff68-4fb0-99bd-6b39853c3624&CFTOKEN=0 HTTP/1.1" 301 - "-" "Mozilla/5.0 (compatible; DotBot/1.2; +https://opensiteexplorer.org/dotbot; help@moz.com)"
216.244.66.236 - - [02/Sep/2026:12:23:59 -0700] "GET /athlete_form.cfm?CFID=dd7e0f08-d010-49d8-a298-c064f04be0d2&CFTOKEN=0 HTTP/1.1" 301 - "-" "Mozilla/5.0 (compatible; DotBot/1.2; +https://opensiteexplorer.org/dotbot; help@moz.com)"
216.244.66.236 - - [02/Sep/2026:12:24:01 -0700] "GET /athlete_form.cfm?CFID=dd982b08-b126-41b4-b872-5a82b7e3c285&CFTOKEN=0 HTTP/1.1" 301 - "-" "Mozilla/5.0 (compatible; DotBot/1.2; +https://opensiteexplorer.org/dotbot; help@moz.com)"
216.244.66.236 - - [02/Sep/2026:12:24:03 -0700] "GET /athlete_form.cfm?CFID=ddb03ffa-ce23-4f75-8fd2-f4fdbc6b0411&CFTOKEN=0 HTTP/1.1" 301 - "-" "Mozilla/5.0 (compatible; DotBot/1.2; +https://opensiteexplorer.org/dotbot; help@moz.com)"
216.244.66.236 - - [02/Sep/2026:12:24:05 -0700] "GET /athlete_form.cfm?CFID=ddc806e9-ea58-412a-8ca6-7dae7918e393&CFTOKEN=0 HTTP/1.1" 301 - "-" "Mozilla/5.0 (compatible; DotBot/1.2; +https://opensiteexplorer.org/dotbot; help@moz.com)"
216.244.66.236 - - [02/Sep/2026:12:24:08 -0700] "GET /athlete_form.cfm?CFID=ddcee2bf-dc3e-4092-94d8-ea8bdde203f7&CFTOKEN=0 HTTP/1.1" 301 - "-" "Mozilla/5.0 (compatible; DotBot/1.2; +https://opensiteexplorer.org/dotbot; help@moz.com)"
216.244.66.236 - - [02/Sep/2026:12:24:14 -0700] "GET /athlete_form.cfm?CFID=ddd7affe-067d-4c68-8eb8-e4297657dcc7&CFTOKEN=0 HTTP/1.1" 301 - "-" "Mozilla/5.0 (compatible; DotBot/1.2; +https://opensiteexplorer.org/dotbot; help@moz.com)"
216.244.66.236 - - [02/Sep/2026:12:24:19 -0700] "GET /athlete_form.cfm?CFID=dde80892-b98b-4b50-8eb2-b8c0f7507ba0&CFTOKEN=0 HTTP/1.1" 301 - "-" "Mozilla/5.0 (compatible; DotBot/1.2; +https://opensiteexplorer.org/dotbot; help@moz.com)"
173.231.200.77 - - [02/Sep/2026:12:24:40 -0700] "POST /wp-cron.php?doing_wp_cron=1788377080.3428950309753417968750 HTTP/1.1" 200 - "-" "WordPress/7.1; https://usaigc.com"
216.244.66.236 - - [02/Sep/2026:12:24:40 -0700] "GET /athlete_form.cfm?CFID=de0833c4-d0ae-40f1-a899-1eafda68552c&CFTOKEN=0 HTTP/1.1" 301 - "-" "Mozilla/5.0 (compatible; DotBot/1.2; +https://opensiteexplorer.org/dotbot; help@moz.com)"
216.244.66.236 - - [02/Sep/2026:12:24:46 -0700] "GET /athlete_form.cfm?CFID=de16271b-8fbd-4054-86b0-64a03cc01437&CFTOKEN=0 HTTP/1.1" 301 - "-" "Mozilla/5.0 (compatible; DotBot/1.2; +https://opensiteexplorer.org/dotbot; help@moz.com)"
216.244.66.236 - - [02/Sep/2026:12:24:52 -0700] "GET /athlete_form.cfm?CFID=de2bc766-94d2-4ef7-a2b4-9a1ea0fe1ba1&CFTOKEN=0 HTTP/1.1" 301 - "-" "Mozilla/5.0 (compatible; DotBot/1.2; +https://opensiteexplorer.org/dotbot; help@moz.com)"
216.244.66.236 - - [02/Sep/2026:12:24:56 -0700] "GET /athlete_form.cfm?CFID=de2c18ea-cde6-46e5-b81d-3b5192af967e&CFTOKEN=0 HTTP/1.1" 301 - "-" "Mozilla/5.0 (compatible; DotBot/1.2; +https://opensiteexplorer.org/dotbot; help@moz.com)"
216.244.66.236 - - [02/Sep/2026:12:25:00 -0700] "GET /athlete_form.cfm?CFID=de48ed27-4c2b-4152-9331-30bb1f0e55f1&CFTOKEN=0 HTTP/1.1" 301 - "-" "Mozilla/5.0 (compatible; DotBot/1.2; +https://opensiteexplorer.org/dotbot; help@moz.com)"
216.244.66.236 - - [02/Sep/2026:12:25:04 -0700] "GET /athlete_form.cfm?CFID=de5b7daa-c273-4a08-935f-f48b5cda94cb&CFTOKEN=0 HTTP/1.1" 301 - "-" "Mozilla/5.0 (compatible; DotBot/1.2; +https://opensiteexplorer.org/dotbot; help@moz.com)"
216.244.66.236 - - [02/Sep/2026:12:25:07 -0700] "GET /athlete_form.cfm?CFID=de61a549-e41c-4644-bc76-63d22fd757cf&CFTOKEN=0 HTTP/1.1" 301 - "-" "Mozilla/5.0 (compatible; DotBot/1.2; +https://opensiteexplorer.org/dotbot; help@moz.com)"
216.244.66.236 - - [02/Sep/2026:12:25:09 -0700] "GET /athlete_form.cfm?CFID=de677446-47be-48a8-837a-7c1d40182283&CFTOKEN=0 HTTP/1.1" 301 - "-" "Mozilla/5.0 (compatible; DotBot/1.2; +https://opensiteexplorer.org/dotbot; help@moz.com)"
216.244.66.236 - - [02/Sep/2026:12:25:11 -0700] "GET /athlete_form.cfm?CFID=de71b49f-3734-4b5f-87ad-28c721cf0b36&CFTOKEN=0 HTTP/1.1" 301 - "-" "Mozilla/5.0 (compatible; DotBot/1.2; +https://opensiteexplorer.org/dotbot; help@moz.com)"
216.244.66.236 - - [02/Sep/2026:12:25:13 -0700] "GET /athlete_form.cfm?CFID=de7bb8aa-c0c1-4f4e-815e-f0f13c48928c&CFTOKEN=0 HTTP/1.1" 301 - "-" "Mozilla/5.0 (compatible; DotBot/1.2; +https://opensiteexplorer.org/dotbot; help@moz.com)"
216.244.66.236 - - [02/Sep/2026:12:25:14 -0700] "GET /athlete_form.cfm?CFID=de9a539d-5c72-419b-9b00-0fdf0871b69b&CFTOKEN=0 HTTP/1.1" 301 - "-" "Mozilla/5.0 (compatible; DotBot/1.2; +https://opensiteexplorer.org/dotbot; help@moz.com)"
216.244.66.236 - - [02/Sep/2026:12:25:17 -0700] "GET /athlete_form.cfm?CFID=de9fd088-4b84-403c-85d7-8df3c275e4a6&CFTOKEN=0 HTTP/1.1" 301 - "-" "Mozilla/5.0 (compatible; DotBot/1.2; +https://opensiteexplorer.org/dotbot; help@moz.com)"
216.244.66.236 - - [02/Sep/2026:12:25:18 -0700] "GET /athlete_form.cfm?CFID=deccc38e-61c3-4254-b597-dc07cd27becf&CFTOKEN=0 HTTP/1.1" 301 - "-" "Mozilla/5.0 (compatible; DotBot/1.2; +https://opensiteexplorer.org/dotbot; help@moz.com)"
216.244.66.236 - - [02/Sep/2026:12:25:20 -0700] "GET /athlete_form.cfm?CFID=deee8e41-d271-4410-9a2c-64c3748a50f1&CFTOKEN=0 HTTP/1.1" 301 - "-" "Mozilla/5.0 (compatible; DotBot/1.2; +https://opensiteexplorer.org/dotbot; help@moz.com)"
173.231.200.77 - - [02/Sep/2026:12:25:21 -0700] "POST /wp-cron.php?doing_wp_cron=1788377121.5414791107177734375000 HTTP/1.1" 200 - "-" "WordPress/7.1; https://usaigc.com"
216.244.66.236 - - [02/Sep/2026:12:25:21 -0700] "GET /athlete_form.cfm?CFID=def6eecc-3aa0-4cb4-a22e-c1922ada919e&CFTOKEN=0 HTTP/1.1" 301 - "-" "Mozilla/5.0 (compatible; DotBot/1.2; +https://opensiteexplorer.org/dotbot; help@moz.com)"
216.244.66.236 - - [02/Sep/2026:12:25:22 -0700] "GET /athlete_form.cfm?CFID=df10c4e2-fda6-40a8-901f-1445af1ee476&CFTOKEN=0 HTTP/1.1" 301 - "-" "Mozilla/5.0 (compatible; DotBot/1.2; +https://opensiteexplorer.org/dotbot; help@moz.com)"
216.244.66.236 - - [02/Sep/2026:12:25:23 -0700] "GET /athlete_form.cfm?CFID=df155ef8-0c59-4a04-b4ea-8dff8a5f97f3&CFTOKEN=0 HTTP/1.1" 301 - "-" "Mozilla/5.0 (compatible; DotBot/1.2; +https://opensiteexplorer.org/dotbot; help@moz.com)"
216.244.66.236 - - [02/Sep/2026:12:25:24 -0700] "GET /athlete_form.cfm?CFID=df480485-d746-493c-827d-5e8e6d831a3b&CFTOKEN=0 HTTP/1.1" 301 - "-" "Mozilla/5.0 (compatible; DotBot/1.2; +https://opensiteexplorer.org/dotbot; help@moz.com)"
216.244.66.236 - - [02/Sep/2026:12:25:25 -0700] "GET /athlete_form.cfm?CFID=df4fc300-32b5-407f-baea-bd7d85d68d39&CFTOKEN=0 HTTP/1.1" 301 - "-" "Mozilla/5.0 (compatible; DotBot/1.2; +https://opensiteexplorer.org/dotbot; help@moz.com)"
216.244.66.236 - - [02/Sep/2026:12:25:26 -0700] "GET /athlete_form.cfm?CFID=df50748f-194f-4f66-8c96-bee983ad2258&CFTOKEN=0 HTTP/1.1" 301 - "-" "Mozilla/5.0 (compatible; DotBot/1.2; +https://opensiteexplorer.org/dotbot; help@moz.com)"
216.244.66.236 - - [02/Sep/2026:12:25:33 -0700] "GET /athlete_form.cfm?CFID=df586a38-b2c0-4b1f-b7a0-fd0603bbb716&CFTOKEN=0 HTTP/1.1" 301 - "-" "Mozilla/5.0 (compatible; DotBot/1.2; +https://opensiteexplorer.org/dotbot; help@moz.com)"
216.244.66.236 - - [02/Sep/2026:12:25:37 -0700] "GET /athlete_form.cfm?CFID=df6ca542-380c-4472-be9f-73320dc19fe8&CFTOKEN=0 HTTP/1.1" 301 - "-" "Mozilla/5.0 (compatible; DotBot/1.2; +https://opensiteexplorer.org/dotbot; help@moz.com)"
216.244.66.236 - - [02/Sep/2026:12:25:41 -0700] "GET /athlete_form.cfm?CFID=df701463-2209-49a3-8c66-89372c424475&CFTOKEN=0 HTTP/1.1" 301 - "-" "Mozilla/5.0 (compatible; DotBot/1.2; +https://opensiteexplorer.org/dotbot; help@moz.com)"
216.244.66.236 - - [02/Sep/2026:12:25:45 -0700] "GET /athlete_form.cfm?CFID=df7614bc-ea4e-48f5-a7ff-a4e35ca1e357&CFTOKEN=0 HTTP/1.1" 301 - "-" "Mozilla/5.0 (compatible; DotBot/1.2; +https://opensiteexplorer.org/dotbot; help@moz.com)"
216.244.66.236 - - [02/Sep/2026:12:25:49 -0700] "GET /athlete_form.cfm?CFID=df85dfc8-1405-4a6b-8748-3b6fe416876f&CFTOKEN=0 HTTP/1.1" 301 - "-" "Mozilla/5.0 (compatible; DotBot/1.2; +https://opensiteexplorer.org/dotbot; help@moz.com)"
216.244.66.236 - - [02/Sep/2026:12:25:52 -0700] "GET /athlete_form.cfm?CFID=df8a0431-3047-4872-810c-3339f6c05988&CFTOKEN=0 HTTP/1.1" 301 - "-" "Mozilla/5.0 (compatible; DotBot/1.2; +https://opensiteexplorer.org/dotbot; help@moz.com)"
216.244.66.236 - - [02/Sep/2026:12:25:54 -0700] "GET /athlete_form.cfm?CFID=dfdb8dea-1b9d-4e35-ac26-86b985fd052d&CFTOKEN=0 HTTP/1.1" 301 - "-" "Mozilla/5.0 (compatible; DotBot/1.2; +https://opensiteexplorer.org/dotbot; help@moz.com)"
216.244.66.236 - - [02/Sep/2026:12:25:56 -0700] "GET /athlete_form.cfm?CFID=e00ecd8c-03b0-4622-ba0c-d3f20db09977&CFTOKEN=0 HTTP/1.1" 301 - "-" "Mozilla/5.0 (compatible; DotBot/1.2; +https://opensiteexplorer.org/dotbot; help@moz.com)"
216.244.66.236 - - [02/Sep/2026:12:25:58 -0700] "GET /athlete_form.cfm?CFID=e0579fcd-abb1-4baf-aeff-921978af0485&CFTOKEN=0 HTTP/1.1" 301 - "-" "Mozilla/5.0 (compatible; DotBot/1.2; +https://opensiteexplorer.org/dotbot; help@moz.com)"
216.244.66.236 - - [02/Sep/2026:12:25:59 -0700] "GET /athlete_form.cfm?CFID=e07e4676-1921-464e-85f0-d5e5806a2a52&CFTOKEN=0 HTTP/1.1" 301 - "-" "Mozilla/5.0 (compatible; DotBot/1.2; +https://opensiteexplorer.org/dotbot; help@moz.com)"
216.244.66.236 - - [02/Sep/2026:12:26:01 -0700] "GET /athlete_form.cfm?CFID=e07f0ad2-1ec3-4921-90aa-72f134c17429&CFTOKEN=0 HTTP/1.1" 301 - "-" "Mozilla/5.0 (compatible; DotBot/1.2; +https://opensiteexplorer.org/dotbot; help@moz.com)"
52.202.52.82 - - [02/Sep/2026:12:26:02 -0700] "GET /wp-content/plugins/elementor/core/editor/loader/v1/ HTTP/1.1" 200 1275 "-" "Mozilla/5.0 AppleWebKit/537.36 (KHTML, like Gecko; compatible; Amazonbot/0.1; +https://developer.amazon.com/support/amazonbot) Chrome/119.0.6045.214 Safari/537.36"
216.244.66.236 - - [02/Sep/2026:12:26:02 -0700] "GET /athlete_form.cfm?CFID=e084e242-bcc4-41a1-ab40-caca60b1cdc9&CFTOKEN=0 HTTP/1.1" 301 - "-" "Mozilla/5.0 (compatible; DotBot/1.2; +https://opensiteexplorer.org/dotbot; help@moz.com)"
216.244.66.236 - - [02/Sep/2026:12:26:03 -0700] "GET /athlete_form.cfm?CFID=e0a06794-8006-41b0-ad47-ec11355a331b&CFTOKEN=0 HTTP/1.1" 301 - "-" "Mozilla/5.0 (compatible; DotBot/1.2; +https://opensiteexplorer.org/dotbot; help@moz.com)"
216.244.66.236 - - [02/Sep/2026:12:26:03 -0700] "GET /athlete_form.cfm?CFID=e0bf7c8e-a80c-4beb-b7ca-5d74b6c06935&CFTOKEN=0 HTTP/1.1" 301 - "-" "Mozilla/5.0 (compatible; DotBot/1.2; +https://opensiteexplorer.org/dotbot; help@moz.com)"
216.244.66.236 - - [02/Sep/2026:12:26:04 -0700] "GET /athlete_form.cfm?CFID=e0c00063-15c0-4c1f-99f1-11c403416454&CFTOKEN=0 HTTP/1.1" 301 - "-" "Mozilla/5.0 (compatible; DotBot/1.2; +https://opensiteexplorer.org/dotbot; help@moz.com)"
52.0.63.151 - - [02/Sep/2026:12:26:05 -0700] "GET /wp-content/plugins/elementor-pro/modules/forms/submissions/database/repositories/ HTTP/1.1" 200 1017 "-" "Mozilla/5.0 AppleWebKit/537.36 (KHTML, like Gecko; compatible; Amazonbot/0.1; +https://developer.amazon.com/support/amazonbot) Chrome/119.0.6045.214 Safari/537.36"
216.244.66.236 - - [02/Sep/2026:12:26:05 -0700] "GET /athlete_form.cfm?CFID=e0c3fbd7-d70d-42c7-a0df-49c887073894&CFTOKEN=0 HTTP/1.1" 301 - "-" "Mozilla/5.0 (compatible; DotBot/1.2; +https://opensiteexplorer.org/dotbot; help@moz.com)"
216.244.66.236 - - [02/Sep/2026:12:26:06 -0700] "GET /athlete_form.cfm?CFID=e0f14137-2d3b-4e4a-b831-d4d6ca54a449&CFTOKEN=0 HTTP/1.1" 301 - "-" "Mozilla/5.0 (compatible; DotBot/1.2; +https://opensiteexplorer.org/dotbot; help@moz.com)"
216.244.66.236 - - [02/Sep/2026:12:26:06 -0700] "GET /athlete_form.cfm?CFID=e0f3797e-272b-49fd-bf00-59436f3dcf40&CFTOKEN=0 HTTP/1.1" 301 - "-" "Mozilla/5.0 (compatible; DotBot/1.2; +https://opensiteexplorer.org/dotbot; help@moz.com)"
216.244.66.236 - - [02/Sep/2026:12:26:08 -0700] "GET /athlete_form.cfm?CFID=e0f89c90-f2ec-4ea5-9a6d-3945a73b2182&CFTOKEN=0 HTTP/1.1" 301 - "-" "Mozilla/5.0 (compatible; DotBot/1.2; +https://opensiteexplorer.org/dotbot; help@moz.com)"
216.244.66.236 - - [02/Sep/2026:12:26:11 -0700] "GET /athlete_form.cfm?CFID=e107929d-0a66-4850-8bdb-e91b3dec4168&CFTOKEN=0 HTTP/1.1" 301 - "-" "Mozilla/5.0 (compatible; DotBot/1.2; +https://opensiteexplorer.org/dotbot; help@moz.com)"
216.244.66.236 - - [02/Sep/2026:12:26:13 -0700] "GET /athlete_form.cfm?CFID=e11a00ae-d0a0-4f74-89ef-1b4e1269b965&CFTOKEN=0 HTTP/1.1" 301 - "-" "Mozilla/5.0 (compatible; DotBot/1.2; +https://opensiteexplorer.org/dotbot; help@moz.com)"
216.244.66.236 - - [02/Sep/2026:12:26:15 -0700] "GET /athlete_form.cfm?CFID=e11ab686-161c-4852-9805-7113cf8c1161&CFTOKEN=0 HTTP/1.1" 301 - "-" "Mozilla/5.0 (compatible; DotBot/1.2; +https://opensiteexplorer.org/dotbot; help@moz.com)"
216.244.66.236 - - [02/Sep/2026:12:26:17 -0700] "GET /athlete_form.cfm?CFID=e12361aa-e264-4ecc-9dbf-7d29b9b5b0e9&CFTOKEN=0 HTTP/1.1" 301 - "-" "Mozilla/5.0 (compatible; DotBot/1.2; +https://opensiteexplorer.org/dotbot; help@moz.com)"
216.244.66.236 - - [02/Sep/2026:12:26:18 -0700] "GET /athlete_form.cfm?CFID=e13f2683-9752-4597-94bb-24f99ded96ce&CFTOKEN=0 HTTP/1.1" 301 - "-" "Mozilla/5.0 (compatible; DotBot/1.2; +https://opensiteexplorer.org/dotbot; help@moz.com)"
216.244.66.236 - - [02/Sep/2026:12:26:19 -0700] "GET /athlete_form.cfm?CFID=e1484e5b-4b56-4459-87dd-c5fcf4c57194&CFTOKEN=0 HTTP/1.1" 301 - "-" "Mozilla/5.0 (compatible; DotBot/1.2; +https://opensiteexplorer.org/dotbot; help@moz.com)"
173.231.200.77 - - [02/Sep/2026:12:26:22 -0700] "POST /wp-cron.php?doing_wp_cron=1788377182.2574219703674316406250 HTTP/1.1" 200 - "-" "WordPress/7.1; https://usaigc.com"
216.244.66.236 - - [02/Sep/2026:12:26:22 -0700] "GET /athlete_form.cfm?CFID=e150e27f-e8e2-4b0b-b80f-3e5aa397ffc1&CFTOKEN=0 HTTP/1.1" 301 - "-" "Mozilla/5.0 (compatible; DotBot/1.2; +https://opensiteexplorer.org/dotbot; help@moz.com)"
216.244.66.236 - - [02/Sep/2026:12:26:24 -0700] "GET /athlete_form.cfm?CFID=e15b712e-8b86-4bd6-a510-749e95db5769&CFTOKEN=0 HTTP/1.1" 301 - "-" "Mozilla/5.0 (compatible; DotBot/1.2; +https://opensiteexplorer.org/dotbot; help@moz.com)"
216.244.66.236 - - [02/Sep/2026:12:26:26 -0700] "GET /athlete_form.cfm?CFID=e1a500d4-201d-4dbf-b52d-3243150b9390&CFTOKEN=0 HTTP/1.1" 301 - "-" "Mozilla/5.0 (compatible; DotBot/1.2; +https://opensiteexplorer.org/dotbot; help@moz.com)"
216.244.66.236 - - [02/Sep/2026:12:26:29 -0700] "GET /athlete_form.cfm?CFID=e1a82b32-d1d7-4984-b4b6-4e9bf90b5898&CFTOKEN=0 HTTP/1.1" 301 - "-" "Mozilla/5.0 (compatible; DotBot/1.2; +https://opensiteexplorer.org/dotbot; help@moz.com)"
216.244.66.236 - - [02/Sep/2026:12:26:30 -0700] "GET /athlete_form.cfm?CFID=e1d14046-acd5-48f3-8449-b7e6f86f7cdd&CFTOKEN=0 HTTP/1.1" 301 - "-" "Mozilla/5.0 (compatible; DotBot/1.2; +https://opensiteexplorer.org/dotbot; help@moz.com)"
216.244.66.236 - - [02/Sep/2026:12:26:37 -0700] "GET /athlete_form.cfm?CFID=e1d417ae-8e40-4b3a-a8ee-0aea3432eb2d&CFTOKEN=0 HTTP/1.1" 301 - "-" "Mozilla/5.0 (compatible; DotBot/1.2; +https://opensiteexplorer.org/dotbot; help@moz.com)"
216.244.66.236 - - [02/Sep/2026:12:26:54 -0700] "GET /athlete_form.cfm?CFID=e1f2ce62-db01-4ca8-bd1d-d507d9ba09ab&CFTOKEN=0 HTTP/1.1" 301 - "-" "Mozilla/5.0 (compatible; DotBot/1.2; +https://opensiteexplorer.org/dotbot; help@moz.com)"
121.229.156.26 - - [02/Sep/2026:12:26:56 -0700] "GET /registration-faq/ HTTP/1.1" 200 108997 "-" "Sogou web spider/4.0(+http://www.sogou.com/docs/help/webmasters.htm#07)"
216.244.66.236 - - [02/Sep/2026:12:27:10 -0700] "GET /athlete_form.cfm?CFID=e204b480-3327-4aec-b342-3fb4096bc177&CFTOKEN=0 HTTP/1.1" 301 - "-" "Mozilla/5.0 (compatible; DotBot/1.2; +https://opensiteexplorer.org/dotbot; help@moz.com)"
173.231.200.77 - - [02/Sep/2026:12:27:26 -0700] "POST /wp-cron.php?doing_wp_cron=1788377246.6382410526275634765625 HTTP/1.1" 200 - "-" "WordPress/7.1; https://usaigc.com"
216.244.66.236 - - [02/Sep/2026:12:27:26 -0700] "GET /athlete_form.cfm?CFID=e216e5db-35ab-46b1-9890-66d4c39fd95b&CFTOKEN=0 HTTP/1.1" 301 - "-" "Mozilla/5.0 (compatible; DotBot/1.2; +https://opensiteexplorer.org/dotbot; help@moz.com)"
51.81.165.212 - - [02/Sep/2026:12:27:39 -0700] "GET /sitemap.rss HTTP/2.0" 200 14383 "-" "Mozilla/5.0 (compatible; AhrefsBot/7.0; +http://ahrefs.com/robot/)"
216.244.66.236 - - [02/Sep/2026:12:27:40 -0700] "GET /athlete_form.cfm?CFID=e22d804c-edbd-4584-979e-337fbd2b1781&CFTOKEN=0 HTTP/1.1" 301 - "-" "Mozilla/5.0 (compatible; DotBot/1.2; +https://opensiteexplorer.org/dotbot; help@moz.com)"
216.244.66.236 - - [02/Sep/2026:12:27:53 -0700] "GET /athlete_form.cfm?CFID=e230f5fc-02ce-4461-a525-f633f7c6b6be&CFTOKEN=0 HTTP/1.1" 301 - "-" "Mozilla/5.0 (compatible; DotBot/1.2; +https://opensiteexplorer.org/dotbot; help@moz.com)"
216.244.66.236 - - [02/Sep/2026:12:28:06 -0700] "GET /athlete_form.cfm?CFID=e244c4f0-2d3f-400b-8112-fde8d0766fa5&CFTOKEN=0 HTTP/1.1" 301 - "-" "Mozilla/5.0 (compatible; DotBot/1.2; +https://opensiteexplorer.org/dotbot; help@moz.com)"
216.244.66.236 - - [02/Sep/2026:12:28:17 -0700] "GET /athlete_form.cfm?CFID=e24efd0b-2760-4547-8655-2cfb7a790db8&CFTOKEN=0 HTTP/1.1" 301 - "-" "Mozilla/5.0 (compatible; DotBot/1.2; +https://opensiteexplorer.org/dotbot; help@moz.com)"
173.231.200.77 - - [02/Sep/2026:12:28:28 -0700] "POST /wp-cron.php?doing_wp_cron=1788377308.0204889774322509765625 HTTP/1.1" 200 - "-" "WordPress/7.1; https://usaigc.com"
216.244.66.236 - - [02/Sep/2026:12:28:27 -0700] "GET /athlete_form.cfm?CFID=e2548dda-8dd9-4272-a180-fa97387f53b0&CFTOKEN=0 HTTP/1.1" 301 - "-" "Mozilla/5.0 (compatible; DotBot/1.2; +https://opensiteexplorer.org/dotbot; help@moz.com)"
216.244.66.236 - - [02/Sep/2026:12:28:37 -0700] "GET /athlete_form.cfm?CFID=e2876a81-e80a-46b7-be98-4ab2955f4f97&CFTOKEN=0 HTTP/1.1" 301 - "-" "Mozilla/5.0 (compatible; DotBot/1.2; +https://opensiteexplorer.org/dotbot; help@moz.com)"
216.244.66.236 - - [02/Sep/2026:12:28:45 -0700] "GET /athlete_form.cfm?CFID=e2934b4b-e4ec-4975-b2bb-1aff7dba6b62&CFTOKEN=0 HTTP/1.1" 301 - "-" "Mozilla/5.0 (compatible; DotBot/1.2; +https://opensiteexplorer.org/dotbot; help@moz.com)"
216.244.66.236 - - [02/Sep/2026:12:28:52 -0700] "GET /athlete_form.cfm?CFID=e2b71090-67f3-466f-aa35-6169b015391c&CFTOKEN=0 HTTP/1.1" 301 - "-" "Mozilla/5.0 (compatible; DotBot/1.2; +https://opensiteexplorer.org/dotbot; help@moz.com)"
216.244.66.236 - - [02/Sep/2026:12:28:58 -0700] "GET /athlete_form.cfm?CFID=e2bc489b-ee72-4089-92c1-85f9b252c800&CFTOKEN=0 HTTP/1.1" 301 - "-" "Mozilla/5.0 (compatible; DotBot/1.2; +https://opensiteexplorer.org/dotbot; help@moz.com)"
216.244.66.236 - - [02/Sep/2026:12:29:04 -0700] "GET /athlete_form.cfm?CFID=e2d4ee9c-5ede-4f0a-89fd-0db124b8300b&CFTOKEN=0 HTTP/1.1" 301 - "-" "Mozilla/5.0 (compatible; DotBot/1.2; +https://opensiteexplorer.org/dotbot; help@moz.com)"
216.244.66.236 - - [02/Sep/2026:12:29:08 -0700] "GET /athlete_form.cfm?CFID=e2fa1045-84b1-48e3-b86a-7de96199a351&CFTOKEN=0 HTTP/1.1" 301 - "-" "Mozilla/5.0 (compatible; DotBot/1.2; +https://opensiteexplorer.org/dotbot; help@moz.com)"
216.244.66.236 - - [02/Sep/2026:12:29:12 -0700] "GET /athlete_form.cfm?CFID=e309ac94-bacf-4926-8fa8-9f1761609645&CFTOKEN=0 HTTP/1.1" 301 - "-" "Mozilla/5.0 (compatible; DotBot/1.2; +https://opensiteexplorer.org/dotbot; help@moz.com)"
216.244.66.236 - - [02/Sep/2026:12:29:15 -0700] "GET /athlete_form.cfm?CFID=e30d4d23-efae-4ca5-a568-ec77a1227083&CFTOKEN=0 HTTP/1.1" 301 - "-" "Mozilla/5.0 (compatible; DotBot/1.2; +https://opensiteexplorer.org/dotbot; help@moz.com)"
216.244.66.236 - - [02/Sep/2026:12:29:18 -0700] "GET /athlete_form.cfm?CFID=e33c491a-9931-4ea8-aa21-6006c9fd1aa4&CFTOKEN=0 HTTP/1.1" 301 - "-" "Mozilla/5.0 (compatible; DotBot/1.2; +https://opensiteexplorer.org/dotbot; help@moz.com)"
216.244.66.236 - - [02/Sep/2026:12:29:20 -0700] "GET /athlete_form.cfm?CFID=e34761c1-2f08-4e45-b118-fcd4bf167e45&CFTOKEN=0 HTTP/1.1" 301 - "-" "Mozilla/5.0 (compatible; DotBot/1.2; +https://opensiteexplorer.org/dotbot; help@moz.com)"
173.231.200.77 - - [02/Sep/2026:12:29:40 -0700] "POST /wp-cron.php?doing_wp_cron=1788377380.4639210700988769531250 HTTP/1.1" 200 - "-" "WordPress/7.1; https://usaigc.com"
216.244.66.236 - - [02/Sep/2026:12:29:40 -0700] "GET /athlete_form.cfm?CFID=e3594e57-a623-4c27-9fcb-15ab4171fac1&CFTOKEN=0 HTTP/1.1" 301 - "-" "Mozilla/5.0 (compatible; DotBot/1.2; +https://opensiteexplorer.org/dotbot; help@moz.com)"
18.211.39.188 - - [02/Sep/2026:12:29:45 -0700] "GET /wp-content/plugins/elementor/modules/atomic-widgets/prop-types/?C=N;O%3DA HTTP/1.1" 200 5334 "-" "Mozilla/5.0 AppleWebKit/537.36 (KHTML, like Gecko; compatible; Amazonbot/0.1; +https://developer.amazon.com/support/amazonbot) Chrome/119.0.6045.214 Safari/537.36"
34.231.181.240 - - [02/Sep/2026:12:29:49 -0700] "GET /wp-content/plugins/elementor/core/kits/documents/tabs/tab-base.php HTTP/1.1" 200 - "-" "Mozilla/5.0 AppleWebKit/537.36 (KHTML, like Gecko; compatible; Amazonbot/0.1; +https://developer.amazon.com/support/amazonbot) Chrome/119.0.6045.214 Safari/537.36"
216.244.66.236 - - [02/Sep/2026:12:29:52 -0700] "GET /athlete_form.cfm?CFID=e3597fd3-5f84-45ab-912a-6d71aa3f00b2&CFTOKEN=0 HTTP/1.1" 301 - "-" "Mozilla/5.0 (compatible; DotBot/1.2; +https://opensiteexplorer.org/dotbot; help@moz.com)"
54.145.82.217 - - [02/Sep/2026:12:29:52 -0700] "GET /wp-content/plugins/elementor-pro/modules/floating-buttons/classes/render/contact-buttons-var-6-render.php HTTP/1.1" 500 - "-" "Mozilla/5.0 AppleWebKit/537.36 (KHTML, like Gecko; compatible; Amazonbot/0.1; +https://developer.amazon.com/support/amazonbot) Chrome/119.0.6045.214 Safari/537.36"
3.210.223.61 - - [02/Sep/2026:12:29:56 -0700] "GET /wp-content/plugins/elementor-pro/modules/floating-buttons/classes/render/contact-buttons-var-7-render.php HTTP/1.1" 500 - "-" "Mozilla/5.0 AppleWebKit/537.36 (KHTML, like Gecko; compatible; Amazonbot/0.1; +https://developer.amazon.com/support/amazonbot) Chrome/119.0.6045.214 Safari/537.36"
52.4.76.156 - - [02/Sep/2026:12:30:01 -0700] "GET /wp-content/plugins/elementor-pro/modules/floating-buttons/classes/render/contact-buttons-var-3-render.php HTTP/1.1" 500 - "-" "Mozilla/5.0 AppleWebKit/537.36 (KHTML, like Gecko; compatible; Amazonbot/0.1; +https://developer.amazon.com/support/amazonbot) Chrome/119.0.6045.214 Safari/537.36"
216.244.66.236 - - [02/Sep/2026:12:30:03 -0700] "GET /athlete_form.cfm?CFID=e38f035b-d07c-4b25-b11a-773b146529a7&CFTOKEN=0 HTTP/1.1" 301 - "-" "Mozilla/5.0 (compatible; DotBot/1.2; +https://opensiteexplorer.org/dotbot; help@moz.com)"
34.206.249.188 - - [02/Sep/2026:12:30:05 -0700] "GET /wp-content/plugins/elementor/modules/landing-pages/admin-menu-items/?C=M;O%3DD HTTP/1.1" 200 1182 "-" "Mozilla/5.0 AppleWebKit/537.36 (KHTML, like Gecko; compatible; Amazonbot/0.1; +https://developer.amazon.com/support/amazonbot) Chrome/119.0.6045.214 Safari/537.36"
3.213.106.226 - - [02/Sep/2026:12:30:09 -0700] "GET /wp-content/plugins/elementor-pro/modules/mega-menu/widgets/?C=D;O%3DA HTTP/1.1" 200 938 "-" "Mozilla/5.0 AppleWebKit/537.36 (KHTML, like Gecko; compatible; Amazonbot/0.1; +https://developer.amazon.com/support/amazonbot) Chrome/119.0.6045.214 Safari/537.36"
216.244.66.236 - - [02/Sep/2026:12:30:12 -0700] "GET /athlete_form.cfm?CFID=e39c1218-63ae-486b-adfb-2d5dc9e1de9c&CFTOKEN=0 HTTP/1.1" 301 - "-" "Mozilla/5.0 (compatible; DotBot/1.2; +https://opensiteexplorer.org/dotbot; help@moz.com)"
52.200.93.170 - - [02/Sep/2026:12:30:13 -0700] "GET /wp-content/plugins/elementor/core/document-types/?C=D;O%3DD HTTP/1.1" 200 1253 "-" "Mozilla/5.0 AppleWebKit/537.36 (KHTML, like Gecko; compatible; Amazonbot/0.1; +https://developer.amazon.com/support/amazonbot) Chrome/119.0.6045.214 Safari/537.36"
52.73.6.26 - - [02/Sep/2026:12:30:17 -0700] "GET /wp-content/plugins/elementor-pro/vendor_prefixed/psr/container/?C=D;O%3DD HTTP/1.1" 200 1295 "-" "Mozilla/5.0 AppleWebKit/537.36 (KHTML, like Gecko; compatible; Amazonbot/0.1; +https://developer.amazon.com/support/amazonbot) Chrome/119.0.6045.214 Safari/537.36"
52.204.37.237 - - [02/Sep/2026:12:30:21 -0700] "GET /wp-content/plugins/elementor/assets/lib/eicons/fonts/?C=S;O%3DD HTTP/1.1" 200 1634 "-" "Mozilla/5.0 AppleWebKit/537.36 (KHTML, like Gecko; compatible; Amazonbot/0.1; +https://developer.amazon.com/support/amazonbot) Chrome/119.0.6045.214 Safari/537.36"
173.231.200.77 - - [02/Sep/2026:12:30:21 -0700] "POST /wp-cron.php?doing_wp_cron=1788377421.9877998828887939453125 HTTP/1.1" 200 - "-" "WordPress/7.1; https://usaigc.com"
216.244.66.236 - - [02/Sep/2026:12:30:21 -0700] "GET /athlete_form.cfm?CFID=e3ac9ef1-75f4-4edb-a24f-c32fbd0505ee&CFTOKEN=0 HTTP/1.1" 301 - "-" "Mozilla/5.0 (compatible; DotBot/1.2; +https://opensiteexplorer.org/dotbot; help@moz.com)"
44.197.76.210 - - [02/Sep/2026:12:30:27 -0700] "GET /wp-content/plugins/elementor/core/base/providers/?C=N;O%3DD HTTP/1.1" 200 923 "-" "Mozilla/5.0 AppleWebKit/537.36 (KHTML, like Gecko; compatible; Amazonbot/0.1; +https://developer.amazon.com/support/amazonbot) Chrome/119.0.6045.214 Safari/537.36"
35.169.119.108 - - [02/Sep/2026:12:30:29 -0700] "GET /wp-content/plugins/elementor/core/common/modules/?C=M;O%3DA HTTP/1.1" 200 1433 "-" "Mozilla/5.0 AppleWebKit/537.36 (KHTML, like Gecko; compatible; Amazonbot/0.1; +https://developer.amazon.com/support/amazonbot) Chrome/119.0.6045.214 Safari/537.36"
216.244.66.236 - - [02/Sep/2026:12:30:29 -0700] "GET /athlete_form.cfm?CFID=e3cd4210-491f-411e-aeed-b421a1088ac9&CFTOKEN=0 HTTP/1.1" 301 - "-" "Mozilla/5.0 (compatible; DotBot/1.2; +https://opensiteexplorer.org/dotbot; help@moz.com)"
216.244.66.236 - - [02/Sep/2026:12:30:36 -0700] "GET /athlete_form.cfm?CFID=e3ce370f-1ca1-4096-bc02-fb51b1759c75&CFTOKEN=0 HTTP/1.1" 301 - "-" "Mozilla/5.0 (compatible; DotBot/1.2; +https://opensiteexplorer.org/dotbot; help@moz.com)"
216.244.66.236 - - [02/Sep/2026:12:30:42 -0700] "GET /athlete_form.cfm?CFID=e3d6d8bd-0889-403f-a0c4-3add9f167ec2&CFTOKEN=0 HTTP/1.1" 301 - "-" "Mozilla/5.0 (compatible; DotBot/1.2; +https://opensiteexplorer.org/dotbot; help@moz.com)"
216.244.66.236 - - [02/Sep/2026:12:30:47 -0700] "GET /athlete_form.cfm?CFID=e3db2914-c4f0-4197-bcfa-f834ed435eb9&CFTOKEN=0 HTTP/1.1" 301 - "-" "Mozilla/5.0 (compatible; DotBot/1.2; +https://opensiteexplorer.org/dotbot; help@moz.com)"
3.210.29.96 - - [02/Sep/2026:12:30:52 -0700] "GET /wp-content/plugins/elementor/modules/nested-elements/base/widget-nested-base.php HTTP/1.1" 200 - "-" "Mozilla/5.0 AppleWebKit/537.36 (KHTML, like Gecko; compatible; Amazonbot/0.1; +https://developer.amazon.com/support/amazonbot) Chrome/119.0.6045.214 Safari/537.36"
216.244.66.236 - - [02/Sep/2026:12:30:53 -0700] "GET /athlete_form.cfm?CFID=e3dd1099-5275-4a9c-83b1-5be5513a4fc7&CFTOKEN=0 HTTP/1.1" 301 - "-" "Mozilla/5.0 (compatible; DotBot/1.2; +https://opensiteexplorer.org/dotbot; help@moz.com)"
173.231.200.77 - - [02/Sep/2026:12:30:57 -0700] "POST /wp-cron.php?doing_wp_cron=1788377457.6929190158843994140625 HTTP/1.1" 200 - "-" "WordPress/7.1; https://usaigc.com"
216.244.66.236 - - [02/Sep/2026:12:30:57 -0700] "GET /athlete_form.cfm?CFID=e3e6c7b5-590c-4b4d-bb90-dbc6cdc25394&CFTOKEN=0 HTTP/1.1" 301 - "-" "Mozilla/5.0 (compatible; DotBot/1.2; +https://opensiteexplorer.org/dotbot; help@moz.com)"
216.244.66.236 - - [02/Sep/2026:12:31:00 -0700] "GET /athlete_form.cfm?CFID=e4141cd2-3945-43fa-80bc-26eb2eb367ad&CFTOKEN=0 HTTP/1.1" 301 - "-" "Mozilla/5.0 (compatible; DotBot/1.2; +https://opensiteexplorer.org/dotbot; help@moz.com)"
216.244.66.236 - - [02/Sep/2026:12:31:03 -0700] "GET /athlete_form.cfm?CFID=e41dd888-a97a-4aba-a2bf-61f7191065d4&CFTOKEN=0 HTTP/1.1" 301 - "-" "Mozilla/5.0 (compatible; DotBot/1.2; +https://opensiteexplorer.org/dotbot; help@moz.com)"
216.244.66.236 - - [02/Sep/2026:12:31:05 -0700] "GET /athlete_form.cfm?CFID=e4240181-c878-4a4e-8d78-6e37d35f8dc2&CFTOKEN=0 HTTP/1.1" 301 - "-" "Mozilla/5.0 (compatible; DotBot/1.2; +https://opensiteexplorer.org/dotbot; help@moz.com)"
216.244.66.236 - - [02/Sep/2026:12:31:07 -0700] "GET /athlete_form.cfm?CFID=e4585202-6dce-474f-9a81-a75b92087b8e&CFTOKEN=0 HTTP/1.1" 301 - "-" "Mozilla/5.0 (compatible; DotBot/1.2; +https://opensiteexplorer.org/dotbot; help@moz.com)"
216.244.66.236 - - [02/Sep/2026:12:31:09 -0700] "GET /athlete_form.cfm?CFID=e45b9cad-65ab-434e-a3f8-59fd71604657&CFTOKEN=0 HTTP/1.1" 301 - "-" "Mozilla/5.0 (compatible; DotBot/1.2; +https://opensiteexplorer.org/dotbot; help@moz.com)"
216.244.66.236 - - [02/Sep/2026:12:31:10 -0700] "GET /athlete_form.cfm?CFID=e46cf8d1-b957-4fd5-9c94-507974c54590&CFTOKEN=0 HTTP/1.1" 301 - "-" "Mozilla/5.0 (compatible; DotBot/1.2; +https://opensiteexplorer.org/dotbot; help@moz.com)"
216.244.66.236 - - [02/Sep/2026:12:31:11 -0700] "GET /athlete_form.cfm?CFID=e48aa4cb-e3fe-4544-8de3-11fabb222af8&CFTOKEN=0 HTTP/1.1" 301 - "-" "Mozilla/5.0 (compatible; DotBot/1.2; +https://opensiteexplorer.org/dotbot; help@moz.com)"
216.244.66.236 - - [02/Sep/2026:12:31:13 -0700] "GET /athlete_form.cfm?CFID=e4a05895-c7e8-475f-bd16-b327a37a916e&CFTOKEN=0 HTTP/1.1" 301 - "-" "Mozilla/5.0 (compatible; DotBot/1.2; +https://opensiteexplorer.org/dotbot; help@moz.com)"
216.244.66.236 - - [02/Sep/2026:12:31:14 -0700] "GET /athlete_form.cfm?CFID=e4c1a5e4-e2c1-4ff3-bde3-b453e1e9316b&CFTOKEN=0 HTTP/1.1" 301 - "-" "Mozilla/5.0 (compatible; DotBot/1.2; +https://opensiteexplorer.org/dotbot; help@moz.com)"
216.244.66.236 - - [02/Sep/2026:12:31:14 -0700] "GET /athlete_form.cfm?CFID=e4d17e1f-a00b-4db1-a87d-8a13bc6a94b3&CFTOKEN=0 HTTP/1.1" 301 - "-" "Mozilla/5.0 (compatible; DotBot/1.2; +https://opensiteexplorer.org/dotbot; help@moz.com)"
216.244.66.236 - - [02/Sep/2026:12:31:15 -0700] "GET /athlete_form.cfm?CFID=e4e22702-fb66-49ee-a2e8-abefa820aed5&CFTOKEN=0 HTTP/1.1" 301 - "-" "Mozilla/5.0 (compatible; DotBot/1.2; +https://opensiteexplorer.org/dotbot; help@moz.com)"
216.244.66.236 - - [02/Sep/2026:12:31:16 -0700] "GET /athlete_form.cfm?CFID=e4ef5288-bf83-4020-a1ed-24c5f8592d40&CFTOKEN=0 HTTP/1.1" 301 - "-" "Mozilla/5.0 (compatible; DotBot/1.2; +https://opensiteexplorer.org/dotbot; help@moz.com)"
216.244.66.236 - - [02/Sep/2026:12:31:17 -0700] "GET /athlete_form.cfm?CFID=e4f64ebf-e983-4669-b5b5-c1688c92eddc&CFTOKEN=0 HTTP/1.1" 301 - "-" "Mozilla/5.0 (compatible; DotBot/1.2; +https://opensiteexplorer.org/dotbot; help@moz.com)"
216.244.66.236 - - [02/Sep/2026:12:31:18 -0700] "GET /athlete_form.cfm?CFID=e5064e81-0276-43ef-9cff-5cc2a5d9254b&CFTOKEN=0 HTTP/1.1" 301 - "-" "Mozilla/5.0 (compatible; DotBot/1.2; +https://opensiteexplorer.org/dotbot; help@moz.com)"
216.244.66.236 - - [02/Sep/2026:12:31:18 -0700] "GET /athlete_form.cfm?CFID=e50b313e-8e8c-46eb-9cce-bbcf6f07e029&CFTOKEN=0 HTTP/1.1" 301 - "-" "Mozilla/5.0 (compatible; DotBot/1.2; +https://opensiteexplorer.org/dotbot; help@moz.com)"
216.244.66.236 - - [02/Sep/2026:12:31:19 -0700] "GET /athlete_form.cfm?CFID=e53ad7a0-8685-4575-b6fd-92422c9fa277&CFTOKEN=0 HTTP/1.1" 301 - "-" "Mozilla/5.0 (compatible; DotBot/1.2; +https://opensiteexplorer.org/dotbot; help@moz.com)"
216.244.66.236 - - [02/Sep/2026:12:31:19 -0700] "GET /athlete_form.cfm?CFID=e53c8bbb-6b6d-48f1-b4bd-3894925277a7&CFTOKEN=0 HTTP/1.1" 301 - "-" "Mozilla/5.0 (compatible; DotBot/1.2; +https://opensiteexplorer.org/dotbot; help@moz.com)"
216.244.66.236 - - [02/Sep/2026:12:31:20 -0700] "GET /athlete_form.cfm?CFID=e55673bd-f9db-4733-85b2-3632409c7d0a&CFTOKEN=0 HTTP/1.1" 301 - "-" "Mozilla/5.0 (compatible; DotBot/1.2; +https://opensiteexplorer.org/dotbot; help@moz.com)"
173.231.200.77 - - [02/Sep/2026:12:31:21 -0700] "POST /wp-cron.php?doing_wp_cron=1788377481.4049439430236816406250 HTTP/1.1" 200 - "-" "WordPress/7.1; https://usaigc.com"
216.244.66.236 - - [02/Sep/2026:12:31:21 -0700] "GET /athlete_form.cfm?CFID=e557fa51-c6ca-4d4b-ba24-f4c16568c084&CFTOKEN=0 HTTP/1.1" 301 - "-" "Mozilla/5.0 (compatible; DotBot/1.2; +https://opensiteexplorer.org/dotbot; help@moz.com)"
216.244.66.236 - - [02/Sep/2026:12:31:21 -0700] "GET /athlete_form.cfm?CFID=e5595cea-6a5c-4d57-9405-2c340fb69a11&CFTOKEN=0 HTTP/1.1" 301 - "-" "Mozilla/5.0 (compatible; DotBot/1.2; +https://opensiteexplorer.org/dotbot; help@moz.com)"
216.244.66.236 - - [02/Sep/2026:12:31:22 -0700] "GET /athlete_form.cfm?CFID=e57af7d4-7d65-46fb-a5d1-f41b8fc6c4aa&CFTOKEN=0 HTTP/1.1" 301 - "-" "Mozilla/5.0 (compatible; DotBot/1.2; +https://opensiteexplorer.org/dotbot; help@moz.com)"
216.244.66.236 - - [02/Sep/2026:12:31:23 -0700] "GET /athlete_form.cfm?CFID=e58a8aba-44c2-4642-8e0e-9d5fac012a3f&CFTOKEN=0 HTTP/1.1" 301 - "-" "Mozilla/5.0 (compatible; DotBot/1.2; +https://opensiteexplorer.org/dotbot; help@moz.com)"
216.244.66.236 - - [02/Sep/2026:12:31:24 -0700] "GET /athlete_form.cfm?CFID=e594b09a-3160-49b0-a99a-30e8289f49cf&CFTOKEN=0 HTTP/1.1" 301 - "-" "Mozilla/5.0 (compatible; DotBot/1.2; +https://opensiteexplorer.org/dotbot; help@moz.com)"
216.244.66.236 - - [02/Sep/2026:12:31:24 -0700] "GET /athlete_form.cfm?CFID=e5b95eee-9344-4b75-b6d2-ed75f48ff061&CFTOKEN=0 HTTP/1.1" 301 - "-" "Mozilla/5.0 (compatible; DotBot/1.2; +https://opensiteexplorer.org/dotbot; help@moz.com)"
216.244.66.236 - - [02/Sep/2026:12:31:25 -0700] "GET /athlete_form.cfm?CFID=e5da2331-5854-44f3-8942-b8b629bafc63&CFTOKEN=0 HTTP/1.1" 301 - "-" "Mozilla/5.0 (compatible; DotBot/1.2; +https://opensiteexplorer.org/dotbot; help@moz.com)"
216.244.66.236 - - [02/Sep/2026:12:31:25 -0700] "GET /athlete_form.cfm?CFID=e5e767f7-544c-4528-9b8e-b04bb6da4e60&CFTOKEN=0 HTTP/1.1" 301 - "-" "Mozilla/5.0 (compatible; DotBot/1.2; +https://opensiteexplorer.org/dotbot; help@moz.com)"
216.244.66.236 - - [02/Sep/2026:12:31:26 -0700] "GET /athlete_form.cfm?CFID=e5fd4a2f-c255-47e6-9a73-81b12496b8f5&CFTOKEN=0 HTTP/1.1" 301 - "-" "Mozilla/5.0 (compatible; DotBot/1.2; +https://opensiteexplorer.org/dotbot; help@moz.com)"
216.244.66.236 - - [02/Sep/2026:12:31:26 -0700] "GET /athlete_form.cfm?CFID=e60c963b-c23b-4ab6-b8eb-27b3d7c81f1b&CFTOKEN=0 HTTP/1.1" 301 - "-" "Mozilla/5.0 (compatible; DotBot/1.2; +https://opensiteexplorer.org/dotbot; help@moz.com)"
216.244.66.236 - - [02/Sep/2026:12:31:28 -0700] "GET /athlete_form.cfm?CFID=e6169501-bc34-47b5-bd09-0ad5d8032021&CFTOKEN=0 HTTP/1.1" 301 - "-" "Mozilla/5.0 (compatible; DotBot/1.2; +https://opensiteexplorer.org/dotbot; help@moz.com)"
216.244.66.236 - - [02/Sep/2026:12:31:29 -0700] "GET /athlete_form.cfm?CFID=e61d2321-0f86-4294-bea0-35da0adfde69&CFTOKEN=0 HTTP/1.1" 301 - "-" "Mozilla/5.0 (compatible; DotBot/1.2; +https://opensiteexplorer.org/dotbot; help@moz.com)"
216.244.66.236 - - [02/Sep/2026:12:31:31 -0700] "GET /athlete_form.cfm?CFID=e649194a-19f0-4dac-b1eb-1b10aa49fb5c&CFTOKEN=0 HTTP/1.1" 301 - "-" "Mozilla/5.0 (compatible; DotBot/1.2; +https://opensiteexplorer.org/dotbot; help@moz.com)"
17.166.236.167 - - [02/Sep/2026:12:31:32 -0700] "GET /competition_scores.cfm?id=1936 HTTP/2.0" 301 - "-" "Mozilla/5.0 (Macintosh; Intel Mac OS X 10_15_7) AppleWebKit/605.1.15 (KHTML, like Gecko) Version/17.4 Safari/605.1.15 (Applebot/0.1; +http://www.apple.com/go/applebot)"
216.244.66.236 - - [02/Sep/2026:12:31:32 -0700] "GET /athlete_form.cfm?CFID=e6650d2d-9ebc-44d6-8b32-fd4bf1c9fead&CFTOKEN=0 HTTP/1.1" 301 - "-" "Mozilla/5.0 (compatible; DotBot/1.2; +https://opensiteexplorer.org/dotbot; help@moz.com)"
216.244.66.236 - - [02/Sep/2026:12:31:33 -0700] "GET /athlete_form.cfm?CFID=e68436cd-96ec-4a4b-b876-17d0b6739631&CFTOKEN=0 HTTP/1.1" 301 - "-" "Mozilla/5.0 (compatible; DotBot/1.2; +https://opensiteexplorer.org/dotbot; help@moz.com)"
17.166.233.199 - - [02/Sep/2026:12:31:33 -0700] "GET /competition_scores.cfm?id=1936 HTTP/2.0" 404 100631 "-" "Mozilla/5.0 (Macintosh; Intel Mac OS X 10_15_7) AppleWebKit/605.1.15 (KHTML, like Gecko) Version/17.4 Safari/605.1.15 (Applebot/0.1; +http://www.apple.com/go/applebot)"
216.244.66.236 - - [02/Sep/2026:12:31:37 -0700] "GET /athlete_form.cfm?CFID=e685e239-0792-4381-a463-9ce1d4bb9e00&CFTOKEN=0 HTTP/1.1" 301 - "-" "Mozilla/5.0 (compatible; DotBot/1.2; +https://opensiteexplorer.org/dotbot; help@moz.com)"
216.244.66.236 - - [02/Sep/2026:12:31:46 -0700] "GET /athlete_form.cfm?CFID=e68ae05d-77c7-4ddb-8cc6-a35bb831e0aa&CFTOKEN=0 HTTP/1.1" 301 - "-" "Mozilla/5.0 (compatible; DotBot/1.2; +https://opensiteexplorer.org/dotbot; help@moz.com)"
216.244.66.236 - - [02/Sep/2026:12:31:53 -0700] "GET /athlete_form.cfm?CFID=e6b4e034-af72-46dc-986a-d659d04ee6b4&CFTOKEN=0 HTTP/1.1" 301 - "-" "Mozilla/5.0 (compatible; DotBot/1.2; +https://opensiteexplorer.org/dotbot; help@moz.com)"
216.244.66.236 - - [02/Sep/2026:12:32:00 -0700] "GET /athlete_form.cfm?CFID=e6d8395d-3fb7-4023-99fc-2e8606117aa4&CFTOKEN=0 HTTP/1.1" 301 - "-" "Mozilla/5.0 (compatible; DotBot/1.2; +https://opensiteexplorer.org/dotbot; help@moz.com)"
216.244.66.236 - - [02/Sep/2026:12:32:05 -0700] "GET /athlete_form.cfm?CFID=e6e36519-8ddd-4a5e-89bc-0edbd745d2dc&CFTOKEN=0 HTTP/1.1" 301 - "-" "Mozilla/5.0 (compatible; DotBot/1.2; +https://opensiteexplorer.org/dotbot; help@moz.com)"
216.244.66.236 - - [02/Sep/2026:12:32:09 -0700] "GET /athlete_form.cfm?CFID=e6f5b8de-8edb-4741-9c53-92f0884ca463&CFTOKEN=0 HTTP/1.1" 301 - "-" "Mozilla/5.0 (compatible; DotBot/1.2; +https://opensiteexplorer.org/dotbot; help@moz.com)"
216.244.66.236 - - [02/Sep/2026:12:32:12 -0700] "GET /athlete_form.cfm?CFID=e6fe2136-dae8-49eb-90ca-0ecc08277ee5&CFTOKEN=0 HTTP/1.1" 301 - "-" "Mozilla/5.0 (compatible; DotBot/1.2; +https://opensiteexplorer.org/dotbot; help@moz.com)"
216.244.66.236 - - [02/Sep/2026:12:32:15 -0700] "GET /athlete_form.cfm?CFID=e7080217-dd9a-4b53-82c9-e5df7762c135&CFTOKEN=0 HTTP/1.1" 301 - "-" "Mozilla/5.0 (compatible; DotBot/1.2; +https://opensiteexplorer.org/dotbot; help@moz.com)"
216.244.66.236 - - [02/Sep/2026:12:32:17 -0700] "GET /athlete_form.cfm?CFID=e70a6cf4-5274-457e-a32a-e8f25ba6044d&CFTOKEN=0 HTTP/1.1" 301 - "-" "Mozilla/5.0 (compatible; DotBot/1.2; +https://opensiteexplorer.org/dotbot; help@moz.com)"
216.244.66.236 - - [02/Sep/2026:12:32:20 -0700] "GET /athlete_form.cfm?CFID=e7115281-5b1a-4cce-acd4-f49ae3fa8dce&CFTOKEN=0 HTTP/1.1" 301 - "-" "Mozilla/5.0 (compatible; DotBot/1.2; +https://opensiteexplorer.org/dotbot; help@moz.com)"
178.20.44.82 - - [02/Sep/2026:12:32:21 -0700] "GET /contact/ HTTP/1.0" 200 105204 "https://usaigc.com/contact/" "Mozilla/5.0 (Windows NT 10.0; Win64; x64) AppleWebKit/537.36 (KHTML, like Gecko) Chrome/129.0.0.0 Safari/537.36"
173.231.200.77 - - [02/Sep/2026:12:32:22 -0700] "POST /wp-cron.php?doing_wp_cron=1788377542.6709859371185302734375 HTTP/1.1" 200 - "-" "WordPress/7.1; https://usaigc.com"
216.244.66.236 - - [02/Sep/2026:12:32:22 -0700] "GET /athlete_form.cfm?CFID=e719c43e-44d7-4107-bbe1-e81717ac7c30&CFTOKEN=0 HTTP/1.1" 301 - "-" "Mozilla/5.0 (compatible; DotBot/1.2; +https://opensiteexplorer.org/dotbot; help@moz.com)"
178.20.44.82 - - [02/Sep/2026:12:32:23 -0700] "POST /wp-admin/admin-ajax.php HTTP/1.0" 200 184 "https://usaigc.com/contact/" "Mozilla/5.0 (Windows NT 10.0; Win64; x64) AppleWebKit/537.36 (KHTML, like Gecko) Chrome/129.0.0.0 Safari/537.36"
216.244.66.236 - - [02/Sep/2026:12:32:24 -0700] "GET /athlete_form.cfm?CFID=e721dcda-f472-4e13-9de7-4ac0793e246c&CFTOKEN=0 HTTP/1.1" 301 - "-" "Mozilla/5.0 (compatible; DotBot/1.2; +https://opensiteexplorer.org/dotbot; help@moz.com)"
216.244.66.236 - - [02/Sep/2026:12:32:27 -0700] "GET /athlete_form.cfm?CFID=e72e0b20-8190-4995-9cb0-c102a26e4fb7&CFTOKEN=0 HTTP/1.1" 301 - "-" "Mozilla/5.0 (compatible; DotBot/1.2; +https://opensiteexplorer.org/dotbot; help@moz.com)"
216.244.66.236 - - [02/Sep/2026:12:32:29 -0700] "GET /athlete_form.cfm?CFID=e756bfed-8542-4c9f-913c-153bc8772465&CFTOKEN=0 HTTP/1.1" 301 - "-" "Mozilla/5.0 (compatible; DotBot/1.2; +https://opensiteexplorer.org/dotbot; help@moz.com)"
216.244.66.236 - - [02/Sep/2026:12:32:31 -0700] "GET /athlete_form.cfm?CFID=e763d5be-e666-4b8e-9de6-a0f7f55abb1f&CFTOKEN=0 HTTP/1.1" 301 - "-" "Mozilla/5.0 (compatible; DotBot/1.2; +https://opensiteexplorer.org/dotbot; help@moz.com)"
