76.69.71.163 - - [02/Sep/2026:15:22:41 -0700] "GET /wp-content/uploads/hummingbird-assets/50af1be59aa3039895c1bca6caf65643.css HTTP/2.0" 200 52893 "https://usaigc.com/schedules/" "Mozilla/5.0 (iPhone; CPU iPhone OS 26_5_2 like Mac OS X) AppleWebKit/605.1.15 (KHTML, like Gecko) CriOS/152.0.7977.64 Mobile/15E148 Safari/604.1"
76.69.71.163 - - [02/Sep/2026:15:22:41 -0700] "GET /wp-content/uploads/hummingbird-assets/c61c6cd1ba1b0e9b76d5608ee5877c92.css HTTP/2.0" 200 503180 "https://usaigc.com/schedules/" "Mozilla/5.0 (iPhone; CPU iPhone OS 26_5_2 like Mac OS X) AppleWebKit/605.1.15 (KHTML, like Gecko) CriOS/152.0.7977.64 Mobile/15E148 Safari/604.1"
76.69.71.163 - - [02/Sep/2026:15:22:41 -0700] "GET /wp-content/uploads/hummingbird-assets/48f09a15f4bd0d21bcec84af82679a1a.js HTTP/2.0" 200 54915 "https://usaigc.com/schedules/" "Mozilla/5.0 (iPhone; CPU iPhone OS 26_5_2 like Mac OS X) AppleWebKit/605.1.15 (KHTML, like Gecko) CriOS/152.0.7977.64 Mobile/15E148 Safari/604.1"
76.69.71.163 - - [02/Sep/2026:15:22:41 -0700] "GET /wp-content/uploads/hummingbird-assets/2f84794cba3a036a9fc7b476e118fc2f.js HTTP/2.0" 200 52094 "https://usaigc.com/schedules/" "Mozilla/5.0 (iPhone; CPU iPhone OS 26_5_2 like Mac OS X) AppleWebKit/605.1.15 (KHTML, like Gecko) CriOS/152.0.7977.64 Mobile/15E148 Safari/604.1"
173.231.200.77 - - [02/Sep/2026:15:23:38 -0700] "POST /wp-cron.php?doing_wp_cron=1788387818.7720270156860351562500 HTTP/1.1" 200 - "-" "WordPress/7.1; https://usaigc.com"
51.68.236.73 - - [02/Sep/2026:15:23:38 -0700] "GET /robots.txt HTTP/1.1" 200 153 "-" "Mozilla/5.0 (compatible; MJ12bot/v2.0.5; http://mj12bot.com/)"
51.68.236.73 - - [02/Sep/2026:15:23:39 -0700] "GET / HTTP/1.1" 200 131156 "-" "Mozilla/5.0 (compatible; MJ12bot/v2.0.5; http://mj12bot.com/)"
51.81.169.119 - - [02/Sep/2026:15:24:36 -0700] "GET /sitemap.rss HTTP/2.0" 200 14383 "-" "Mozilla/5.0 (compatible; AhrefsBot/7.0; +http://ahrefs.com/robot/)"
173.231.200.77 - - [02/Sep/2026:15:27:22 -0700] "POST /wp-cron.php?doing_wp_cron=1788388042.3183629512786865234375 HTTP/1.1" 200 - "-" "WordPress/7.1; https://usaigc.com"
34.77.250.145 - - [02/Sep/2026:15:27:22 -0700] "GET /robots.txt HTTP/1.1" 200 153 "-" "Mozilla/5.0 (Macintosh; Intel Mac OS X 10.11; rv:52.0) Gecko/20100101 Firefox/52.0"
34.77.250.145 - - [02/Sep/2026:15:27:22 -0700] "GET / HTTP/1.1" 200 131156 "-" "Mozilla/5.0 (Macintosh; Intel Mac OS X 10.11; rv:52.0) Gecko/20100101 Firefox/52.0"
34.77.250.145 - - [02/Sep/2026:15:27:23 -0700] "GET / HTTP/1.1" 301 - "-" "Mozilla/5.0 (Macintosh; Intel Mac OS X 10.11; rv:52.0) Gecko/20100101 Firefox/52.0"
34.77.250.145 - - [02/Sep/2026:15:27:24 -0700] "GET /contact/ HTTP/1.1" 200 105204 "-" "Mozilla/5.0 (Macintosh; Intel Mac OS X 10.11; rv:52.0) Gecko/20100101 Firefox/52.0"
34.77.250.145 - - [02/Sep/2026:15:27:25 -0700] "GET /about HTTP/1.1" 301 - "-" "Mozilla/5.0 (Macintosh; Intel Mac OS X 10.11; rv:52.0) Gecko/20100101 Firefox/52.0"
34.77.250.145 - - [02/Sep/2026:15:27:25 -0700] "GET /about/ HTTP/1.1" 200 123653 "-" "Mozilla/5.0 (Macintosh; Intel Mac OS X 10.11; rv:52.0) Gecko/20100101 Firefox/52.0"
34.77.250.145 - - [02/Sep/2026:15:27:27 -0700] "GET /privacy-policy/ HTTP/1.1" 200 107150 "-" "Mozilla/5.0 (Macintosh; Intel Mac OS X 10.11; rv:52.0) Gecko/20100101 Firefox/52.0"
34.77.250.145 - - [02/Sep/2026:15:27:27 -0700] "GET /blog/ HTTP/1.1" 200 118042 "-" "Mozilla/5.0 (Macintosh; Intel Mac OS X 10.11; rv:52.0) Gecko/20100101 Firefox/52.0"
34.77.250.145 - - [02/Sep/2026:15:27:27 -0700] "GET /terms-conditions/ HTTP/1.1" 200 103942 "-" "Mozilla/5.0 (Macintosh; Intel Mac OS X 10.11; rv:52.0) Gecko/20100101 Firefox/52.0"
34.77.250.145 - - [02/Sep/2026:15:27:28 -0700] "GET /club-directory/ HTTP/1.1" 200 97709 "-" "Mozilla/5.0 (Macintosh; Intel Mac OS X 10.11; rv:52.0) Gecko/20100101 Firefox/52.0"
34.77.250.145 - - [02/Sep/2026:15:27:28 -0700] "GET /business-success/ HTTP/1.1" 200 124085 "-" "Mozilla/5.0 (Macintosh; Intel Mac OS X 10.11; rv:52.0) Gecko/20100101 Firefox/52.0"
34.77.250.145 - - [02/Sep/2026:15:27:28 -0700] "GET /crossfit/ HTTP/1.1" 200 104196 "-" "Mozilla/5.0 (Macintosh; Intel Mac OS X 10.11; rv:52.0) Gecko/20100101 Firefox/52.0"
34.77.250.145 - - [02/Sep/2026:15:27:29 -0700] "GET /documents-links/ HTTP/1.1" 200 108756 "-" "Mozilla/5.0 (Macintosh; Intel Mac OS X 10.11; rv:52.0) Gecko/20100101 Firefox/52.0"
34.77.250.145 - - [02/Sep/2026:15:27:29 -0700] "GET /education/ HTTP/1.1" 200 109495 "-" "Mozilla/5.0 (Macintosh; Intel Mac OS X 10.11; rv:52.0) Gecko/20100101 Firefox/52.0"
34.77.250.145 - - [02/Sep/2026:15:27:29 -0700] "GET /judges-pool/ HTTP/1.1" 200 166488 "-" "Mozilla/5.0 (Macintosh; Intel Mac OS X 10.11; rv:52.0) Gecko/20100101 Firefox/52.0"
34.77.250.145 - - [02/Sep/2026:15:27:29 -0700] "GET /membership/ HTTP/1.1" 200 121243 "-" "Mozilla/5.0 (Macintosh; Intel Mac OS X 10.11; rv:52.0) Gecko/20100101 Firefox/52.0"
34.77.250.145 - - [02/Sep/2026:15:27:29 -0700] "GET /partnership/ HTTP/1.1" 200 118105 "-" "Mozilla/5.0 (Macintosh; Intel Mac OS X 10.11; rv:52.0) Gecko/20100101 Firefox/52.0"
34.77.250.145 - - [02/Sep/2026:15:27:29 -0700] "GET /membership HTTP/1.1" 301 - "-" "Mozilla/5.0 (Macintosh; Intel Mac OS X 10.11; rv:52.0) Gecko/20100101 Firefox/52.0"
34.77.250.145 - - [02/Sep/2026:15:27:29 -0700] "GET /registration-faq/ HTTP/1.1" 200 108997 "-" "Mozilla/5.0 (Macintosh; Intel Mac OS X 10.11; rv:52.0) Gecko/20100101 Firefox/52.0"
34.77.250.145 - - [02/Sep/2026:15:27:29 -0700] "GET /rules-policies/ HTTP/1.1" 200 105790 "-" "Mozilla/5.0 (Macintosh; Intel Mac OS X 10.11; rv:52.0) Gecko/20100101 Firefox/52.0"
34.77.250.145 - - [02/Sep/2026:15:27:29 -0700] "GET /schedules/ HTTP/1.1" 200 99706 "-" "Mozilla/5.0 (Macintosh; Intel Mac OS X 10.11; rv:52.0) Gecko/20100101 Firefox/52.0"
34.77.250.145 - - [02/Sep/2026:15:27:29 -0700] "GET /2023/12/01/captivating-audiences-elevating-visual-appeal-and-social-media-presence/ HTTP/1.1" 200 114109 "-" "Mozilla/5.0 (Macintosh; Intel Mac OS X 10.11; rv:52.0) Gecko/20100101 Firefox/52.0"
34.77.250.145 - - [02/Sep/2026:15:27:29 -0700] "GET /2023/12/01/inspiring-excellence-showcasing-gymnastic-success-stories/ HTTP/1.1" 200 115846 "-" "Mozilla/5.0 (Macintosh; Intel Mac OS X 10.11; rv:52.0) Gecko/20100101 Firefox/52.0"
34.77.250.145 - - [02/Sep/2026:15:27:29 -0700] "GET /2023/12/01/member-engagement/ HTTP/1.1" 200 112371 "-" "Mozilla/5.0 (Macintosh; Intel Mac OS X 10.11; rv:52.0) Gecko/20100101 Firefox/52.0"
34.77.250.145 - - [02/Sep/2026:15:27:29 -0700] "GET /2023/12/01/personalizing-excellence-tailoring-programs-to-athletes/ HTTP/1.1" 200 113571 "-" "Mozilla/5.0 (Macintosh; Intel Mac OS X 10.11; rv:52.0) Gecko/20100101 Firefox/52.0"
34.77.250.145 - - [02/Sep/2026:15:27:29 -0700] "GET /2023/12/02/creating-lasting-memories-elevating-gymnastics-through-memorable-events/ HTTP/1.1" 200 114513 "-" "Mozilla/5.0 (Macintosh; Intel Mac OS X 10.11; rv:52.0) Gecko/20100101 Firefox/52.0"
34.77.250.145 - - [02/Sep/2026:15:27:30 -0700] "GET /2023/12/02/elevating-presence-strategic-collaborations-with-gymnastic-influencers/ HTTP/1.1" 200 114414 "-" "Mozilla/5.0 (Macintosh; Intel Mac OS X 10.11; rv:52.0) Gecko/20100101 Firefox/52.0"
34.77.250.145 - - [02/Sep/2026:15:27:30 -0700] "GET /2023/12/02/safe-progression-building-trust-through-emphasis-on-safety-and-progress/ HTTP/1.1" 200 114495 "-" "Mozilla/5.0 (Macintosh; Intel Mac OS X 10.11; rv:52.0) Gecko/20100101 Firefox/52.0"
34.77.250.145 - - [02/Sep/2026:15:27:30 -0700] "GET /2023/12/02/unity-in-diversity-creating-inclusive-gymnastics-programs-for-all-ages-and-levels/ HTTP/1.1" 200 114343 "-" "Mozilla/5.0 (Macintosh; Intel Mac OS X 10.11; rv:52.0) Gecko/20100101 Firefox/52.0"
34.77.250.145 - - [02/Sep/2026:15:27:30 -0700] "GET /wp-content/uploads/2023/12/Coaches-Background-Check-USAIGC-2024_.docx HTTP/1.1" 304 - "-" "Mozilla/5.0 (Macintosh; Intel Mac OS X 10.11; rv:52.0) Gecko/20100101 Firefox/52.0"
34.77.250.145 - - [02/Sep/2026:15:27:30 -0700] "GET /2023/12/01/ HTTP/1.1" 200 105764 "-" "Mozilla/5.0 (Macintosh; Intel Mac OS X 10.11; rv:52.0) Gecko/20100101 Firefox/52.0"
34.77.250.145 - - [02/Sep/2026:15:27:30 -0700] "GET /2023/12/02/ HTTP/1.1" 200 106145 "-" "Mozilla/5.0 (Macintosh; Intel Mac OS X 10.11; rv:52.0) Gecko/20100101 Firefox/52.0"
34.77.250.145 - - [02/Sep/2026:15:27:30 -0700] "GET /category/business-success-info/ HTTP/1.1" 200 111835 "-" "Mozilla/5.0 (Macintosh; Intel Mac OS X 10.11; rv:52.0) Gecko/20100101 Firefox/52.0"
34.77.250.145 - - [02/Sep/2026:15:27:31 -0700] "GET / HTTP/1.1" 200 131156 "-" "Python/3.11 aiohttp/3.14.3"
34.77.250.145 - - [02/Sep/2026:15:27:31 -0700] "GET / HTTP/1.1" 200 131156 "-" "Python/3.11 aiohttp/3.14.3"
34.77.250.145 - - [02/Sep/2026:15:27:32 -0700] "GET / HTTP/1.1" 200 114680 "-" "Python/3.11 aiohttp/3.14.3"
34.77.250.145 - - [02/Sep/2026:15:27:32 -0700] "GET /util/login.aspx HTTP/1.1" 404 100583 "-" "Mozilla/5.0 (Macintosh; Intel Mac OS X 10.11; rv:52.0) Gecko/20100101 Firefox/52.0"
34.77.250.145 - - [02/Sep/2026:15:27:32 -0700] "GET /install.php HTTP/1.1" 404 100543 "-" "Mozilla/5.0 (Macintosh; Intel Mac OS X 10.11; rv:52.0) Gecko/20100101 Firefox/52.0"
34.77.250.145 - - [02/Sep/2026:15:27:32 -0700] "GET /magento_version HTTP/1.1" 404 100575 "-" "Mozilla/5.0 (Macintosh; Intel Mac OS X 10.11; rv:52.0) Gecko/20100101 Firefox/52.0"
173.231.200.77 - - [02/Sep/2026:15:29:41 -0700] "POST /wp-cron.php?doing_wp_cron=1788388181.5482640266418457031250 HTTP/1.1" 200 - "-" "WordPress/7.1; https://usaigc.com"
136.144.19.221 - - [02/Sep/2026:15:29:41 -0700] "POST /wp-login.php HTTP/1.1" 200 7596 "-" "Mozilla/5.0"
173.231.200.77 - - [02/Sep/2026:15:32:00 -0700] "POST /wp-cron.php?doing_wp_cron=1788388320.2237839698791503906250 HTTP/1.1" 200 - "-" "WordPress/7.1; https://usaigc.com"
216.244.66.236 - - [02/Sep/2026:15:32:00 -0700] "GET /athlete_form.cfm?CFID=f755dd2c-dea6-4727-aeee-3518d24e8523&CFTOKEN=0 HTTP/1.1" 301 - "-" "Mozilla/5.0 (compatible; DotBot/1.2; +https://opensiteexplorer.org/dotbot; help@moz.com)"
216.244.66.236 - - [02/Sep/2026:15:32:09 -0700] "GET /athlete_form.cfm?CFID=f7662a33-b0bf-4d28-9568-546b59c04d8c&CFTOKEN=0 HTTP/1.1" 301 - "-" "Mozilla/5.0 (compatible; DotBot/1.2; +https://opensiteexplorer.org/dotbot; help@moz.com)"
216.244.66.236 - - [02/Sep/2026:15:32:19 -0700] "GET /athlete_form.cfm?CFID=f77c92d9-7a45-48ae-b8c4-8aaf590eb13f&CFTOKEN=0 HTTP/1.1" 301 - "-" "Mozilla/5.0 (compatible; DotBot/1.2; +https://opensiteexplorer.org/dotbot; help@moz.com)"
173.231.200.77 - - [02/Sep/2026:15:32:26 -0700] "POST /wp-cron.php?doing_wp_cron=1788388346.5405681133270263671875 HTTP/1.1" 200 - "-" "WordPress/7.1; https://usaigc.com"
216.244.66.236 - - [02/Sep/2026:15:32:26 -0700] "GET /athlete_form.cfm?CFID=f77c93ee-a68c-4f13-bda1-20c5786cce83&CFTOKEN=0 HTTP/1.1" 301 - "-" "Mozilla/5.0 (compatible; DotBot/1.2; +https://opensiteexplorer.org/dotbot; help@moz.com)"
216.244.66.236 - - [02/Sep/2026:15:32:32 -0700] "GET /athlete_form.cfm?CFID=f7abdce1-8473-4194-8f90-a33eabc56c1e&CFTOKEN=0 HTTP/1.1" 301 - "-" "Mozilla/5.0 (compatible; DotBot/1.2; +https://opensiteexplorer.org/dotbot; help@moz.com)"
216.244.66.236 - - [02/Sep/2026:15:32:40 -0700] "GET /athlete_form.cfm?CFID=f7b21ed9-d3f2-4f60-ba1f-d5ae61546513&CFTOKEN=0 HTTP/1.1" 301 - "-" "Mozilla/5.0 (compatible; DotBot/1.2; +https://opensiteexplorer.org/dotbot; help@moz.com)"
216.244.66.236 - - [02/Sep/2026:15:32:44 -0700] "GET /athlete_form.cfm?CFID=f7c9b06d-fbce-41cf-8ac9-c133bda9a1d9&CFTOKEN=0 HTTP/1.1" 301 - "-" "Mozilla/5.0 (compatible; DotBot/1.2; +https://opensiteexplorer.org/dotbot; help@moz.com)"
216.244.66.236 - - [02/Sep/2026:15:32:48 -0700] "GET /athlete_form.cfm?CFID=f7dd92cc-fd50-4560-ac7a-a7fe22a079ae&CFTOKEN=0 HTTP/1.1" 301 - "-" "Mozilla/5.0 (compatible; DotBot/1.2; +https://opensiteexplorer.org/dotbot; help@moz.com)"
216.244.66.236 - - [02/Sep/2026:15:32:51 -0700] "GET /athlete_form.cfm?CFID=f7e8f5a7-bb8b-4c5f-b435-f1a47d33fd06&CFTOKEN=0 HTTP/1.1" 301 - "-" "Mozilla/5.0 (compatible; DotBot/1.2; +https://opensiteexplorer.org/dotbot; help@moz.com)"
216.244.66.236 - - [02/Sep/2026:15:32:55 -0700] "GET /athlete_form.cfm?CFID=f7f92800-c7e1-477b-8434-081f78667236&CFTOKEN=0 HTTP/1.1" 301 - "-" "Mozilla/5.0 (compatible; DotBot/1.2; +https://opensiteexplorer.org/dotbot; help@moz.com)"
216.244.66.236 - - [02/Sep/2026:15:32:57 -0700] "GET /athlete_form.cfm?CFID=f80792a5-7a72-47c4-b16c-d92d82b3c37a&CFTOKEN=0 HTTP/1.1" 301 - "-" "Mozilla/5.0 (compatible; DotBot/1.2; +https://opensiteexplorer.org/dotbot; help@moz.com)"
216.244.66.236 - - [02/Sep/2026:15:32:59 -0700] "GET /athlete_form.cfm?CFID=f80c1875-2911-4f0a-8d5a-77e57d3d6bed&CFTOKEN=0 HTTP/1.1" 301 - "-" "Mozilla/5.0 (compatible; DotBot/1.2; +https://opensiteexplorer.org/dotbot; help@moz.com)"
216.244.66.236 - - [02/Sep/2026:15:33:02 -0700] "GET /athlete_form.cfm?CFID=f81ae182-f75b-42da-b576-9411ea49ffc5&CFTOKEN=0 HTTP/1.1" 301 - "-" "Mozilla/5.0 (compatible; DotBot/1.2; +https://opensiteexplorer.org/dotbot; help@moz.com)"
216.244.66.236 - - [02/Sep/2026:15:33:04 -0700] "GET /athlete_form.cfm?CFID=f820fc3d-12bd-473d-b231-aea8e22c614c&CFTOKEN=0 HTTP/1.1" 301 - "-" "Mozilla/5.0 (compatible; DotBot/1.2; +https://opensiteexplorer.org/dotbot; help@moz.com)"
216.244.66.236 - - [02/Sep/2026:15:33:05 -0700] "GET /athlete_form.cfm?CFID=f8292e85-82b5-44cc-8a19-54daa177de4a&CFTOKEN=0 HTTP/1.1" 301 - "-" "Mozilla/5.0 (compatible; DotBot/1.2; +https://opensiteexplorer.org/dotbot; help@moz.com)"
216.244.66.236 - - [02/Sep/2026:15:33:07 -0700] "GET /athlete_form.cfm?CFID=f834fa44-c6e8-48ed-9815-1f0fe2ef9fed&CFTOKEN=0 HTTP/1.1" 301 - "-" "Mozilla/5.0 (compatible; DotBot/1.2; +https://opensiteexplorer.org/dotbot; help@moz.com)"
216.244.66.236 - - [02/Sep/2026:15:33:09 -0700] "GET /athlete_form.cfm?CFID=f8654956-eac6-4705-b68d-eda81d81371a&CFTOKEN=0 HTTP/1.1" 301 - "-" "Mozilla/5.0 (compatible; DotBot/1.2; +https://opensiteexplorer.org/dotbot; help@moz.com)"
216.244.66.236 - - [02/Sep/2026:15:33:12 -0700] "GET /athlete_form.cfm?CFID=f88d721b-9bb8-4d9c-876c-2cea981de0a3&CFTOKEN=0 HTTP/1.1" 301 - "-" "Mozilla/5.0 (compatible; DotBot/1.2; +https://opensiteexplorer.org/dotbot; help@moz.com)"
216.244.66.236 - - [02/Sep/2026:15:33:14 -0700] "GET /athlete_form.cfm?CFID=f89f702b-9eea-47d4-a21a-0e91d6894c11&CFTOKEN=0 HTTP/1.1" 301 - "-" "Mozilla/5.0 (compatible; DotBot/1.2; +https://opensiteexplorer.org/dotbot; help@moz.com)"
216.244.66.236 - - [02/Sep/2026:15:33:15 -0700] "GET /athlete_form.cfm?CFID=f8b02971-edf2-4669-b759-d3fe147b328c&CFTOKEN=0 HTTP/1.1" 301 - "-" "Mozilla/5.0 (compatible; DotBot/1.2; +https://opensiteexplorer.org/dotbot; help@moz.com)"
216.244.66.236 - - [02/Sep/2026:15:33:18 -0700] "GET /athlete_form.cfm?CFID=f8bbcf55-b4a5-44ca-bb8d-ff4d69aca434&CFTOKEN=0 HTTP/1.1" 301 - "-" "Mozilla/5.0 (compatible; DotBot/1.2; +https://opensiteexplorer.org/dotbot; help@moz.com)"
173.231.200.77 - - [02/Sep/2026:15:33:21 -0700] "POST /wp-cron.php?doing_wp_cron=1788388401.0029098987579345703125 HTTP/1.1" 200 - "-" "WordPress/7.1; https://usaigc.com"
216.244.66.236 - - [02/Sep/2026:15:33:20 -0700] "GET /athlete_form.cfm?CFID=f8cec554-f6e4-4af2-af1c-8f39ca8060f5&CFTOKEN=0 HTTP/1.1" 301 - "-" "Mozilla/5.0 (compatible; DotBot/1.2; +https://opensiteexplorer.org/dotbot; help@moz.com)"
216.244.66.236 - - [02/Sep/2026:15:33:22 -0700] "GET /athlete_form.cfm?CFID=f8fe21f8-2684-40d2-a065-659fbd69e632&CFTOKEN=0 HTTP/1.1" 301 - "-" "Mozilla/5.0 (compatible; DotBot/1.2; +https://opensiteexplorer.org/dotbot; help@moz.com)"
216.244.66.236 - - [02/Sep/2026:15:33:25 -0700] "GET /athlete_form.cfm?CFID=f902876a-b950-4072-8d03-4b17e9414391&CFTOKEN=0 HTTP/1.1" 301 - "-" "Mozilla/5.0 (compatible; DotBot/1.2; +https://opensiteexplorer.org/dotbot; help@moz.com)"
216.244.66.236 - - [02/Sep/2026:15:33:26 -0700] "GET /athlete_form.cfm?CFID=f9068e55-b5dd-41cd-9cab-a7178d924e74&CFTOKEN=0 HTTP/1.1" 301 - "-" "Mozilla/5.0 (compatible; DotBot/1.2; +https://opensiteexplorer.org/dotbot; help@moz.com)"
216.244.66.236 - - [02/Sep/2026:15:33:32 -0700] "GET /athlete_form.cfm?CFID=f907f46f-a101-4f61-91ce-1626d21e2a13&CFTOKEN=0 HTTP/1.1" 301 - "-" "Mozilla/5.0 (compatible; DotBot/1.2; +https://opensiteexplorer.org/dotbot; help@moz.com)"
216.244.66.236 - - [02/Sep/2026:15:33:58 -0700] "GET /athlete_form.cfm?CFID=f90e9e12-5f8e-465f-93b7-2aa5e6b2286d&CFTOKEN=0 HTTP/1.1" 301 - "-" "Mozilla/5.0 (compatible; DotBot/1.2; +https://opensiteexplorer.org/dotbot; help@moz.com)"
173.231.200.77 - - [02/Sep/2026:15:34:29 -0700] "POST /wp-cron.php?doing_wp_cron=1788388469.5611650943756103515625 HTTP/1.1" 200 - "-" "WordPress/7.1; https://usaigc.com"
216.244.66.236 - - [02/Sep/2026:15:34:29 -0700] "GET /athlete_form.cfm?CFID=f921f87e-474f-4372-a337-f7fe282a452f&CFTOKEN=0 HTTP/1.1" 301 - "-" "Mozilla/5.0 (compatible; DotBot/1.2; +https://opensiteexplorer.org/dotbot; help@moz.com)"
216.244.66.236 - - [02/Sep/2026:15:34:59 -0700] "GET /athlete_form.cfm?CFID=f94e10eb-9b38-4b27-879c-b807f0d3403b&CFTOKEN=0 HTTP/1.1" 301 - "-" "Mozilla/5.0 (compatible; DotBot/1.2; +https://opensiteexplorer.org/dotbot; help@moz.com)"
173.231.200.77 - - [02/Sep/2026:15:35:27 -0700] "POST /wp-cron.php?doing_wp_cron=1788388527.5306560993194580078125 HTTP/1.1" 200 - "-" "WordPress/7.1; https://usaigc.com"
216.244.66.236 - - [02/Sep/2026:15:35:27 -0700] "GET /athlete_form.cfm?CFID=f95e0b02-77b6-46d0-9343-d355600ad360&CFTOKEN=0 HTTP/1.1" 301 - "-" "Mozilla/5.0 (compatible; DotBot/1.2; +https://opensiteexplorer.org/dotbot; help@moz.com)"
216.244.66.236 - - [02/Sep/2026:15:35:54 -0700] "GET /athlete_form.cfm?CFID=f974e800-7d2f-4b0d-9684-808e902d5e41&CFTOKEN=0 HTTP/1.1" 301 - "-" "Mozilla/5.0 (compatible; DotBot/1.2; +https://opensiteexplorer.org/dotbot; help@moz.com)"
173.231.200.77 - - [02/Sep/2026:15:36:21 -0700] "POST /wp-cron.php?doing_wp_cron=1788388581.3459799289703369140625 HTTP/1.1" 200 - "-" "WordPress/7.1; https://usaigc.com"
216.244.66.236 - - [02/Sep/2026:15:36:21 -0700] "GET /athlete_form.cfm?CFID=f97a9476-bb93-4138-ab20-708454af58e7&CFTOKEN=0 HTTP/1.1" 301 - "-" "Mozilla/5.0 (compatible; DotBot/1.2; +https://opensiteexplorer.org/dotbot; help@moz.com)"
103.156.2.162 - - [02/Sep/2026:15:36:36 -0700] "GET /competition/competition-procedures/ HTTP/1.1" 301 - "-" "Mozilla/5.0 (Windows NT 10.0; Win64; x64) AppleWebKit/537.36 (KHTML, like Gecko) Chrome/106.0.5249.119 Safari/537.36"
38.224.29.253 - - [02/Sep/2026:15:36:39 -0700] "GET /competition/competition-procedures/ HTTP/1.1" 404 100735 "-" "Mozilla/5.0 (Windows NT 10.0; Win64; x64) AppleWebKit/537.36 (KHTML, like Gecko) Chrome/106.0.5249.119 Safari/537.36"
44.215.210.112 - - [02/Sep/2026:15:36:49 -0700] "GET /wp-content/plugins/elementor/data/v2/base/exceptions/ HTTP/1.1" 200 1474 "-" "Mozilla/5.0 AppleWebKit/537.36 (KHTML, like Gecko; compatible; Amazonbot/0.1; +https://developer.amazon.com/support/amazonbot) Chrome/119.0.6045.214 Safari/537.36"
173.231.200.77 - - [02/Sep/2026:15:37:27 -0700] "POST /wp-cron.php?doing_wp_cron=1788388647.7245440483093261718750 HTTP/1.1" 200 - "-" "WordPress/7.1; https://usaigc.com"
216.244.66.236 - - [02/Sep/2026:15:37:26 -0700] "GET /athlete_form.cfm?CFID=f98937dc-2a6b-44f2-8a29-972d0f31f193&CFTOKEN=0 HTTP/1.1" 301 - "-" "Mozilla/5.0 (compatible; DotBot/1.2; +https://opensiteexplorer.org/dotbot; help@moz.com)"
216.24.219.212 - - [02/Sep/2026:15:37:33 -0700] "POST /wp-login.php HTTP/1.1" 200 7596 "-" "Mozilla/5.0"
83.217.213.120 - - [02/Sep/2026:15:37:57 -0700] "GET /classifieds_contact.cfm HTTP/1.0" 404 100639 "https://usaigc.com/classifieds_contact.cfm" "Mozilla/5.0 (Windows NT 10.0; Win64; x64) AppleWebKit/537.36 (KHTML, like Gecko) Chrome/130.0.0.0 Safari/537.36"
83.217.213.120 - - [02/Sep/2026:15:37:59 -0700] "GET /registration-faq/ HTTP/1.0" 200 108997 "https://usaigc.com/registration-faq/" "Mozilla/5.0 (Windows NT 10.0; Win64; x64) AppleWebKit/537.36 (KHTML, like Gecko) Chrome/130.0.0.0 Safari/537.36"
216.244.66.236 - - [02/Sep/2026:15:38:04 -0700] "GET /athlete_form.cfm?CFID=f9a6bc6e-ede8-4b92-a76a-c7ba1acdb4fa&CFTOKEN=0 HTTP/1.1" 301 - "-" "Mozilla/5.0 (compatible; DotBot/1.2; +https://opensiteexplorer.org/dotbot; help@moz.com)"
84.37.243.15 - - [02/Sep/2026:15:38:32 -0700] "GET /wp-content/uploads/2023/12/USAIGC-Warm-Up-Fall-Times-1-1.pdf HTTP/2.0" 200 92718 "-" "Mozilla/5.0 (Macintosh; Intel Mac OS X 10_15_7) AppleWebKit/605.1.15 (KHTML, like Gecko) Version/26.2 Safari/605.1.15"
189.46.78.201 - - [02/Sep/2026:15:38:32 -0700] "GET /wp-content/uploads/2023/12/USAIGC-Warm-Up-Fall-Times-1-1.pdf HTTP/2.0" 200 92718 "-" "Mozilla/5.0 (Macintosh; Intel Mac OS X 10_15_7) AppleWebKit/605.1.15 (KHTML, like Gecko) Version/26.2 Safari/605.1.15"
173.231.200.77 - - [02/Sep/2026:15:38:34 -0700] "POST /wp-cron.php?doing_wp_cron=1788388714.5834889411926269531250 HTTP/1.1" 200 - "-" "WordPress/7.1; https://usaigc.com"
216.244.66.236 - - [02/Sep/2026:15:38:34 -0700] "GET /athlete_form.cfm?CFID=f9b4ff2d-2754-43fc-81fa-cc376de28789&CFTOKEN=0 HTTP/1.1" 301 - "-" "Mozilla/5.0 (compatible; DotBot/1.2; +https://opensiteexplorer.org/dotbot; help@moz.com)"
31.56.252.144 - - [02/Sep/2026:15:38:36 -0700] "GET /wp-content/uploads/2023/12/USAIGC-Warm-Up-Fall-Times-1-1.pdf HTTP/2.0" 200 92718 "-" "Mozilla/5.0 (Macintosh; Intel Mac OS X 10_15_7) AppleWebKit/537.36 (KHTML, like Gecko) Chrome/142.0.0.0 Safari/537.36"
45.41.165.59 - - [02/Sep/2026:15:38:37 -0700] "GET /wp-content/uploads/2023/12/USAIGC-Warm-Up-Fall-Times-1-1.pdf HTTP/2.0" 200 92718 "-" "Mozilla/5.0 (Macintosh; Intel Mac OS X 10_15_7) AppleWebKit/537.36 (KHTML, like Gecko) Chrome/142.0.0.0 Safari/537.36"
193.47.62.167 - - [02/Sep/2026:15:38:59 -0700] "GET / HTTP/1.1" 200 131156 "-" "Mozilla/5.0 (Windows NT 10.0; Win64; x64) AppleWebKit/537.36 (KHTML, like Gecko) Chrome/126.0.0.0 Safari/537.36"
193.47.62.167 - - [02/Sep/2026:15:38:59 -0700] "GET /pscan-d1251db3-nonexistent.txt HTTP/1.1" 404 100695 "-" "Mozilla/5.0 (Windows NT 10.0; Win64; x64) AppleWebKit/537.36 (KHTML, like Gecko) Chrome/126.0.0.0 Safari/537.36"
193.47.62.167 - - [02/Sep/2026:15:39:00 -0700] "GET / HTTP/1.1" 200 131156 "-" "Mozilla/5.0 (Windows NT 10.0; Win64; x64) AppleWebKit/537.36 (KHTML, like Gecko) Chrome/126.0.0.0 Safari/537.36"
216.244.66.236 - - [02/Sep/2026:15:39:03 -0700] "GET /athlete_form.cfm?CFID=f9c38ba7-10e9-4763-bd30-054cb1755995&CFTOKEN=0 HTTP/1.1" 301 - "-" "Mozilla/5.0 (compatible; DotBot/1.2; +https://opensiteexplorer.org/dotbot; help@moz.com)"
128.201.79.221 - - [02/Sep/2026:15:39:05 -0700] "GET /wp-content/uploads/2023/12/USAIGC-Warm-Up-Fall-Times-1-1.pdf HTTP/2.0" 200 92718 "-" "Mozilla/5.0 (Macintosh; Intel Mac OS X 10_15_7) AppleWebKit/605.1.15 (KHTML, like Gecko) Version/26.2 Safari/605.1.15"
173.231.200.77 - - [02/Sep/2026:15:39:32 -0700] "POST /wp-cron.php?doing_wp_cron=1788388772.1048450469970703125000 HTTP/1.1" 200 - "-" "WordPress/7.1; https://usaigc.com"
193.47.62.167 - - [02/Sep/2026:15:39:31 -0700] "GET /%2eenv HTTP/1.1" 404 100503 "-" "Mozilla/5.0 (Windows NT 10.0; Win64; x64) AppleWebKit/537.36 (KHTML, like Gecko) Chrome/126.0.0.0 Safari/537.36"
216.244.66.236 - - [02/Sep/2026:15:39:32 -0700] "GET /athlete_form.cfm?CFID=f9c6378c-9ad0-48a0-9dd8-a5cc1f2fef25&CFTOKEN=0 HTTP/1.1" 301 - "-" "Mozilla/5.0 (compatible; DotBot/1.2; +https://opensiteexplorer.org/dotbot; help@moz.com)"
193.47.62.167 - - [02/Sep/2026:15:39:33 -0700] "GET /.env HTTP/1.1" 404 100487 "-" "Mozilla/5.0 (Windows NT 10.0; Win64; x64) AppleWebKit/537.36 (KHTML, like Gecko) Chrome/126.0.0.0 Safari/537.36"
193.47.62.167 - - [02/Sep/2026:15:39:34 -0700] "GET /phpinfo HTTP/1.1" 404 100511 "-" "Mozilla/5.0 (Windows NT 10.0; Win64; x64) AppleWebKit/537.36 (KHTML, like Gecko) Chrome/126.0.0.0 Safari/537.36"
193.47.62.167 - - [02/Sep/2026:15:39:35 -0700] "GET /api HTTP/1.1" 404 100479 "-" "Mozilla/5.0 (Windows NT 10.0; Win64; x64) AppleWebKit/537.36 (KHTML, like Gecko) Chrome/126.0.0.0 Safari/537.36"
193.47.62.167 - - [02/Sep/2026:15:39:36 -0700] "GET /%2f%2eenv HTTP/1.1" 404 100527 "-" "Mozilla/5.0 (Windows NT 10.0; Win64; x64) AppleWebKit/537.36 (KHTML, like Gecko) Chrome/126.0.0.0 Safari/537.36"
193.47.62.167 - - [02/Sep/2026:15:39:37 -0700] "GET /app HTTP/1.1" 404 100479 "-" "Mozilla/5.0 (Windows NT 10.0; Win64; x64) AppleWebKit/537.36 (KHTML, like Gecko) Chrome/126.0.0.0 Safari/537.36"
193.47.62.167 - - [02/Sep/2026:15:39:38 -0700] "GET /phpinfo.php HTTP/1.1" 404 100543 "-" "Mozilla/5.0 (Windows NT 10.0; Win64; x64) AppleWebKit/537.36 (KHTML, like Gecko) Chrome/126.0.0.0 Safari/537.36"
193.47.62.167 - - [02/Sep/2026:15:39:39 -0700] "GET /.env.example HTTP/1.1" 404 100551 "-" "Mozilla/5.0 (Windows NT 10.0; Win64; x64) AppleWebKit/537.36 (KHTML, like Gecko) Chrome/126.0.0.0 Safari/537.36"
216.244.66.236 - - [02/Sep/2026:15:40:00 -0700] "GET /athlete_form.cfm?CFID=f9cbef22-935f-4e55-878d-ea5c7b21a894&CFTOKEN=0 HTTP/1.1" 301 - "-" "Mozilla/5.0 (compatible; DotBot/1.2; +https://opensiteexplorer.org/dotbot; help@moz.com)"
173.231.200.77 - - [02/Sep/2026:15:40:26 -0700] "POST /wp-cron.php?doing_wp_cron=1788388826.7139630317687988281250 HTTP/1.1" 200 - "-" "WordPress/7.1; https://usaigc.com"
216.244.66.236 - - [02/Sep/2026:15:40:26 -0700] "GET /athlete_form.cfm?CFID=f9ececb0-f892-434e-ac3e-52d3257c2997&CFTOKEN=0 HTTP/1.1" 301 - "-" "Mozilla/5.0 (compatible; DotBot/1.2; +https://opensiteexplorer.org/dotbot; help@moz.com)"
138.226.28.36 - - [02/Sep/2026:15:40:27 -0700] "GET /membership HTTP/2.0" 301 - "-" "Mozilla/5.0 (Macintosh; Intel Mac OS X 10_15_7) AppleWebKit/537.36 (KHTML, like Gecko) Chrome/142.0.0.0 Safari/537.36"
138.226.23.34 - - [02/Sep/2026:15:40:27 -0700] "GET /membership/ HTTP/2.0" 200 121243 "-" "Mozilla/5.0 (Macintosh; Intel Mac OS X 10_15_7) AppleWebKit/537.36 (KHTML, like Gecko) Chrome/142.0.0.0 Safari/537.36"
23.239.184.128 - - [02/Sep/2026:15:40:27 -0700] "GET / HTTP/2.0" 200 131156 "-" "Mozilla/5.0 (Macintosh; Intel Mac OS X 10_15_7) AppleWebKit/537.36 (KHTML, like Gecko) Chrome/142.0.0.0 Safari/537.36"
173.160.47.173 - - [02/Sep/2026:15:40:37 -0700] "GET /favicon.ico HTTP/2.0" 302 - "-" "NetworkingExtension/8624.4.5.10.5 Network/5812.160.9 iOS/26.6"
173.160.47.173 - - [02/Sep/2026:15:40:37 -0700] "GET /apple-touch-icon.png HTTP/2.0" 404 100615 "-" "NetworkingExtension/8624.4.5.10.5 Network/5812.160.9 iOS/26.6"
173.160.47.173 - - [02/Sep/2026:15:40:37 -0700] "GET /apple-touch-icon-precomposed.png HTTP/2.0" 404 100711 "-" "NetworkingExtension/8624.4.5.10.5 Network/5812.160.9 iOS/26.6"
173.160.47.173 - - [02/Sep/2026:15:40:39 -0700] "GET /wp-content/uploads/2023/11/illustration-arrow-right-1.svg HTTP/2.0" 200 334 "-" "NetworkingExtension/8624.4.5.10.5 Network/5812.160.9 iOS/26.6"
216.244.66.236 - - [02/Sep/2026:15:40:51 -0700] "GET /athlete_form.cfm?CFID=f9f63681-07b0-4f6e-9314-0394609d1c72&CFTOKEN=0 HTTP/1.1" 301 - "-" "Mozilla/5.0 (compatible; DotBot/1.2; +https://opensiteexplorer.org/dotbot; help@moz.com)"
216.244.66.236 - - [02/Sep/2026:15:41:16 -0700] "GET /athlete_form.cfm?CFID=fa278a48-61fe-42c7-b1cb-72d563b19048&CFTOKEN=0 HTTP/1.1" 301 - "-" "Mozilla/5.0 (compatible; DotBot/1.2; +https://opensiteexplorer.org/dotbot; help@moz.com)"
173.160.47.173 - - [02/Sep/2026:15:40:37 -0700] "GET /wp-content/uploads/2025/09/USAIGC-RULES-POLICIES-2025-to-2026-FINAL-SEP-12-2025.pdf HTTP/2.0" 200 10602295 "-" "Mozilla/5.0 (Macintosh; Intel Mac OS X 10_11_1) AppleWebKit/601.2.4 (KHTML, like Gecko) Version/9.0.1 Safari/601.2.4 facebookexternalhit/1.1 Facebot Twitterbot/1.0"
173.231.200.77 - - [02/Sep/2026:15:41:42 -0700] "POST /wp-cron.php?doing_wp_cron=1788388902.0237119197845458984375 HTTP/1.1" 200 - "-" "WordPress/7.1; https://usaigc.com"
216.244.66.236 - - [02/Sep/2026:15:41:41 -0700] "GET /athlete_form.cfm?CFID=fa3c9c69-39c3-4a34-a9cd-07b692a76e8d&CFTOKEN=0 HTTP/1.1" 301 - "-" "Mozilla/5.0 (compatible; DotBot/1.2; +https://opensiteexplorer.org/dotbot; help@moz.com)"
216.244.66.236 - - [02/Sep/2026:15:42:04 -0700] "GET /athlete_form.cfm?CFID=fa6023e7-e5e2-42fb-829b-a5a9a5f570a2&CFTOKEN=0 HTTP/1.1" 301 - "-" "Mozilla/5.0 (compatible; DotBot/1.2; +https://opensiteexplorer.org/dotbot; help@moz.com)"
173.231.200.77 - - [02/Sep/2026:15:42:25 -0700] "POST /wp-cron.php?doing_wp_cron=1788388945.9890589714050292968750 HTTP/1.1" 200 - "-" "WordPress/7.1; https://usaigc.com"
216.244.66.236 - - [02/Sep/2026:15:42:25 -0700] "GET /athlete_form.cfm?CFID=fa61b6b0-93f5-4277-9526-eb048f9d723f&CFTOKEN=0 HTTP/1.1" 301 - "-" "Mozilla/5.0 (compatible; DotBot/1.2; +https://opensiteexplorer.org/dotbot; help@moz.com)"
216.244.66.236 - - [02/Sep/2026:15:42:47 -0700] "GET /athlete_form.cfm?CFID=fa72e452-3ad7-41d5-9894-cfb1a68c05ea&CFTOKEN=0 HTTP/1.1" 301 - "-" "Mozilla/5.0 (compatible; DotBot/1.2; +https://opensiteexplorer.org/dotbot; help@moz.com)"
75.117.254.188 - - [02/Sep/2026:15:42:56 -0700] "GET / HTTP/2.0" 200 131156 "-" "Mozilla/5.0 (iPhone; CPU iPhone OS 18_7 like Mac OS X) AppleWebKit/605.1.15 (KHTML, like Gecko) Version/26.5.2 Mobile/15E148 Safari/604.1"
75.117.254.188 - - [02/Sep/2026:15:42:57 -0700] "GET /wp-content/uploads/hummingbird-assets/2ab2ba5f7f136571c5f6707948e9760f.css HTTP/2.0" 200 24769 "https://usaigc.com/" "Mozilla/5.0 (iPhone; CPU iPhone OS 18_7 like Mac OS X) AppleWebKit/605.1.15 (KHTML, like Gecko) Version/26.5.2 Mobile/15E148 Safari/604.1"
75.117.254.188 - - [02/Sep/2026:15:42:57 -0700] "GET /wp-content/uploads/hummingbird-assets/6c6cd98a6cb254c81a352bc7957ad68a.css HTTP/2.0" 200 61458 "https://usaigc.com/" "Mozilla/5.0 (iPhone; CPU iPhone OS 18_7 like Mac OS X) AppleWebKit/605.1.15 (KHTML, like Gecko) Version/26.5.2 Mobile/15E148 Safari/604.1"
75.117.254.188 - - [02/Sep/2026:15:42:57 -0700] "GET /wp-content/uploads/elementor/css/post-11.css HTTP/2.0" 200 54362 "https://usaigc.com/" "Mozilla/5.0 (iPhone; CPU iPhone OS 18_7 like Mac OS X) AppleWebKit/605.1.15 (KHTML, like Gecko) Version/26.5.2 Mobile/15E148 Safari/604.1"
75.117.254.188 - - [02/Sep/2026:15:42:57 -0700] "GET /wp-content/uploads/hummingbird-assets/9a31db504563c009a94bb8252fcec2d0.js HTTP/2.0" 200 101173 "https://usaigc.com/" "Mozilla/5.0 (iPhone; CPU iPhone OS 18_7 like Mac OS X) AppleWebKit/605.1.15 (KHTML, like Gecko) Version/26.5.2 Mobile/15E148 Safari/604.1"
75.117.254.188 - - [02/Sep/2026:15:42:57 -0700] "GET /wp-content/uploads/hummingbird-assets/49cdf6bbd09e930c7fbd2377304dfc4e.css HTTP/2.0" 200 259089 "https://usaigc.com/" "Mozilla/5.0 (iPhone; CPU iPhone OS 18_7 like Mac OS X) AppleWebKit/605.1.15 (KHTML, like Gecko) Version/26.5.2 Mobile/15E148 Safari/604.1"
75.117.254.188 - - [02/Sep/2026:15:42:57 -0700] "GET /wp-content/uploads/hummingbird-assets/b4af289e0ca1ead096a59d802fe8b520.css HTTP/2.0" 200 310020 "https://usaigc.com/" "Mozilla/5.0 (iPhone; CPU iPhone OS 18_7 like Mac OS X) AppleWebKit/605.1.15 (KHTML, like Gecko) Version/26.5.2 Mobile/15E148 Safari/604.1"
75.117.254.188 - - [02/Sep/2026:15:42:57 -0700] "GET /wp-content/plugins/elementor/assets/lib/font-awesome/js/v4-shims.min.js HTTP/2.0" 200 15073 "https://usaigc.com/" "Mozilla/5.0 (iPhone; CPU iPhone OS 18_7 like Mac OS X) AppleWebKit/605.1.15 (KHTML, like Gecko) Version/26.5.2 Mobile/15E148 Safari/604.1"
75.117.254.188 - - [02/Sep/2026:15:42:57 -0700] "GET /wp-content/uploads/hummingbird-assets/f2015d7b263362243841ecbb23ab63b8.css HTTP/2.0" 200 37219 "https://usaigc.com/" "Mozilla/5.0 (iPhone; CPU iPhone OS 18_7 like Mac OS X) AppleWebKit/605.1.15 (KHTML, like Gecko) Version/26.5.2 Mobile/15E148 Safari/604.1"
75.117.254.188 - - [02/Sep/2026:15:42:57 -0700] "GET /wp-content/plugins/elementor/assets/js/webpack.runtime.min.js HTTP/2.0" 200 5350 "https://usaigc.com/" "Mozilla/5.0 (iPhone; CPU iPhone OS 18_7 like Mac OS X) AppleWebKit/605.1.15 (KHTML, like Gecko) Version/26.5.2 Mobile/15E148 Safari/604.1"
75.117.254.188 - - [02/Sep/2026:15:42:57 -0700] "GET /wp-content/uploads/hummingbird-assets/2d0fc86d08c0addc7f54a6a33ef11370.js HTTP/2.0" 200 10815 "https://usaigc.com/" "Mozilla/5.0 (iPhone; CPU iPhone OS 18_7 like Mac OS X) AppleWebKit/605.1.15 (KHTML, like Gecko) Version/26.5.2 Mobile/15E148 Safari/604.1"
75.117.254.188 - - [02/Sep/2026:15:42:57 -0700] "GET /wp-includes/js/jquery/ui/core.min.js HTTP/2.0" 200 18674 "https://usaigc.com/" "Mozilla/5.0 (iPhone; CPU iPhone OS 18_7 like Mac OS X) AppleWebKit/605.1.15 (KHTML, like Gecko) Version/26.5.2 Mobile/15E148 Safari/604.1"
75.117.254.188 - - [02/Sep/2026:15:42:57 -0700] "GET /wp-content/plugins/elementor/assets/js/frontend-modules.min.js HTTP/2.0" 200 59749 "https://usaigc.com/" "Mozilla/5.0 (iPhone; CPU iPhone OS 18_7 like Mac OS X) AppleWebKit/605.1.15 (KHTML, like Gecko) Version/26.5.2 Mobile/15E148 Safari/604.1"
75.117.254.188 - - [02/Sep/2026:15:42:57 -0700] "GET /wp-content/uploads/hummingbird-assets/67d2ab8eca88207793ca464316f15c10.js HTTP/2.0" 200 79037 "https://usaigc.com/" "Mozilla/5.0 (iPhone; CPU iPhone OS 18_7 like Mac OS X) AppleWebKit/605.1.15 (KHTML, like Gecko) Version/26.5.2 Mobile/15E148 Safari/604.1"
75.117.254.188 - - [02/Sep/2026:15:42:57 -0700] "GET /wp-content/uploads/hummingbird-assets/4f2f05e2bccbc74bfdc4d4a9af4df128.js HTTP/2.0" 200 84064 "https://usaigc.com/" "Mozilla/5.0 (iPhone; CPU iPhone OS 18_7 like Mac OS X) AppleWebKit/605.1.15 (KHTML, like Gecko) Version/26.5.2 Mobile/15E148 Safari/604.1"
75.117.254.188 - - [02/Sep/2026:15:42:57 -0700] "GET /wp-content/uploads/2023/11/shutterstock_1374593345-1536x768.jpg HTTP/2.0" 200 203824 "https://usaigc.com/" "Mozilla/5.0 (iPhone; CPU iPhone OS 18_7 like Mac OS X) AppleWebKit/605.1.15 (KHTML, like Gecko) Version/26.5.2 Mobile/15E148 Safari/604.1"
75.117.254.188 - - [02/Sep/2026:15:42:57 -0700] "GET /wp-content/plugins/elementor-pro/assets/js/webpack-pro.runtime.min.js HTTP/2.0" 200 6263 "https://usaigc.com/" "Mozilla/5.0 (iPhone; CPU iPhone OS 18_7 like Mac OS X) AppleWebKit/605.1.15 (KHTML, like Gecko) Version/26.5.2 Mobile/15E148 Safari/604.1"
75.117.254.188 - - [02/Sep/2026:15:42:57 -0700] "GET /wp-content/uploads/2020/12/PBSportzsoft-300x169-1-e1701549356217.png HTTP/2.0" 200 18957 "https://usaigc.com/" "Mozilla/5.0 (iPhone; CPU iPhone OS 18_7 like Mac OS X) AppleWebKit/605.1.15 (KHTML, like Gecko) Version/26.5.2 Mobile/15E148 Safari/604.1"
75.117.254.188 - - [02/Sep/2026:15:42:57 -0700] "GET /wp-content/uploads/2020/12/2024-SAFE-CLUB-1.png HTTP/2.0" 200 90507 "https://usaigc.com/" "Mozilla/5.0 (iPhone; CPU iPhone OS 18_7 like Mac OS X) AppleWebKit/605.1.15 (KHTML, like Gecko) Version/26.5.2 Mobile/15E148 Safari/604.1"
75.117.254.188 - - [02/Sep/2026:15:42:58 -0700] "GET /wp-content/plugins/elementor/assets/lib/eicons/fonts/eicons.woff2?5.35.0 HTTP/2.0" 200 98056 "https://usaigc.com/" "Mozilla/5.0 (iPhone; CPU iPhone OS 18_7 like Mac OS X) AppleWebKit/605.1.15 (KHTML, like Gecko) Version/26.5.2 Mobile/15E148 Safari/604.1"
75.117.254.188 - - [02/Sep/2026:15:42:58 -0700] "GET /wp-content/uploads/elementor/custom-icons/theme-icons/fonts/theme-icons.ttf?yox6f HTTP/2.0" 200 5924 "https://usaigc.com/" "Mozilla/5.0 (iPhone; CPU iPhone OS 18_7 like Mac OS X) AppleWebKit/605.1.15 (KHTML, like Gecko) Version/26.5.2 Mobile/15E148 Safari/604.1"
75.117.254.188 - - [02/Sep/2026:15:42:58 -0700] "GET /wp-content/plugins/elementor/assets/lib/font-awesome/webfonts/fa-brands-400.woff2 HTTP/2.0" 200 81612 "https://usaigc.com/" "Mozilla/5.0 (iPhone; CPU iPhone OS 18_7 like Mac OS X) AppleWebKit/605.1.15 (KHTML, like Gecko) Version/26.5.2 Mobile/15E148 Safari/604.1"
75.117.254.188 - - [02/Sep/2026:15:42:58 -0700] "GET /wp-content/plugins/elementor/assets/lib/font-awesome/webfonts/fa-solid-900.woff2 HTTP/2.0" 200 78196 "https://usaigc.com/" "Mozilla/5.0 (iPhone; CPU iPhone OS 18_7 like Mac OS X) AppleWebKit/605.1.15 (KHTML, like Gecko) Version/26.5.2 Mobile/15E148 Safari/604.1"
75.117.254.188 - - [02/Sep/2026:15:42:58 -0700] "GET /wp-content/themes/f7/vamtam/assets/js/low-priority.js HTTP/2.0" 200 1263 "https://usaigc.com/" "Mozilla/5.0 (iPhone; CPU iPhone OS 18_7 like Mac OS X) AppleWebKit/605.1.15 (KHTML, like Gecko) Version/26.5.2 Mobile/15E148 Safari/604.1"
75.117.254.188 - - [02/Sep/2026:15:42:58 -0700] "GET /wp-content/plugins/elementor/assets/lib/dialog/dialog.min.js?ver=4.9.3 HTTP/2.0" 200 11286 "https://usaigc.com/" "Mozilla/5.0 (iPhone; CPU iPhone OS 18_7 like Mac OS X) AppleWebKit/605.1.15 (KHTML, like Gecko) Version/26.5.2 Mobile/15E148 Safari/604.1"
75.117.254.188 - - [02/Sep/2026:15:42:58 -0700] "GET /wp-content/plugins/elementor-pro/assets/js/nav-menu.a23fbd67486c5bedf26c.bundle.min.js HTTP/2.0" 200 5282 "https://usaigc.com/" "Mozilla/5.0 (iPhone; CPU iPhone OS 18_7 like Mac OS X) AppleWebKit/605.1.15 (KHTML, like Gecko) Version/26.5.2 Mobile/15E148 Safari/604.1"
75.117.254.188 - - [02/Sep/2026:15:42:58 -0700] "GET /wp-content/plugins/elementor-pro/assets/js/animated-headline.588a0449647bd4f113f3.bundle.min.js HTTP/2.0" 200 7567 "https://usaigc.com/" "Mozilla/5.0 (iPhone; CPU iPhone OS 18_7 like Mac OS X) AppleWebKit/605.1.15 (KHTML, like Gecko) Version/26.5.2 Mobile/15E148 Safari/604.1"
75.117.254.188 - - [02/Sep/2026:15:42:58 -0700] "GET /wp-content/plugins/elementor/assets/js/text-editor.c084ef86600b6f11690d.bundle.min.js HTTP/2.0" 200 1394 "https://usaigc.com/" "Mozilla/5.0 (iPhone; CPU iPhone OS 18_7 like Mac OS X) AppleWebKit/605.1.15 (KHTML, like Gecko) Version/26.5.2 Mobile/15E148 Safari/604.1"
75.117.254.188 - - [02/Sep/2026:15:42:58 -0700] "GET /wp-content/plugins/elementor-pro/assets/js/media-carousel.afbaabb756a7c18ddb09.bundle.min.js HTTP/2.0" 200 7003 "https://usaigc.com/" "Mozilla/5.0 (iPhone; CPU iPhone OS 18_7 like Mac OS X) AppleWebKit/605.1.15 (KHTML, like Gecko) Version/26.5.2 Mobile/15E148 Safari/604.1"
75.117.254.188 - - [02/Sep/2026:15:42:58 -0700] "GET /wp-content/uploads/2021/03/Arrows-animation.json HTTP/2.0" 200 14916 "https://usaigc.com/" "Mozilla/5.0 (iPhone; CPU iPhone OS 18_7 like Mac OS X) AppleWebKit/605.1.15 (KHTML, like Gecko) Version/26.5.2 Mobile/15E148 Safari/604.1"
75.117.254.188 - - [02/Sep/2026:15:42:58 -0700] "GET /wp-content/plugins/instagram-feed/img/sbi-sprite.png HTTP/2.0" 200 3943 "https://usaigc.com/" "Mozilla/5.0 (iPhone; CPU iPhone OS 18_7 like Mac OS X) AppleWebKit/605.1.15 (KHTML, like Gecko) Version/26.5.2 Mobile/15E148 Safari/604.1"
216.244.66.236 - - [02/Sep/2026:15:43:06 -0700] "GET /athlete_form.cfm?CFID=fa819d7f-6b9c-49db-8da8-aef25a8a835e&CFTOKEN=0 HTTP/1.1" 301 - "-" "Mozilla/5.0 (compatible; DotBot/1.2; +https://opensiteexplorer.org/dotbot; help@moz.com)"
17.166.21.166 - - [02/Sep/2026:15:43:16 -0700] "GET /competition_scores.cfm?id=2042 HTTP/2.0" 301 - "-" "Mozilla/5.0 (Macintosh; Intel Mac OS X 10_15_7) AppleWebKit/605.1.15 (KHTML, like Gecko) Version/17.4 Safari/605.1.15 (Applebot/0.1; +http://www.apple.com/go/applebot)"
17.166.21.29 - - [02/Sep/2026:15:43:17 -0700] "GET /competition_scores.cfm?id=2042 HTTP/2.0" 404 100631 "-" "Mozilla/5.0 (Macintosh; Intel Mac OS X 10_15_7) AppleWebKit/605.1.15 (KHTML, like Gecko) Version/17.4 Safari/605.1.15 (Applebot/0.1; +http://www.apple.com/go/applebot)"
173.231.200.77 - - [02/Sep/2026:15:43:26 -0700] "POST /wp-cron.php?doing_wp_cron=1788389006.5420749187469482421875 HTTP/1.1" 200 - "-" "WordPress/7.1; https://usaigc.com"
216.244.66.236 - - [02/Sep/2026:15:43:26 -0700] "GET /athlete_form.cfm?CFID=fa897635-38bf-4ef5-be91-2ac7590dfe8f&CFTOKEN=0 HTTP/1.1" 301 - "-" "Mozilla/5.0 (compatible; DotBot/1.2; +https://opensiteexplorer.org/dotbot; help@moz.com)"
216.244.66.236 - - [02/Sep/2026:15:43:44 -0700] "GET /athlete_form.cfm?CFID=fa9a8ba0-34e6-4173-a8c5-4a123ed8981c&CFTOKEN=0 HTTP/1.1" 301 - "-" "Mozilla/5.0 (compatible; DotBot/1.2; +https://opensiteexplorer.org/dotbot; help@moz.com)"
216.244.66.236 - - [02/Sep/2026:15:44:00 -0700] "GET /athlete_form.cfm?CFID=fa9c102b-d459-463c-99cb-42eab11c78b6&CFTOKEN=0 HTTP/1.1" 301 - "-" "Mozilla/5.0 (compatible; DotBot/1.2; +https://opensiteexplorer.org/dotbot; help@moz.com)"
173.231.200.77 - - [02/Sep/2026:15:44:26 -0700] "POST /wp-cron.php?doing_wp_cron=1788389066.6437780857086181640625 HTTP/1.1" 200 - "-" "WordPress/7.1; https://usaigc.com"
51.68.111.238 - - [02/Sep/2026:15:44:26 -0700] "GET /robots.txt HTTP/1.1" 200 153 "-" "Mozilla/5.0 (compatible; MJ12bot/v2.0.5; http://mj12bot.com/)"
51.68.111.238 - - [02/Sep/2026:15:44:26 -0700] "GET / HTTP/1.1" 200 131156 "-" "Mozilla/5.0 (compatible; MJ12bot/v2.0.5; http://mj12bot.com/)"
136.144.19.225 - - [02/Sep/2026:15:44:54 -0700] "POST /wp-login.php HTTP/1.1" 200 7596 "-" "Mozilla/5.0"
216.244.66.236 - - [02/Sep/2026:15:44:56 -0700] "GET /athlete_form.cfm?CFID=faa2f685-58c9-4d39-a3d9-dd97cb7577ab&CFTOKEN=0 HTTP/1.1" 301 - "-" "Mozilla/5.0 (compatible; DotBot/1.2; +https://opensiteexplorer.org/dotbot; help@moz.com)"
173.231.200.77 - - [02/Sep/2026:15:45:25 -0700] "POST /wp-cron.php?doing_wp_cron=1788389125.6004300117492675781250 HTTP/1.1" 200 - "-" "WordPress/7.1; https://usaigc.com"
216.244.66.236 - - [02/Sep/2026:15:45:25 -0700] "GET /athlete_form.cfm?CFID=faabf0b6-2e25-474d-9b2f-3f6b47e4f54f&CFTOKEN=0 HTTP/1.1" 301 - "-" "Mozilla/5.0 (compatible; DotBot/1.2; +https://opensiteexplorer.org/dotbot; help@moz.com)"
216.244.66.236 - - [02/Sep/2026:15:45:53 -0700] "GET /athlete_form.cfm?CFID=fab4b660-cac7-4d52-82fc-aa932da724d8&CFTOKEN=0 HTTP/1.1" 301 - "-" "Mozilla/5.0 (compatible; DotBot/1.2; +https://opensiteexplorer.org/dotbot; help@moz.com)"
173.231.200.77 - - [02/Sep/2026:15:47:41 -0700] "POST /wp-cron.php?doing_wp_cron=1788389261.2068789005279541015625 HTTP/1.1" 200 - "-" "WordPress/7.1; https://usaigc.com"
216.244.66.236 - - [02/Sep/2026:15:47:41 -0700] "GET /athlete_form.cfm?CFID=fadbc919-a133-4fcd-9e9b-5f605c8ce92c&CFTOKEN=0 HTTP/1.1" 301 - "-" "Mozilla/5.0 (compatible; DotBot/1.2; +https://opensiteexplorer.org/dotbot; help@moz.com)"
216.244.66.236 - - [02/Sep/2026:15:48:11 -0700] "GET /athlete_form.cfm?CFID=fb0d5763-34dc-4327-b045-1c44061f6b74&CFTOKEN=0 HTTP/1.1" 301 - "-" "Mozilla/5.0 (compatible; DotBot/1.2; +https://opensiteexplorer.org/dotbot; help@moz.com)"
173.231.200.77 - - [02/Sep/2026:15:48:39 -0700] "POST /wp-cron.php?doing_wp_cron=1788389319.7502830028533935546875 HTTP/1.1" 200 - "-" "WordPress/7.1; https://usaigc.com"
216.244.66.236 - - [02/Sep/2026:15:48:39 -0700] "GET /athlete_form.cfm?CFID=fb58dad1-2368-46c0-ad33-0b48e0d34dd3&CFTOKEN=0 HTTP/1.1" 301 - "-" "Mozilla/5.0 (compatible; DotBot/1.2; +https://opensiteexplorer.org/dotbot; help@moz.com)"
17.166.151.6 - - [02/Sep/2026:15:48:57 -0700] "GET /competition_scores.cfm?id=1933 HTTP/2.0" 301 - "-" "Mozilla/5.0 (Macintosh; Intel Mac OS X 10_15_7) AppleWebKit/605.1.15 (KHTML, like Gecko) Version/17.4 Safari/605.1.15 (Applebot/0.1; +http://www.apple.com/go/applebot)"
17.166.153.15 - - [02/Sep/2026:15:48:59 -0700] "GET /competition_scores.cfm?id=1933 HTTP/2.0" 404 100631 "-" "Mozilla/5.0 (Macintosh; Intel Mac OS X 10_15_7) AppleWebKit/605.1.15 (KHTML, like Gecko) Version/17.4 Safari/605.1.15 (Applebot/0.1; +http://www.apple.com/go/applebot)"
216.244.66.236 - - [02/Sep/2026:15:49:10 -0700] "GET /athlete_form.cfm?CFID=fb5e1766-7049-4b7b-8473-fc51846fc892&CFTOKEN=0 HTTP/1.1" 301 - "-" "Mozilla/5.0 (compatible; DotBot/1.2; +https://opensiteexplorer.org/dotbot; help@moz.com)"
173.231.200.77 - - [02/Sep/2026:15:49:38 -0700] "POST /wp-cron.php?doing_wp_cron=1788389378.3707289695739746093750 HTTP/1.1" 200 - "-" "WordPress/7.1; https://usaigc.com"
216.244.66.236 - - [02/Sep/2026:15:49:38 -0700] "GET /athlete_form.cfm?CFID=fb6b41fb-617d-4fa3-a270-a2483d423a6d&CFTOKEN=0 HTTP/1.1" 301 - "-" "Mozilla/5.0 (compatible; DotBot/1.2; +https://opensiteexplorer.org/dotbot; help@moz.com)"
216.244.66.236 - - [02/Sep/2026:15:50:03 -0700] "GET /athlete_form.cfm?CFID=fbaa5eac-3b1b-4cba-964f-fa90550e3569&CFTOKEN=0 HTTP/1.1" 301 - "-" "Mozilla/5.0 (compatible; DotBot/1.2; +https://opensiteexplorer.org/dotbot; help@moz.com)"
173.231.200.77 - - [02/Sep/2026:15:50:27 -0700] "POST /wp-cron.php?doing_wp_cron=1788389427.9269099235534667968750 HTTP/1.1" 200 - "-" "WordPress/7.1; https://usaigc.com"
216.244.66.236 - - [02/Sep/2026:15:50:27 -0700] "GET /athlete_form.cfm?CFID=fbb09836-97be-49cb-b499-6977562de674&CFTOKEN=0 HTTP/1.1" 301 - "-" "Mozilla/5.0 (compatible; DotBot/1.2; +https://opensiteexplorer.org/dotbot; help@moz.com)"
216.244.66.236 - - [02/Sep/2026:15:50:52 -0700] "GET /athlete_form.cfm?CFID=fbd40567-ccdd-4d0d-9afe-21a3ac7b0311&CFTOKEN=0 HTTP/1.1" 301 - "-" "Mozilla/5.0 (compatible; DotBot/1.2; +https://opensiteexplorer.org/dotbot; help@moz.com)"
161.115.235.56 - - [02/Sep/2026:15:50:55 -0700] "GET / HTTP/2.0" 200 131156 "https://www.google.com" "Mozilla/5.0 (Windows NT 10.0; Win64; x64) AppleWebKit/537.36 (KHTML, like Gecko) Chrome/99.0.4844.51 Safari/537.36 Edg/99.0.1150.30"
216.73.216.77 - - [02/Sep/2026:15:50:57 -0700] "GET /robots.txt HTTP/2.0" 200 153 "-" "Mozilla/5.0 AppleWebKit/537.36 (KHTML, like Gecko; compatible; ClaudeBot/1.0; +claudebot@anthropic.com)"
216.73.216.77 - - [02/Sep/2026:15:50:57 -0700] "GET /sitemap.rss HTTP/2.0" 200 14383 "-" "Mozilla/5.0 AppleWebKit/537.36 (KHTML, like Gecko; compatible; ClaudeBot/1.0; +claudebot@anthropic.com)"
216.244.66.236 - - [02/Sep/2026:15:51:14 -0700] "GET /athlete_form.cfm?CFID=fbf44216-495e-4987-a07e-7bfab917b706&CFTOKEN=0 HTTP/1.1" 301 - "-" "Mozilla/5.0 (compatible; DotBot/1.2; +https://opensiteexplorer.org/dotbot; help@moz.com)"
173.231.200.77 - - [02/Sep/2026:15:51:25 -0700] "POST /wp-cron.php?doing_wp_cron=1788389485.3814439773559570312500 HTTP/1.1" 200 - "-" "WordPress/7.1; https://usaigc.com"
173.160.47.173 - - [02/Sep/2026:15:51:24 -0700] "GET /favicon.ico HTTP/2.0" 302 - "-" "NetworkingExtension/8624.4.5.10.5 Network/5812.160.9 iOS/26.6"
173.160.47.173 - - [02/Sep/2026:15:51:24 -0700] "GET /apple-touch-icon.png HTTP/2.0" 404 100615 "-" "NetworkingExtension/8624.4.5.10.5 Network/5812.160.9 iOS/26.6"
173.160.47.173 - - [02/Sep/2026:15:51:24 -0700] "GET /apple-touch-icon-precomposed.png HTTP/2.0" 404 100711 "-" "NetworkingExtension/8624.4.5.10.5 Network/5812.160.9 iOS/26.6"
173.160.47.173 - - [02/Sep/2026:15:51:28 -0700] "GET /wp-content/uploads/2023/11/illustration-arrow-right-1.svg HTTP/2.0" 200 334 "-" "NetworkingExtension/8624.4.5.10.5 Network/5812.160.9 iOS/26.6"
216.244.66.236 - - [02/Sep/2026:15:51:35 -0700] "GET /athlete_form.cfm?CFID=fc083b72-82a9-45f5-ac52-1bc2fa14be04&CFTOKEN=0 HTTP/1.1" 301 - "-" "Mozilla/5.0 (compatible; DotBot/1.2; +https://opensiteexplorer.org/dotbot; help@moz.com)"
173.160.47.173 - - [02/Sep/2026:15:51:24 -0700] "GET /wp-content/uploads/2025/09/USAIGC-RULES-POLICIES-2025-to-2026-FINAL-SEP-12-2025.pdf HTTP/2.0" 200 10602295 "-" "Mozilla/5.0 (Macintosh; Intel Mac OS X 10_11_1) AppleWebKit/601.2.4 (KHTML, like Gecko) Version/9.0.1 Safari/601.2.4 facebookexternalhit/1.1 Facebot Twitterbot/1.0"
216.244.66.236 - - [02/Sep/2026:15:51:56 -0700] "GET /athlete_form.cfm?CFID=fc3cf4e6-8dad-425f-a912-0dade27c76ae&CFTOKEN=0 HTTP/1.1" 301 - "-" "Mozilla/5.0 (compatible; DotBot/1.2; +https://opensiteexplorer.org/dotbot; help@moz.com)"
216.244.66.236 - - [02/Sep/2026:15:52:15 -0700] "GET /athlete_form.cfm?CFID=fc400056-5b30-4b82-ac96-8cd206d61f57&CFTOKEN=0 HTTP/1.1" 301 - "-" "Mozilla/5.0 (compatible; DotBot/1.2; +https://opensiteexplorer.org/dotbot; help@moz.com)"
216.24.219.195 - - [02/Sep/2026:15:52:15 -0700] "POST /wp-login.php HTTP/1.1" 200 7596 "-" "Mozilla/5.0"
92.118.39.52 - - [02/Sep/2026:15:52:16 -0700] "GET / HTTP/1.1" 200 131156 "-" "Mozilla/5.0 (Macintosh; Intel Mac OS X 10_15_7) AppleWebKit/605.1.15 (KHTML, like Gecko) Version/14.0 Safari/605.1.15"
173.231.200.77 - - [02/Sep/2026:15:52:33 -0700] "POST /wp-cron.php?doing_wp_cron=1788389553.7809209823608398437500 HTTP/1.1" 200 - "-" "WordPress/7.1; https://usaigc.com"
216.244.66.236 - - [02/Sep/2026:15:52:33 -0700] "GET /athlete_form.cfm?CFID=fc5463a5-79f6-452d-a24e-92d208b0e1fc&CFTOKEN=0 HTTP/1.1" 301 - "-" "Mozilla/5.0 (compatible; DotBot/1.2; +https://opensiteexplorer.org/dotbot; help@moz.com)"
216.244.66.236 - - [02/Sep/2026:15:52:50 -0700] "GET /athlete_form.cfm?CFID=fc5ce9f1-dab8-4ab1-b304-55559913a95f&CFTOKEN=0 HTTP/1.1" 301 - "-" "Mozilla/5.0 (compatible; DotBot/1.2; +https://opensiteexplorer.org/dotbot; help@moz.com)"
216.244.66.236 - - [02/Sep/2026:15:53:07 -0700] "GET /athlete_form.cfm?CFID=fc8db9b4-9233-49d6-8a90-24a2012f5cef&CFTOKEN=0 HTTP/1.1" 301 - "-" "Mozilla/5.0 (compatible; DotBot/1.2; +https://opensiteexplorer.org/dotbot; help@moz.com)"
57.131.131.17 - - [02/Sep/2026:15:53:15 -0700] "GET / HTTP/1.1" 200 131156 "-" "Mozilla/5.0 (iPhone; CPU iPhone OS 18_7 like Mac OS X) AppleWebKit/605.1.15 (KHTML, like Gecko) Version/27.0 Mobile/15E148 Safari/604.1"
173.231.200.77 - - [02/Sep/2026:15:53:22 -0700] "POST /wp-cron.php?doing_wp_cron=1788389602.7691009044647216796875 HTTP/1.1" 200 - "-" "WordPress/7.1; https://usaigc.com"
216.244.66.236 - - [02/Sep/2026:15:53:22 -0700] "GET /athlete_form.cfm?CFID=fc9f32df-ebd4-4c53-8bdf-b1447c01d622&CFTOKEN=0 HTTP/1.1" 301 - "-" "Mozilla/5.0 (compatible; DotBot/1.2; +https://opensiteexplorer.org/dotbot; help@moz.com)"
216.244.66.236 - - [02/Sep/2026:15:53:36 -0700] "GET /athlete_form.cfm?CFID=fca3b8fd-0fdc-465b-86f8-2c0d1487ad23&CFTOKEN=0 HTTP/1.1" 301 - "-" "Mozilla/5.0 (compatible; DotBot/1.2; +https://opensiteexplorer.org/dotbot; help@moz.com)"
216.244.66.236 - - [02/Sep/2026:15:53:50 -0700] "GET /athlete_form.cfm?CFID=fca7e40e-dafb-4abc-8990-4b9a7640d0e9&CFTOKEN=0 HTTP/1.1" 301 - "-" "Mozilla/5.0 (compatible; DotBot/1.2; +https://opensiteexplorer.org/dotbot; help@moz.com)"
216.73.216.77 - - [02/Sep/2026:15:53:50 -0700] "GET /sitemap.xml HTTP/2.0" 200 801 "-" "Mozilla/5.0 AppleWebKit/537.36 (KHTML, like Gecko; compatible; ClaudeBot/1.0; +claudebot@anthropic.com)"
216.244.66.236 - - [02/Sep/2026:15:54:04 -0700] "GET /athlete_form.cfm?CFID=fca854f6-5c24-4b5c-b407-e3120d2e7068&CFTOKEN=0 HTTP/1.1" 301 - "-" "Mozilla/5.0 (compatible; DotBot/1.2; +https://opensiteexplorer.org/dotbot; help@moz.com)"
216.244.66.236 - - [02/Sep/2026:15:54:16 -0700] "GET /athlete_form.cfm?CFID=fcb91c46-99ff-484b-ba33-c1b96efe1ca9&CFTOKEN=0 HTTP/1.1" 301 - "-" "Mozilla/5.0 (compatible; DotBot/1.2; +https://opensiteexplorer.org/dotbot; help@moz.com)"
