216.244.66.236 - - [02/Sep/2026:14:00:41 -0700] "GET /athlete_form.cfm?CFID=2092656&CFTOKEN=54f2f8bc11d3f2d5-3E5BAA47-EF8C-1621-6AE3FD26BC6956D0 HTTP/1.1" 301 - "-" "Mozilla/5.0 (compatible; DotBot/1.2; +https://opensiteexplorer.org/dotbot; help@moz.com)"
216.244.66.236 - - [02/Sep/2026:14:00:41 -0700] "GET /athlete_form.cfm?CFID=210248&CFTOKEN=2c3e433c786f988e-47547374-EF8C-1621-6AE365C9BBBE16C4 HTTP/1.1" 301 - "-" "Mozilla/5.0 (compatible; DotBot/1.2; +https://opensiteexplorer.org/dotbot; help@moz.com)"
62.60.130.198 - - [02/Sep/2026:14:00:42 -0700] "GET /wp-includes/PHPMailer/OAuthTokenProvider.php HTTP/1.1" 200 - "binance.com" "Mozilla/5.0 (Windows NT 10.0; Win64; x64) AppleWebKit/537.36 (KHTML, like Gecko) Chrome/90.0.4430.85 Safari/537.36"
216.244.66.236 - - [02/Sep/2026:14:00:43 -0700] "GET /athlete_form.cfm?CFID=211006&CFTOKEN=7687dad912904d9b-4A21855A-EF8C-1621-6AE5B44583A5BDA2 HTTP/1.1" 301 - "-" "Mozilla/5.0 (compatible; DotBot/1.2; +https://opensiteexplorer.org/dotbot; help@moz.com)"
216.244.66.236 - - [02/Sep/2026:14:00:44 -0700] "GET /athlete_form.cfm?CFID=2118014&CFTOKEN=be6b1eef0a431994-9F6D2E4F-EF8C-1621-6AE4D1D55AB47A2B HTTP/1.1" 301 - "-" "Mozilla/5.0 (compatible; DotBot/1.2; +https://opensiteexplorer.org/dotbot; help@moz.com)"
216.244.66.236 - - [02/Sep/2026:14:00:45 -0700] "GET /athlete_form.cfm?CFID=2118047&CFTOKEN=a22176cfdd8c5369-9F6EF4A2-EF8C-1621-6AE2EB680C4FD7C9 HTTP/1.1" 301 - "-" "Mozilla/5.0 (compatible; DotBot/1.2; +https://opensiteexplorer.org/dotbot; help@moz.com)"
216.244.66.236 - - [02/Sep/2026:14:00:46 -0700] "GET /athlete_form.cfm?CFID=2118181&CFTOKEN=ea200cfe0aa6e127-9F7733E4-EF8C-1621-6AE10C18686D5E5F HTTP/1.1" 301 - "-" "Mozilla/5.0 (compatible; DotBot/1.2; +https://opensiteexplorer.org/dotbot; help@moz.com)"
216.244.66.236 - - [02/Sep/2026:14:00:46 -0700] "GET /athlete_form.cfm?CFID=2118209&CFTOKEN=4e106492140b3b39-9F795713-EF8C-1621-6AE5E5063E1FD9FB HTTP/1.1" 301 - "-" "Mozilla/5.0 (compatible; DotBot/1.2; +https://opensiteexplorer.org/dotbot; help@moz.com)"
216.244.66.236 - - [02/Sep/2026:14:00:47 -0700] "GET /athlete_form.cfm?CFID=2118214&CFTOKEN=2d5d81b3469dc67f-9F79BFE5-EF8C-1621-6AE6C19AB10751DB HTTP/1.1" 301 - "-" "Mozilla/5.0 (compatible; DotBot/1.2; +https://opensiteexplorer.org/dotbot; help@moz.com)"
216.244.66.236 - - [02/Sep/2026:14:00:48 -0700] "GET /athlete_form.cfm?CFID=2120275&CFTOKEN=bc5ae8dab6a77381-A6EB0273-EF8C-1621-6AE252EA6BCA2907 HTTP/1.1" 301 - "-" "Mozilla/5.0 (compatible; DotBot/1.2; +https://opensiteexplorer.org/dotbot; help@moz.com)"
216.244.66.236 - - [02/Sep/2026:14:00:48 -0700] "GET /athlete_form.cfm?CFID=2121671&CFTOKEN=6b716a55c745157b-AE5FBBE7-EF8C-1621-6AE2F65CD6503747 HTTP/1.1" 301 - "-" "Mozilla/5.0 (compatible; DotBot/1.2; +https://opensiteexplorer.org/dotbot; help@moz.com)"
216.244.66.236 - - [02/Sep/2026:14:00:50 -0700] "GET /athlete_form.cfm?CFID=2122411&CFTOKEN=135946bcd8a41367-B15529EF-EF8C-1621-6AEB1A39E3490C4C HTTP/1.1" 301 - "-" "Mozilla/5.0 (compatible; DotBot/1.2; +https://opensiteexplorer.org/dotbot; help@moz.com)"
216.244.66.236 - - [02/Sep/2026:14:00:51 -0700] "GET /athlete_form.cfm?CFID=2122717&CFTOKEN=946fb49be74623b2-B2F0C026-EF8C-1621-6AEDD02A9C74993C HTTP/1.1" 301 - "-" "Mozilla/5.0 (compatible; DotBot/1.2; +https://opensiteexplorer.org/dotbot; help@moz.com)"
216.244.66.236 - - [02/Sep/2026:14:00:54 -0700] "GET /athlete_form.cfm?CFID=2124538&CFTOKEN=b576080f0d962323-B8FD3DA7-EF8C-1621-6AE2A45D5858A9BC HTTP/1.1" 301 - "-" "Mozilla/5.0 (compatible; DotBot/1.2; +https://opensiteexplorer.org/dotbot; help@moz.com)"
216.244.66.236 - - [02/Sep/2026:14:00:55 -0700] "GET /athlete_form.cfm?CFID=2124548&CFTOKEN=5c55ac35da07ba39-B8FDEBCC-EF8C-1621-6AE43A51FF0A3904 HTTP/1.1" 301 - "-" "Mozilla/5.0 (compatible; DotBot/1.2; +https://opensiteexplorer.org/dotbot; help@moz.com)"
62.60.130.198 - - [02/Sep/2026:14:00:55 -0700] "GET /wp-includes/PHPMailer/POP3.php HTTP/1.1" 200 - "binance.com" "Mozilla/5.0 (Windows NT 10.0; Win64; x64) AppleWebKit/537.36 (KHTML, like Gecko) Chrome/90.0.4430.85 Safari/537.36"
216.244.66.236 - - [02/Sep/2026:14:00:56 -0700] "GET /athlete_form.cfm?CFID=2124957&CFTOKEN=603b1ac0b1036d7a-BA7997D7-EF8C-1621-6AEE364662F42318 HTTP/1.1" 301 - "-" "Mozilla/5.0 (compatible; DotBot/1.2; +https://opensiteexplorer.org/dotbot; help@moz.com)"
216.244.66.236 - - [02/Sep/2026:14:00:57 -0700] "GET /athlete_form.cfm?CFID=2125748&CFTOKEN=5da95d30aa871eb8-BBF2A87F-EF8C-1621-6AE54BA81940E63A HTTP/1.1" 301 - "-" "Mozilla/5.0 (compatible; DotBot/1.2; +https://opensiteexplorer.org/dotbot; help@moz.com)"
216.244.66.236 - - [02/Sep/2026:14:00:58 -0700] "GET /athlete_form.cfm?CFID=2125771&CFTOKEN=263335167001ef14-BBF3FC24-EF8C-1621-6AE6C3F357438000 HTTP/1.1" 301 - "-" "Mozilla/5.0 (compatible; DotBot/1.2; +https://opensiteexplorer.org/dotbot; help@moz.com)"
216.244.66.236 - - [02/Sep/2026:14:00:59 -0700] "GET /athlete_form.cfm?CFID=2125784&CFTOKEN=47b14361bedccae4-BBF4C14D-EF8C-1621-6AEEE437EEF909A9 HTTP/1.1" 301 - "-" "Mozilla/5.0 (compatible; DotBot/1.2; +https://opensiteexplorer.org/dotbot; help@moz.com)"
216.244.66.236 - - [02/Sep/2026:14:01:00 -0700] "GET /athlete_form.cfm?CFID=2126303&CFTOKEN=a58e7febefd293d3-BD6E2BCA-EF8C-1621-6AEEAA0CA4730EC6 HTTP/1.1" 301 - "-" "Mozilla/5.0 (compatible; DotBot/1.2; +https://opensiteexplorer.org/dotbot; help@moz.com)"
216.244.66.236 - - [02/Sep/2026:14:01:01 -0700] "GET /athlete_form.cfm?CFID=2126475&CFTOKEN=d094b8896490de5c-BD78C103-EF8C-1621-6AE168D78C58F9B3 HTTP/1.1" 301 - "-" "Mozilla/5.0 (compatible; DotBot/1.2; +https://opensiteexplorer.org/dotbot; help@moz.com)"
216.244.66.236 - - [02/Sep/2026:14:01:02 -0700] "GET /athlete_form.cfm?CFID=2126695&CFTOKEN=ad38a1b0e4436d96-BEC959DD-EF8C-1621-6AEA9FE5F817F253 HTTP/1.1" 301 - "-" "Mozilla/5.0 (compatible; DotBot/1.2; +https://opensiteexplorer.org/dotbot; help@moz.com)"
216.244.66.236 - - [02/Sep/2026:14:01:02 -0700] "GET /athlete_form.cfm?CFID=2126788&CFTOKEN=49c299f86c3de68f-BECEB7B0-EF8C-1621-6AE2C7E74ACC6F69 HTTP/1.1" 301 - "-" "Mozilla/5.0 (compatible; DotBot/1.2; +https://opensiteexplorer.org/dotbot; help@moz.com)"
216.244.66.236 - - [02/Sep/2026:14:01:04 -0700] "GET /athlete_form.cfm?CFID=2126820&CFTOKEN=3b3c4de475743e2d-BED09B59-EF8C-1621-6AE1089E75E63A2A HTTP/1.1" 301 - "-" "Mozilla/5.0 (compatible; DotBot/1.2; +https://opensiteexplorer.org/dotbot; help@moz.com)"
216.244.66.236 - - [02/Sep/2026:14:01:06 -0700] "GET /athlete_form.cfm?CFID=2127288&CFTOKEN=bd9667cfad495782-C060A2C1-EF8C-1621-6AE06FC19381F1E4 HTTP/1.1" 301 - "-" "Mozilla/5.0 (compatible; DotBot/1.2; +https://opensiteexplorer.org/dotbot; help@moz.com)"
159.69.206.158 - - [02/Sep/2026:14:01:07 -0700] "GET /wp-sitemap.xml HTTP/1.1" 302 - "-" "Mozilla/5.0 (Linux; Android 10; K) AppleWebKit/537.36 (KHTML, like Gecko) Chrome/135.0.0.0 Mobile Safari/537.36"
216.244.66.236 - - [02/Sep/2026:14:01:08 -0700] "GET /athlete_form.cfm?CFID=2127476&CFTOKEN=a2549f81e74f42aa-C1DA400B-EF8C-1621-6AEB32720BDDE112 HTTP/1.1" 301 - "-" "Mozilla/5.0 (compatible; DotBot/1.2; +https://opensiteexplorer.org/dotbot; help@moz.com)"
159.69.206.158 - - [02/Sep/2026:14:01:08 -0700] "GET /sitemap.xml HTTP/1.1" 200 800 "-" "Mozilla/5.0 (Linux; Android 10; K) AppleWebKit/537.36 (KHTML, like Gecko) Chrome/135.0.0.0 Mobile Safari/537.36"
159.69.206.158 - - [02/Sep/2026:14:01:08 -0700] "GET /post-sitemap.xml HTTP/1.1" 200 3841 "-" "Mozilla/5.0 (iPhone; CPU iPhone OS 18_3_2 like Mac OS X) AppleWebKit/605.1.15 (KHTML, like Gecko) Version/18.3.1 Mobile/15E148 Safari/604.1"
216.244.66.236 - - [02/Sep/2026:14:01:09 -0700] "GET /athlete_form.cfm?CFID=2127613&CFTOKEN=faaa8e9971766333-C1E2EAED-EF8C-1621-6AEC1AE754F5F65F HTTP/1.1" 301 - "-" "Mozilla/5.0 (compatible; DotBot/1.2; +https://opensiteexplorer.org/dotbot; help@moz.com)"
216.244.66.236 - - [02/Sep/2026:14:01:10 -0700] "GET /athlete_form.cfm?CFID=2127997&CFTOKEN=e6766eda43dd8538-C36AD6A6-EF8C-1621-6AEE0845E400A7E7 HTTP/1.1" 301 - "-" "Mozilla/5.0 (compatible; DotBot/1.2; +https://opensiteexplorer.org/dotbot; help@moz.com)"
62.60.130.198 - - [02/Sep/2026:14:01:11 -0700] "GET /wp-includes/Text/ HTTP/1.1" 200 1340 "binance.com" "Mozilla/5.0 (Windows NT 10.0; Win64; x64) AppleWebKit/537.36 (KHTML, like Gecko) Chrome/90.0.4430.85 Safari/537.36"
216.244.66.236 - - [02/Sep/2026:14:01:11 -0700] "GET /athlete_form.cfm?CFID=2128080&CFTOKEN=2c45074ba62af9b4-C36F2A89-EF8C-1621-6AE635E0B91AF8F4 HTTP/1.1" 301 - "-" "Mozilla/5.0 (compatible; DotBot/1.2; +https://opensiteexplorer.org/dotbot; help@moz.com)"
216.244.66.236 - - [02/Sep/2026:14:01:12 -0700] "GET /athlete_form.cfm?CFID=2128351&CFTOKEN=35927e5df8c87c52-C4EEFD39-EF8C-1621-6AE3EB7825EE574E HTTP/1.1" 301 - "-" "Mozilla/5.0 (compatible; DotBot/1.2; +https://opensiteexplorer.org/dotbot; help@moz.com)"
216.244.66.236 - - [02/Sep/2026:14:01:13 -0700] "GET /athlete_form.cfm?CFID=2128554&CFTOKEN=56d587c1cb74df76-C4FD3BEC-EF8C-1621-6AEBC4A18D07674F HTTP/1.1" 301 - "-" "Mozilla/5.0 (compatible; DotBot/1.2; +https://opensiteexplorer.org/dotbot; help@moz.com)"
216.244.66.236 - - [02/Sep/2026:14:01:14 -0700] "GET /athlete_form.cfm?CFID=2128798&CFTOKEN=1742fd5a7176a4cc-C6718C2E-EF8C-1621-6AE8F6864CF822E3 HTTP/1.1" 301 - "-" "Mozilla/5.0 (compatible; DotBot/1.2; +https://opensiteexplorer.org/dotbot; help@moz.com)"
216.244.66.236 - - [02/Sep/2026:14:01:14 -0700] "GET /athlete_form.cfm?CFID=2129260&CFTOKEN=d480e353528c7fd6-C7F89094-EF8C-1621-6AEE494FB510EECF HTTP/1.1" 301 - "-" "Mozilla/5.0 (compatible; DotBot/1.2; +https://opensiteexplorer.org/dotbot; help@moz.com)"
216.244.66.236 - - [02/Sep/2026:14:01:15 -0700] "GET /athlete_form.cfm?CFID=2129777&CFTOKEN=d00ee1ab22635921-C97EF5C6-EF8C-1621-6AE91BC15596B6DB HTTP/1.1" 301 - "-" "Mozilla/5.0 (compatible; DotBot/1.2; +https://opensiteexplorer.org/dotbot; help@moz.com)"
216.244.66.236 - - [02/Sep/2026:14:01:16 -0700] "GET /athlete_form.cfm?CFID=2131436&CFTOKEN=eea01a8acbae8106-CF86D923-EF8C-1621-6AE8096BEAD53A0D HTTP/1.1" 301 - "-" "Mozilla/5.0 (compatible; DotBot/1.2; +https://opensiteexplorer.org/dotbot; help@moz.com)"
216.244.66.236 - - [02/Sep/2026:14:01:16 -0700] "GET /athlete_form.cfm?CFID=2131443&CFTOKEN=40b94ba3583069e6-CF874313-EF8C-1621-6AE522EDA3D57F88 HTTP/1.1" 301 - "-" "Mozilla/5.0 (compatible; DotBot/1.2; +https://opensiteexplorer.org/dotbot; help@moz.com)"
216.244.66.236 - - [02/Sep/2026:14:01:17 -0700] "GET /athlete_form.cfm?CFID=2131709&CFTOKEN=b62175e36a79841f-D10571C9-EF8C-1621-6AE5D58424531D4C HTTP/1.1" 301 - "-" "Mozilla/5.0 (compatible; DotBot/1.2; +https://opensiteexplorer.org/dotbot; help@moz.com)"
216.244.66.236 - - [02/Sep/2026:14:01:17 -0700] "GET /athlete_form.cfm?CFID=2131751&CFTOKEN=3efe27d2f549acd4-D1082D69-EF8C-1621-6AE38DB953B90B49 HTTP/1.1" 301 - "-" "Mozilla/5.0 (compatible; DotBot/1.2; +https://opensiteexplorer.org/dotbot; help@moz.com)"
216.244.66.236 - - [02/Sep/2026:14:01:18 -0700] "GET /athlete_form.cfm?CFID=2131922&CFTOKEN=8d48857127f4c1b4-D11358D1-EF8C-1621-6AEFA2EA97E3116F HTTP/1.1" 301 - "-" "Mozilla/5.0 (compatible; DotBot/1.2; +https://opensiteexplorer.org/dotbot; help@moz.com)"
216.244.66.236 - - [02/Sep/2026:14:01:19 -0700] "GET /athlete_form.cfm?CFID=2132729&CFTOKEN=277fff3f7a4c821f-D401BF21-EF8C-1621-6AE0E4740D3C9DDC HTTP/1.1" 301 - "-" "Mozilla/5.0 (compatible; DotBot/1.2; +https://opensiteexplorer.org/dotbot; help@moz.com)"
173.231.200.77 - - [02/Sep/2026:14:01:23 -0700] "POST /wp-cron.php?doing_wp_cron=1788382883.9671800136566162109375 HTTP/1.1" 200 - "-" "WordPress/7.1; https://usaigc.com"
216.244.66.236 - - [02/Sep/2026:14:01:23 -0700] "GET /athlete_form.cfm?CFID=2132834&CFTOKEN=de645110676320cc-D4086D3B-EF8C-1621-6AE06BFEDAC43D13 HTTP/1.1" 301 - "-" "Mozilla/5.0 (compatible; DotBot/1.2; +https://opensiteexplorer.org/dotbot; help@moz.com)"
54.147.238.89 - - [02/Sep/2026:14:01:29 -0700] "GET /wp-content/uploads/2023/02/theme-icons/fonts/theme-icons.ttf HTTP/1.1" 200 5924 "-" "Mozilla/5.0 AppleWebKit/537.36 (KHTML, like Gecko; compatible; Amazonbot/0.1; +https://developer.amazon.com/support/amazonbot) Chrome/119.0.6045.214 Safari/537.36"
192.178.6.169 - - [02/Sep/2026:14:01:35 -0700] "GET /wp-content/uploads/hummingbird-assets/b18badc4dbe1a10ab85256531aa941c8.css HTTP/1.1" 200 86726 "https://usaigc.com/2023/12/01/captivating-audiences-elevating-visual-appeal-and-social-media-presence/" "Mozilla/5.0 (Linux; Android 6.0.1; Nexus 5X Build/MMB29P) AppleWebKit/537.36 (KHTML, like Gecko) Chrome/151.0.7922.173 Mobile Safari/537.36 (compatible; Googlebot/2.1; +http://www.google.com/bot.html)"
216.244.66.236 - - [02/Sep/2026:14:01:35 -0700] "GET /athlete_form.cfm?CFID=214179&CFTOKEN=dec992493cfd2857-513306C2-EF8C-1621-6AEE740B80F8260B HTTP/1.1" 301 - "-" "Mozilla/5.0 (compatible; DotBot/1.2; +https://opensiteexplorer.org/dotbot; help@moz.com)"
62.60.130.198 - - [02/Sep/2026:14:01:35 -0700] "GET /wp-includes/Text/ HTTP/1.1" 200 1340 "binance.com" "Mozilla/5.0 (Windows NT 10.0; Win64; x64) AppleWebKit/537.36 (KHTML, like Gecko) Chrome/90.0.4430.85 Safari/537.36"
192.178.6.160 - - [02/Sep/2026:14:01:36 -0700] "GET /wp-content/uploads/hummingbird-assets/a98b7d4542e5eba504e33b386dfc1297.css HTTP/1.1" 200 505556 "https://usaigc.com/2023/12/01/captivating-audiences-elevating-visual-appeal-and-social-media-presence/" "Mozilla/5.0 (Linux; Android 6.0.1; Nexus 5X Build/MMB29P) AppleWebKit/537.36 (KHTML, like Gecko) Chrome/151.0.7922.173 Mobile Safari/537.36 (compatible; Googlebot/2.1; +http://www.google.com/bot.html)"
192.178.6.169 - - [02/Sep/2026:14:01:36 -0700] "GET /wp-content/uploads/hummingbird-assets/a9576f26bc7c2651a7d0c9c0e701bda9.css HTTP/1.1" 200 38598 "https://usaigc.com/2023/12/01/captivating-audiences-elevating-visual-appeal-and-social-media-presence/" "Mozilla/5.0 (Linux; Android 6.0.1; Nexus 5X Build/MMB29P) AppleWebKit/537.36 (KHTML, like Gecko) Chrome/151.0.7922.173 Mobile Safari/537.36 (compatible; Googlebot/2.1; +http://www.google.com/bot.html)"
192.178.6.168 - - [02/Sep/2026:14:01:37 -0700] "GET /wp-content/plugins/elementor-pro/assets/js/webpack-pro.runtime.min.js HTTP/1.1" 200 6263 "https://usaigc.com/2023/12/01/captivating-audiences-elevating-visual-appeal-and-social-media-presence/" "Mozilla/5.0 (Linux; Android 6.0.1; Nexus 5X Build/MMB29P) AppleWebKit/537.36 (KHTML, like Gecko) Chrome/151.0.7922.173 Mobile Safari/537.36 (compatible; Googlebot/2.1; +http://www.google.com/bot.html)"
192.178.6.168 - - [02/Sep/2026:14:01:37 -0700] "GET /wp-content/plugins/elementor-pro/assets/js/share-buttons.63d984f8c96d1e053bc0.bundle.min.js HTTP/1.1" 200 1577 "https://usaigc.com/2023/12/01/captivating-audiences-elevating-visual-appeal-and-social-media-presence/" "Mozilla/5.0 (Linux; Android 6.0.1; Nexus 5X Build/MMB29P) AppleWebKit/537.36 (KHTML, like Gecko) Chrome/151.0.7922.173 Mobile Safari/537.36 (compatible; Googlebot/2.1; +http://www.google.com/bot.html)"
192.178.6.160 - - [02/Sep/2026:14:01:38 -0700] "GET /wp-content/plugins/elementor/assets/lib/share-link/share-link.min.js?ver=3.27.2 HTTP/1.1" 200 2752 "https://usaigc.com/2023/12/01/captivating-audiences-elevating-visual-appeal-and-social-media-presence/" "Mozilla/5.0 (Linux; Android 6.0.1; Nexus 5X Build/MMB29P) AppleWebKit/537.36 (KHTML, like Gecko) Chrome/151.0.7922.173 Mobile Safari/537.36 (compatible; Googlebot/2.1; +http://www.google.com/bot.html)"
216.244.66.236 - - [02/Sep/2026:14:01:46 -0700] "GET /athlete_form.cfm?CFID=214400&CFTOKEN=f2f9ebd1db8d1004-5297288D-EF8C-1621-6AE9B34A5E121EB1 HTTP/1.1" 301 - "-" "Mozilla/5.0 (compatible; DotBot/1.2; +https://opensiteexplorer.org/dotbot; help@moz.com)"
62.60.130.198 - - [02/Sep/2026:14:01:48 -0700] "GET /wp-includes/Text/Diff/ HTTP/1.1" 200 1181 "binance.com" "Mozilla/5.0 (Windows NT 10.0; Win64; x64) AppleWebKit/537.36 (KHTML, like Gecko) Chrome/90.0.4430.85 Safari/537.36"
216.244.66.236 - - [02/Sep/2026:14:01:57 -0700] "GET /athlete_form.cfm?CFID=2151880&CFTOKEN=402746a729823e1e-2E0CA621-EF8C-1621-6AE527C6F809B54A HTTP/1.1" 301 - "-" "Mozilla/5.0 (compatible; DotBot/1.2; +https://opensiteexplorer.org/dotbot; help@moz.com)"
216.244.66.236 - - [02/Sep/2026:14:02:06 -0700] "GET /athlete_form.cfm?CFID=2152504&CFTOKEN=2e34019cdbe13b80-2F91DD36-EF8C-1621-6AE4CEC9D92E4A84 HTTP/1.1" 301 - "-" "Mozilla/5.0 (compatible; DotBot/1.2; +https://opensiteexplorer.org/dotbot; help@moz.com)"
216.244.66.236 - - [02/Sep/2026:14:02:14 -0700] "GET /athlete_form.cfm?CFID=2152980&CFTOKEN=806a3566aa3299c5-310A683E-EF8C-1621-6AE86C1CABED9773 HTTP/1.1" 301 - "-" "Mozilla/5.0 (compatible; DotBot/1.2; +https://opensiteexplorer.org/dotbot; help@moz.com)"
173.231.200.77 - - [02/Sep/2026:14:02:21 -0700] "POST /wp-cron.php?doing_wp_cron=1788382941.2718360424041748046875 HTTP/1.1" 200 - "-" "WordPress/7.1; https://usaigc.com"
216.244.66.236 - - [02/Sep/2026:14:02:21 -0700] "GET /athlete_form.cfm?CFID=2153735&CFTOKEN=8d92cdd1dc7d3b1c-34DB2001-EF8C-1621-6AE9496A8E8B8B7B HTTP/1.1" 301 - "-" "Mozilla/5.0 (compatible; DotBot/1.2; +https://opensiteexplorer.org/dotbot; help@moz.com)"
216.244.66.236 - - [02/Sep/2026:14:02:28 -0700] "GET /athlete_form.cfm?CFID=2153741&CFTOKEN=6967e5f0c3e8a0c3-34DB7441-EF8C-1621-6AED6CEF9BE30791 HTTP/1.1" 301 - "-" "Mozilla/5.0 (compatible; DotBot/1.2; +https://opensiteexplorer.org/dotbot; help@moz.com)"
216.244.66.236 - - [02/Sep/2026:14:02:33 -0700] "GET /athlete_form.cfm?CFID=2154828&CFTOKEN=6f78b69acd0407f-3868D122-EF8C-1621-6AE29D699FD86160 HTTP/1.1" 301 - "-" "Mozilla/5.0 (compatible; DotBot/1.2; +https://opensiteexplorer.org/dotbot; help@moz.com)"
159.89.127.165 - - [02/Sep/2026:14:02:36 -0700] "GET / HTTP/1.1" 301 - "-" "Mozilla/5.0 (l9scan/2.0.7373e2030323e2133323e2337313; +https://leakix.net)"
159.89.127.165 - - [02/Sep/2026:14:02:37 -0700] "GET /console/ HTTP/1.1" 404 100559 "-" "Mozilla/5.0 (l9scan/2.0.7373e2030323e2133323e2337313; +https://leakix.net)"
159.89.127.165 - - [02/Sep/2026:14:02:38 -0700] "GET /server HTTP/1.1" 404 100551 "-" "Mozilla/5.0 (l9scan/2.0.7373e2030323e2133323e2337313; +https://leakix.net)"
216.244.66.236 - - [02/Sep/2026:14:02:38 -0700] "GET /athlete_form.cfm?CFID=2156042&CFTOKEN=7953e6d6b1ec448d-3A0E5961-EF8C-1621-6AEF597BF15793AD HTTP/1.1" 301 - "-" "Mozilla/5.0 (compatible; DotBot/1.2; +https://opensiteexplorer.org/dotbot; help@moz.com)"
159.89.127.165 - - [02/Sep/2026:14:02:39 -0700] "GET /server-status HTTP/1.1" 404 100607 "-" "Mozilla/5.0 (l9scan/2.0.7373e2030323e2133323e2337313; +https://leakix.net)"
159.89.127.165 - - [02/Sep/2026:14:02:41 -0700] "GET /about HTTP/1.1" 301 - "-" "Mozilla/5.0 (l9scan/2.0.7373e2030323e2133323e2337313; +https://leakix.net)"
159.89.127.165 - - [02/Sep/2026:14:02:42 -0700] "GET /login.action HTTP/1.1" 404 100599 "-" "Mozilla/5.0 (l9scan/2.0.7373e2030323e2133323e2337313; +https://leakix.net)"
159.89.127.165 - - [02/Sep/2026:14:02:43 -0700] "GET / HTTP/1.1" 301 - "-" "Mozilla/5.0 (l9scan/2.0.7373e2030323e2133323e2337313; +https://leakix.net)"
216.244.66.236 - - [02/Sep/2026:14:02:43 -0700] "GET /athlete_form.cfm?CFID=2156684&CFTOKEN=576bc884bcbe5fea-3B584606-EF8C-1621-6AEF325D9D9871F5 HTTP/1.1" 301 - "-" "Mozilla/5.0 (compatible; DotBot/1.2; +https://opensiteexplorer.org/dotbot; help@moz.com)"
159.89.127.165 - - [02/Sep/2026:14:02:43 -0700] "GET /___proxy_subdomain_whm/login HTTP/1.1" 401 12512 "-" "Mozilla/5.0 (l9scan/2.0.7373e2030323e2133323e2337313; +https://leakix.net)"
159.89.127.165 - - [02/Sep/2026:14:02:44 -0700] "POST /___proxy_subdomain_whm/login/?login_only=1 HTTP/1.1" 401 38 "-" "Mozilla/5.0 (l9scan/2.0.7373e2030323e2133323e2337313; +https://leakix.net)"
159.89.127.165 - - [02/Sep/2026:14:02:45 -0700] "GET /___proxy_subdomain_whm HTTP/1.1" 307 102 "-" "Mozilla/5.0 (l9scan/2.0.7373e2030323e2133323e2337313; +https://leakix.net)"
216.244.66.236 - - [02/Sep/2026:14:02:46 -0700] "GET /athlete_form.cfm?CFID=2157684&CFTOKEN=5072693cb17d30e8-3C6A67B2-EF8C-1621-6AE2FB8BC76DB3A1 HTTP/1.1" 301 - "-" "Mozilla/5.0 (compatible; DotBot/1.2; +https://opensiteexplorer.org/dotbot; help@moz.com)"
159.89.127.165 - - [02/Sep/2026:14:02:46 -0700] "GET /___proxy_subdomain_whm/scripts2/listaccts HTTP/1.1" 200 12524 "-" "Mozilla/5.0 (l9scan/2.0.7373e2030323e2133323e2337313; +https://leakix.net)"
159.89.127.165 - - [02/Sep/2026:14:02:47 -0700] "GET /v2/_catalog HTTP/1.1" 404 100599 "-" "Mozilla/5.0 (l9scan/2.0.7373e2030323e2133323e2337313; +https://leakix.net)"
216.244.66.236 - - [02/Sep/2026:14:02:48 -0700] "GET /athlete_form.cfm?CFID=215884&CFTOKEN=3258dc0449c0e0eb-59A6922A-EF8C-1621-6AE47CCF4F0F5DC4 HTTP/1.1" 301 - "-" "Mozilla/5.0 (compatible; DotBot/1.2; +https://opensiteexplorer.org/dotbot; help@moz.com)"
62.60.130.198 - - [02/Sep/2026:14:02:49 -0700] "GET /wp-includes/Text/Diff/Engine/ HTTP/1.1" 200 1378 "binance.com" "Mozilla/5.0 (Windows NT 10.0; Win64; x64) AppleWebKit/537.36 (KHTML, like Gecko) Chrome/90.0.4430.85 Safari/537.36"
159.89.127.165 - - [02/Sep/2026:14:02:48 -0700] "GET /.DS_Store HTTP/1.1" 404 100575 "-" "Mozilla/5.0 (l9scan/2.0.7373e2030323e2133323e2337313; +https://leakix.net)"
159.89.127.165 - - [02/Sep/2026:14:02:50 -0700] "GET /.env HTTP/1.1" 404 100535 "-" "Mozilla/5.0 (l9scan/2.0.7373e2030323e2133323e2337313; +https://leakix.net)"
216.244.66.236 - - [02/Sep/2026:14:02:50 -0700] "GET /athlete_form.cfm?CFID=2159188&CFTOKEN=8cd171b2f5d32b37-3E5BD2EE-EF8C-1621-6AE35614B2936BBB HTTP/1.1" 301 - "-" "Mozilla/5.0 (compatible; DotBot/1.2; +https://opensiteexplorer.org/dotbot; help@moz.com)"
159.89.127.165 - - [02/Sep/2026:14:02:52 -0700] "GET /ecp/Current/exporttool/microsoft.exchange.ediscovery.exporttool.application HTTP/1.1" 404 101127 "-" "Mozilla/5.0 (l9scan/2.0.7373e2030323e2133323e2337313; +https://leakix.net)"
216.244.66.236 - - [02/Sep/2026:14:02:52 -0700] "GET /athlete_form.cfm?CFID=2161315&CFTOKEN=fdb7a8cda192d16e-46C8C80F-EF8C-1621-6AE8582BEBBBA8A3 HTTP/1.1" 301 - "-" "Mozilla/5.0 (compatible; DotBot/1.2; +https://opensiteexplorer.org/dotbot; help@moz.com)"
216.244.66.236 - - [02/Sep/2026:14:02:54 -0700] "GET /athlete_form.cfm?CFID=2161849&CFTOKEN=12731226c57b5d06-49B06F35-EF8C-1621-6AEC62EDB52AA376 HTTP/1.1" 301 - "-" "Mozilla/5.0 (compatible; DotBot/1.2; +https://opensiteexplorer.org/dotbot; help@moz.com)"
159.89.127.165 - - [02/Sep/2026:14:02:54 -0700] "GET /.git/config HTTP/1.1" 404 100599 "-" "Mozilla/5.0 (l9scan/2.0.7373e2030323e2133323e2337313; +https://leakix.net)"
62.60.130.198 - - [02/Sep/2026:14:02:55 -0700] "GET /wp-includes/Text/Diff/Engine/ HTTP/1.1" 200 1378 "binance.com" "Mozilla/5.0 (Windows NT 10.0; Win64; x64) AppleWebKit/537.36 (KHTML, like Gecko) Chrome/90.0.4430.85 Safari/537.36"
216.244.66.236 - - [02/Sep/2026:14:02:55 -0700] "GET /athlete_form.cfm?CFID=2161919&CFTOKEN=8e3b5ad19de69d9c-49B523B7-EF8C-1621-6AE946248F3DEBF9 HTTP/1.1" 301 - "-" "Mozilla/5.0 (compatible; DotBot/1.2; +https://opensiteexplorer.org/dotbot; help@moz.com)"
159.89.127.165 - - [02/Sep/2026:14:02:56 -0700] "POST /graphql HTTP/1.1" 404 100559 "-" "Mozilla/5.0 (l9scan/2.0.7373e2030323e2133323e2337313; +https://leakix.net)"
216.244.66.236 - - [02/Sep/2026:14:02:57 -0700] "GET /athlete_form.cfm?CFID=2162125&CFTOKEN=dec3f6d84e4a85bf-4B2DD405-EF8C-1621-6AE5F585CA1B47D9 HTTP/1.1" 301 - "-" "Mozilla/5.0 (compatible; DotBot/1.2; +https://opensiteexplorer.org/dotbot; help@moz.com)"
216.244.66.236 - - [02/Sep/2026:14:02:58 -0700] "GET /athlete_form.cfm?CFID=2162823&CFTOKEN=d614013e7f8dffc-4FABEF9A-EF8C-1621-6AEE9B604A029A66 HTTP/1.1" 301 - "-" "Mozilla/5.0 (compatible; DotBot/1.2; +https://opensiteexplorer.org/dotbot; help@moz.com)"
159.89.127.165 - - [02/Sep/2026:14:02:58 -0700] "POST /api HTTP/1.1" 404 100527 "-" "Mozilla/5.0 (l9scan/2.0.7373e2030323e2133323e2337313; +https://leakix.net)"
216.244.66.236 - - [02/Sep/2026:14:02:59 -0700] "GET /athlete_form.cfm?CFID=2163416&CFTOKEN=5a09b9453d56f23a-52A7C345-EF8C-1621-6AEFB9B068265454 HTTP/1.1" 301 - "-" "Mozilla/5.0 (compatible; DotBot/1.2; +https://opensiteexplorer.org/dotbot; help@moz.com)"
159.89.127.165 - - [02/Sep/2026:14:02:59 -0700] "POST /api/graphql HTTP/1.1" 404 100599 "-" "Mozilla/5.0 (l9scan/2.0.7373e2030323e2133323e2337313; +https://leakix.net)"
216.244.66.236 - - [02/Sep/2026:14:03:00 -0700] "GET /athlete_form.cfm?CFID=2164277&CFTOKEN=bb8c5176bddd6fd-5444FE7A-EF8C-1621-6AEBA3F4A3133084 HTTP/1.1" 301 - "-" "Mozilla/5.0 (compatible; DotBot/1.2; +https://opensiteexplorer.org/dotbot; help@moz.com)"
159.89.127.165 - - [02/Sep/2026:14:03:00 -0700] "POST /graphql/api HTTP/1.1" 404 100599 "-" "Mozilla/5.0 (l9scan/2.0.7373e2030323e2133323e2337313; +https://leakix.net)"
216.244.66.236 - - [02/Sep/2026:14:03:00 -0700] "GET /athlete_form.cfm?CFID=2165309&CFTOKEN=5f1bd27b7a28b02b-57476F46-EF8C-1621-6AE94CB2B3A5EFD5 HTTP/1.1" 301 - "-" "Mozilla/5.0 (compatible; DotBot/1.2; +https://opensiteexplorer.org/dotbot; help@moz.com)"
216.244.66.236 - - [02/Sep/2026:14:03:01 -0700] "GET /athlete_form.cfm?CFID=2166522&CFTOKEN=5446a1b3fb308c45-5982588A-EF8C-1621-6AED83DAA9A31AEB HTTP/1.1" 301 - "-" "Mozilla/5.0 (compatible; DotBot/1.2; +https://opensiteexplorer.org/dotbot; help@moz.com)"
159.89.127.165 - - [02/Sep/2026:14:03:01 -0700] "POST /api/gql HTTP/1.1" 404 100567 "-" "Mozilla/5.0 (l9scan/2.0.7373e2030323e2133323e2337313; +https://leakix.net)"
62.60.130.198 - - [02/Sep/2026:14:03:02 -0700] "GET /wp-includes/Text/Diff/Renderer/ HTTP/1.1" 200 850 "binance.com" "Mozilla/5.0 (Windows NT 10.0; Win64; x64) AppleWebKit/537.36 (KHTML, like Gecko) Chrome/90.0.4430.85 Safari/537.36"
216.244.66.236 - - [02/Sep/2026:14:03:02 -0700] "GET /athlete_form.cfm?CFID=2166661&CFTOKEN=c9abd583f2aef43-5A43D91C-EF8C-1621-6AEAA8367F1F6A5C HTTP/1.1" 301 - "-" "Mozilla/5.0 (compatible; DotBot/1.2; +https://opensiteexplorer.org/dotbot; help@moz.com)"
216.244.66.236 - - [02/Sep/2026:14:03:02 -0700] "GET /athlete_form.cfm?CFID=2167041&CFTOKEN=cd8876b9db29d00-5BC39085-EF8C-1621-6AE89A7AA6EFC20F HTTP/1.1" 301 - "-" "Mozilla/5.0 (compatible; DotBot/1.2; +https://opensiteexplorer.org/dotbot; help@moz.com)"
159.89.127.165 - - [02/Sep/2026:14:03:03 -0700] "GET /s/7373e2030323e2133323e2337313/_/;/META-INF/maven/com.atlassian.jira/jira-webapp-dist/pom.properties HTTP/1.1" 404 101367 "-" "Mozilla/5.0 (l9scan/2.0.7373e2030323e2133323e2337313; +https://leakix.net)"
216.244.66.236 - - [02/Sep/2026:14:03:04 -0700] "GET /athlete_form.cfm?CFID=2167103&CFTOKEN=6db214c6e0f53cc0-5BC7847A-EF8C-1621-6AE6103D66EA925F HTTP/1.1" 301 - "-" "Mozilla/5.0 (compatible; DotBot/1.2; +https://opensiteexplorer.org/dotbot; help@moz.com)"
159.89.127.165 - - [02/Sep/2026:14:03:04 -0700] "GET /config.json HTTP/1.1" 404 100591 "-" "Mozilla/5.0 (l9scan/2.0.7373e2030323e2133323e2337313; +https://leakix.net)"
159.89.127.165 - - [02/Sep/2026:14:03:05 -0700] "GET /telescope/requests HTTP/1.1" 404 100655 "-" "Mozilla/5.0 (l9scan/2.0.7373e2030323e2133323e2337313; +https://leakix.net)"
216.244.66.236 - - [02/Sep/2026:14:03:06 -0700] "GET /athlete_form.cfm?CFID=2167415&CFTOKEN=419fe008b5628d6c-5D4AF2EE-EF8C-1621-6AEF65602CE601C7 HTTP/1.1" 301 - "-" "Mozilla/5.0 (compatible; DotBot/1.2; +https://opensiteexplorer.org/dotbot; help@moz.com)"
159.89.127.165 - - [02/Sep/2026:14:03:07 -0700] "GET /info.php HTTP/1.1" 404 100567 "-" "Mozilla/5.0 (l9scan/2.0.7373e2030323e2133323e2337313; +https://leakix.net)"
216.244.66.236 - - [02/Sep/2026:14:03:08 -0700] "GET /athlete_form.cfm?CFID=2168444&CFTOKEN=93b2ea348718d55-5ECD7616-EF8C-1621-6AE16B30C40F7ECD HTTP/1.1" 301 - "-" "Mozilla/5.0 (compatible; DotBot/1.2; +https://opensiteexplorer.org/dotbot; help@moz.com)"
159.89.127.165 - - [02/Sep/2026:14:03:08 -0700] "GET /.well-known/security.txt HTTP/1.1" 404 100703 "-" "Mozilla/5.0 (l9scan/2.0.7373e2030323e2133323e2337313; +https://leakix.net)"
159.89.127.165 - - [02/Sep/2026:14:03:09 -0700] "GET /actuator/env HTTP/1.1" 404 100607 "-" "Mozilla/5.0 (l9scan/2.0.7373e2030323e2133323e2337313; +https://leakix.net)"
216.244.66.236 - - [02/Sep/2026:14:03:10 -0700] "GET /athlete_form.cfm?CFID=2168988&CFTOKEN=60b4d358053eb581-5F800F1C-EF8C-1621-6AE00185835AAA8D HTTP/1.1" 301 - "-" "Mozilla/5.0 (compatible; DotBot/1.2; +https://opensiteexplorer.org/dotbot; help@moz.com)"
159.89.127.165 - - [02/Sep/2026:14:03:10 -0700] "GET /trace.axd HTTP/1.1" 404 100575 "-" "Mozilla/5.0 (l9scan/2.0.7373e2030323e2133323e2337313; +https://leakix.net)"
216.244.66.236 - - [02/Sep/2026:14:03:11 -0700] "GET /athlete_form.cfm?CFID=2169381&CFTOKEN=5c503bfb7fc59c74-60554CAC-EF8C-1621-6AE4F11A3FF0C87B HTTP/1.1" 301 - "-" "Mozilla/5.0 (compatible; DotBot/1.2; +https://opensiteexplorer.org/dotbot; help@moz.com)"
159.89.127.165 - - [02/Sep/2026:14:03:11 -0700] "GET /@vite/env HTTP/1.1" 404 100583 "-" "Mozilla/5.0 (l9scan/2.0.7373e2030323e2133323e2337313; +https://leakix.net)"
216.244.66.236 - - [02/Sep/2026:14:03:12 -0700] "GET /athlete_form.cfm?CFID=2169573&CFTOKEN=5a4dc6efd0b5f803-61D7FA14-EF8C-1621-6AECA3D805FEAD07 HTTP/1.1" 301 - "-" "Mozilla/5.0 (compatible; DotBot/1.2; +https://opensiteexplorer.org/dotbot; help@moz.com)"
159.89.127.165 - - [02/Sep/2026:14:03:12 -0700] "GET /.vscode/sftp.json HTTP/1.1" 404 100647 "-" "Mozilla/5.0 (l9scan/2.0.7373e2030323e2133323e2337313; +https://leakix.net)"
216.244.66.236 - - [02/Sep/2026:14:03:14 -0700] "GET /athlete_form.cfm?CFID=2169588&CFTOKEN=2aa71cc3483e3030-61D8EC92-EF8C-1621-6AEE9577A0B88CCC HTTP/1.1" 301 - "-" "Mozilla/5.0 (compatible; DotBot/1.2; +https://opensiteexplorer.org/dotbot; help@moz.com)"
62.60.130.198 - - [02/Sep/2026:14:03:14 -0700] "GET /wp-includes/Text/Diff/Renderer/ HTTP/1.1" 200 850 "binance.com" "Mozilla/5.0 (Windows NT 10.0; Win64; x64) AppleWebKit/537.36 (KHTML, like Gecko) Chrome/90.0.4430.85 Safari/537.36"
159.89.127.165 - - [02/Sep/2026:14:03:13 -0700] "OPTIONS / HTTP/1.1" 200 130979 "-" "Mozilla/5.0 (l9scan/2.0.7373e2030323e2133323e2337313; +https://leakix.net)"
216.244.66.236 - - [02/Sep/2026:14:03:15 -0700] "GET /athlete_form.cfm?CFID=2170218&CFTOKEN=cb6284f345031e21-635A6030-EF8C-1621-6AE755015C0ABBB8 HTTP/1.1" 301 - "-" "Mozilla/5.0 (compatible; DotBot/1.2; +https://opensiteexplorer.org/dotbot; help@moz.com)"
159.89.127.165 - - [02/Sep/2026:14:03:16 -0700] "POST /?rest_route=/batch/v1 HTTP/1.1" 207 628 "-" "Mozilla/5.0 (l9scan/2.0.7373e2030323e2133323e2337313; +https://leakix.net)"
216.244.66.236 - - [02/Sep/2026:14:03:16 -0700] "GET /athlete_form.cfm?CFID=2170222&CFTOKEN=1041f4545e18da5e-635A98DC-EF8C-1621-6AE9B8F53D573FC0 HTTP/1.1" 301 - "-" "Mozilla/5.0 (compatible; DotBot/1.2; +https://opensiteexplorer.org/dotbot; help@moz.com)"
216.244.66.236 - - [02/Sep/2026:14:03:17 -0700] "GET /athlete_form.cfm?CFID=2170453&CFTOKEN=bdf2e5676640b356-64D8C488-EF8C-1621-6AE541BD8D59E628 HTTP/1.1" 301 - "-" "Mozilla/5.0 (compatible; DotBot/1.2; +https://opensiteexplorer.org/dotbot; help@moz.com)"
159.89.127.165 - - [02/Sep/2026:14:03:17 -0700] "POST /?rest_route=/batch/v1 HTTP/1.1" 207 628 "-" "Mozilla/5.0 (l9scan/2.0.7373e2030323e2133323e2337313; +https://leakix.net)"
216.244.66.236 - - [02/Sep/2026:14:03:17 -0700] "GET /athlete_form.cfm?CFID=2170880&CFTOKEN=193b0f3a2858cbf8-67CF1F09-EF8C-1621-6AEF7E985F91EB34 HTTP/1.1" 301 - "-" "Mozilla/5.0 (compatible; DotBot/1.2; +https://opensiteexplorer.org/dotbot; help@moz.com)"
216.244.66.236 - - [02/Sep/2026:14:03:18 -0700] "GET /athlete_form.cfm?CFID=2170907&CFTOKEN=4d072268f7216e3f-67D0A12D-EF8C-1621-6AE66D357FE64AD7 HTTP/1.1" 301 - "-" "Mozilla/5.0 (compatible; DotBot/1.2; +https://opensiteexplorer.org/dotbot; help@moz.com)"
159.89.127.165 - - [02/Sep/2026:14:03:18 -0700] "POST /wp-json/batch/v1 HTTP/1.1" 207 628 "-" "Mozilla/5.0 (l9scan/2.0.7373e2030323e2133323e2337313; +https://leakix.net)"
216.244.66.236 - - [02/Sep/2026:14:03:18 -0700] "GET /athlete_form.cfm?CFID=2173101&CFTOKEN=cd2d544e1b363e6a-6D137544-EF8C-1621-6AEFF42370BEAAE0 HTTP/1.1" 301 - "-" "Mozilla/5.0 (compatible; DotBot/1.2; +https://opensiteexplorer.org/dotbot; help@moz.com)"
216.244.66.236 - - [02/Sep/2026:14:03:19 -0700] "GET /athlete_form.cfm?CFID=217571&CFTOKEN=baba92508779973a-5C7219F8-EF8C-1621-6AE9BDFCDB9AD9C4 HTTP/1.1" 301 - "-" "Mozilla/5.0 (compatible; DotBot/1.2; +https://opensiteexplorer.org/dotbot; help@moz.com)"
159.89.127.165 - - [02/Sep/2026:14:03:19 -0700] "POST /wp-json/batch/v1 HTTP/1.1" 207 628 "-" "Mozilla/5.0 (l9scan/2.0.7373e2030323e2133323e2337313; +https://leakix.net)"
216.244.66.236 - - [02/Sep/2026:14:03:19 -0700] "GET /athlete_form.cfm?CFID=217614&CFTOKEN=aacd46b55a2ce54d-5C7484DD-EF8C-1621-6AECD16992CF6CDA HTTP/1.1" 301 - "-" "Mozilla/5.0 (compatible; DotBot/1.2; +https://opensiteexplorer.org/dotbot; help@moz.com)"
159.89.127.165 - - [02/Sep/2026:14:03:20 -0700] "GET /?rest_route=/wp/v2/users/ HTTP/1.1" 200 903 "-" "Mozilla/5.0 (l9scan/2.0.7373e2030323e2133323e2337313; +https://leakix.net)"
216.244.66.236 - - [02/Sep/2026:14:03:20 -0700] "GET /athlete_form.cfm?CFID=2177761&CFTOKEN=313e0800eef0a1f3-719658AF-EF8C-1621-6AE22B0FFD74FD77 HTTP/1.1" 301 - "-" "Mozilla/5.0 (compatible; DotBot/1.2; +https://opensiteexplorer.org/dotbot; help@moz.com)"
173.231.200.77 - - [02/Sep/2026:14:03:21 -0700] "POST /wp-cron.php?doing_wp_cron=1788383001.8529310226440429687500 HTTP/1.1" 200 - "-" "WordPress/7.1; https://usaigc.com"
159.89.127.165 - - [02/Sep/2026:14:03:21 -0700] "GET /debug/default/view?panel=config HTTP/1.1" 404 100663 "-" "Mozilla/5.0 (l9scan/2.0.7373e2030323e2133323e2337313; +https://leakix.net)"
216.244.66.236 - - [02/Sep/2026:14:03:22 -0700] "GET /athlete_form.cfm?CFID=2177789&CFTOKEN=b62752de27be4046-71986D08-EF8C-1621-6AE834F0144375CB HTTP/1.1" 301 - "-" "Mozilla/5.0 (compatible; DotBot/1.2; +https://opensiteexplorer.org/dotbot; help@moz.com)"
216.244.66.236 - - [02/Sep/2026:14:03:23 -0700] "GET /athlete_form.cfm?CFID=2177853&CFTOKEN=dd7fd7df35da5061-719CF723-EF8C-1621-6AE9A4D266E3FB64 HTTP/1.1" 301 - "-" "Mozilla/5.0 (compatible; DotBot/1.2; +https://opensiteexplorer.org/dotbot; help@moz.com)"
216.244.66.236 - - [02/Sep/2026:14:03:25 -0700] "GET /athlete_form.cfm?CFID=2178409&CFTOKEN=3bce9c5456a33b3-72FB08DB-EF8C-1621-6AEC921EC849D988 HTTP/1.1" 301 - "-" "Mozilla/5.0 (compatible; DotBot/1.2; +https://opensiteexplorer.org/dotbot; help@moz.com)"
216.244.66.236 - - [02/Sep/2026:14:03:27 -0700] "GET /athlete_form.cfm?CFID=2183213&CFTOKEN=a9ccc12a42512f9e-93429466-EF8C-1621-6AEB0C4C08A38190 HTTP/1.1" 301 - "-" "Mozilla/5.0 (compatible; DotBot/1.2; +https://opensiteexplorer.org/dotbot; help@moz.com)"
62.60.130.198 - - [02/Sep/2026:14:03:30 -0700] "GET /wp-includes/blocks/ HTTP/1.1" 200 - "binance.com" "Mozilla/5.0 (Windows NT 10.0; Win64; x64) AppleWebKit/537.36 (KHTML, like Gecko) Chrome/90.0.4430.85 Safari/537.36"
216.244.66.236 - - [02/Sep/2026:14:03:30 -0700] "GET /athlete_form.cfm?CFID=2183419&CFTOKEN=b02e1bf477a95b74-93516DB6-EF8C-1621-6AEFBD83524258EC HTTP/1.1" 301 - "-" "Mozilla/5.0 (compatible; DotBot/1.2; +https://opensiteexplorer.org/dotbot; help@moz.com)"
216.244.66.236 - - [02/Sep/2026:14:03:33 -0700] "GET /athlete_form.cfm?CFID=2184014&CFTOKEN=a6c5b34bc8836f10-937FED78-EF8C-1621-6AE2776924462EBE HTTP/1.1" 301 - "-" "Mozilla/5.0 (compatible; DotBot/1.2; +https://opensiteexplorer.org/dotbot; help@moz.com)"
216.244.66.236 - - [02/Sep/2026:14:03:36 -0700] "GET /athlete_form.cfm?CFID=2186431&CFTOKEN=79466bc6c3362ea0-965F7826-EF8C-1621-6AEEC8384CA501E1 HTTP/1.1" 301 - "-" "Mozilla/5.0 (compatible; DotBot/1.2; +https://opensiteexplorer.org/dotbot; help@moz.com)"
62.60.130.198 - - [02/Sep/2026:14:03:39 -0700] "GET /wp-includes/pomo/ HTTP/1.1" 200 1706 "binance.com" "Mozilla/5.0 (Windows NT 10.0; Win64; x64) AppleWebKit/537.36 (KHTML, like Gecko) Chrome/90.0.4430.85 Safari/537.36"
216.244.66.236 - - [02/Sep/2026:14:03:40 -0700] "GET /athlete_form.cfm?CFID=2186579&CFTOKEN=4b96d75b099a306f-966A7FBD-EF8C-1621-6AE6E7CE694BBBFF HTTP/1.1" 301 - "-" "Mozilla/5.0 (compatible; DotBot/1.2; +https://opensiteexplorer.org/dotbot; help@moz.com)"
216.244.66.236 - - [02/Sep/2026:14:03:41 -0700] "GET /athlete_form.cfm?CFID=2187223&CFTOKEN=8f3f8ffc095924f0-969F7DA4-EF8C-1621-6AEED90A6D9FEC2C HTTP/1.1" 301 - "-" "Mozilla/5.0 (compatible; DotBot/1.2; +https://opensiteexplorer.org/dotbot; help@moz.com)"
216.244.66.236 - - [02/Sep/2026:14:03:43 -0700] "GET /athlete_form.cfm?CFID=2187358&CFTOKEN=3359ad54da276bb1-97BA6F6A-EF8C-1621-6AE4D6A602F69099 HTTP/1.1" 301 - "-" "Mozilla/5.0 (compatible; DotBot/1.2; +https://opensiteexplorer.org/dotbot; help@moz.com)"
216.244.66.236 - - [02/Sep/2026:14:03:45 -0700] "GET /athlete_form.cfm?CFID=2189460&CFTOKEN=9603e3a3b090f867-9973A4C5-EF8C-1621-6AED8FD949D4BAEE HTTP/1.1" 301 - "-" "Mozilla/5.0 (compatible; DotBot/1.2; +https://opensiteexplorer.org/dotbot; help@moz.com)"
216.244.66.236 - - [02/Sep/2026:14:03:47 -0700] "GET /athlete_form.cfm?CFID=2189896&CFTOKEN=32e6c29576c269ef-99941EC0-EF8C-1621-6AEBBAF033167159 HTTP/1.1" 301 - "-" "Mozilla/5.0 (compatible; DotBot/1.2; +https://opensiteexplorer.org/dotbot; help@moz.com)"
62.60.130.198 - - [02/Sep/2026:14:03:48 -0700] "GET /wp-includes/pomo/ HTTP/1.1" 200 1706 "binance.com" "Mozilla/5.0 (Windows NT 10.0; Win64; x64) AppleWebKit/537.36 (KHTML, like Gecko) Chrome/90.0.4430.85 Safari/537.36"
216.244.66.236 - - [02/Sep/2026:14:03:49 -0700] "GET /athlete_form.cfm?CFID=2192053&CFTOKEN=5f0eca8fffc5fa04-9C57540C-EF8C-1621-6AE0F41C3AC11858 HTTP/1.1" 301 - "-" "Mozilla/5.0 (compatible; DotBot/1.2; +https://opensiteexplorer.org/dotbot; help@moz.com)"
216.244.66.236 - - [02/Sep/2026:14:03:51 -0700] "GET /athlete_form.cfm?CFID=2193595&CFTOKEN=cdbcfb904b789230-9DE266D3-EF8C-1621-6AE67C4778CEFCEC HTTP/1.1" 301 - "-" "Mozilla/5.0 (compatible; DotBot/1.2; +https://opensiteexplorer.org/dotbot; help@moz.com)"
216.244.66.236 - - [02/Sep/2026:14:03:53 -0700] "GET /athlete_form.cfm?CFID=2197407&CFTOKEN=7f27c6e8b73e675b-A479461C-EF8C-1621-6AEA68FC0CACA1AA HTTP/1.1" 301 - "-" "Mozilla/5.0 (compatible; DotBot/1.2; +https://opensiteexplorer.org/dotbot; help@moz.com)"
216.244.66.236 - - [02/Sep/2026:14:03:54 -0700] "GET /athlete_form.cfm?CFID=2210978&CFTOKEN=666228a8c6762e22-EE5F839F-EF8C-1621-6AED0E4B7481D589 HTTP/1.1" 301 - "-" "Mozilla/5.0 (compatible; DotBot/1.2; +https://opensiteexplorer.org/dotbot; help@moz.com)"
216.244.66.236 - - [02/Sep/2026:14:03:56 -0700] "GET /athlete_form.cfm?CFID=2212704&CFTOKEN=7ffba944c8afede1-F2EDC58A-EF8C-1621-6AE7D454D526ADE5 HTTP/1.1" 301 - "-" "Mozilla/5.0 (compatible; DotBot/1.2; +https://opensiteexplorer.org/dotbot; help@moz.com)"
216.244.66.236 - - [02/Sep/2026:14:03:57 -0700] "GET /athlete_form.cfm?CFID=2212714&CFTOKEN=2d6e48b8ddcd15e-F2EE5424-EF8C-1621-6AE64B588495ADB5 HTTP/1.1" 301 - "-" "Mozilla/5.0 (compatible; DotBot/1.2; +https://opensiteexplorer.org/dotbot; help@moz.com)"
62.60.130.198 - - [02/Sep/2026:14:03:57 -0700] "GET /wp-includes/sitemaps/ HTTP/1.1" 200 2365 "binance.com" "Mozilla/5.0 (Windows NT 10.0; Win64; x64) AppleWebKit/537.36 (KHTML, like Gecko) Chrome/90.0.4430.85 Safari/537.36"
216.244.66.236 - - [02/Sep/2026:14:03:58 -0700] "GET /athlete_form.cfm?CFID=2212819&CFTOKEN=afd29acf2fa66baa-F3200C90-EF8C-1621-6AEF545FEEBC94FC HTTP/1.1" 301 - "-" "Mozilla/5.0 (compatible; DotBot/1.2; +https://opensiteexplorer.org/dotbot; help@moz.com)"
216.244.66.236 - - [02/Sep/2026:14:03:59 -0700] "GET /athlete_form.cfm?CFID=2213049&CFTOKEN=7aea636317cc1cb8-F3308DCF-EF8C-1621-6AEE8871F5EF826B HTTP/1.1" 301 - "-" "Mozilla/5.0 (compatible; DotBot/1.2; +https://opensiteexplorer.org/dotbot; help@moz.com)"
216.244.66.236 - - [02/Sep/2026:14:03:59 -0700] "GET /athlete_form.cfm?CFID=2213713&CFTOKEN=730b248abc19d733-F4B69174-EF8C-1621-6AE0ED133332C3E7 HTTP/1.1" 301 - "-" "Mozilla/5.0 (compatible; DotBot/1.2; +https://opensiteexplorer.org/dotbot; help@moz.com)"
216.244.66.236 - - [02/Sep/2026:14:04:00 -0700] "GET /athlete_form.cfm?CFID=2214266&CFTOKEN=709109fc5a084586-F4DDC35F-EF8C-1621-6AE2CDB81F46F4DC HTTP/1.1" 301 - "-" "Mozilla/5.0 (compatible; DotBot/1.2; +https://opensiteexplorer.org/dotbot; help@moz.com)"
216.244.66.236 - - [02/Sep/2026:14:04:01 -0700] "GET /athlete_form.cfm?CFID=2215169&CFTOKEN=2156754a745667df-F7CB5B00-EF8C-1621-6AE37B8F1F25CE17 HTTP/1.1" 301 - "-" "Mozilla/5.0 (compatible; DotBot/1.2; +https://opensiteexplorer.org/dotbot; help@moz.com)"
216.244.66.236 - - [02/Sep/2026:14:04:01 -0700] "GET /athlete_form.cfm?CFID=2215322&CFTOKEN=3d101d50ab08455-F8074264-EF8C-1621-6AE619E1FCC9BED5 HTTP/1.1" 301 - "-" "Mozilla/5.0 (compatible; DotBot/1.2; +https://opensiteexplorer.org/dotbot; help@moz.com)"
216.244.66.236 - - [02/Sep/2026:14:04:02 -0700] "GET /athlete_form.cfm?CFID=2215605&CFTOKEN=a4cd74b24953a915-F96DE861-EF8C-1621-6AE35429880D6887 HTTP/1.1" 301 - "-" "Mozilla/5.0 (compatible; DotBot/1.2; +https://opensiteexplorer.org/dotbot; help@moz.com)"
216.244.66.236 - - [02/Sep/2026:14:04:03 -0700] "GET /athlete_form.cfm?CFID=2215675&CFTOKEN=91ee980b1f54ae8b-F97350B9-EF8C-1621-6AEF70F8FFB327FC HTTP/1.1" 301 - "-" "Mozilla/5.0 (compatible; DotBot/1.2; +https://opensiteexplorer.org/dotbot; help@moz.com)"
54.85.109.140 - - [02/Sep/2026:14:04:04 -0700] "GET /wp-content/plugins/elementor-pro/modules/popup/display-settings/ HTTP/1.1" 200 1297 "-" "Mozilla/5.0 AppleWebKit/537.36 (KHTML, like Gecko; compatible; Amazonbot/0.1; +https://developer.amazon.com/support/amazonbot) Chrome/119.0.6045.214 Safari/537.36"
216.244.66.236 - - [02/Sep/2026:14:04:05 -0700] "GET /athlete_form.cfm?CFID=2216255&CFTOKEN=8eac9b31a811cbe6-FE6CBB52-EF8C-1621-6AE3C4BA1F155E57 HTTP/1.1" 301 - "-" "Mozilla/5.0 (compatible; DotBot/1.2; +https://opensiteexplorer.org/dotbot; help@moz.com)"
216.244.66.236 - - [02/Sep/2026:14:04:07 -0700] "GET /athlete_form.cfm?CFID=221705&CFTOKEN=501c67d75607a802-80D9EB54-EF8C-1621-6AE074BD86EB3299 HTTP/1.1" 301 - "-" "Mozilla/5.0 (compatible; DotBot/1.2; +https://opensiteexplorer.org/dotbot; help@moz.com)"
62.60.130.198 - - [02/Sep/2026:14:04:08 -0700] "GET /wp-includes/sitemaps/ HTTP/1.1" 200 2365 "binance.com" "Mozilla/5.0 (Windows NT 10.0; Win64; x64) AppleWebKit/537.36 (KHTML, like Gecko) Chrome/90.0.4430.85 Safari/537.36"
216.244.66.236 - - [02/Sep/2026:14:04:09 -0700] "GET /athlete_form.cfm?CFID=221792&CFTOKEN=a5ec1bcf5ef5f008-80DF7E9E-EF8C-1621-6AE551F7582ECEFB HTTP/1.1" 301 - "-" "Mozilla/5.0 (compatible; DotBot/1.2; +https://opensiteexplorer.org/dotbot; help@moz.com)"
216.244.66.236 - - [02/Sep/2026:14:04:11 -0700] "GET /athlete_form.cfm?CFID=221814&CFTOKEN=ca0aecc366c6dc9b-80E0AC3C-EF8C-1621-6AEB222F7C6C149C HTTP/1.1" 301 - "-" "Mozilla/5.0 (compatible; DotBot/1.2; +https://opensiteexplorer.org/dotbot; help@moz.com)"
216.244.66.236 - - [02/Sep/2026:14:04:13 -0700] "GET /athlete_form.cfm?CFID=2222529&CFTOKEN=6ccee1af96bd05b6-2FA7FAE0-EF8C-1621-6AE1348207848326 HTTP/1.1" 301 - "-" "Mozilla/5.0 (compatible; DotBot/1.2; +https://opensiteexplorer.org/dotbot; help@moz.com)"
62.60.130.198 - - [02/Sep/2026:14:04:18 -0700] "GET /wp-includes/sitemaps/providers/ HTTP/1.1" 200 1270 "binance.com" "Mozilla/5.0 (Windows NT 10.0; Win64; x64) AppleWebKit/537.36 (KHTML, like Gecko) Chrome/90.0.4430.85 Safari/537.36"
62.60.130.198 - - [02/Sep/2026:14:04:29 -0700] "GET /wp-includes/sitemaps/providers/ HTTP/1.1" 200 1270 "binance.com" "Mozilla/5.0 (Windows NT 10.0; Win64; x64) AppleWebKit/537.36 (KHTML, like Gecko) Chrome/90.0.4430.85 Safari/537.36"
62.60.130.198 - - [02/Sep/2026:14:04:41 -0700] "GET /wp-includes/widgets/ HTTP/1.1" 200 4621 "binance.com" "Mozilla/5.0 (Windows NT 10.0; Win64; x64) AppleWebKit/537.36 (KHTML, like Gecko) Chrome/90.0.4430.85 Safari/537.36"
68.196.72.237 - - [02/Sep/2026:14:04:44 -0700] "GET /wp-content/uploads/2021/03/Arrows-animation.json HTTP/2.0" 304 - "https://usaigc.com/" "Mozilla/5.0 (Windows NT 10.0; Win64; x64) AppleWebKit/537.36 (KHTML, like Gecko) Chrome/152.0.0.0 Safari/537.36 Edg/152.0.0.0"
62.60.130.198 - - [02/Sep/2026:14:04:50 -0700] "GET /wp-includes/widgets/ HTTP/1.1" 200 4621 "binance.com" "Mozilla/5.0 (Windows NT 10.0; Win64; x64) AppleWebKit/537.36 (KHTML, like Gecko) Chrome/90.0.4430.85 Safari/537.36"
62.60.130.198 - - [02/Sep/2026:14:05:01 -0700] "GET /wp-includes/widgets/class-wp-widget-block.php HTTP/1.1" 500 - "binance.com" "Mozilla/5.0 (Windows NT 10.0; Win64; x64) AppleWebKit/537.36 (KHTML, like Gecko) Chrome/90.0.4430.85 Safari/537.36"
173.231.200.77 - - [02/Sep/2026:14:05:07 -0700] "POST /wp-cron.php?doing_wp_cron=1788383107.9229609966278076171875 HTTP/1.1" 200 - "-" "WordPress/7.1; https://usaigc.com"
57.141.18.60 - - [02/Sep/2026:14:05:07 -0700] "GET /sitemap.xml HTTP/2.0" 200 800 "-" "Mozilla/5.0 (Windows NT 10.0; Win64; x64) AppleWebKit/537.36 (KHTML, like Gecko) Chrome/145.0.0.0 Safari/537.36 (compatible; meta-webindexer/1.1 (+https://developers.facebook.com/docs/sharing/webmasters/crawler))"
62.60.130.198 - - [02/Sep/2026:14:05:09 -0700] "GET /wp-includes/css/ HTTP/1.1" 200 9559 "binance.com" "Mozilla/5.0 (Windows NT 10.0; Win64; x64) AppleWebKit/537.36 (KHTML, like Gecko) Chrome/90.0.4430.85 Safari/537.36"
62.60.130.198 - - [02/Sep/2026:14:05:17 -0700] "GET /wp-includes/css/dist/ HTTP/1.1" 200 4598 "binance.com" "Mozilla/5.0 (Windows NT 10.0; Win64; x64) AppleWebKit/537.36 (KHTML, like Gecko) Chrome/90.0.4430.85 Safari/537.36"
62.60.130.198 - - [02/Sep/2026:14:05:24 -0700] "GET /wp-includes/css/dist/ HTTP/1.1" 200 4598 "binance.com" "Mozilla/5.0 (Windows NT 10.0; Win64; x64) AppleWebKit/537.36 (KHTML, like Gecko) Chrome/90.0.4430.85 Safari/537.36"
173.231.200.77 - - [02/Sep/2026:14:07:30 -0700] "POST /wp-cron.php?doing_wp_cron=1788383250.1647269725799560546875 HTTP/1.1" 200 - "-" "WordPress/7.1; https://usaigc.com"
52.167.144.184 - - [02/Sep/2026:14:07:30 -0700] "GET /sitemap_index.xml HTTP/2.0" 302 - "-" "Mozilla/5.0 AppleWebKit/537.36 (KHTML, like Gecko; compatible; bingbot/2.0; +http://www.bing.com/bingbot.htm) Chrome/116.0.1938.76 Safari/537.36"
52.167.144.229 - - [02/Sep/2026:14:07:40 -0700] "GET /sitemap.xml HTTP/2.0" 200 800 "-" "Mozilla/5.0 AppleWebKit/537.36 (KHTML, like Gecko; compatible; bingbot/2.0; +http://www.bing.com/bingbot.htm) Chrome/116.0.1938.76 Safari/537.36"
35.174.253.85 - - [02/Sep/2026:14:09:29 -0700] "GET /wp-content/uploads/2023/11/shutterstock_1205204578-scaled.jpg HTTP/1.1" 200 210974 "-" "Mozilla/5.0 AppleWebKit/537.36 (KHTML, like Gecko; compatible; Amazonbot/0.1; +https://developer.amazon.com/support/amazonbot) Chrome/119.0.6045.214 Safari/537.36"
173.231.200.77 - - [02/Sep/2026:14:10:58 -0700] "POST /wp-cron.php?doing_wp_cron=1788383458.3583359718322753906250 HTTP/1.1" 200 - "-" "WordPress/7.1; https://usaigc.com"
66.249.77.194 - - [02/Sep/2026:14:10:58 -0700] "GET /robots.txt HTTP/1.1" 301 - "-" "Mozilla/5.0 (compatible; Googlebot/2.1; +http://www.google.com/bot.html)"
66.249.77.194 - - [02/Sep/2026:14:10:58 -0700] "GET /CompetitionScores/Team%20Cup%20Session%204.pdf HTTP/1.1" 301 - "-" "Mozilla/5.0 (Linux; Android 6.0.1; Nexus 5X Build/MMB29P) AppleWebKit/537.36 (KHTML, like Gecko) Chrome/151.0.7922.173 Mobile Safari/537.36 (compatible; GoogleOther)"
192.178.6.160 - - [02/Sep/2026:14:11:00 -0700] "GET /CompetitionScores/Team%20Cup%20Session%204.pdf HTTP/1.1" 404 100831 "-" "Mozilla/5.0 (Linux; Android 6.0.1; Nexus 5X Build/MMB29P) AppleWebKit/537.36 (KHTML, like Gecko) Chrome/151.0.7922.173 Mobile Safari/537.36 (compatible; GoogleOther)"
199.88.131.33 - - [02/Sep/2026:14:12:05 -0700] "GET /schedules/ HTTP/2.0" 200 99706 "https://www.bing.com/" "Mozilla/5.0 (Windows NT 10.0; Win64; x64) AppleWebKit/537.36 (KHTML, like Gecko) Chrome/152.0.0.0 Safari/537.36 Edg/152.0.0.0"
199.88.131.33 - - [02/Sep/2026:14:12:05 -0700] "GET /wp-content/uploads/hummingbird-assets/acad0b82613f33412aee4b23f806a90d.css HTTP/2.0" 200 61458 "https://usaigc.com/schedules/" "Mozilla/5.0 (Windows NT 10.0; Win64; x64) AppleWebKit/537.36 (KHTML, like Gecko) Chrome/152.0.0.0 Safari/537.36 Edg/152.0.0.0"
199.88.131.33 - - [02/Sep/2026:14:12:05 -0700] "GET /wp-content/plugins/instagram-feed/css/sbi-styles.min.css HTTP/2.0" 200 46555 "https://usaigc.com/schedules/" "Mozilla/5.0 (Windows NT 10.0; Win64; x64) AppleWebKit/537.36 (KHTML, like Gecko) Chrome/152.0.0.0 Safari/537.36 Edg/152.0.0.0"
199.88.131.33 - - [02/Sep/2026:14:12:05 -0700] "GET /wp-content/uploads/hummingbird-assets/c61c6cd1ba1b0e9b76d5608ee5877c92.css HTTP/2.0" 200 503180 "https://usaigc.com/schedules/" "Mozilla/5.0 (Windows NT 10.0; Win64; x64) AppleWebKit/537.36 (KHTML, like Gecko) Chrome/152.0.0.0 Safari/537.36 Edg/152.0.0.0"
199.88.131.33 - - [02/Sep/2026:14:12:05 -0700] "GET /wp-content/uploads/hummingbird-assets/3bc16ab83db33802d31670bbb5e751f7.css HTTP/2.0" 200 2956 "https://usaigc.com/schedules/" "Mozilla/5.0 (Windows NT 10.0; Win64; x64) AppleWebKit/537.36 (KHTML, like Gecko) Chrome/152.0.0.0 Safari/537.36 Edg/152.0.0.0"
199.88.131.33 - - [02/Sep/2026:14:12:05 -0700] "GET /wp-content/uploads/hummingbird-assets/50af1be59aa3039895c1bca6caf65643.css HTTP/2.0" 200 52893 "https://usaigc.com/schedules/" "Mozilla/5.0 (Windows NT 10.0; Win64; x64) AppleWebKit/537.36 (KHTML, like Gecko) Chrome/152.0.0.0 Safari/537.36 Edg/152.0.0.0"
199.88.131.33 - - [02/Sep/2026:14:12:05 -0700] "GET /wp-content/uploads/hummingbird-assets/507807d56b734f9aa4eb9cdeebecdb9f.css HTTP/2.0" 200 18942 "https://usaigc.com/schedules/" "Mozilla/5.0 (Windows NT 10.0; Win64; x64) AppleWebKit/537.36 (KHTML, like Gecko) Chrome/152.0.0.0 Safari/537.36 Edg/152.0.0.0"
199.88.131.33 - - [02/Sep/2026:14:12:05 -0700] "GET /wp-content/uploads/hummingbird-assets/9a31db504563c009a94bb8252fcec2d0.js HTTP/2.0" 200 101173 "https://usaigc.com/schedules/" "Mozilla/5.0 (Windows NT 10.0; Win64; x64) AppleWebKit/537.36 (KHTML, like Gecko) Chrome/152.0.0.0 Safari/537.36 Edg/152.0.0.0"
199.88.131.33 - - [02/Sep/2026:14:12:05 -0700] "GET /wp-content/plugins/elementor/assets/lib/font-awesome/js/v4-shims.min.js HTTP/2.0" 200 15073 "https://usaigc.com/schedules/" "Mozilla/5.0 (Windows NT 10.0; Win64; x64) AppleWebKit/537.36 (KHTML, like Gecko) Chrome/152.0.0.0 Safari/537.36 Edg/152.0.0.0"
199.88.131.33 - - [02/Sep/2026:14:12:06 -0700] "GET /wp-content/uploads/2020/12/2024-SAFE-CLUB-1.png HTTP/2.0" 200 90507 "https://usaigc.com/schedules/" "Mozilla/5.0 (Windows NT 10.0; Win64; x64) AppleWebKit/537.36 (KHTML, like Gecko) Chrome/152.0.0.0 Safari/537.36 Edg/152.0.0.0"
