216.244.66.236 - - [02/Sep/2026:09:40:35 -0700] "GET /athlete_form.cfm?CFID=a1f8e603-958c-4c9e-a340-ce9fe3892aa4&CFTOKEN=0 HTTP/1.1" 301 - "-" "Mozilla/5.0 (compatible; DotBot/1.2; +https://opensiteexplorer.org/dotbot; help@moz.com)"
43.173.181.21 - - [02/Sep/2026:09:40:40 -0700] "GET /wp-content/uploads/2021/03/Arrows-animation.json HTTP/1.1" 200 14916 "https://usaigc.com/" "Mozilla/5.0 (Windows NT 10.0; Win64; x64) AppleWebKit/537.36 (KHTML, like Gecko) Chrome/116.0.0.0 Safari/537.36"
216.244.66.236 - - [02/Sep/2026:09:40:58 -0700] "GET /athlete_form.cfm?CFID=a21e599a-acbf-4925-bb3d-84bc2e55b30f&CFTOKEN=0 HTTP/1.1" 301 - "-" "Mozilla/5.0 (compatible; DotBot/1.2; +https://opensiteexplorer.org/dotbot; help@moz.com)"
216.244.66.236 - - [02/Sep/2026:09:41:20 -0700] "GET /athlete_form.cfm?CFID=a220a549-8a72-464f-8a7e-6f7af5a9a86e&CFTOKEN=0 HTTP/1.1" 301 - "-" "Mozilla/5.0 (compatible; DotBot/1.2; +https://opensiteexplorer.org/dotbot; help@moz.com)"
173.231.200.77 - - [02/Sep/2026:09:41:40 -0700] "POST /wp-cron.php?doing_wp_cron=1788367300.6243069171905517578125 HTTP/1.1" 200 - "-" "WordPress/7.1; https://usaigc.com"
216.244.66.236 - - [02/Sep/2026:09:41:40 -0700] "GET /athlete_form.cfm?CFID=a22444a9-b7af-4b98-9163-2b2050ed3b23&CFTOKEN=0 HTTP/1.1" 301 - "-" "Mozilla/5.0 (compatible; DotBot/1.2; +https://opensiteexplorer.org/dotbot; help@moz.com)"
3.89.176.255 - - [02/Sep/2026:09:41:58 -0700] "GET /wp-content/plugins/elementor-pro/core/data/interfaces/ HTTP/1.1" 200 919 "-" "Mozilla/5.0 AppleWebKit/537.36 (KHTML, like Gecko; compatible; Amazonbot/0.1; +https://developer.amazon.com/support/amazonbot) Chrome/119.0.6045.214 Safari/537.36"
216.244.66.236 - - [02/Sep/2026:09:41:59 -0700] "GET /athlete_form.cfm?CFID=a23d17ef-1d0c-42b3-b4f7-11fbc9e99d79&CFTOKEN=0 HTTP/1.1" 301 - "-" "Mozilla/5.0 (compatible; DotBot/1.2; +https://opensiteexplorer.org/dotbot; help@moz.com)"
54.204.62.163 - - [02/Sep/2026:09:42:01 -0700] "GET /wp-content/uploads/ HTTP/1.1" 200 4556 "-" "Mozilla/5.0 AppleWebKit/537.36 (KHTML, like Gecko; compatible; Amazonbot/0.1; +https://developer.amazon.com/support/amazonbot) Chrome/119.0.6045.214 Safari/537.36"
216.244.66.236 - - [02/Sep/2026:09:42:18 -0700] "GET /athlete_form.cfm?CFID=a25b78d4-3834-473d-a5a7-dbd56991f5d2&CFTOKEN=0 HTTP/1.1" 301 - "-" "Mozilla/5.0 (compatible; DotBot/1.2; +https://opensiteexplorer.org/dotbot; help@moz.com)"
173.231.200.77 - - [02/Sep/2026:09:42:35 -0700] "POST /wp-cron.php?doing_wp_cron=1788367355.8152229785919189453125 HTTP/1.1" 200 - "-" "WordPress/7.1; https://usaigc.com"
216.244.66.236 - - [02/Sep/2026:09:42:35 -0700] "GET /athlete_form.cfm?CFID=a291eff5-1b6e-44b9-a493-64d3dc349023&CFTOKEN=0 HTTP/1.1" 301 - "-" "Mozilla/5.0 (compatible; DotBot/1.2; +https://opensiteexplorer.org/dotbot; help@moz.com)"
216.244.66.236 - - [02/Sep/2026:09:42:51 -0700] "GET /athlete_form.cfm?CFID=a2ad78f5-717f-48eb-a474-d074e22098df&CFTOKEN=0 HTTP/1.1" 301 - "-" "Mozilla/5.0 (compatible; DotBot/1.2; +https://opensiteexplorer.org/dotbot; help@moz.com)"
216.244.66.236 - - [02/Sep/2026:09:43:07 -0700] "GET /athlete_form.cfm?CFID=a2b55808-87a2-4141-ad8a-13ce9ce99390&CFTOKEN=0 HTTP/1.1" 301 - "-" "Mozilla/5.0 (compatible; DotBot/1.2; +https://opensiteexplorer.org/dotbot; help@moz.com)"
223.109.252.231 - - [02/Sep/2026:09:43:19 -0700] "GET /competition_scores.cfm?id=2246 HTTP/1.1" 301 - "-" "Sogou web spider/4.0(+http://www.sogou.com/docs/help/webmasters.htm#07)"
173.231.200.77 - - [02/Sep/2026:09:43:21 -0700] "POST /wp-cron.php?doing_wp_cron=1788367401.3020739555358886718750 HTTP/1.1" 200 - "-" "WordPress/7.1; https://usaigc.com"
223.109.252.231 - - [02/Sep/2026:09:43:20 -0700] "GET /competition_scores.cfm?id=2246 HTTP/1.1" 404 100631 "-" "Sogou web spider/4.0(+http://www.sogou.com/docs/help/webmasters.htm#07)"
216.244.66.236 - - [02/Sep/2026:09:43:21 -0700] "GET /athlete_form.cfm?CFID=a2c407d7-3c67-4731-a534-c5b34ca7c856&CFTOKEN=0 HTTP/1.1" 301 - "-" "Mozilla/5.0 (compatible; DotBot/1.2; +https://opensiteexplorer.org/dotbot; help@moz.com)"
216.244.66.236 - - [02/Sep/2026:09:43:35 -0700] "GET /athlete_form.cfm?CFID=a2c610b6-0b14-47ed-8c89-41ab98f787be&CFTOKEN=0 HTTP/1.1" 301 - "-" "Mozilla/5.0 (compatible; DotBot/1.2; +https://opensiteexplorer.org/dotbot; help@moz.com)"
216.244.66.236 - - [02/Sep/2026:09:43:48 -0700] "GET /athlete_form.cfm?CFID=a2d14733-3617-4651-9d06-3f4f5d2fffbd&CFTOKEN=0 HTTP/1.1" 301 - "-" "Mozilla/5.0 (compatible; DotBot/1.2; +https://opensiteexplorer.org/dotbot; help@moz.com)"
216.244.66.236 - - [02/Sep/2026:09:44:00 -0700] "GET /athlete_form.cfm?CFID=a2e1d128-0d50-4507-b4e6-15973d10b345&CFTOKEN=0 HTTP/1.1" 301 - "-" "Mozilla/5.0 (compatible; DotBot/1.2; +https://opensiteexplorer.org/dotbot; help@moz.com)"
216.244.66.236 - - [02/Sep/2026:09:44:10 -0700] "GET /athlete_form.cfm?CFID=a2ef0725-0ac0-4a63-ae2e-017dccd7d147&CFTOKEN=0 HTTP/1.1" 301 - "-" "Mozilla/5.0 (compatible; DotBot/1.2; +https://opensiteexplorer.org/dotbot; help@moz.com)"
216.244.66.236 - - [02/Sep/2026:09:44:19 -0700] "GET /athlete_form.cfm?CFID=a2f053c4-0813-4427-8a85-2f4bc13830d4&CFTOKEN=0 HTTP/1.1" 301 - "-" "Mozilla/5.0 (compatible; DotBot/1.2; +https://opensiteexplorer.org/dotbot; help@moz.com)"
173.231.200.77 - - [02/Sep/2026:09:44:28 -0700] "POST /wp-cron.php?doing_wp_cron=1788367468.1911439895629882812500 HTTP/1.1" 200 - "-" "WordPress/7.1; https://usaigc.com"
216.244.66.236 - - [02/Sep/2026:09:44:28 -0700] "GET /athlete_form.cfm?CFID=a2f55500-bbd8-457b-9422-1b42d2988be1&CFTOKEN=0 HTTP/1.1" 301 - "-" "Mozilla/5.0 (compatible; DotBot/1.2; +https://opensiteexplorer.org/dotbot; help@moz.com)"
216.244.66.236 - - [02/Sep/2026:09:44:35 -0700] "GET /athlete_form.cfm?CFID=a2fad575-bea4-46c9-b8bf-c5649e35ae5d&CFTOKEN=0 HTTP/1.1" 301 - "-" "Mozilla/5.0 (compatible; DotBot/1.2; +https://opensiteexplorer.org/dotbot; help@moz.com)"
216.244.66.236 - - [02/Sep/2026:09:44:41 -0700] "GET /athlete_form.cfm?CFID=a3047c98-8a6a-4065-b0f0-8ecafeb022c4&CFTOKEN=0 HTTP/1.1" 301 - "-" "Mozilla/5.0 (compatible; DotBot/1.2; +https://opensiteexplorer.org/dotbot; help@moz.com)"
216.244.66.236 - - [02/Sep/2026:09:44:47 -0700] "GET /athlete_form.cfm?CFID=a3086109-44a6-48fb-9533-4a20ad52168a&CFTOKEN=0 HTTP/1.1" 301 - "-" "Mozilla/5.0 (compatible; DotBot/1.2; +https://opensiteexplorer.org/dotbot; help@moz.com)"
216.244.66.236 - - [02/Sep/2026:09:44:52 -0700] "GET /athlete_form.cfm?CFID=a3256b1c-b0ec-4756-81e5-ee26eea6c090&CFTOKEN=0 HTTP/1.1" 301 - "-" "Mozilla/5.0 (compatible; DotBot/1.2; +https://opensiteexplorer.org/dotbot; help@moz.com)"
216.244.66.236 - - [02/Sep/2026:09:44:56 -0700] "GET /athlete_form.cfm?CFID=a330ef19-a155-4991-94fe-00ac8ed77150&CFTOKEN=0 HTTP/1.1" 301 - "-" "Mozilla/5.0 (compatible; DotBot/1.2; +https://opensiteexplorer.org/dotbot; help@moz.com)"
216.244.66.236 - - [02/Sep/2026:09:44:59 -0700] "GET /athlete_form.cfm?CFID=a34a0b6d-f1a6-4328-8fbe-895a958282b2&CFTOKEN=0 HTTP/1.1" 301 - "-" "Mozilla/5.0 (compatible; DotBot/1.2; +https://opensiteexplorer.org/dotbot; help@moz.com)"
216.244.66.236 - - [02/Sep/2026:09:45:02 -0700] "GET /athlete_form.cfm?CFID=a3575d62-4678-409e-a1d4-8cfe89a25721&CFTOKEN=0 HTTP/1.1" 301 - "-" "Mozilla/5.0 (compatible; DotBot/1.2; +https://opensiteexplorer.org/dotbot; help@moz.com)"
216.244.66.236 - - [02/Sep/2026:09:45:07 -0700] "GET /athlete_form.cfm?CFID=a371b731-1b82-4fc1-8b7f-2a0b9175b43f&CFTOKEN=0 HTTP/1.1" 301 - "-" "Mozilla/5.0 (compatible; DotBot/1.2; +https://opensiteexplorer.org/dotbot; help@moz.com)"
216.244.66.236 - - [02/Sep/2026:09:45:11 -0700] "GET /athlete_form.cfm?CFID=a3853fe1-0595-45ae-ab4f-c2266eacaad6&CFTOKEN=0 HTTP/1.1" 301 - "-" "Mozilla/5.0 (compatible; DotBot/1.2; +https://opensiteexplorer.org/dotbot; help@moz.com)"
216.244.66.236 - - [02/Sep/2026:09:45:16 -0700] "GET /athlete_form.cfm?CFID=a3861c9e-d40e-4e20-90bc-22cbf8c443c6&CFTOKEN=0 HTTP/1.1" 301 - "-" "Mozilla/5.0 (compatible; DotBot/1.2; +https://opensiteexplorer.org/dotbot; help@moz.com)"
216.244.66.236 - - [02/Sep/2026:09:45:19 -0700] "GET /athlete_form.cfm?CFID=a38839b5-5f20-4f1c-991b-15c820e12ea3&CFTOKEN=0 HTTP/1.1" 301 - "-" "Mozilla/5.0 (compatible; DotBot/1.2; +https://opensiteexplorer.org/dotbot; help@moz.com)"
173.231.200.77 - - [02/Sep/2026:09:45:22 -0700] "POST /wp-cron.php?doing_wp_cron=1788367522.9503149986267089843750 HTTP/1.1" 200 - "-" "WordPress/7.1; https://usaigc.com"
142.132.174.203 - - [02/Sep/2026:09:45:22 -0700] "GET /wp-sitemap.xml HTTP/1.1" 302 - "-" "Mozilla/5.0 (iPhone; CPU iPhone OS 18_3_2 like Mac OS X) AppleWebKit/605.1.15 (KHTML, like Gecko) Version/18.3.1 Mobile/15E148 Safari/604.1"
216.244.66.236 - - [02/Sep/2026:09:45:22 -0700] "GET /athlete_form.cfm?CFID=a3ae4a47-e2f2-464c-ace2-3dff7b542ddf&CFTOKEN=0 HTTP/1.1" 301 - "-" "Mozilla/5.0 (compatible; DotBot/1.2; +https://opensiteexplorer.org/dotbot; help@moz.com)"
142.132.174.203 - - [02/Sep/2026:09:45:23 -0700] "GET /sitemap.xml HTTP/1.1" 200 800 "-" "Mozilla/5.0 (iPhone; CPU iPhone OS 18_3_2 like Mac OS X) AppleWebKit/605.1.15 (KHTML, like Gecko) Version/18.3.1 Mobile/15E148 Safari/604.1"
142.132.174.203 - - [02/Sep/2026:09:45:23 -0700] "GET /post-sitemap.xml HTTP/1.1" 200 3841 "-" "Mozilla/5.0 (Linux; Android 10; K) AppleWebKit/537.36 (KHTML, like Gecko) Chrome/135.0.0.0 Mobile Safari/537.36"
216.244.66.236 - - [02/Sep/2026:09:45:25 -0700] "GET /athlete_form.cfm?CFID=a3ae7990-168a-49e6-9c70-9473bb8396af&CFTOKEN=0 HTTP/1.1" 301 - "-" "Mozilla/5.0 (compatible; DotBot/1.2; +https://opensiteexplorer.org/dotbot; help@moz.com)"
136.144.43.136 - - [02/Sep/2026:09:45:45 -0700] "POST /wp-login.php HTTP/1.1" 200 7596 "-" "Mozilla/5.0"
173.231.200.77 - - [02/Sep/2026:09:47:39 -0700] "POST /wp-cron.php?doing_wp_cron=1788367659.5917270183563232421875 HTTP/1.1" 200 - "-" "WordPress/7.1; https://usaigc.com"
39.61.170.207 - - [02/Sep/2026:09:47:39 -0700] "GET /wp-login.php HTTP/2.0" 200 7211 "-" "Mozilla/5.0 (Windows NT 10.0; Win64; x64) AppleWebKit/537.36 (KHTML, like Gecko) Chrome/151.0.0.0 Safari/537.36"
39.61.170.207 - - [02/Sep/2026:09:47:40 -0700] "POST /wp-login.php HTTP/2.0" 200 7614 "https://usaigc.com/wp-login.php" "Mozilla/5.0 (Windows NT 10.0; Win64; x64) AppleWebKit/537.36 (KHTML, like Gecko) Chrome/151.0.0.0 Safari/537.36"
173.231.200.77 - - [02/Sep/2026:09:49:29 -0700] "POST /wp-cron.php?doing_wp_cron=1788367769.7609689235687255859375 HTTP/1.1" 200 - "-" "WordPress/7.1; https://usaigc.com"
124.156.226.179 - - [02/Sep/2026:09:49:29 -0700] "GET /membership HTTP/1.1" 301 - "-" "Mozilla/5.0 (iPhone; CPU iPhone OS 13_2_3 like Mac OS X) AppleWebKit/605.1.15 (KHTML, like Gecko) Version/13.0.3 Mobile/15E148 Safari/604.1"
124.156.226.179 - - [02/Sep/2026:09:49:34 -0700] "GET /membership/ HTTP/1.1" 200 121242 "https://usaigc.com/membership" "Mozilla/5.0 (iPhone; CPU iPhone OS 13_2_3 like Mac OS X) AppleWebKit/605.1.15 (KHTML, like Gecko) Version/13.0.3 Mobile/15E148 Safari/604.1"
34.222.195.72 - - [02/Sep/2026:09:49:42 -0700] "GET /SitePDFs/Silver%20Event%20Finals%2014-15.pdf HTTP/1.1" 404 100815 "-" "python-httpx/0.28.1"
34.222.195.72 - - [02/Sep/2026:09:49:44 -0700] "GET /SitePDFs/Silver%20Event%20Finals%2014-15.pdf HTTP/1.1" 404 100815 "-" "python-httpx/0.28.1"
34.222.195.72 - - [02/Sep/2026:09:49:47 -0700] "GET /SitePDFs/Silver%20Event%20Finals%2014-15.pdf HTTP/1.1" 404 100815 "-" "python-httpx/0.28.1"
173.231.200.77 - - [02/Sep/2026:09:51:00 -0700] "POST /wp-cron.php?doing_wp_cron=1788367860.8052489757537841796875 HTTP/1.1" 200 - "-" "WordPress/7.1; https://usaigc.com"
216.73.216.77 - - [02/Sep/2026:09:51:00 -0700] "GET /robots.txt HTTP/2.0" 200 153 "-" "Mozilla/5.0 AppleWebKit/537.36 (KHTML, like Gecko; compatible; ClaudeBot/1.0; +claudebot@anthropic.com)"
216.73.216.77 - - [02/Sep/2026:09:51:01 -0700] "GET /sitemap.xml HTTP/2.0" 200 800 "-" "Mozilla/5.0 AppleWebKit/537.36 (KHTML, like Gecko; compatible; ClaudeBot/1.0; +claudebot@anthropic.com)"
216.73.216.77 - - [02/Sep/2026:09:51:27 -0700] "GET /sitemap.rss HTTP/2.0" 200 14383 "-" "Mozilla/5.0 AppleWebKit/537.36 (KHTML, like Gecko; compatible; ClaudeBot/1.0; +claudebot@anthropic.com)"
173.231.200.77 - - [02/Sep/2026:09:51:40 -0700] "POST /wp-cron.php?doing_wp_cron=1788367900.9556879997253417968750 HTTP/1.1" 200 - "-" "WordPress/7.1; https://usaigc.com"
100.59.16.62 - - [02/Sep/2026:09:51:40 -0700] "GET / HTTP/1.1" 301 - "-" "Mozilla/5.0 (Macintosh; Intel Mac OS X 10_15_7) AppleWebKit/537.36 (KHTML, like Gecko) Chrome/145.0.0.0 Safari/537.36"
100.59.16.62 - - [02/Sep/2026:09:51:41 -0700] "GET / HTTP/1.1" 200 131156 "-" "Mozilla/5.0 (Macintosh; Intel Mac OS X 10_15_7) AppleWebKit/537.36 (KHTML, like Gecko) Chrome/145.0.0.0 Safari/537.36"
173.231.200.77 - - [02/Sep/2026:09:54:41 -0700] "POST /wp-cron.php?doing_wp_cron=1788368081.1802380084991455078125 HTTP/1.1" 200 - "-" "WordPress/7.1; https://usaigc.com"
34.90.60.157 - - [02/Sep/2026:09:54:41 -0700] "GET / HTTP/1.1" 301 - "-" "Mozilla/5.0 (Windows NT 10.0; Win64; x64) AppleWebKit/537.36 (KHTML, like Gecko) Chrome/78.0.3904.108 Safari/537.36"
34.90.60.157 - - [02/Sep/2026:09:54:41 -0700] "GET / HTTP/1.1" 200 131156 "-" "Mozilla/5.0 (Windows NT 10.0; Win64; x64) AppleWebKit/537.36 (KHTML, like Gecko) Chrome/78.0.3904.108 Safari/537.36"
34.90.60.157 - - [02/Sep/2026:09:54:42 -0700] "GET //wp-includes/wlwmanifest.xml HTTP/1.1" 301 - "-" "Mozilla/5.0 (Windows NT 10.0; Win64; x64) AppleWebKit/537.36 (KHTML, like Gecko) Chrome/78.0.3904.108 Safari/537.36"
34.90.60.157 - - [02/Sep/2026:09:54:42 -0700] "GET //xmlrpc.php?rsd HTTP/1.1" 200 774 "-" "Mozilla/5.0 (Windows NT 10.0; Win64; x64) AppleWebKit/537.36 (KHTML, like Gecko) Chrome/78.0.3904.108 Safari/537.36"
34.90.60.157 - - [02/Sep/2026:09:54:42 -0700] "GET //?author=1 HTTP/1.1" 301 - "-" "Mozilla/5.0 (Windows NT 10.0; Win64; x64) AppleWebKit/537.36 (KHTML, like Gecko) Chrome/78.0.3904.108 Safari/537.36"
34.90.60.157 - - [02/Sep/2026:09:54:43 -0700] "GET //?author=2 HTTP/1.1" 301 - "-" "Mozilla/5.0 (Windows NT 10.0; Win64; x64) AppleWebKit/537.36 (KHTML, like Gecko) Chrome/78.0.3904.108 Safari/537.36"
34.90.60.157 - - [02/Sep/2026:09:54:43 -0700] "GET //wp-json/wp/v2/users/ HTTP/1.1" 200 903 "-" "Mozilla/5.0 (Windows NT 10.0; Win64; x64) AppleWebKit/537.36 (KHTML, like Gecko) Chrome/78.0.3904.108 Safari/537.36"
34.90.60.157 - - [02/Sep/2026:09:54:43 -0700] "POST //xmlrpc.php HTTP/1.1" 200 401 "-" "Mozilla/5.0 (Windows NT 10.0; Win64; x64) AppleWebKit/537.36 (KHTML, like Gecko) Chrome/78.0.3904.108 Safari/537.36"
34.90.60.157 - - [02/Sep/2026:09:54:44 -0700] "POST //xmlrpc.php HTTP/1.1" 200 401 "-" "Mozilla/5.0 (Windows NT 10.0; Win64; x64) AppleWebKit/537.36 (KHTML, like Gecko) Chrome/78.0.3904.108 Safari/537.36"
34.90.60.157 - - [02/Sep/2026:09:54:45 -0700] "GET //wp-includes/wlwmanifest.xml HTTP/1.1" 301 - "-" "Mozilla/5.0 (Windows NT 10.0; Win64; x64) AppleWebKit/537.36 (KHTML, like Gecko) Chrome/78.0.3904.108 Safari/537.36"
34.90.60.157 - - [02/Sep/2026:09:54:45 -0700] "POST //xmlrpc.php HTTP/1.1" 200 401 "-" "Mozilla/5.0 (Windows NT 10.0; Win64; x64) AppleWebKit/537.36 (KHTML, like Gecko) Chrome/78.0.3904.108 Safari/537.36"
34.90.60.157 - - [02/Sep/2026:09:54:45 -0700] "GET //xmlrpc.php?rsd HTTP/1.1" 200 774 "-" "Mozilla/5.0 (Windows NT 10.0; Win64; x64) AppleWebKit/537.36 (KHTML, like Gecko) Chrome/78.0.3904.108 Safari/537.36"
34.90.60.157 - - [02/Sep/2026:09:54:46 -0700] "GET //?author=1 HTTP/1.1" 301 - "-" "Mozilla/5.0 (Windows NT 10.0; Win64; x64) AppleWebKit/537.36 (KHTML, like Gecko) Chrome/78.0.3904.108 Safari/537.36"
34.90.60.157 - - [02/Sep/2026:09:54:46 -0700] "POST //xmlrpc.php HTTP/1.1" 200 401 "-" "Mozilla/5.0 (Windows NT 10.0; Win64; x64) AppleWebKit/537.36 (KHTML, like Gecko) Chrome/78.0.3904.108 Safari/537.36"
34.90.60.157 - - [02/Sep/2026:09:54:46 -0700] "GET //?author=2 HTTP/1.1" 301 - "-" "Mozilla/5.0 (Windows NT 10.0; Win64; x64) AppleWebKit/537.36 (KHTML, like Gecko) Chrome/78.0.3904.108 Safari/537.36"
34.90.60.157 - - [02/Sep/2026:09:54:47 -0700] "GET //wp-json/wp/v2/users/ HTTP/1.1" 200 903 "-" "Mozilla/5.0 (Windows NT 10.0; Win64; x64) AppleWebKit/537.36 (KHTML, like Gecko) Chrome/78.0.3904.108 Safari/537.36"
34.90.60.157 - - [02/Sep/2026:09:54:47 -0700] "POST //xmlrpc.php HTTP/1.1" 200 401 "-" "Mozilla/5.0 (Windows NT 10.0; Win64; x64) AppleWebKit/537.36 (KHTML, like Gecko) Chrome/78.0.3904.108 Safari/537.36"
34.90.60.157 - - [02/Sep/2026:09:54:47 -0700] "POST //xmlrpc.php HTTP/1.1" 200 401 "-" "Mozilla/5.0 (Windows NT 10.0; Win64; x64) AppleWebKit/537.36 (KHTML, like Gecko) Chrome/78.0.3904.108 Safari/537.36"
34.90.60.157 - - [02/Sep/2026:09:54:48 -0700] "POST //xmlrpc.php HTTP/1.1" 200 401 "-" "Mozilla/5.0 (Windows NT 10.0; Win64; x64) AppleWebKit/537.36 (KHTML, like Gecko) Chrome/78.0.3904.108 Safari/537.36"
34.90.60.157 - - [02/Sep/2026:09:54:48 -0700] "POST //xmlrpc.php HTTP/1.1" 200 401 "-" "Mozilla/5.0 (Windows NT 10.0; Win64; x64) AppleWebKit/537.36 (KHTML, like Gecko) Chrome/78.0.3904.108 Safari/537.36"
34.90.60.157 - - [02/Sep/2026:09:54:49 -0700] "POST //xmlrpc.php HTTP/1.1" 200 401 "-" "Mozilla/5.0 (Windows NT 10.0; Win64; x64) AppleWebKit/537.36 (KHTML, like Gecko) Chrome/78.0.3904.108 Safari/537.36"
34.90.60.157 - - [02/Sep/2026:09:54:49 -0700] "POST //xmlrpc.php HTTP/1.1" 200 401 "-" "Mozilla/5.0 (Windows NT 10.0; Win64; x64) AppleWebKit/537.36 (KHTML, like Gecko) Chrome/78.0.3904.108 Safari/537.36"
34.90.60.157 - - [02/Sep/2026:09:54:50 -0700] "POST //xmlrpc.php HTTP/1.1" 200 401 "-" "Mozilla/5.0 (Windows NT 10.0; Win64; x64) AppleWebKit/537.36 (KHTML, like Gecko) Chrome/78.0.3904.108 Safari/537.36"
34.90.60.157 - - [02/Sep/2026:09:54:50 -0700] "POST //xmlrpc.php HTTP/1.1" 200 401 "-" "Mozilla/5.0 (Windows NT 10.0; Win64; x64) AppleWebKit/537.36 (KHTML, like Gecko) Chrome/78.0.3904.108 Safari/537.36"
34.90.60.157 - - [02/Sep/2026:09:54:50 -0700] "POST //xmlrpc.php HTTP/1.1" 200 401 "-" "Mozilla/5.0 (Windows NT 10.0; Win64; x64) AppleWebKit/537.36 (KHTML, like Gecko) Chrome/78.0.3904.108 Safari/537.36"
34.90.60.157 - - [02/Sep/2026:09:54:51 -0700] "POST //xmlrpc.php HTTP/1.1" 200 401 "-" "Mozilla/5.0 (Windows NT 10.0; Win64; x64) AppleWebKit/537.36 (KHTML, like Gecko) Chrome/78.0.3904.108 Safari/537.36"
34.90.60.157 - - [02/Sep/2026:09:54:51 -0700] "POST //xmlrpc.php HTTP/1.1" 200 401 "-" "Mozilla/5.0 (Windows NT 10.0; Win64; x64) AppleWebKit/537.36 (KHTML, like Gecko) Chrome/78.0.3904.108 Safari/537.36"
34.90.60.157 - - [02/Sep/2026:09:54:51 -0700] "POST //xmlrpc.php HTTP/1.1" 200 401 "-" "Mozilla/5.0 (Windows NT 10.0; Win64; x64) AppleWebKit/537.36 (KHTML, like Gecko) Chrome/78.0.3904.108 Safari/537.36"
17.166.24.63 - - [02/Sep/2026:09:54:52 -0700] "GET /competition_scores.cfm?id=2115 HTTP/2.0" 301 - "-" "Mozilla/5.0 (Macintosh; Intel Mac OS X 10_15_7) AppleWebKit/605.1.15 (KHTML, like Gecko) Version/17.4 Safari/605.1.15 (Applebot/0.1; +http://www.apple.com/go/applebot)"
34.90.60.157 - - [02/Sep/2026:09:54:52 -0700] "POST //xmlrpc.php HTTP/1.1" 200 401 "-" "Mozilla/5.0 (Windows NT 10.0; Win64; x64) AppleWebKit/537.36 (KHTML, like Gecko) Chrome/78.0.3904.108 Safari/537.36"
34.90.60.157 - - [02/Sep/2026:09:54:52 -0700] "POST //xmlrpc.php HTTP/1.1" 200 401 "-" "Mozilla/5.0 (Windows NT 10.0; Win64; x64) AppleWebKit/537.36 (KHTML, like Gecko) Chrome/78.0.3904.108 Safari/537.36"
34.90.60.157 - - [02/Sep/2026:09:54:53 -0700] "POST //xmlrpc.php HTTP/1.1" 200 401 "-" "Mozilla/5.0 (Windows NT 10.0; Win64; x64) AppleWebKit/537.36 (KHTML, like Gecko) Chrome/78.0.3904.108 Safari/537.36"
34.90.60.157 - - [02/Sep/2026:09:54:53 -0700] "POST //xmlrpc.php HTTP/1.1" 200 401 "-" "Mozilla/5.0 (Windows NT 10.0; Win64; x64) AppleWebKit/537.36 (KHTML, like Gecko) Chrome/78.0.3904.108 Safari/537.36"
34.90.60.157 - - [02/Sep/2026:09:54:53 -0700] "POST //xmlrpc.php HTTP/1.1" 200 401 "-" "Mozilla/5.0 (Windows NT 10.0; Win64; x64) AppleWebKit/537.36 (KHTML, like Gecko) Chrome/78.0.3904.108 Safari/537.36"
17.166.23.133 - - [02/Sep/2026:09:54:53 -0700] "GET /competition_scores.cfm?id=2115 HTTP/2.0" 404 100631 "-" "Mozilla/5.0 (Macintosh; Intel Mac OS X 10_15_7) AppleWebKit/605.1.15 (KHTML, like Gecko) Version/17.4 Safari/605.1.15 (Applebot/0.1; +http://www.apple.com/go/applebot)"
34.90.60.157 - - [02/Sep/2026:09:54:54 -0700] "POST //xmlrpc.php HTTP/1.1" 200 401 "-" "Mozilla/5.0 (Windows NT 10.0; Win64; x64) AppleWebKit/537.36 (KHTML, like Gecko) Chrome/78.0.3904.108 Safari/537.36"
34.90.60.157 - - [02/Sep/2026:09:54:54 -0700] "POST //xmlrpc.php HTTP/1.1" 200 401 "-" "Mozilla/5.0 (Windows NT 10.0; Win64; x64) AppleWebKit/537.36 (KHTML, like Gecko) Chrome/78.0.3904.108 Safari/537.36"
34.90.60.157 - - [02/Sep/2026:09:54:55 -0700] "POST //xmlrpc.php HTTP/1.1" 200 401 "-" "Mozilla/5.0 (Windows NT 10.0; Win64; x64) AppleWebKit/537.36 (KHTML, like Gecko) Chrome/78.0.3904.108 Safari/537.36"
34.90.60.157 - - [02/Sep/2026:09:54:55 -0700] "POST //xmlrpc.php HTTP/1.1" 200 401 "-" "Mozilla/5.0 (Windows NT 10.0; Win64; x64) AppleWebKit/537.36 (KHTML, like Gecko) Chrome/78.0.3904.108 Safari/537.36"
34.90.60.157 - - [02/Sep/2026:09:54:56 -0700] "POST //xmlrpc.php HTTP/1.1" 200 401 "-" "Mozilla/5.0 (Windows NT 10.0; Win64; x64) AppleWebKit/537.36 (KHTML, like Gecko) Chrome/78.0.3904.108 Safari/537.36"
34.90.60.157 - - [02/Sep/2026:09:54:56 -0700] "POST //xmlrpc.php HTTP/1.1" 200 401 "-" "Mozilla/5.0 (Windows NT 10.0; Win64; x64) AppleWebKit/537.36 (KHTML, like Gecko) Chrome/78.0.3904.108 Safari/537.36"
34.90.60.157 - - [02/Sep/2026:09:54:56 -0700] "POST //xmlrpc.php HTTP/1.1" 200 401 "-" "Mozilla/5.0 (Windows NT 10.0; Win64; x64) AppleWebKit/537.36 (KHTML, like Gecko) Chrome/78.0.3904.108 Safari/537.36"
34.90.60.157 - - [02/Sep/2026:09:54:57 -0700] "POST //xmlrpc.php HTTP/1.1" 200 401 "-" "Mozilla/5.0 (Windows NT 10.0; Win64; x64) AppleWebKit/537.36 (KHTML, like Gecko) Chrome/78.0.3904.108 Safari/537.36"
34.90.60.157 - - [02/Sep/2026:09:54:57 -0700] "POST //xmlrpc.php HTTP/1.1" 200 401 "-" "Mozilla/5.0 (Windows NT 10.0; Win64; x64) AppleWebKit/537.36 (KHTML, like Gecko) Chrome/78.0.3904.108 Safari/537.36"
34.90.60.157 - - [02/Sep/2026:09:54:58 -0700] "POST //xmlrpc.php HTTP/1.1" 200 401 "-" "Mozilla/5.0 (Windows NT 10.0; Win64; x64) AppleWebKit/537.36 (KHTML, like Gecko) Chrome/78.0.3904.108 Safari/537.36"
34.90.60.157 - - [02/Sep/2026:09:54:58 -0700] "POST //xmlrpc.php HTTP/1.1" 200 401 "-" "Mozilla/5.0 (Windows NT 10.0; Win64; x64) AppleWebKit/537.36 (KHTML, like Gecko) Chrome/78.0.3904.108 Safari/537.36"
34.90.60.157 - - [02/Sep/2026:09:54:59 -0700] "POST //xmlrpc.php HTTP/1.1" 200 401 "-" "Mozilla/5.0 (Windows NT 10.0; Win64; x64) AppleWebKit/537.36 (KHTML, like Gecko) Chrome/78.0.3904.108 Safari/537.36"
34.90.60.157 - - [02/Sep/2026:09:54:59 -0700] "POST //xmlrpc.php HTTP/1.1" 200 401 "-" "Mozilla/5.0 (Windows NT 10.0; Win64; x64) AppleWebKit/537.36 (KHTML, like Gecko) Chrome/78.0.3904.108 Safari/537.36"
34.90.60.157 - - [02/Sep/2026:09:55:00 -0700] "POST //xmlrpc.php HTTP/1.1" 200 401 "-" "Mozilla/5.0 (Windows NT 10.0; Win64; x64) AppleWebKit/537.36 (KHTML, like Gecko) Chrome/78.0.3904.108 Safari/537.36"
34.90.60.157 - - [02/Sep/2026:09:55:00 -0700] "POST //xmlrpc.php HTTP/1.1" 200 401 "-" "Mozilla/5.0 (Windows NT 10.0; Win64; x64) AppleWebKit/537.36 (KHTML, like Gecko) Chrome/78.0.3904.108 Safari/537.36"
34.90.60.157 - - [02/Sep/2026:09:55:01 -0700] "POST //xmlrpc.php HTTP/1.1" 200 401 "-" "Mozilla/5.0 (Windows NT 10.0; Win64; x64) AppleWebKit/537.36 (KHTML, like Gecko) Chrome/78.0.3904.108 Safari/537.36"
34.90.60.157 - - [02/Sep/2026:09:55:01 -0700] "POST //xmlrpc.php HTTP/1.1" 200 401 "-" "Mozilla/5.0 (Windows NT 10.0; Win64; x64) AppleWebKit/537.36 (KHTML, like Gecko) Chrome/78.0.3904.108 Safari/537.36"
34.90.60.157 - - [02/Sep/2026:09:55:02 -0700] "POST //xmlrpc.php HTTP/1.1" 200 401 "-" "Mozilla/5.0 (Windows NT 10.0; Win64; x64) AppleWebKit/537.36 (KHTML, like Gecko) Chrome/78.0.3904.108 Safari/537.36"
34.90.60.157 - - [02/Sep/2026:09:55:02 -0700] "POST //xmlrpc.php HTTP/1.1" 200 401 "-" "Mozilla/5.0 (Windows NT 10.0; Win64; x64) AppleWebKit/537.36 (KHTML, like Gecko) Chrome/78.0.3904.108 Safari/537.36"
34.90.60.157 - - [02/Sep/2026:09:55:02 -0700] "POST //xmlrpc.php HTTP/1.1" 200 401 "-" "Mozilla/5.0 (Windows NT 10.0; Win64; x64) AppleWebKit/537.36 (KHTML, like Gecko) Chrome/78.0.3904.108 Safari/537.36"
34.90.60.157 - - [02/Sep/2026:09:55:03 -0700] "POST //xmlrpc.php HTTP/1.1" 200 401 "-" "Mozilla/5.0 (Windows NT 10.0; Win64; x64) AppleWebKit/537.36 (KHTML, like Gecko) Chrome/78.0.3904.108 Safari/537.36"
34.90.60.157 - - [02/Sep/2026:09:55:03 -0700] "POST //xmlrpc.php HTTP/1.1" 200 401 "-" "Mozilla/5.0 (Windows NT 10.0; Win64; x64) AppleWebKit/537.36 (KHTML, like Gecko) Chrome/78.0.3904.108 Safari/537.36"
34.90.60.157 - - [02/Sep/2026:09:55:03 -0700] "POST //xmlrpc.php HTTP/1.1" 200 401 "-" "Mozilla/5.0 (Windows NT 10.0; Win64; x64) AppleWebKit/537.36 (KHTML, like Gecko) Chrome/78.0.3904.108 Safari/537.36"
34.90.60.157 - - [02/Sep/2026:09:55:04 -0700] "POST //xmlrpc.php HTTP/1.1" 200 401 "-" "Mozilla/5.0 (Windows NT 10.0; Win64; x64) AppleWebKit/537.36 (KHTML, like Gecko) Chrome/78.0.3904.108 Safari/537.36"
34.90.60.157 - - [02/Sep/2026:09:55:04 -0700] "POST //xmlrpc.php HTTP/1.1" 200 401 "-" "Mozilla/5.0 (Windows NT 10.0; Win64; x64) AppleWebKit/537.36 (KHTML, like Gecko) Chrome/78.0.3904.108 Safari/537.36"
34.90.60.157 - - [02/Sep/2026:09:55:05 -0700] "POST //xmlrpc.php HTTP/1.1" 200 401 "-" "Mozilla/5.0 (Windows NT 10.0; Win64; x64) AppleWebKit/537.36 (KHTML, like Gecko) Chrome/78.0.3904.108 Safari/537.36"
34.90.60.157 - - [02/Sep/2026:09:55:05 -0700] "POST //xmlrpc.php HTTP/1.1" 200 401 "-" "Mozilla/5.0 (Windows NT 10.0; Win64; x64) AppleWebKit/537.36 (KHTML, like Gecko) Chrome/78.0.3904.108 Safari/537.36"
34.90.60.157 - - [02/Sep/2026:09:55:06 -0700] "POST //xmlrpc.php HTTP/1.1" 200 401 "-" "Mozilla/5.0 (Windows NT 10.0; Win64; x64) AppleWebKit/537.36 (KHTML, like Gecko) Chrome/78.0.3904.108 Safari/537.36"
34.90.60.157 - - [02/Sep/2026:09:55:06 -0700] "POST //xmlrpc.php HTTP/1.1" 200 401 "-" "Mozilla/5.0 (Windows NT 10.0; Win64; x64) AppleWebKit/537.36 (KHTML, like Gecko) Chrome/78.0.3904.108 Safari/537.36"
34.90.60.157 - - [02/Sep/2026:09:55:07 -0700] "POST //xmlrpc.php HTTP/1.1" 200 401 "-" "Mozilla/5.0 (Windows NT 10.0; Win64; x64) AppleWebKit/537.36 (KHTML, like Gecko) Chrome/78.0.3904.108 Safari/537.36"
34.90.60.157 - - [02/Sep/2026:09:55:08 -0700] "POST //xmlrpc.php HTTP/1.1" 200 401 "-" "Mozilla/5.0 (Windows NT 10.0; Win64; x64) AppleWebKit/537.36 (KHTML, like Gecko) Chrome/78.0.3904.108 Safari/537.36"
34.90.60.157 - - [02/Sep/2026:09:55:08 -0700] "POST //xmlrpc.php HTTP/1.1" 200 401 "-" "Mozilla/5.0 (Windows NT 10.0; Win64; x64) AppleWebKit/537.36 (KHTML, like Gecko) Chrome/78.0.3904.108 Safari/537.36"
34.90.60.157 - - [02/Sep/2026:09:55:09 -0700] "POST //xmlrpc.php HTTP/1.1" 200 401 "-" "Mozilla/5.0 (Windows NT 10.0; Win64; x64) AppleWebKit/537.36 (KHTML, like Gecko) Chrome/78.0.3904.108 Safari/537.36"
34.90.60.157 - - [02/Sep/2026:09:55:09 -0700] "POST //xmlrpc.php HTTP/1.1" 200 401 "-" "Mozilla/5.0 (Windows NT 10.0; Win64; x64) AppleWebKit/537.36 (KHTML, like Gecko) Chrome/78.0.3904.108 Safari/537.36"
34.90.60.157 - - [02/Sep/2026:09:55:11 -0700] "POST //xmlrpc.php HTTP/1.1" 200 401 "-" "Mozilla/5.0 (Windows NT 10.0; Win64; x64) AppleWebKit/537.36 (KHTML, like Gecko) Chrome/78.0.3904.108 Safari/537.36"
34.90.60.157 - - [02/Sep/2026:09:55:11 -0700] "POST //xmlrpc.php HTTP/1.1" 200 401 "-" "Mozilla/5.0 (Windows NT 10.0; Win64; x64) AppleWebKit/537.36 (KHTML, like Gecko) Chrome/78.0.3904.108 Safari/537.36"
34.90.60.157 - - [02/Sep/2026:09:55:11 -0700] "POST //xmlrpc.php HTTP/1.1" 200 401 "-" "Mozilla/5.0 (Windows NT 10.0; Win64; x64) AppleWebKit/537.36 (KHTML, like Gecko) Chrome/78.0.3904.108 Safari/537.36"
34.90.60.157 - - [02/Sep/2026:09:55:12 -0700] "POST //xmlrpc.php HTTP/1.1" 200 401 "-" "Mozilla/5.0 (Windows NT 10.0; Win64; x64) AppleWebKit/537.36 (KHTML, like Gecko) Chrome/78.0.3904.108 Safari/537.36"
34.90.60.157 - - [02/Sep/2026:09:55:13 -0700] "POST //xmlrpc.php HTTP/1.1" 200 401 "-" "Mozilla/5.0 (Windows NT 10.0; Win64; x64) AppleWebKit/537.36 (KHTML, like Gecko) Chrome/78.0.3904.108 Safari/537.36"
34.90.60.157 - - [02/Sep/2026:09:55:13 -0700] "POST //xmlrpc.php HTTP/1.1" 200 401 "-" "Mozilla/5.0 (Windows NT 10.0; Win64; x64) AppleWebKit/537.36 (KHTML, like Gecko) Chrome/78.0.3904.108 Safari/537.36"
34.90.60.157 - - [02/Sep/2026:09:55:13 -0700] "POST //xmlrpc.php HTTP/1.1" 200 401 "-" "Mozilla/5.0 (Windows NT 10.0; Win64; x64) AppleWebKit/537.36 (KHTML, like Gecko) Chrome/78.0.3904.108 Safari/537.36"
34.90.60.157 - - [02/Sep/2026:09:55:14 -0700] "POST //xmlrpc.php HTTP/1.1" 200 401 "-" "Mozilla/5.0 (Windows NT 10.0; Win64; x64) AppleWebKit/537.36 (KHTML, like Gecko) Chrome/78.0.3904.108 Safari/537.36"
34.90.60.157 - - [02/Sep/2026:09:55:14 -0700] "POST //xmlrpc.php HTTP/1.1" 200 401 "-" "Mozilla/5.0 (Windows NT 10.0; Win64; x64) AppleWebKit/537.36 (KHTML, like Gecko) Chrome/78.0.3904.108 Safari/537.36"
34.90.60.157 - - [02/Sep/2026:09:55:14 -0700] "POST //xmlrpc.php HTTP/1.1" 200 401 "-" "Mozilla/5.0 (Windows NT 10.0; Win64; x64) AppleWebKit/537.36 (KHTML, like Gecko) Chrome/78.0.3904.108 Safari/537.36"
34.90.60.157 - - [02/Sep/2026:09:55:15 -0700] "POST //xmlrpc.php HTTP/1.1" 200 401 "-" "Mozilla/5.0 (Windows NT 10.0; Win64; x64) AppleWebKit/537.36 (KHTML, like Gecko) Chrome/78.0.3904.108 Safari/537.36"
34.90.60.157 - - [02/Sep/2026:09:55:15 -0700] "POST //xmlrpc.php HTTP/1.1" 200 401 "-" "Mozilla/5.0 (Windows NT 10.0; Win64; x64) AppleWebKit/537.36 (KHTML, like Gecko) Chrome/78.0.3904.108 Safari/537.36"
34.90.60.157 - - [02/Sep/2026:09:55:16 -0700] "POST //xmlrpc.php HTTP/1.1" 200 401 "-" "Mozilla/5.0 (Windows NT 10.0; Win64; x64) AppleWebKit/537.36 (KHTML, like Gecko) Chrome/78.0.3904.108 Safari/537.36"
34.90.60.157 - - [02/Sep/2026:09:55:16 -0700] "POST //xmlrpc.php HTTP/1.1" 200 401 "-" "Mozilla/5.0 (Windows NT 10.0; Win64; x64) AppleWebKit/537.36 (KHTML, like Gecko) Chrome/78.0.3904.108 Safari/537.36"
34.90.60.157 - - [02/Sep/2026:09:55:17 -0700] "POST //xmlrpc.php HTTP/1.1" 200 401 "-" "Mozilla/5.0 (Windows NT 10.0; Win64; x64) AppleWebKit/537.36 (KHTML, like Gecko) Chrome/78.0.3904.108 Safari/537.36"
34.90.60.157 - - [02/Sep/2026:09:55:17 -0700] "POST //xmlrpc.php HTTP/1.1" 200 401 "-" "Mozilla/5.0 (Windows NT 10.0; Win64; x64) AppleWebKit/537.36 (KHTML, like Gecko) Chrome/78.0.3904.108 Safari/537.36"
34.90.60.157 - - [02/Sep/2026:09:55:17 -0700] "POST //xmlrpc.php HTTP/1.1" 200 401 "-" "Mozilla/5.0 (Windows NT 10.0; Win64; x64) AppleWebKit/537.36 (KHTML, like Gecko) Chrome/78.0.3904.108 Safari/537.36"
34.90.60.157 - - [02/Sep/2026:09:55:18 -0700] "POST //xmlrpc.php HTTP/1.1" 200 401 "-" "Mozilla/5.0 (Windows NT 10.0; Win64; x64) AppleWebKit/537.36 (KHTML, like Gecko) Chrome/78.0.3904.108 Safari/537.36"
34.90.60.157 - - [02/Sep/2026:09:55:18 -0700] "POST //xmlrpc.php HTTP/1.1" 200 401 "-" "Mozilla/5.0 (Windows NT 10.0; Win64; x64) AppleWebKit/537.36 (KHTML, like Gecko) Chrome/78.0.3904.108 Safari/537.36"
34.90.60.157 - - [02/Sep/2026:09:55:18 -0700] "POST //xmlrpc.php HTTP/1.1" 200 401 "-" "Mozilla/5.0 (Windows NT 10.0; Win64; x64) AppleWebKit/537.36 (KHTML, like Gecko) Chrome/78.0.3904.108 Safari/537.36"
34.90.60.157 - - [02/Sep/2026:09:55:19 -0700] "POST //xmlrpc.php HTTP/1.1" 200 401 "-" "Mozilla/5.0 (Windows NT 10.0; Win64; x64) AppleWebKit/537.36 (KHTML, like Gecko) Chrome/78.0.3904.108 Safari/537.36"
34.90.60.157 - - [02/Sep/2026:09:55:19 -0700] "POST //xmlrpc.php HTTP/1.1" 200 401 "-" "Mozilla/5.0 (Windows NT 10.0; Win64; x64) AppleWebKit/537.36 (KHTML, like Gecko) Chrome/78.0.3904.108 Safari/537.36"
34.90.60.157 - - [02/Sep/2026:09:55:20 -0700] "POST //xmlrpc.php HTTP/1.1" 200 401 "-" "Mozilla/5.0 (Windows NT 10.0; Win64; x64) AppleWebKit/537.36 (KHTML, like Gecko) Chrome/78.0.3904.108 Safari/537.36"
34.90.60.157 - - [02/Sep/2026:09:55:20 -0700] "POST //xmlrpc.php HTTP/1.1" 200 401 "-" "Mozilla/5.0 (Windows NT 10.0; Win64; x64) AppleWebKit/537.36 (KHTML, like Gecko) Chrome/78.0.3904.108 Safari/537.36"
173.231.200.77 - - [02/Sep/2026:09:55:21 -0700] "POST /wp-cron.php?doing_wp_cron=1788368121.4516820907592773437500 HTTP/1.1" 200 - "-" "WordPress/7.1; https://usaigc.com"
34.90.60.157 - - [02/Sep/2026:09:55:21 -0700] "POST //xmlrpc.php HTTP/1.1" 200 401 "-" "Mozilla/5.0 (Windows NT 10.0; Win64; x64) AppleWebKit/537.36 (KHTML, like Gecko) Chrome/78.0.3904.108 Safari/537.36"
34.90.60.157 - - [02/Sep/2026:09:55:21 -0700] "POST //xmlrpc.php HTTP/1.1" 200 401 "-" "Mozilla/5.0 (Windows NT 10.0; Win64; x64) AppleWebKit/537.36 (KHTML, like Gecko) Chrome/78.0.3904.108 Safari/537.36"
34.90.60.157 - - [02/Sep/2026:09:55:22 -0700] "POST //xmlrpc.php HTTP/1.1" 200 401 "-" "Mozilla/5.0 (Windows NT 10.0; Win64; x64) AppleWebKit/537.36 (KHTML, like Gecko) Chrome/78.0.3904.108 Safari/537.36"
34.90.60.157 - - [02/Sep/2026:09:55:22 -0700] "POST //xmlrpc.php HTTP/1.1" 200 401 "-" "Mozilla/5.0 (Windows NT 10.0; Win64; x64) AppleWebKit/537.36 (KHTML, like Gecko) Chrome/78.0.3904.108 Safari/537.36"
34.90.60.157 - - [02/Sep/2026:09:55:22 -0700] "POST //xmlrpc.php HTTP/1.1" 200 401 "-" "Mozilla/5.0 (Windows NT 10.0; Win64; x64) AppleWebKit/537.36 (KHTML, like Gecko) Chrome/78.0.3904.108 Safari/537.36"
34.90.60.157 - - [02/Sep/2026:09:55:23 -0700] "POST //xmlrpc.php HTTP/1.1" 200 401 "-" "Mozilla/5.0 (Windows NT 10.0; Win64; x64) AppleWebKit/537.36 (KHTML, like Gecko) Chrome/78.0.3904.108 Safari/537.36"
34.90.60.157 - - [02/Sep/2026:09:55:23 -0700] "POST //xmlrpc.php HTTP/1.1" 200 401 "-" "Mozilla/5.0 (Windows NT 10.0; Win64; x64) AppleWebKit/537.36 (KHTML, like Gecko) Chrome/78.0.3904.108 Safari/537.36"
34.90.60.157 - - [02/Sep/2026:09:55:23 -0700] "POST //xmlrpc.php HTTP/1.1" 200 401 "-" "Mozilla/5.0 (Windows NT 10.0; Win64; x64) AppleWebKit/537.36 (KHTML, like Gecko) Chrome/78.0.3904.108 Safari/537.36"
34.90.60.157 - - [02/Sep/2026:09:55:24 -0700] "POST //xmlrpc.php HTTP/1.1" 200 401 "-" "Mozilla/5.0 (Windows NT 10.0; Win64; x64) AppleWebKit/537.36 (KHTML, like Gecko) Chrome/78.0.3904.108 Safari/537.36"
34.90.60.157 - - [02/Sep/2026:09:55:24 -0700] "POST //xmlrpc.php HTTP/1.1" 200 401 "-" "Mozilla/5.0 (Windows NT 10.0; Win64; x64) AppleWebKit/537.36 (KHTML, like Gecko) Chrome/78.0.3904.108 Safari/537.36"
34.90.60.157 - - [02/Sep/2026:09:55:25 -0700] "POST //xmlrpc.php HTTP/1.1" 200 401 "-" "Mozilla/5.0 (Windows NT 10.0; Win64; x64) AppleWebKit/537.36 (KHTML, like Gecko) Chrome/78.0.3904.108 Safari/537.36"
34.90.60.157 - - [02/Sep/2026:09:55:25 -0700] "POST //xmlrpc.php HTTP/1.1" 200 401 "-" "Mozilla/5.0 (Windows NT 10.0; Win64; x64) AppleWebKit/537.36 (KHTML, like Gecko) Chrome/78.0.3904.108 Safari/537.36"
34.90.60.157 - - [02/Sep/2026:09:55:26 -0700] "POST //xmlrpc.php HTTP/1.1" 200 401 "-" "Mozilla/5.0 (Windows NT 10.0; Win64; x64) AppleWebKit/537.36 (KHTML, like Gecko) Chrome/78.0.3904.108 Safari/537.36"
34.90.60.157 - - [02/Sep/2026:09:55:26 -0700] "POST //xmlrpc.php HTTP/1.1" 200 401 "-" "Mozilla/5.0 (Windows NT 10.0; Win64; x64) AppleWebKit/537.36 (KHTML, like Gecko) Chrome/78.0.3904.108 Safari/537.36"
34.90.60.157 - - [02/Sep/2026:09:55:26 -0700] "POST //xmlrpc.php HTTP/1.1" 200 401 "-" "Mozilla/5.0 (Windows NT 10.0; Win64; x64) AppleWebKit/537.36 (KHTML, like Gecko) Chrome/78.0.3904.108 Safari/537.36"
34.90.60.157 - - [02/Sep/2026:09:55:27 -0700] "POST //xmlrpc.php HTTP/1.1" 200 401 "-" "Mozilla/5.0 (Windows NT 10.0; Win64; x64) AppleWebKit/537.36 (KHTML, like Gecko) Chrome/78.0.3904.108 Safari/537.36"
34.90.60.157 - - [02/Sep/2026:09:55:27 -0700] "POST //xmlrpc.php HTTP/1.1" 200 401 "-" "Mozilla/5.0 (Windows NT 10.0; Win64; x64) AppleWebKit/537.36 (KHTML, like Gecko) Chrome/78.0.3904.108 Safari/537.36"
34.90.60.157 - - [02/Sep/2026:09:55:28 -0700] "POST //xmlrpc.php HTTP/1.1" 200 401 "-" "Mozilla/5.0 (Windows NT 10.0; Win64; x64) AppleWebKit/537.36 (KHTML, like Gecko) Chrome/78.0.3904.108 Safari/537.36"
34.90.60.157 - - [02/Sep/2026:09:55:28 -0700] "POST //xmlrpc.php HTTP/1.1" 200 401 "-" "Mozilla/5.0 (Windows NT 10.0; Win64; x64) AppleWebKit/537.36 (KHTML, like Gecko) Chrome/78.0.3904.108 Safari/537.36"
34.90.60.157 - - [02/Sep/2026:09:55:29 -0700] "POST //xmlrpc.php HTTP/1.1" 200 401 "-" "Mozilla/5.0 (Windows NT 10.0; Win64; x64) AppleWebKit/537.36 (KHTML, like Gecko) Chrome/78.0.3904.108 Safari/537.36"
34.90.60.157 - - [02/Sep/2026:09:55:29 -0700] "POST //xmlrpc.php HTTP/1.1" 200 401 "-" "Mozilla/5.0 (Windows NT 10.0; Win64; x64) AppleWebKit/537.36 (KHTML, like Gecko) Chrome/78.0.3904.108 Safari/537.36"
34.90.60.157 - - [02/Sep/2026:09:55:30 -0700] "POST //xmlrpc.php HTTP/1.1" 200 401 "-" "Mozilla/5.0 (Windows NT 10.0; Win64; x64) AppleWebKit/537.36 (KHTML, like Gecko) Chrome/78.0.3904.108 Safari/537.36"
34.90.60.157 - - [02/Sep/2026:09:55:30 -0700] "POST //xmlrpc.php HTTP/1.1" 200 401 "-" "Mozilla/5.0 (Windows NT 10.0; Win64; x64) AppleWebKit/537.36 (KHTML, like Gecko) Chrome/78.0.3904.108 Safari/537.36"
34.90.60.157 - - [02/Sep/2026:09:55:30 -0700] "POST //xmlrpc.php HTTP/1.1" 200 401 "-" "Mozilla/5.0 (Windows NT 10.0; Win64; x64) AppleWebKit/537.36 (KHTML, like Gecko) Chrome/78.0.3904.108 Safari/537.36"
34.90.60.157 - - [02/Sep/2026:09:55:31 -0700] "POST //xmlrpc.php HTTP/1.1" 200 401 "-" "Mozilla/5.0 (Windows NT 10.0; Win64; x64) AppleWebKit/537.36 (KHTML, like Gecko) Chrome/78.0.3904.108 Safari/537.36"
34.90.60.157 - - [02/Sep/2026:09:55:32 -0700] "POST //xmlrpc.php HTTP/1.1" 200 401 "-" "Mozilla/5.0 (Windows NT 10.0; Win64; x64) AppleWebKit/537.36 (KHTML, like Gecko) Chrome/78.0.3904.108 Safari/537.36"
34.90.60.157 - - [02/Sep/2026:09:55:32 -0700] "POST //xmlrpc.php HTTP/1.1" 200 401 "-" "Mozilla/5.0 (Windows NT 10.0; Win64; x64) AppleWebKit/537.36 (KHTML, like Gecko) Chrome/78.0.3904.108 Safari/537.36"
34.90.60.157 - - [02/Sep/2026:09:55:33 -0700] "POST //xmlrpc.php HTTP/1.1" 200 401 "-" "Mozilla/5.0 (Windows NT 10.0; Win64; x64) AppleWebKit/537.36 (KHTML, like Gecko) Chrome/78.0.3904.108 Safari/537.36"
34.90.60.157 - - [02/Sep/2026:09:55:33 -0700] "POST //xmlrpc.php HTTP/1.1" 200 401 "-" "Mozilla/5.0 (Windows NT 10.0; Win64; x64) AppleWebKit/537.36 (KHTML, like Gecko) Chrome/78.0.3904.108 Safari/537.36"
34.90.60.157 - - [02/Sep/2026:09:55:34 -0700] "POST //xmlrpc.php HTTP/1.1" 200 401 "-" "Mozilla/5.0 (Windows NT 10.0; Win64; x64) AppleWebKit/537.36 (KHTML, like Gecko) Chrome/78.0.3904.108 Safari/537.36"
34.90.60.157 - - [02/Sep/2026:09:55:34 -0700] "POST //xmlrpc.php HTTP/1.1" 200 401 "-" "Mozilla/5.0 (Windows NT 10.0; Win64; x64) AppleWebKit/537.36 (KHTML, like Gecko) Chrome/78.0.3904.108 Safari/537.36"
34.90.60.157 - - [02/Sep/2026:09:55:34 -0700] "POST //xmlrpc.php HTTP/1.1" 200 401 "-" "Mozilla/5.0 (Windows NT 10.0; Win64; x64) AppleWebKit/537.36 (KHTML, like Gecko) Chrome/78.0.3904.108 Safari/537.36"
34.90.60.157 - - [02/Sep/2026:09:55:35 -0700] "POST //xmlrpc.php HTTP/1.1" 200 401 "-" "Mozilla/5.0 (Windows NT 10.0; Win64; x64) AppleWebKit/537.36 (KHTML, like Gecko) Chrome/78.0.3904.108 Safari/537.36"
34.90.60.157 - - [02/Sep/2026:09:55:35 -0700] "POST //xmlrpc.php HTTP/1.1" 200 401 "-" "Mozilla/5.0 (Windows NT 10.0; Win64; x64) AppleWebKit/537.36 (KHTML, like Gecko) Chrome/78.0.3904.108 Safari/537.36"
34.90.60.157 - - [02/Sep/2026:09:55:36 -0700] "POST //xmlrpc.php HTTP/1.1" 200 401 "-" "Mozilla/5.0 (Windows NT 10.0; Win64; x64) AppleWebKit/537.36 (KHTML, like Gecko) Chrome/78.0.3904.108 Safari/537.36"
34.90.60.157 - - [02/Sep/2026:09:55:36 -0700] "POST //xmlrpc.php HTTP/1.1" 200 401 "-" "Mozilla/5.0 (Windows NT 10.0; Win64; x64) AppleWebKit/537.36 (KHTML, like Gecko) Chrome/78.0.3904.108 Safari/537.36"
34.90.60.157 - - [02/Sep/2026:09:55:37 -0700] "POST //xmlrpc.php HTTP/1.1" 200 401 "-" "Mozilla/5.0 (Windows NT 10.0; Win64; x64) AppleWebKit/537.36 (KHTML, like Gecko) Chrome/78.0.3904.108 Safari/537.36"
34.90.60.157 - - [02/Sep/2026:09:55:38 -0700] "POST //xmlrpc.php HTTP/1.1" 200 401 "-" "Mozilla/5.0 (Windows NT 10.0; Win64; x64) AppleWebKit/537.36 (KHTML, like Gecko) Chrome/78.0.3904.108 Safari/537.36"
34.90.60.157 - - [02/Sep/2026:09:55:39 -0700] "POST //xmlrpc.php HTTP/1.1" 200 401 "-" "Mozilla/5.0 (Windows NT 10.0; Win64; x64) AppleWebKit/537.36 (KHTML, like Gecko) Chrome/78.0.3904.108 Safari/537.36"
34.90.60.157 - - [02/Sep/2026:09:55:40 -0700] "POST //xmlrpc.php HTTP/1.1" 200 401 "-" "Mozilla/5.0 (Windows NT 10.0; Win64; x64) AppleWebKit/537.36 (KHTML, like Gecko) Chrome/78.0.3904.108 Safari/537.36"
34.90.60.157 - - [02/Sep/2026:09:55:41 -0700] "POST //xmlrpc.php HTTP/1.1" 200 401 "-" "Mozilla/5.0 (Windows NT 10.0; Win64; x64) AppleWebKit/537.36 (KHTML, like Gecko) Chrome/78.0.3904.108 Safari/537.36"
150.221.20.210 - - [02/Sep/2026:09:58:19 -0700] "GET / HTTP/2.0" 200 131156 "-" "Mozilla/5.0 (Macintosh; Intel Mac OS X 10_15_7) AppleWebKit/605.1.15 (KHTML, like Gecko) Version/26.5 Safari/605.1.15"
150.221.20.210 - - [02/Sep/2026:09:58:20 -0700] "GET /wp-content/uploads/hummingbird-assets/b4af289e0ca1ead096a59d802fe8b520.css HTTP/2.0" 200 310020 "https://usaigc.com/" "Mozilla/5.0 (Macintosh; Intel Mac OS X 10_15_7) AppleWebKit/605.1.15 (KHTML, like Gecko) Version/26.5 Safari/605.1.15"
150.221.20.210 - - [02/Sep/2026:09:58:20 -0700] "GET /wp-content/uploads/hummingbird-assets/f2015d7b263362243841ecbb23ab63b8.css HTTP/2.0" 200 37219 "https://usaigc.com/" "Mozilla/5.0 (Macintosh; Intel Mac OS X 10_15_7) AppleWebKit/605.1.15 (KHTML, like Gecko) Version/26.5 Safari/605.1.15"
150.221.20.210 - - [02/Sep/2026:09:58:20 -0700] "GET /wp-content/uploads/hummingbird-assets/6c6cd98a6cb254c81a352bc7957ad68a.css HTTP/2.0" 200 61458 "https://usaigc.com/" "Mozilla/5.0 (Macintosh; Intel Mac OS X 10_15_7) AppleWebKit/605.1.15 (KHTML, like Gecko) Version/26.5 Safari/605.1.15"
150.221.20.210 - - [02/Sep/2026:09:58:20 -0700] "GET /wp-content/uploads/elementor/css/post-11.css HTTP/2.0" 200 54362 "https://usaigc.com/" "Mozilla/5.0 (Macintosh; Intel Mac OS X 10_15_7) AppleWebKit/605.1.15 (KHTML, like Gecko) Version/26.5 Safari/605.1.15"
150.221.20.210 - - [02/Sep/2026:09:58:20 -0700] "GET /wp-content/uploads/hummingbird-assets/49cdf6bbd09e930c7fbd2377304dfc4e.css HTTP/2.0" 200 259089 "https://usaigc.com/" "Mozilla/5.0 (Macintosh; Intel Mac OS X 10_15_7) AppleWebKit/605.1.15 (KHTML, like Gecko) Version/26.5 Safari/605.1.15"
150.221.20.210 - - [02/Sep/2026:09:58:20 -0700] "GET /wp-content/uploads/hummingbird-assets/67d2ab8eca88207793ca464316f15c10.js HTTP/2.0" 200 79037 "https://usaigc.com/" "Mozilla/5.0 (Macintosh; Intel Mac OS X 10_15_7) AppleWebKit/605.1.15 (KHTML, like Gecko) Version/26.5 Safari/605.1.15"
150.221.20.210 - - [02/Sep/2026:09:58:20 -0700] "GET /wp-content/uploads/2023/11/shutterstock_1374593345-2048x1024.jpg HTTP/2.0" 200 336196 "https://usaigc.com/" "Mozilla/5.0 (Macintosh; Intel Mac OS X 10_15_7) AppleWebKit/605.1.15 (KHTML, like Gecko) Version/26.5 Safari/605.1.15"
150.221.20.210 - - [02/Sep/2026:09:58:20 -0700] "GET /wp-content/uploads/hummingbird-assets/3119900ce03b730c311bb1ec88f60bb4.js HTTP/2.0" 200 424288 "https://usaigc.com/" "Mozilla/5.0 (Macintosh; Intel Mac OS X 10_15_7) AppleWebKit/605.1.15 (KHTML, like Gecko) Version/26.5 Safari/605.1.15"
150.221.20.210 - - [02/Sep/2026:09:58:20 -0700] "GET /wp-content/uploads/2023/11/shutterstock_1205204578-scaled.jpg HTTP/2.0" 200 210974 "https://usaigc.com/" "Mozilla/5.0 (Macintosh; Intel Mac OS X 10_15_7) AppleWebKit/605.1.15 (KHTML, like Gecko) Version/26.5 Safari/605.1.15"
150.221.20.210 - - [02/Sep/2026:09:58:20 -0700] "GET /wp-content/uploads/2023/12/shutterstock_391011352.jpg HTTP/2.0" 200 796982 "https://usaigc.com/" "Mozilla/5.0 (Macintosh; Intel Mac OS X 10_15_7) AppleWebKit/605.1.15 (KHTML, like Gecko) Version/26.5 Safari/605.1.15"
150.221.20.210 - - [02/Sep/2026:09:58:20 -0700] "GET /wp-content/uploads/2023/11/shutterstock_576622738.jpg HTTP/2.0" 200 2360990 "https://usaigc.com/" "Mozilla/5.0 (Macintosh; Intel Mac OS X 10_15_7) AppleWebKit/605.1.15 (KHTML, like Gecko) Version/26.5 Safari/605.1.15"
173.231.200.77 - - [02/Sep/2026:09:59:12 -0700] "POST /wp-cron.php?doing_wp_cron=1788368352.6247289180755615234375 HTTP/1.1" 200 - "-" "WordPress/7.1; https://usaigc.com"
43.153.15.51 - - [02/Sep/2026:09:59:12 -0700] "GET /wp-json/oembed/1.0/embed?url=https%3A%2F%2Fusaigc.com%2Fclub-directory%2F&format=xml HTTP/1.1" 200 2296 "-" "Mozilla/5.0 (iPhone; CPU iPhone OS 13_2_3 like Mac OS X) AppleWebKit/605.1.15 (KHTML, like Gecko) Version/13.0.3 Mobile/15E148 Safari/604.1"
173.231.200.77 - - [02/Sep/2026:10:01:24 -0700] "POST /wp-cron.php?doing_wp_cron=1788368484.7561271190643310546875 HTTP/1.1" 200 - "-" "WordPress/7.1; https://usaigc.com"
47.128.52.41 - - [02/Sep/2026:10:01:24 -0700] "GET /app/event_schedule HTTP/2.0" 301 - "-" "Mozilla/5.0 (Linux; Android 5.0) AppleWebKit/537.36 (KHTML, like Gecko) Mobile Safari/537.36 (compatible; Bytespider; spider-feedback@bytedance.com)"
43.155.125.12 - - [02/Sep/2026:10:01:25 -0700] "GET /robots.txt HTTP/1.1" 200 153 "-" "CodeMMPretrainCrawler/1.0"
47.128.52.41 - - [02/Sep/2026:10:01:25 -0700] "GET /app/event_schedule HTTP/2.0" 404 100607 "-" "Mozilla/5.0 (Linux; Android 5.0) AppleWebKit/537.36 (KHTML, like Gecko) Mobile Safari/537.36 (compatible; Bytespider; spider-feedback@bytedance.com)"
47.128.52.41 - - [02/Sep/2026:10:01:27 -0700] "GET /wp-content/uploads/hummingbird-assets/3b521bc1f4ea91e81e99758652fe0e53.css HTTP/2.0" 200 502866 "https://usaigc.com/app/event_schedule" "Mozilla/5.0 (Linux; Android 5.0) AppleWebKit/537.36 (KHTML, like Gecko) Mobile Safari/537.36 (compatible; Bytespider; spider-feedback@bytedance.com)"
43.135.107.166 - - [02/Sep/2026:10:01:27 -0700] "GET /2023/12/01/personalizing-excellence-tailoring-programs-to-athletes HTTP/1.1" 301 - "-" "CodeMMPretrainCrawler/1.0"
47.128.52.41 - - [02/Sep/2026:10:01:27 -0700] "GET /wp-content/uploads/hummingbird-assets/514fe4db24ae6425d728d18e8d057534.css HTTP/2.0" 200 58551 "https://usaigc.com/app/event_schedule" "Mozilla/5.0 (Linux; Android 5.0) AppleWebKit/537.36 (KHTML, like Gecko) Mobile Safari/537.36 (compatible; Bytespider; spider-feedback@bytedance.com)"
47.128.52.41 - - [02/Sep/2026:10:01:28 -0700] "GET /wp-content/uploads/hummingbird-assets/28ebe2ccf52afdbf97de89078f1806f8.css HTTP/2.0" 200 28962 "https://usaigc.com/app/event_schedule" "Mozilla/5.0 (Linux; Android 5.0) AppleWebKit/537.36 (KHTML, like Gecko) Mobile Safari/537.36 (compatible; Bytespider; spider-feedback@bytedance.com)"
47.128.52.41 - - [02/Sep/2026:10:01:28 -0700] "GET /wp-content/uploads/2021/03/fum-R_u5asImBcY-unsplash.jpg HTTP/2.0" 206 500 "https://usaigc.com/wp-content/uploads/hummingbird-assets/3b521bc1f4ea91e81e99758652fe0e53.css" "Mozilla/5.0 (Linux; Android 5.0) AppleWebKit/537.36 (KHTML, like Gecko) Mobile Safari/537.36 (compatible; Bytespider; spider-feedback@bytedance.com)"
43.135.107.111 - - [02/Sep/2026:10:01:28 -0700] "GET /2023/12/01/personalizing-excellence-tailoring-programs-to-athletes/ HTTP/1.1" 200 113571 "-" "CodeMMPretrainCrawler/1.0"
43.135.107.176 - - [02/Sep/2026:10:01:31 -0700] "GET /wp-content/plugins/instagram-feed/css/sbi-styles.min.css HTTP/1.1" 200 46555 "-" "CodeMMPretrainCrawler/1.0"
43.135.107.243 - - [02/Sep/2026:10:01:32 -0700] "GET /wp-content/uploads/hummingbird-assets/ea2b84163ed1e7cd0cd63ccb15f94bdd.css HTTP/1.1" 200 505556 "-" "CodeMMPretrainCrawler/1.0"
43.135.107.155 - - [02/Sep/2026:10:01:33 -0700] "GET /wp-content/uploads/hummingbird-assets/39c4cfff4ed9636507c780e102533e5b.css HTTP/1.1" 200 247 "-" "CodeMMPretrainCrawler/1.0"
43.155.125.241 - - [02/Sep/2026:10:01:34 -0700] "GET /wp-content/uploads/hummingbird-assets/3bc16ab83db33802d31670bbb5e751f7.css HTTP/1.1" 200 2956 "-" "CodeMMPretrainCrawler/1.0"
43.135.107.166 - - [02/Sep/2026:10:01:34 -0700] "GET /wp-content/uploads/hummingbird-assets/2ab2ba5f7f136571c5f6707948e9760f.css HTTP/1.1" 200 24769 "-" "CodeMMPretrainCrawler/1.0"
43.135.107.146 - - [02/Sep/2026:10:01:36 -0700] "GET /wp-content/uploads/hummingbird-assets/643adc03774cdb087b0ad109bcf87eea.css HTTP/1.1" 200 21084 "-" "CodeMMPretrainCrawler/1.0"
43.132.141.157 - - [02/Sep/2026:10:01:37 -0700] "GET /wp-content/uploads/hummingbird-assets/acad0b82613f33412aee4b23f806a90d.css HTTP/1.1" 200 61458 "-" "CodeMMPretrainCrawler/1.0"
173.231.200.77 - - [02/Sep/2026:10:03:40 -0700] "POST /wp-cron.php?doing_wp_cron=1788368620.3693320751190185546875 HTTP/1.1" 200 - "-" "WordPress/7.1; https://usaigc.com"
216.244.66.236 - - [02/Sep/2026:10:03:40 -0700] "GET /athlete_form.cfm?CFID=ca56e596-1d23-495c-ae30-1226b296832c&CFTOKEN=0 HTTP/1.1" 301 - "-" "Mozilla/5.0 (compatible; DotBot/1.2; +https://opensiteexplorer.org/dotbot; help@moz.com)"
216.244.66.236 - - [02/Sep/2026:10:03:45 -0700] "GET /athlete_form.cfm?CFID=ca823d97-556f-47cc-80b4-bafdd6bdf114&CFTOKEN=0 HTTP/1.1" 301 - "-" "Mozilla/5.0 (compatible; DotBot/1.2; +https://opensiteexplorer.org/dotbot; help@moz.com)"
216.244.66.236 - - [02/Sep/2026:10:03:48 -0700] "GET /athlete_form.cfm?CFID=caa3945f-35a9-476a-bc77-63c1fb1b38a9&CFTOKEN=0 HTTP/1.1" 301 - "-" "Mozilla/5.0 (compatible; DotBot/1.2; +https://opensiteexplorer.org/dotbot; help@moz.com)"
216.244.66.236 - - [02/Sep/2026:10:03:52 -0700] "GET /athlete_form.cfm?CFID=cab2b193-ea56-4a08-bf25-d40e8644c653&CFTOKEN=0 HTTP/1.1" 301 - "-" "Mozilla/5.0 (compatible; DotBot/1.2; +https://opensiteexplorer.org/dotbot; help@moz.com)"
34.145.215.206 - - [02/Sep/2026:10:03:53 -0700] "GET / HTTP/1.1" 200 131156 "-" "Mozilla/5.0 (Windows NT 10.0; Win64; x64) AppleWebKit/537.36 (KHTML, like Gecko) Chrome/78.0.3904.108 Safari/537.36"
34.145.215.206 - - [02/Sep/2026:10:03:54 -0700] "GET //wp-includes/wlwmanifest.xml HTTP/1.1" 301 - "-" "Mozilla/5.0 (Windows NT 10.0; Win64; x64) AppleWebKit/537.36 (KHTML, like Gecko) Chrome/78.0.3904.108 Safari/537.36"
34.145.215.206 - - [02/Sep/2026:10:03:55 -0700] "GET //xmlrpc.php?rsd HTTP/1.1" 200 774 "-" "Mozilla/5.0 (Windows NT 10.0; Win64; x64) AppleWebKit/537.36 (KHTML, like Gecko) Chrome/78.0.3904.108 Safari/537.36"
