192.178.6.168 - - [02/Sep/2026:16:53:46 -0700] "GET /wp-content/uploads/hummingbird-assets/2f84794cba3a036a9fc7b476e118fc2f.js HTTP/1.1" 200 52094 "https://usaigc.com/schedules/" "Mozilla/5.0 (Linux; Android 6.0.1; Nexus 5X Build/MMB29P) AppleWebKit/537.36 (KHTML, like Gecko) Chrome/151.0.7922.173 Mobile Safari/537.36 (compatible; Googlebot/2.1; +http://www.google.com/bot.html)"
54.38.196.18 - - [02/Sep/2026:16:53:50 -0700] "GET / HTTP/1.1" 200 131156 "-" "Mozilla/5.0 (Linux; Android 10; K) AppleWebKit/537.36 (KHTML, like Gecko) SamsungBrowser/30.0 Chrome/143.0.0.0 Mobile Safari/537.36"
173.231.200.77 - - [02/Sep/2026:16:54:05 -0700] "POST /wp-cron.php?doing_wp_cron=1788393245.2199420928955078125000 HTTP/1.1" 200 - "-" "WordPress/7.1; https://usaigc.com"
88.213.208.186 - - [02/Sep/2026:16:54:05 -0700] "GET /wp-login.php HTTP/2.0" 200 7211 "-" "Mozilla/5.0 (Windows NT 10.0; Win64; x64) AppleWebKit/537.36 (KHTML, like Gecko) Chrome/151.0.0.0 Safari/537.36"
88.213.208.186 - - [02/Sep/2026:16:54:05 -0700] "POST /wp-login.php HTTP/2.0" 200 7614 "https://usaigc.com/wp-login.php" "Mozilla/5.0 (Windows NT 10.0; Win64; x64) AppleWebKit/537.36 (KHTML, like Gecko) Chrome/151.0.0.0 Safari/537.36"
142.132.248.24 - - [02/Sep/2026:16:55:38 -0700] "GET / HTTP/1.1" 200 131156 "http://usaigc.com/" "Mozilla/5.0 (iPhone; CPU iPhone OS 18_7_8 like Mac OS X) AppleWebKit/605.1.15 (KHTML, like Gecko) CriOS/151.0.7922.25 Mobile/15E148 Safari/604.1"
142.132.248.24 - - [02/Sep/2026:16:55:40 -0700] "GET /about/ HTTP/1.1" 200 123653 "https://usaigc.com/" "Mozilla/5.0 (iPhone; CPU iPhone OS 18_7_8 like Mac OS X) AppleWebKit/605.1.15 (KHTML, like Gecko) CriOS/151.0.7922.25 Mobile/15E148 Safari/604.1"
173.231.200.77 - - [02/Sep/2026:16:56:39 -0700] "POST /wp-cron.php?doing_wp_cron=1788393399.9259541034698486328125 HTTP/1.1" 200 - "-" "WordPress/7.1; https://usaigc.com"
159.69.206.158 - - [02/Sep/2026:16:56:39 -0700] "GET /sitemap.xml.gz HTTP/1.1" 200 801 "-" "Mozilla/5.0 (Linux; Android 13; Pixel 6 Pro) AppleWebKit/537.36 (KHTML, like Gecko) Chrome/109.0.0.0 Mobile Safari/537.36"
159.69.206.158 - - [02/Sep/2026:16:56:40 -0700] "GET /post-sitemap.xml HTTP/1.1" 200 3842 "-" "Mozilla/5.0 (iPhone; CPU iPhone OS 18_3_2 like Mac OS X) AppleWebKit/605.1.15 (KHTML, like Gecko) Version/18.3.1 Mobile/15E148 Safari/604.1"
146.190.117.56 - - [02/Sep/2026:16:58:29 -0700] "GET /club-directory/ HTTP/2.0" 200 97709 "https://www.google.com/search?q=usaigc" "Mozilla/5.0 (Macintosh; Intel Mac OS X 10_15_7) AppleWebKit/537.36 (KHTML, like Gecko) Chrome/146.0.0.0 Safari/537.36"
52.3.104.214 - - [02/Sep/2026:17:03:21 -0700] "GET /coming-shortly/ HTTP/1.1" 200 96448 "-" "Mozilla/5.0 AppleWebKit/537.36 (KHTML, like Gecko; compatible; Amazonbot/0.1; +https://developer.amazon.com/support/amazonbot) Chrome/119.0.6045.214 Safari/537.36"
173.231.200.77 - - [02/Sep/2026:17:03:24 -0700] "POST /wp-cron.php?doing_wp_cron=1788393804.9632530212402343750000 HTTP/1.1" 200 - "-" "WordPress/7.1; https://usaigc.com"
40.77.167.57 - - [02/Sep/2026:17:03:24 -0700] "GET /business/business-background-checks-program/ HTTP/2.0" 404 100807 "-" "Mozilla/5.0 AppleWebKit/537.36 (KHTML, like Gecko; compatible; bingbot/2.0; +http://www.bing.com/bingbot.htm) Chrome/116.0.1938.76 Safari/537.36"
194.67.207.9 - - [02/Sep/2026:17:07:20 -0700] "GET / HTTP/2.0" 200 131056 "https://dlepavilion.co/dle_templates/light/" "Mozilla/5.0 (Linux; Android 10; K) AppleWebKit/537.36 (KHTML, like Gecko) SamsungBrowser/28.0 Chrome/130.0.0.0 Mobile Safari/537.36"
185.125.219.13 - - [02/Sep/2026:17:07:21 -0700] "GET / HTTP/2.0" 200 131156 "https://devfeed.ru/uslugi/ispravlenie-oshibok-validaczii/" "Mozilla/5.0 (Windows NT 10.0; Win64; x64) AppleWebKit/537.36 (KHTML, like Gecko) Chrome/91.0.4472.124 Safari/537.36"
173.231.200.77 - - [02/Sep/2026:17:07:43 -0700] "POST /wp-cron.php?doing_wp_cron=1788394063.8208119869232177734375 HTTP/1.1" 200 - "-" "WordPress/7.1; https://usaigc.com"
193.36.224.140 - - [02/Sep/2026:17:07:43 -0700] "POST /wp-login.php HTTP/1.1" 200 7596 "-" "Mozilla/5.0"
173.231.200.77 - - [02/Sep/2026:17:08:40 -0700] "POST /wp-cron.php?doing_wp_cron=1788394120.5200929641723632812500 HTTP/1.1" 200 - "-" "WordPress/7.1; https://usaigc.com"
216.244.66.236 - - [02/Sep/2026:17:08:40 -0700] "GET /athlete_form.cfm?CFID=f497df98-e20c-4717-a7c1-8d647a8a51c3&CFTOKEN=0 HTTP/1.1" 301 - "-" "Mozilla/5.0 (compatible; DotBot/1.2; +https://opensiteexplorer.org/dotbot; help@moz.com)"
216.244.66.236 - - [02/Sep/2026:17:08:44 -0700] "GET /athlete_form.cfm?CFID=f49ca6c7-7c08-430b-8b8a-33400a355cdb&CFTOKEN=0 HTTP/1.1" 301 - "-" "Mozilla/5.0 (compatible; DotBot/1.2; +https://opensiteexplorer.org/dotbot; help@moz.com)"
216.244.66.236 - - [02/Sep/2026:17:08:52 -0700] "GET /athlete_form.cfm?CFID=f4a81e4e-59ec-43c1-9b48-599dd1ff8900&CFTOKEN=0 HTTP/1.1" 301 - "-" "Mozilla/5.0 (compatible; DotBot/1.2; +https://opensiteexplorer.org/dotbot; help@moz.com)"
216.244.66.236 - - [02/Sep/2026:17:09:01 -0700] "GET /athlete_form.cfm?CFID=f4b84a52-b6ae-43bb-9ac7-3a64f46ebf9e&CFTOKEN=0 HTTP/1.1" 301 - "-" "Mozilla/5.0 (compatible; DotBot/1.2; +https://opensiteexplorer.org/dotbot; help@moz.com)"
216.244.66.236 - - [02/Sep/2026:17:09:09 -0700] "GET /athlete_form.cfm?CFID=f4d401f1-81d3-4ad8-a898-d8b1d7f02954&CFTOKEN=0 HTTP/1.1" 301 - "-" "Mozilla/5.0 (compatible; DotBot/1.2; +https://opensiteexplorer.org/dotbot; help@moz.com)"
216.244.66.236 - - [02/Sep/2026:17:09:17 -0700] "GET /athlete_form.cfm?CFID=f4e2762e-963e-4fb2-87bf-95637ec43ed5&CFTOKEN=0 HTTP/1.1" 301 - "-" "Mozilla/5.0 (compatible; DotBot/1.2; +https://opensiteexplorer.org/dotbot; help@moz.com)"
173.231.200.77 - - [02/Sep/2026:17:09:23 -0700] "POST /wp-cron.php?doing_wp_cron=1788394163.7571949958801269531250 HTTP/1.1" 200 - "-" "WordPress/7.1; https://usaigc.com"
216.244.66.236 - - [02/Sep/2026:17:09:23 -0700] "GET /athlete_form.cfm?CFID=f540f034-5069-4d43-bdb1-d47c495280ff&CFTOKEN=0 HTTP/1.1" 301 - "-" "Mozilla/5.0 (compatible; DotBot/1.2; +https://opensiteexplorer.org/dotbot; help@moz.com)"
216.244.66.236 - - [02/Sep/2026:17:09:28 -0700] "GET /athlete_form.cfm?CFID=f5564cc3-966a-4675-ac93-efb8286276eb&CFTOKEN=0 HTTP/1.1" 301 - "-" "Mozilla/5.0 (compatible; DotBot/1.2; +https://opensiteexplorer.org/dotbot; help@moz.com)"
216.244.66.236 - - [02/Sep/2026:17:09:35 -0700] "GET /athlete_form.cfm?CFID=f5592117-dc4f-4c19-a6ff-95138bfeac6b&CFTOKEN=0 HTTP/1.1" 301 - "-" "Mozilla/5.0 (compatible; DotBot/1.2; +https://opensiteexplorer.org/dotbot; help@moz.com)"
74.7.244.47 - - [02/Sep/2026:17:09:42 -0700] "GET /robots.txt HTTP/2.0" 200 153 "-" "Mozilla/5.0 (Macintosh; Intel Mac OS X 10_15_7) AppleWebKit/537.36 (KHTML, like Gecko) Chrome/131.0.0.0 Safari/537.36; compatible; OAI-SearchBot/1.4; robots.txt; +https://openai.com/searchbot"
74.7.243.215 - - [02/Sep/2026:17:09:42 -0700] "GET /sitemap.xml HTTP/2.0" 200 801 "-" "Mozilla/5.0 AppleWebKit/537.36 (KHTML, like Gecko; compatible; GPTBot/1.4; +https://openai.com/gptbot)"
216.244.66.236 - - [02/Sep/2026:17:09:46 -0700] "GET /athlete_form.cfm?CFID=f57518e7-727d-429b-acb4-96b7567f436f&CFTOKEN=0 HTTP/1.1" 301 - "-" "Mozilla/5.0 (compatible; DotBot/1.2; +https://opensiteexplorer.org/dotbot; help@moz.com)"
216.244.66.236 - - [02/Sep/2026:17:10:09 -0700] "GET /athlete_form.cfm?CFID=f58a8db6-0e72-4637-bb14-7ebdbe488232&CFTOKEN=0 HTTP/1.1" 301 - "-" "Mozilla/5.0 (compatible; DotBot/1.2; +https://opensiteexplorer.org/dotbot; help@moz.com)"
173.231.200.77 - - [02/Sep/2026:17:10:28 -0700] "POST /wp-cron.php?doing_wp_cron=1788394228.1628239154815673828125 HTTP/1.1" 200 - "-" "WordPress/7.1; https://usaigc.com"
216.244.66.236 - - [02/Sep/2026:17:10:28 -0700] "GET /athlete_form.cfm?CFID=f58de765-a908-483d-af33-f56d2c4cc7f3&CFTOKEN=0 HTTP/1.1" 301 - "-" "Mozilla/5.0 (compatible; DotBot/1.2; +https://opensiteexplorer.org/dotbot; help@moz.com)"
216.244.66.236 - - [02/Sep/2026:17:10:45 -0700] "GET /athlete_form.cfm?CFID=f5940a79-1444-43a0-abad-9e894ed80282&CFTOKEN=0 HTTP/1.1" 301 - "-" "Mozilla/5.0 (compatible; DotBot/1.2; +https://opensiteexplorer.org/dotbot; help@moz.com)"
112.86.225.234 - - [02/Sep/2026:17:10:52 -0700] "GET /blog/ HTTP/1.1" 200 118042 "-" "Sogou web spider/4.0(+http://www.sogou.com/docs/help/webmasters.htm#07)"
216.244.66.236 - - [02/Sep/2026:17:11:05 -0700] "GET /athlete_form.cfm?CFID=f5976265-2146-4b44-949d-7f4c5472f344&CFTOKEN=0 HTTP/1.1" 301 - "-" "Mozilla/5.0 (compatible; DotBot/1.2; +https://opensiteexplorer.org/dotbot; help@moz.com)"
216.244.66.236 - - [02/Sep/2026:17:11:20 -0700] "GET /athlete_form.cfm?CFID=f59dbfcb-eb5d-49fc-a079-c41bf1b30d69&CFTOKEN=0 HTTP/1.1" 301 - "-" "Mozilla/5.0 (compatible; DotBot/1.2; +https://opensiteexplorer.org/dotbot; help@moz.com)"
173.231.200.77 - - [02/Sep/2026:17:11:35 -0700] "POST /wp-cron.php?doing_wp_cron=1788394295.3027060031890869140625 HTTP/1.1" 200 - "-" "WordPress/7.1; https://usaigc.com"
216.244.66.236 - - [02/Sep/2026:17:11:35 -0700] "GET /athlete_form.cfm?CFID=f59ff35c-37d7-4589-9363-3fe98446a1b8&CFTOKEN=0 HTTP/1.1" 301 - "-" "Mozilla/5.0 (compatible; DotBot/1.2; +https://opensiteexplorer.org/dotbot; help@moz.com)"
216.244.66.236 - - [02/Sep/2026:17:11:51 -0700] "GET /athlete_form.cfm?CFID=f5a8deeb-e17c-43bd-889d-1bb94f4f9caf&CFTOKEN=0 HTTP/1.1" 301 - "-" "Mozilla/5.0 (compatible; DotBot/1.2; +https://opensiteexplorer.org/dotbot; help@moz.com)"
74.76.12.227 - - [02/Sep/2026:17:11:53 -0700] "GET /?fbclid=IwcGRvZgVmZGlkFlDbTk4aQIJpKoyD0OkbJ6DjaH9IJb9leHRuA2FlbQIxMQBzcnRjBmFwcF9pZAo2NjI4NTY4Mzc5AAEecz66aXPEpDR76sckRM0ilzRfukEuDSDdv424Zcsg5Q0CCzkOr89NFbEwCho_aem_Ye-vcE6fjzKFvNu6o5mwQA HTTP/2.0" 301 - "https://facebook.com/" "Mozilla/5.0 (iPhone; CPU iPhone OS 26_5_2 like Mac OS X) AppleWebKit/605.1.15 (KHTML, like Gecko) Mobile/23F84 Safari/604.1 [FBAN/FBIOS;FBAV/576.0.0.47.71;FBBV/1048889375;FBDV/iPhone17,1;FBMD/iPhone;FBSN/iOS;FBSV/26.5.2;FBSS/3;FBID/phone;FBLC/en_US;FBOP/5;FBRV/1057561754;IABMV/1]"
74.76.12.227 - - [02/Sep/2026:17:11:53 -0700] "GET /?fbclid=IwcGRvZgVmZGlkFlDbTk4aQIJpKoyD0OkbJ6DjaH9IJb9leHRuA2FlbQIxMQBzcnRjBmFwcF9pZAo2NjI4NTY4Mzc5AAEecz66aXPEpDR76sckRM0ilzRfukEuDSDdv424Zcsg5Q0CCzkOr89NFbEwCho_aem_Ye-vcE6fjzKFvNu6o5mwQA HTTP/2.0" 200 130931 "https://facebook.com/" "Mozilla/5.0 (iPhone; CPU iPhone OS 26_5_2 like Mac OS X) AppleWebKit/605.1.15 (KHTML, like Gecko) Mobile/23F84 Safari/604.1 [FBAN/FBIOS;FBAV/576.0.0.47.71;FBBV/1048889375;FBDV/iPhone17,1;FBMD/iPhone;FBSN/iOS;FBSV/26.5.2;FBSS/3;FBID/phone;FBLC/en_US;FBOP/5;FBRV/1057561754;IABMV/1]"
74.76.12.227 - - [02/Sep/2026:17:11:54 -0700] "GET /wp-content/uploads/hummingbird-assets/b4af289e0ca1ead096a59d802fe8b520.css HTTP/2.0" 200 310020 "https://usaigc.com/?fbclid=IwcGRvZgVmZGlkFlDbTk4aQIJpKoyD0OkbJ6DjaH9IJb9leHRuA2FlbQIxMQBzcnRjBmFwcF9pZAo2NjI4NTY4Mzc5AAEecz66aXPEpDR76sckRM0ilzRfukEuDSDdv424Zcsg5Q0CCzkOr89NFbEwCho_aem_Ye-vcE6fjzKFvNu6o5mwQA" "Mozilla/5.0 (iPhone; CPU iPhone OS 26_5_2 like Mac OS X) AppleWebKit/605.1.15 (KHTML, like Gecko) Mobile/23F84 Safari/604.1 [FBAN/FBIOS;FBAV/576.0.0.47.71;FBBV/1048889375;FBDV/iPhone17,1;FBMD/iPhone;FBSN/iOS;FBSV/26.5.2;FBSS/3;FBID/phone;FBLC/en_US;FBOP/5;FBRV/1057561754;IABMV/1]"
74.76.12.227 - - [02/Sep/2026:17:11:54 -0700] "GET /wp-content/uploads/hummingbird-assets/2ab2ba5f7f136571c5f6707948e9760f.css HTTP/2.0" 200 24769 "https://usaigc.com/?fbclid=IwcGRvZgVmZGlkFlDbTk4aQIJpKoyD0OkbJ6DjaH9IJb9leHRuA2FlbQIxMQBzcnRjBmFwcF9pZAo2NjI4NTY4Mzc5AAEecz66aXPEpDR76sckRM0ilzRfukEuDSDdv424Zcsg5Q0CCzkOr89NFbEwCho_aem_Ye-vcE6fjzKFvNu6o5mwQA" "Mozilla/5.0 (iPhone; CPU iPhone OS 26_5_2 like Mac OS X) AppleWebKit/605.1.15 (KHTML, like Gecko) Mobile/23F84 Safari/604.1 [FBAN/FBIOS;FBAV/576.0.0.47.71;FBBV/1048889375;FBDV/iPhone17,1;FBMD/iPhone;FBSN/iOS;FBSV/26.5.2;FBSS/3;FBID/phone;FBLC/en_US;FBOP/5;FBRV/1057561754;IABMV/1]"
74.76.12.227 - - [02/Sep/2026:17:11:54 -0700] "GET /wp-content/uploads/hummingbird-assets/643adc03774cdb087b0ad109bcf87eea.css HTTP/2.0" 200 21084 "https://usaigc.com/?fbclid=IwcGRvZgVmZGlkFlDbTk4aQIJpKoyD0OkbJ6DjaH9IJb9leHRuA2FlbQIxMQBzcnRjBmFwcF9pZAo2NjI4NTY4Mzc5AAEecz66aXPEpDR76sckRM0ilzRfukEuDSDdv424Zcsg5Q0CCzkOr89NFbEwCho_aem_Ye-vcE6fjzKFvNu6o5mwQA" "Mozilla/5.0 (iPhone; CPU iPhone OS 26_5_2 like Mac OS X) AppleWebKit/605.1.15 (KHTML, like Gecko) Mobile/23F84 Safari/604.1 [FBAN/FBIOS;FBAV/576.0.0.47.71;FBBV/1048889375;FBDV/iPhone17,1;FBMD/iPhone;FBSN/iOS;FBSV/26.5.2;FBSS/3;FBID/phone;FBLC/en_US;FBOP/5;FBRV/1057561754;IABMV/1]"
74.76.12.227 - - [02/Sep/2026:17:11:54 -0700] "GET /wp-content/plugins/instagram-feed/css/sbi-styles.min.css HTTP/2.0" 200 46555 "https://usaigc.com/?fbclid=IwcGRvZgVmZGlkFlDbTk4aQIJpKoyD0OkbJ6DjaH9IJb9leHRuA2FlbQIxMQBzcnRjBmFwcF9pZAo2NjI4NTY4Mzc5AAEecz66aXPEpDR76sckRM0ilzRfukEuDSDdv424Zcsg5Q0CCzkOr89NFbEwCho_aem_Ye-vcE6fjzKFvNu6o5mwQA" "Mozilla/5.0 (iPhone; CPU iPhone OS 26_5_2 like Mac OS X) AppleWebKit/605.1.15 (KHTML, like Gecko) Mobile/23F84 Safari/604.1 [FBAN/FBIOS;FBAV/576.0.0.47.71;FBBV/1048889375;FBDV/iPhone17,1;FBMD/iPhone;FBSN/iOS;FBSV/26.5.2;FBSS/3;FBID/phone;FBLC/en_US;FBOP/5;FBRV/1057561754;IABMV/1]"
74.76.12.227 - - [02/Sep/2026:17:11:54 -0700] "GET /wp-content/uploads/elementor/css/post-11.css HTTP/2.0" 200 54362 "https://usaigc.com/?fbclid=IwcGRvZgVmZGlkFlDbTk4aQIJpKoyD0OkbJ6DjaH9IJb9leHRuA2FlbQIxMQBzcnRjBmFwcF9pZAo2NjI4NTY4Mzc5AAEecz66aXPEpDR76sckRM0ilzRfukEuDSDdv424Zcsg5Q0CCzkOr89NFbEwCho_aem_Ye-vcE6fjzKFvNu6o5mwQA" "Mozilla/5.0 (iPhone; CPU iPhone OS 26_5_2 like Mac OS X) AppleWebKit/605.1.15 (KHTML, like Gecko) Mobile/23F84 Safari/604.1 [FBAN/FBIOS;FBAV/576.0.0.47.71;FBBV/1048889375;FBDV/iPhone17,1;FBMD/iPhone;FBSN/iOS;FBSV/26.5.2;FBSS/3;FBID/phone;FBLC/en_US;FBOP/5;FBRV/1057561754;IABMV/1]"
74.76.12.227 - - [02/Sep/2026:17:11:54 -0700] "GET /wp-content/uploads/hummingbird-assets/49cdf6bbd09e930c7fbd2377304dfc4e.css HTTP/2.0" 200 259089 "https://usaigc.com/?fbclid=IwcGRvZgVmZGlkFlDbTk4aQIJpKoyD0OkbJ6DjaH9IJb9leHRuA2FlbQIxMQBzcnRjBmFwcF9pZAo2NjI4NTY4Mzc5AAEecz66aXPEpDR76sckRM0ilzRfukEuDSDdv424Zcsg5Q0CCzkOr89NFbEwCho_aem_Ye-vcE6fjzKFvNu6o5mwQA" "Mozilla/5.0 (iPhone; CPU iPhone OS 26_5_2 like Mac OS X) AppleWebKit/605.1.15 (KHTML, like Gecko) Mobile/23F84 Safari/604.1 [FBAN/FBIOS;FBAV/576.0.0.47.71;FBBV/1048889375;FBDV/iPhone17,1;FBMD/iPhone;FBSN/iOS;FBSV/26.5.2;FBSS/3;FBID/phone;FBLC/en_US;FBOP/5;FBRV/1057561754;IABMV/1]"
74.76.12.227 - - [02/Sep/2026:17:11:54 -0700] "GET /wp-content/plugins/elementor/assets/lib/font-awesome/js/v4-shims.min.js HTTP/2.0" 200 15073 "https://usaigc.com/?fbclid=IwcGRvZgVmZGlkFlDbTk4aQIJpKoyD0OkbJ6DjaH9IJb9leHRuA2FlbQIxMQBzcnRjBmFwcF9pZAo2NjI4NTY4Mzc5AAEecz66aXPEpDR76sckRM0ilzRfukEuDSDdv424Zcsg5Q0CCzkOr89NFbEwCho_aem_Ye-vcE6fjzKFvNu6o5mwQA" "Mozilla/5.0 (iPhone; CPU iPhone OS 26_5_2 like Mac OS X) AppleWebKit/605.1.15 (KHTML, like Gecko) Mobile/23F84 Safari/604.1 [FBAN/FBIOS;FBAV/576.0.0.47.71;FBBV/1048889375;FBDV/iPhone17,1;FBMD/iPhone;FBSN/iOS;FBSV/26.5.2;FBSS/3;FBID/phone;FBLC/en_US;FBOP/5;FBRV/1057561754;IABMV/1]"
74.76.12.227 - - [02/Sep/2026:17:11:54 -0700] "GET /wp-content/plugins/elementor-pro/assets/js/webpack-pro.runtime.min.js HTTP/2.0" 200 6263 "https://usaigc.com/?fbclid=IwcGRvZgVmZGlkFlDbTk4aQIJpKoyD0OkbJ6DjaH9IJb9leHRuA2FlbQIxMQBzcnRjBmFwcF9pZAo2NjI4NTY4Mzc5AAEecz66aXPEpDR76sckRM0ilzRfukEuDSDdv424Zcsg5Q0CCzkOr89NFbEwCho_aem_Ye-vcE6fjzKFvNu6o5mwQA" "Mozilla/5.0 (iPhone; CPU iPhone OS 26_5_2 like Mac OS X) AppleWebKit/605.1.15 (KHTML, like Gecko) Mobile/23F84 Safari/604.1 [FBAN/FBIOS;FBAV/576.0.0.47.71;FBBV/1048889375;FBDV/iPhone17,1;FBMD/iPhone;FBSN/iOS;FBSV/26.5.2;FBSS/3;FBID/phone;FBLC/en_US;FBOP/5;FBRV/1057561754;IABMV/1]"
74.76.12.227 - - [02/Sep/2026:17:11:54 -0700] "GET /wp-includes/js/jquery/ui/core.min.js HTTP/2.0" 200 18674 "https://usaigc.com/?fbclid=IwcGRvZgVmZGlkFlDbTk4aQIJpKoyD0OkbJ6DjaH9IJb9leHRuA2FlbQIxMQBzcnRjBmFwcF9pZAo2NjI4NTY4Mzc5AAEecz66aXPEpDR76sckRM0ilzRfukEuDSDdv424Zcsg5Q0CCzkOr89NFbEwCho_aem_Ye-vcE6fjzKFvNu6o5mwQA" "Mozilla/5.0 (iPhone; CPU iPhone OS 26_5_2 like Mac OS X) AppleWebKit/605.1.15 (KHTML, like Gecko) Mobile/23F84 Safari/604.1 [FBAN/FBIOS;FBAV/576.0.0.47.71;FBBV/1048889375;FBDV/iPhone17,1;FBMD/iPhone;FBSN/iOS;FBSV/26.5.2;FBSS/3;FBID/phone;FBLC/en_US;FBOP/5;FBRV/1057561754;IABMV/1]"
74.76.12.227 - - [02/Sep/2026:17:11:54 -0700] "GET /wp-content/uploads/hummingbird-assets/4f2f05e2bccbc74bfdc4d4a9af4df128.js HTTP/2.0" 200 84064 "https://usaigc.com/?fbclid=IwcGRvZgVmZGlkFlDbTk4aQIJpKoyD0OkbJ6DjaH9IJb9leHRuA2FlbQIxMQBzcnRjBmFwcF9pZAo2NjI4NTY4Mzc5AAEecz66aXPEpDR76sckRM0ilzRfukEuDSDdv424Zcsg5Q0CCzkOr89NFbEwCho_aem_Ye-vcE6fjzKFvNu6o5mwQA" "Mozilla/5.0 (iPhone; CPU iPhone OS 26_5_2 like Mac OS X) AppleWebKit/605.1.15 (KHTML, like Gecko) Mobile/23F84 Safari/604.1 [FBAN/FBIOS;FBAV/576.0.0.47.71;FBBV/1048889375;FBDV/iPhone17,1;FBMD/iPhone;FBSN/iOS;FBSV/26.5.2;FBSS/3;FBID/phone;FBLC/en_US;FBOP/5;FBRV/1057561754;IABMV/1]"
74.76.12.227 - - [02/Sep/2026:17:11:54 -0700] "GET /wp-content/plugins/elementor/assets/js/webpack.runtime.min.js HTTP/2.0" 200 5350 "https://usaigc.com/?fbclid=IwcGRvZgVmZGlkFlDbTk4aQIJpKoyD0OkbJ6DjaH9IJb9leHRuA2FlbQIxMQBzcnRjBmFwcF9pZAo2NjI4NTY4Mzc5AAEecz66aXPEpDR76sckRM0ilzRfukEuDSDdv424Zcsg5Q0CCzkOr89NFbEwCho_aem_Ye-vcE6fjzKFvNu6o5mwQA" "Mozilla/5.0 (iPhone; CPU iPhone OS 26_5_2 like Mac OS X) AppleWebKit/605.1.15 (KHTML, like Gecko) Mobile/23F84 Safari/604.1 [FBAN/FBIOS;FBAV/576.0.0.47.71;FBBV/1048889375;FBDV/iPhone17,1;FBMD/iPhone;FBSN/iOS;FBSV/26.5.2;FBSS/3;FBID/phone;FBLC/en_US;FBOP/5;FBRV/1057561754;IABMV/1]"
74.76.12.227 - - [02/Sep/2026:17:11:54 -0700] "GET /wp-content/uploads/hummingbird-assets/2d0fc86d08c0addc7f54a6a33ef11370.js HTTP/2.0" 200 10815 "https://usaigc.com/?fbclid=IwcGRvZgVmZGlkFlDbTk4aQIJpKoyD0OkbJ6DjaH9IJb9leHRuA2FlbQIxMQBzcnRjBmFwcF9pZAo2NjI4NTY4Mzc5AAEecz66aXPEpDR76sckRM0ilzRfukEuDSDdv424Zcsg5Q0CCzkOr89NFbEwCho_aem_Ye-vcE6fjzKFvNu6o5mwQA" "Mozilla/5.0 (iPhone; CPU iPhone OS 26_5_2 like Mac OS X) AppleWebKit/605.1.15 (KHTML, like Gecko) Mobile/23F84 Safari/604.1 [FBAN/FBIOS;FBAV/576.0.0.47.71;FBBV/1048889375;FBDV/iPhone17,1;FBMD/iPhone;FBSN/iOS;FBSV/26.5.2;FBSS/3;FBID/phone;FBLC/en_US;FBOP/5;FBRV/1057561754;IABMV/1]"
74.76.12.227 - - [02/Sep/2026:17:11:54 -0700] "GET /wp-content/uploads/hummingbird-assets/f2015d7b263362243841ecbb23ab63b8.css HTTP/2.0" 200 37219 "https://usaigc.com/?fbclid=IwcGRvZgVmZGlkFlDbTk4aQIJpKoyD0OkbJ6DjaH9IJb9leHRuA2FlbQIxMQBzcnRjBmFwcF9pZAo2NjI4NTY4Mzc5AAEecz66aXPEpDR76sckRM0ilzRfukEuDSDdv424Zcsg5Q0CCzkOr89NFbEwCho_aem_Ye-vcE6fjzKFvNu6o5mwQA" "Mozilla/5.0 (iPhone; CPU iPhone OS 26_5_2 like Mac OS X) AppleWebKit/605.1.15 (KHTML, like Gecko) Mobile/23F84 Safari/604.1 [FBAN/FBIOS;FBAV/576.0.0.47.71;FBBV/1048889375;FBDV/iPhone17,1;FBMD/iPhone;FBSN/iOS;FBSV/26.5.2;FBSS/3;FBID/phone;FBLC/en_US;FBOP/5;FBRV/1057561754;IABMV/1]"
74.76.12.227 - - [02/Sep/2026:17:11:54 -0700] "GET /wp-content/plugins/elementor/assets/js/frontend-modules.min.js HTTP/2.0" 200 59749 "https://usaigc.com/?fbclid=IwcGRvZgVmZGlkFlDbTk4aQIJpKoyD0OkbJ6DjaH9IJb9leHRuA2FlbQIxMQBzcnRjBmFwcF9pZAo2NjI4NTY4Mzc5AAEecz66aXPEpDR76sckRM0ilzRfukEuDSDdv424Zcsg5Q0CCzkOr89NFbEwCho_aem_Ye-vcE6fjzKFvNu6o5mwQA" "Mozilla/5.0 (iPhone; CPU iPhone OS 26_5_2 like Mac OS X) AppleWebKit/605.1.15 (KHTML, like Gecko) Mobile/23F84 Safari/604.1 [FBAN/FBIOS;FBAV/576.0.0.47.71;FBBV/1048889375;FBDV/iPhone17,1;FBMD/iPhone;FBSN/iOS;FBSV/26.5.2;FBSS/3;FBID/phone;FBLC/en_US;FBOP/5;FBRV/1057561754;IABMV/1]"
74.76.12.227 - - [02/Sep/2026:17:11:54 -0700] "GET /wp-content/uploads/hummingbird-assets/6c6cd98a6cb254c81a352bc7957ad68a.css HTTP/2.0" 200 61458 "https://usaigc.com/?fbclid=IwcGRvZgVmZGlkFlDbTk4aQIJpKoyD0OkbJ6DjaH9IJb9leHRuA2FlbQIxMQBzcnRjBmFwcF9pZAo2NjI4NTY4Mzc5AAEecz66aXPEpDR76sckRM0ilzRfukEuDSDdv424Zcsg5Q0CCzkOr89NFbEwCho_aem_Ye-vcE6fjzKFvNu6o5mwQA" "Mozilla/5.0 (iPhone; CPU iPhone OS 26_5_2 like Mac OS X) AppleWebKit/605.1.15 (KHTML, like Gecko) Mobile/23F84 Safari/604.1 [FBAN/FBIOS;FBAV/576.0.0.47.71;FBBV/1048889375;FBDV/iPhone17,1;FBMD/iPhone;FBSN/iOS;FBSV/26.5.2;FBSS/3;FBID/phone;FBLC/en_US;FBOP/5;FBRV/1057561754;IABMV/1]"
74.76.12.227 - - [02/Sep/2026:17:11:54 -0700] "GET /wp-content/uploads/hummingbird-assets/67d2ab8eca88207793ca464316f15c10.js HTTP/2.0" 200 79037 "https://usaigc.com/?fbclid=IwcGRvZgVmZGlkFlDbTk4aQIJpKoyD0OkbJ6DjaH9IJb9leHRuA2FlbQIxMQBzcnRjBmFwcF9pZAo2NjI4NTY4Mzc5AAEecz66aXPEpDR76sckRM0ilzRfukEuDSDdv424Zcsg5Q0CCzkOr89NFbEwCho_aem_Ye-vcE6fjzKFvNu6o5mwQA" "Mozilla/5.0 (iPhone; CPU iPhone OS 26_5_2 like Mac OS X) AppleWebKit/605.1.15 (KHTML, like Gecko) Mobile/23F84 Safari/604.1 [FBAN/FBIOS;FBAV/576.0.0.47.71;FBBV/1048889375;FBDV/iPhone17,1;FBMD/iPhone;FBSN/iOS;FBSV/26.5.2;FBSS/3;FBID/phone;FBLC/en_US;FBOP/5;FBRV/1057561754;IABMV/1]"
74.76.12.227 - - [02/Sep/2026:17:11:54 -0700] "GET /wp-content/uploads/hummingbird-assets/9a31db504563c009a94bb8252fcec2d0.js HTTP/2.0" 200 101173 "https://usaigc.com/?fbclid=IwcGRvZgVmZGlkFlDbTk4aQIJpKoyD0OkbJ6DjaH9IJb9leHRuA2FlbQIxMQBzcnRjBmFwcF9pZAo2NjI4NTY4Mzc5AAEecz66aXPEpDR76sckRM0ilzRfukEuDSDdv424Zcsg5Q0CCzkOr89NFbEwCho_aem_Ye-vcE6fjzKFvNu6o5mwQA" "Mozilla/5.0 (iPhone; CPU iPhone OS 26_5_2 like Mac OS X) AppleWebKit/605.1.15 (KHTML, like Gecko) Mobile/23F84 Safari/604.1 [FBAN/FBIOS;FBAV/576.0.0.47.71;FBBV/1048889375;FBDV/iPhone17,1;FBMD/iPhone;FBSN/iOS;FBSV/26.5.2;FBSS/3;FBID/phone;FBLC/en_US;FBOP/5;FBRV/1057561754;IABMV/1]"
74.76.12.227 - - [02/Sep/2026:17:11:54 -0700] "GET /wp-content/uploads/2023/11/shutterstock_1374593345-1260x630.jpg HTTP/2.0" 200 145124 "https://usaigc.com/?fbclid=IwcGRvZgVmZGlkFlDbTk4aQIJpKoyD0OkbJ6DjaH9IJb9leHRuA2FlbQIxMQBzcnRjBmFwcF9pZAo2NjI4NTY4Mzc5AAEecz66aXPEpDR76sckRM0ilzRfukEuDSDdv424Zcsg5Q0CCzkOr89NFbEwCho_aem_Ye-vcE6fjzKFvNu6o5mwQA" "Mozilla/5.0 (iPhone; CPU iPhone OS 26_5_2 like Mac OS X) AppleWebKit/605.1.15 (KHTML, like Gecko) Mobile/23F84 Safari/604.1 [FBAN/FBIOS;FBAV/576.0.0.47.71;FBBV/1048889375;FBDV/iPhone17,1;FBMD/iPhone;FBSN/iOS;FBSV/26.5.2;FBSS/3;FBID/phone;FBLC/en_US;FBOP/5;FBRV/1057561754;IABMV/1]"
74.76.12.227 - - [02/Sep/2026:17:11:54 -0700] "GET /wp-content/uploads/hummingbird-assets/3119900ce03b730c311bb1ec88f60bb4.js HTTP/2.0" 200 424288 "https://usaigc.com/?fbclid=IwcGRvZgVmZGlkFlDbTk4aQIJpKoyD0OkbJ6DjaH9IJb9leHRuA2FlbQIxMQBzcnRjBmFwcF9pZAo2NjI4NTY4Mzc5AAEecz66aXPEpDR76sckRM0ilzRfukEuDSDdv424Zcsg5Q0CCzkOr89NFbEwCho_aem_Ye-vcE6fjzKFvNu6o5mwQA" "Mozilla/5.0 (iPhone; CPU iPhone OS 26_5_2 like Mac OS X) AppleWebKit/605.1.15 (KHTML, like Gecko) Mobile/23F84 Safari/604.1 [FBAN/FBIOS;FBAV/576.0.0.47.71;FBBV/1048889375;FBDV/iPhone17,1;FBMD/iPhone;FBSN/iOS;FBSV/26.5.2;FBSS/3;FBID/phone;FBLC/en_US;FBOP/5;FBRV/1057561754;IABMV/1]"
74.76.12.227 - - [02/Sep/2026:17:11:54 -0700] "GET /wp-content/uploads/2020/12/2-kDVQFeBk7MRU6D1-removebg-preview.png HTTP/2.0" 200 43128 "https://usaigc.com/?fbclid=IwcGRvZgVmZGlkFlDbTk4aQIJpKoyD0OkbJ6DjaH9IJb9leHRuA2FlbQIxMQBzcnRjBmFwcF9pZAo2NjI4NTY4Mzc5AAEecz66aXPEpDR76sckRM0ilzRfukEuDSDdv424Zcsg5Q0CCzkOr89NFbEwCho_aem_Ye-vcE6fjzKFvNu6o5mwQA" "Mozilla/5.0 (iPhone; CPU iPhone OS 26_5_2 like Mac OS X) AppleWebKit/605.1.15 (KHTML, like Gecko) Mobile/23F84 Safari/604.1 [FBAN/FBIOS;FBAV/576.0.0.47.71;FBBV/1048889375;FBDV/iPhone17,1;FBMD/iPhone;FBSN/iOS;FBSV/26.5.2;FBSS/3;FBID/phone;FBLC/en_US;FBOP/5;FBRV/1057561754;IABMV/1]"
74.76.12.227 - - [02/Sep/2026:17:11:54 -0700] "GET /wp-content/uploads/2020/12/2024-SAFE-CLUB-1.png HTTP/2.0" 200 90507 "https://usaigc.com/?fbclid=IwcGRvZgVmZGlkFlDbTk4aQIJpKoyD0OkbJ6DjaH9IJb9leHRuA2FlbQIxMQBzcnRjBmFwcF9pZAo2NjI4NTY4Mzc5AAEecz66aXPEpDR76sckRM0ilzRfukEuDSDdv424Zcsg5Q0CCzkOr89NFbEwCho_aem_Ye-vcE6fjzKFvNu6o5mwQA" "Mozilla/5.0 (iPhone; CPU iPhone OS 26_5_2 like Mac OS X) AppleWebKit/605.1.15 (KHTML, like Gecko) Mobile/23F84 Safari/604.1 [FBAN/FBIOS;FBAV/576.0.0.47.71;FBBV/1048889375;FBDV/iPhone17,1;FBMD/iPhone;FBSN/iOS;FBSV/26.5.2;FBSS/3;FBID/phone;FBLC/en_US;FBOP/5;FBRV/1057561754;IABMV/1]"
74.76.12.227 - - [02/Sep/2026:17:11:54 -0700] "GET /wp-content/uploads/2020/12/iaigc_competition_logo_clear-removebg-preview.png HTTP/2.0" 200 41145 "https://usaigc.com/?fbclid=IwcGRvZgVmZGlkFlDbTk4aQIJpKoyD0OkbJ6DjaH9IJb9leHRuA2FlbQIxMQBzcnRjBmFwcF9pZAo2NjI4NTY4Mzc5AAEecz66aXPEpDR76sckRM0ilzRfukEuDSDdv424Zcsg5Q0CCzkOr89NFbEwCho_aem_Ye-vcE6fjzKFvNu6o5mwQA" "Mozilla/5.0 (iPhone; CPU iPhone OS 26_5_2 like Mac OS X) AppleWebKit/605.1.15 (KHTML, like Gecko) Mobile/23F84 Safari/604.1 [FBAN/FBIOS;FBAV/576.0.0.47.71;FBBV/1048889375;FBDV/iPhone17,1;FBMD/iPhone;FBSN/iOS;FBSV/26.5.2;FBSS/3;FBID/phone;FBLC/en_US;FBOP/5;FBRV/1057561754;IABMV/1]"
74.76.12.227 - - [02/Sep/2026:17:11:54 -0700] "GET /wp-content/uploads/2020/12/PBSportzsoft-300x169-1-e1701549356217.png HTTP/2.0" 200 18957 "https://usaigc.com/?fbclid=IwcGRvZgVmZGlkFlDbTk4aQIJpKoyD0OkbJ6DjaH9IJb9leHRuA2FlbQIxMQBzcnRjBmFwcF9pZAo2NjI4NTY4Mzc5AAEecz66aXPEpDR76sckRM0ilzRfukEuDSDdv424Zcsg5Q0CCzkOr89NFbEwCho_aem_Ye-vcE6fjzKFvNu6o5mwQA" "Mozilla/5.0 (iPhone; CPU iPhone OS 26_5_2 like Mac OS X) AppleWebKit/605.1.15 (KHTML, like Gecko) Mobile/23F84 Safari/604.1 [FBAN/FBIOS;FBAV/576.0.0.47.71;FBBV/1048889375;FBDV/iPhone17,1;FBMD/iPhone;FBSN/iOS;FBSV/26.5.2;FBSS/3;FBID/phone;FBLC/en_US;FBOP/5;FBRV/1057561754;IABMV/1]"
74.76.12.227 - - [02/Sep/2026:17:11:54 -0700] "GET /wp-content/uploads/hummingbird-assets/3bc16ab83db33802d31670bbb5e751f7.css HTTP/2.0" 200 2956 "https://usaigc.com/?fbclid=IwcGRvZgVmZGlkFlDbTk4aQIJpKoyD0OkbJ6DjaH9IJb9leHRuA2FlbQIxMQBzcnRjBmFwcF9pZAo2NjI4NTY4Mzc5AAEecz66aXPEpDR76sckRM0ilzRfukEuDSDdv424Zcsg5Q0CCzkOr89NFbEwCho_aem_Ye-vcE6fjzKFvNu6o5mwQA" "Mozilla/5.0 (iPhone; CPU iPhone OS 26_5_2 like Mac OS X) AppleWebKit/605.1.15 (KHTML, like Gecko) Mobile/23F84 Safari/604.1 [FBAN/FBIOS;FBAV/576.0.0.47.71;FBBV/1048889375;FBDV/iPhone17,1;FBMD/iPhone;FBSN/iOS;FBSV/26.5.2;FBSS/3;FBID/phone;FBLC/en_US;FBOP/5;FBRV/1057561754;IABMV/1]"
74.76.12.227 - - [02/Sep/2026:17:11:54 -0700] "GET /wp-content/uploads/hummingbird-assets/39c4cfff4ed9636507c780e102533e5b.css HTTP/2.0" 200 247 "https://usaigc.com/?fbclid=IwcGRvZgVmZGlkFlDbTk4aQIJpKoyD0OkbJ6DjaH9IJb9leHRuA2FlbQIxMQBzcnRjBmFwcF9pZAo2NjI4NTY4Mzc5AAEecz66aXPEpDR76sckRM0ilzRfukEuDSDdv424Zcsg5Q0CCzkOr89NFbEwCho_aem_Ye-vcE6fjzKFvNu6o5mwQA" "Mozilla/5.0 (iPhone; CPU iPhone OS 26_5_2 like Mac OS X) AppleWebKit/605.1.15 (KHTML, like Gecko) Mobile/23F84 Safari/604.1 [FBAN/FBIOS;FBAV/576.0.0.47.71;FBBV/1048889375;FBDV/iPhone17,1;FBMD/iPhone;FBSN/iOS;FBSV/26.5.2;FBSS/3;FBID/phone;FBLC/en_US;FBOP/5;FBRV/1057561754;IABMV/1]"
74.76.12.227 - - [02/Sep/2026:17:11:54 -0700] "GET /wp-content/uploads/elementor/custom-icons/theme-icons/fonts/theme-icons.ttf?yox6f HTTP/2.0" 200 5924 "https://usaigc.com/?fbclid=IwcGRvZgVmZGlkFlDbTk4aQIJpKoyD0OkbJ6DjaH9IJb9leHRuA2FlbQIxMQBzcnRjBmFwcF9pZAo2NjI4NTY4Mzc5AAEecz66aXPEpDR76sckRM0ilzRfukEuDSDdv424Zcsg5Q0CCzkOr89NFbEwCho_aem_Ye-vcE6fjzKFvNu6o5mwQA" "Mozilla/5.0 (iPhone; CPU iPhone OS 26_5_2 like Mac OS X) AppleWebKit/605.1.15 (KHTML, like Gecko) Mobile/23F84 Safari/604.1 [FBAN/FBIOS;FBAV/576.0.0.47.71;FBBV/1048889375;FBDV/iPhone17,1;FBMD/iPhone;FBSN/iOS;FBSV/26.5.2;FBSS/3;FBID/phone;FBLC/en_US;FBOP/5;FBRV/1057561754;IABMV/1]"
74.76.12.227 - - [02/Sep/2026:17:11:54 -0700] "GET /wp-content/plugins/elementor/assets/lib/font-awesome/webfonts/fa-solid-900.woff2 HTTP/2.0" 200 78196 "https://usaigc.com/?fbclid=IwcGRvZgVmZGlkFlDbTk4aQIJpKoyD0OkbJ6DjaH9IJb9leHRuA2FlbQIxMQBzcnRjBmFwcF9pZAo2NjI4NTY4Mzc5AAEecz66aXPEpDR76sckRM0ilzRfukEuDSDdv424Zcsg5Q0CCzkOr89NFbEwCho_aem_Ye-vcE6fjzKFvNu6o5mwQA" "Mozilla/5.0 (iPhone; CPU iPhone OS 26_5_2 like Mac OS X) AppleWebKit/605.1.15 (KHTML, like Gecko) Mobile/23F84 Safari/604.1 [FBAN/FBIOS;FBAV/576.0.0.47.71;FBBV/1048889375;FBDV/iPhone17,1;FBMD/iPhone;FBSN/iOS;FBSV/26.5.2;FBSS/3;FBID/phone;FBLC/en_US;FBOP/5;FBRV/1057561754;IABMV/1]"
74.76.12.227 - - [02/Sep/2026:17:11:54 -0700] "GET /wp-content/plugins/elementor/assets/lib/font-awesome/webfonts/fa-brands-400.woff2 HTTP/2.0" 200 81612 "https://usaigc.com/?fbclid=IwcGRvZgVmZGlkFlDbTk4aQIJpKoyD0OkbJ6DjaH9IJb9leHRuA2FlbQIxMQBzcnRjBmFwcF9pZAo2NjI4NTY4Mzc5AAEecz66aXPEpDR76sckRM0ilzRfukEuDSDdv424Zcsg5Q0CCzkOr89NFbEwCho_aem_Ye-vcE6fjzKFvNu6o5mwQA" "Mozilla/5.0 (iPhone; CPU iPhone OS 26_5_2 like Mac OS X) AppleWebKit/605.1.15 (KHTML, like Gecko) Mobile/23F84 Safari/604.1 [FBAN/FBIOS;FBAV/576.0.0.47.71;FBBV/1048889375;FBDV/iPhone17,1;FBMD/iPhone;FBSN/iOS;FBSV/26.5.2;FBSS/3;FBID/phone;FBLC/en_US;FBOP/5;FBRV/1057561754;IABMV/1]"
74.76.12.227 - - [02/Sep/2026:17:11:54 -0700] "GET /wp-content/plugins/elementor/assets/lib/eicons/fonts/eicons.woff2?5.35.0 HTTP/2.0" 200 98056 "https://usaigc.com/?fbclid=IwcGRvZgVmZGlkFlDbTk4aQIJpKoyD0OkbJ6DjaH9IJb9leHRuA2FlbQIxMQBzcnRjBmFwcF9pZAo2NjI4NTY4Mzc5AAEecz66aXPEpDR76sckRM0ilzRfukEuDSDdv424Zcsg5Q0CCzkOr89NFbEwCho_aem_Ye-vcE6fjzKFvNu6o5mwQA" "Mozilla/5.0 (iPhone; CPU iPhone OS 26_5_2 like Mac OS X) AppleWebKit/605.1.15 (KHTML, like Gecko) Mobile/23F84 Safari/604.1 [FBAN/FBIOS;FBAV/576.0.0.47.71;FBBV/1048889375;FBDV/iPhone17,1;FBMD/iPhone;FBSN/iOS;FBSV/26.5.2;FBSS/3;FBID/phone;FBLC/en_US;FBOP/5;FBRV/1057561754;IABMV/1]"
74.76.12.227 - - [02/Sep/2026:17:11:54 -0700] "GET /wp-content/plugins/elementor/assets/lib/font-awesome/webfonts/fa-regular-400.woff2 HTTP/2.0" 200 13276 "https://usaigc.com/?fbclid=IwcGRvZgVmZGlkFlDbTk4aQIJpKoyD0OkbJ6DjaH9IJb9leHRuA2FlbQIxMQBzcnRjBmFwcF9pZAo2NjI4NTY4Mzc5AAEecz66aXPEpDR76sckRM0ilzRfukEuDSDdv424Zcsg5Q0CCzkOr89NFbEwCho_aem_Ye-vcE6fjzKFvNu6o5mwQA" "Mozilla/5.0 (iPhone; CPU iPhone OS 26_5_2 like Mac OS X) AppleWebKit/605.1.15 (KHTML, like Gecko) Mobile/23F84 Safari/604.1 [FBAN/FBIOS;FBAV/576.0.0.47.71;FBBV/1048889375;FBDV/iPhone17,1;FBMD/iPhone;FBSN/iOS;FBSV/26.5.2;FBSS/3;FBID/phone;FBLC/en_US;FBOP/5;FBRV/1057561754;IABMV/1]"
74.76.12.227 - - [02/Sep/2026:17:11:54 -0700] "GET /wp-content/uploads/2023/12/shutterstock_391011352.jpg HTTP/2.0" 200 796982 "https://usaigc.com/?fbclid=IwcGRvZgVmZGlkFlDbTk4aQIJpKoyD0OkbJ6DjaH9IJb9leHRuA2FlbQIxMQBzcnRjBmFwcF9pZAo2NjI4NTY4Mzc5AAEecz66aXPEpDR76sckRM0ilzRfukEuDSDdv424Zcsg5Q0CCzkOr89NFbEwCho_aem_Ye-vcE6fjzKFvNu6o5mwQA" "Mozilla/5.0 (iPhone; CPU iPhone OS 26_5_2 like Mac OS X) AppleWebKit/605.1.15 (KHTML, like Gecko) Mobile/23F84 Safari/604.1 [FBAN/FBIOS;FBAV/576.0.0.47.71;FBBV/1048889375;FBDV/iPhone17,1;FBMD/iPhone;FBSN/iOS;FBSV/26.5.2;FBSS/3;FBID/phone;FBLC/en_US;FBOP/5;FBRV/1057561754;IABMV/1]"
74.76.12.227 - - [02/Sep/2026:17:11:54 -0700] "GET /wp-content/themes/f7/vamtam/assets/js/low-priority.js HTTP/2.0" 200 1263 "https://usaigc.com/?fbclid=IwcGRvZgVmZGlkFlDbTk4aQIJpKoyD0OkbJ6DjaH9IJb9leHRuA2FlbQIxMQBzcnRjBmFwcF9pZAo2NjI4NTY4Mzc5AAEecz66aXPEpDR76sckRM0ilzRfukEuDSDdv424Zcsg5Q0CCzkOr89NFbEwCho_aem_Ye-vcE6fjzKFvNu6o5mwQA" "Mozilla/5.0 (iPhone; CPU iPhone OS 26_5_2 like Mac OS X) AppleWebKit/605.1.15 (KHTML, like Gecko) Mobile/23F84 Safari/604.1 [FBAN/FBIOS;FBAV/576.0.0.47.71;FBBV/1048889375;FBDV/iPhone17,1;FBMD/iPhone;FBSN/iOS;FBSV/26.5.2;FBSS/3;FBID/phone;FBLC/en_US;FBOP/5;FBRV/1057561754;IABMV/1]"
74.76.12.227 - - [02/Sep/2026:17:11:54 -0700] "GET /wp-content/uploads/2023/11/illustration-arrow-right-1.svg HTTP/2.0" 200 334 "https://usaigc.com/?fbclid=IwcGRvZgVmZGlkFlDbTk4aQIJpKoyD0OkbJ6DjaH9IJb9leHRuA2FlbQIxMQBzcnRjBmFwcF9pZAo2NjI4NTY4Mzc5AAEecz66aXPEpDR76sckRM0ilzRfukEuDSDdv424Zcsg5Q0CCzkOr89NFbEwCho_aem_Ye-vcE6fjzKFvNu6o5mwQA" "Mozilla/5.0 (iPhone; CPU iPhone OS 26_5_2 like Mac OS X) AppleWebKit/605.1.15 (KHTML, like Gecko) Mobile/23F84 Safari/604.1 [FBAN/FBIOS;FBAV/576.0.0.47.71;FBBV/1048889375;FBDV/iPhone17,1;FBMD/iPhone;FBSN/iOS;FBSV/26.5.2;FBSS/3;FBID/phone;FBLC/en_US;FBOP/5;FBRV/1057561754;IABMV/1]"
74.76.12.227 - - [02/Sep/2026:17:11:54 -0700] "GET /wp-content/uploads/2023/11/shutterstock_1205204578-scaled.jpg HTTP/2.0" 200 210974 "https://usaigc.com/?fbclid=IwcGRvZgVmZGlkFlDbTk4aQIJpKoyD0OkbJ6DjaH9IJb9leHRuA2FlbQIxMQBzcnRjBmFwcF9pZAo2NjI4NTY4Mzc5AAEecz66aXPEpDR76sckRM0ilzRfukEuDSDdv424Zcsg5Q0CCzkOr89NFbEwCho_aem_Ye-vcE6fjzKFvNu6o5mwQA" "Mozilla/5.0 (iPhone; CPU iPhone OS 26_5_2 like Mac OS X) AppleWebKit/605.1.15 (KHTML, like Gecko) Mobile/23F84 Safari/604.1 [FBAN/FBIOS;FBAV/576.0.0.47.71;FBBV/1048889375;FBDV/iPhone17,1;FBMD/iPhone;FBSN/iOS;FBSV/26.5.2;FBSS/3;FBID/phone;FBLC/en_US;FBOP/5;FBRV/1057561754;IABMV/1]"
74.76.12.227 - - [02/Sep/2026:17:11:54 -0700] "GET /wp-content/plugins/elementor/assets/lib/dialog/dialog.min.js?ver=4.9.3 HTTP/2.0" 200 11286 "https://usaigc.com/?fbclid=IwcGRvZgVmZGlkFlDbTk4aQIJpKoyD0OkbJ6DjaH9IJb9leHRuA2FlbQIxMQBzcnRjBmFwcF9pZAo2NjI4NTY4Mzc5AAEecz66aXPEpDR76sckRM0ilzRfukEuDSDdv424Zcsg5Q0CCzkOr89NFbEwCho_aem_Ye-vcE6fjzKFvNu6o5mwQA" "Mozilla/5.0 (iPhone; CPU iPhone OS 26_5_2 like Mac OS X) AppleWebKit/605.1.15 (KHTML, like Gecko) Mobile/23F84 Safari/604.1 [FBAN/FBIOS;FBAV/576.0.0.47.71;FBBV/1048889375;FBDV/iPhone17,1;FBMD/iPhone;FBSN/iOS;FBSV/26.5.2;FBSS/3;FBID/phone;FBLC/en_US;FBOP/5;FBRV/1057561754;IABMV/1]"
74.76.12.227 - - [02/Sep/2026:17:11:55 -0700] "GET /wp-content/plugins/elementor-pro/assets/js/nav-menu.a23fbd67486c5bedf26c.bundle.min.js HTTP/2.0" 200 5282 "https://usaigc.com/?fbclid=IwcGRvZgVmZGlkFlDbTk4aQIJpKoyD0OkbJ6DjaH9IJb9leHRuA2FlbQIxMQBzcnRjBmFwcF9pZAo2NjI4NTY4Mzc5AAEecz66aXPEpDR76sckRM0ilzRfukEuDSDdv424Zcsg5Q0CCzkOr89NFbEwCho_aem_Ye-vcE6fjzKFvNu6o5mwQA" "Mozilla/5.0 (iPhone; CPU iPhone OS 26_5_2 like Mac OS X) AppleWebKit/605.1.15 (KHTML, like Gecko) Mobile/23F84 Safari/604.1 [FBAN/FBIOS;FBAV/576.0.0.47.71;FBBV/1048889375;FBDV/iPhone17,1;FBMD/iPhone;FBSN/iOS;FBSV/26.5.2;FBSS/3;FBID/phone;FBLC/en_US;FBOP/5;FBRV/1057561754;IABMV/1]"
74.76.12.227 - - [02/Sep/2026:17:11:55 -0700] "GET /wp-content/plugins/elementor-pro/assets/js/animated-headline.588a0449647bd4f113f3.bundle.min.js HTTP/2.0" 200 7567 "https://usaigc.com/?fbclid=IwcGRvZgVmZGlkFlDbTk4aQIJpKoyD0OkbJ6DjaH9IJb9leHRuA2FlbQIxMQBzcnRjBmFwcF9pZAo2NjI4NTY4Mzc5AAEecz66aXPEpDR76sckRM0ilzRfukEuDSDdv424Zcsg5Q0CCzkOr89NFbEwCho_aem_Ye-vcE6fjzKFvNu6o5mwQA" "Mozilla/5.0 (iPhone; CPU iPhone OS 26_5_2 like Mac OS X) AppleWebKit/605.1.15 (KHTML, like Gecko) Mobile/23F84 Safari/604.1 [FBAN/FBIOS;FBAV/576.0.0.47.71;FBBV/1048889375;FBDV/iPhone17,1;FBMD/iPhone;FBSN/iOS;FBSV/26.5.2;FBSS/3;FBID/phone;FBLC/en_US;FBOP/5;FBRV/1057561754;IABMV/1]"
74.76.12.227 - - [02/Sep/2026:17:11:55 -0700] "GET /wp-content/plugins/elementor-pro/assets/js/lottie.e74a53bfa4c0bd939250.bundle.min.js HTTP/2.0" 200 14409 "https://usaigc.com/?fbclid=IwcGRvZgVmZGlkFlDbTk4aQIJpKoyD0OkbJ6DjaH9IJb9leHRuA2FlbQIxMQBzcnRjBmFwcF9pZAo2NjI4NTY4Mzc5AAEecz66aXPEpDR76sckRM0ilzRfukEuDSDdv424Zcsg5Q0CCzkOr89NFbEwCho_aem_Ye-vcE6fjzKFvNu6o5mwQA" "Mozilla/5.0 (iPhone; CPU iPhone OS 26_5_2 like Mac OS X) AppleWebKit/605.1.15 (KHTML, like Gecko) Mobile/23F84 Safari/604.1 [FBAN/FBIOS;FBAV/576.0.0.47.71;FBBV/1048889375;FBDV/iPhone17,1;FBMD/iPhone;FBSN/iOS;FBSV/26.5.2;FBSS/3;FBID/phone;FBLC/en_US;FBOP/5;FBRV/1057561754;IABMV/1]"
74.76.12.227 - - [02/Sep/2026:17:11:55 -0700] "GET /wp-content/plugins/elementor/assets/js/text-editor.c084ef86600b6f11690d.bundle.min.js HTTP/2.0" 200 1394 "https://usaigc.com/?fbclid=IwcGRvZgVmZGlkFlDbTk4aQIJpKoyD0OkbJ6DjaH9IJb9leHRuA2FlbQIxMQBzcnRjBmFwcF9pZAo2NjI4NTY4Mzc5AAEecz66aXPEpDR76sckRM0ilzRfukEuDSDdv424Zcsg5Q0CCzkOr89NFbEwCho_aem_Ye-vcE6fjzKFvNu6o5mwQA" "Mozilla/5.0 (iPhone; CPU iPhone OS 26_5_2 like Mac OS X) AppleWebKit/605.1.15 (KHTML, like Gecko) Mobile/23F84 Safari/604.1 [FBAN/FBIOS;FBAV/576.0.0.47.71;FBBV/1048889375;FBDV/iPhone17,1;FBMD/iPhone;FBSN/iOS;FBSV/26.5.2;FBSS/3;FBID/phone;FBLC/en_US;FBOP/5;FBRV/1057561754;IABMV/1]"
74.76.12.227 - - [02/Sep/2026:17:11:55 -0700] "GET /wp-content/plugins/elementor-pro/assets/js/media-carousel.afbaabb756a7c18ddb09.bundle.min.js HTTP/2.0" 200 7003 "https://usaigc.com/?fbclid=IwcGRvZgVmZGlkFlDbTk4aQIJpKoyD0OkbJ6DjaH9IJb9leHRuA2FlbQIxMQBzcnRjBmFwcF9pZAo2NjI4NTY4Mzc5AAEecz66aXPEpDR76sckRM0ilzRfukEuDSDdv424Zcsg5Q0CCzkOr89NFbEwCho_aem_Ye-vcE6fjzKFvNu6o5mwQA" "Mozilla/5.0 (iPhone; CPU iPhone OS 26_5_2 like Mac OS X) AppleWebKit/605.1.15 (KHTML, like Gecko) Mobile/23F84 Safari/604.1 [FBAN/FBIOS;FBAV/576.0.0.47.71;FBBV/1048889375;FBDV/iPhone17,1;FBMD/iPhone;FBSN/iOS;FBSV/26.5.2;FBSS/3;FBID/phone;FBLC/en_US;FBOP/5;FBRV/1057561754;IABMV/1]"
74.76.12.227 - - [02/Sep/2026:17:11:55 -0700] "GET /wp-content/uploads/2023/11/shutterstock_358163945-scaled.jpg HTTP/2.0" 200 564491 "https://usaigc.com/?fbclid=IwcGRvZgVmZGlkFlDbTk4aQIJpKoyD0OkbJ6DjaH9IJb9leHRuA2FlbQIxMQBzcnRjBmFwcF9pZAo2NjI4NTY4Mzc5AAEecz66aXPEpDR76sckRM0ilzRfukEuDSDdv424Zcsg5Q0CCzkOr89NFbEwCho_aem_Ye-vcE6fjzKFvNu6o5mwQA" "Mozilla/5.0 (iPhone; CPU iPhone OS 26_5_2 like Mac OS X) AppleWebKit/605.1.15 (KHTML, like Gecko) Mobile/23F84 Safari/604.1 [FBAN/FBIOS;FBAV/576.0.0.47.71;FBBV/1048889375;FBDV/iPhone17,1;FBMD/iPhone;FBSN/iOS;FBSV/26.5.2;FBSS/3;FBID/phone;FBLC/en_US;FBOP/5;FBRV/1057561754;IABMV/1]"
74.76.12.227 - - [02/Sep/2026:17:11:55 -0700] "GET /wp-content/uploads/2023/11/shutterstock_576622738.jpg HTTP/2.0" 200 2360990 "https://usaigc.com/?fbclid=IwcGRvZgVmZGlkFlDbTk4aQIJpKoyD0OkbJ6DjaH9IJb9leHRuA2FlbQIxMQBzcnRjBmFwcF9pZAo2NjI4NTY4Mzc5AAEecz66aXPEpDR76sckRM0ilzRfukEuDSDdv424Zcsg5Q0CCzkOr89NFbEwCho_aem_Ye-vcE6fjzKFvNu6o5mwQA" "Mozilla/5.0 (iPhone; CPU iPhone OS 26_5_2 like Mac OS X) AppleWebKit/605.1.15 (KHTML, like Gecko) Mobile/23F84 Safari/604.1 [FBAN/FBIOS;FBAV/576.0.0.47.71;FBBV/1048889375;FBDV/iPhone17,1;FBMD/iPhone;FBSN/iOS;FBSV/26.5.2;FBSS/3;FBID/phone;FBLC/en_US;FBOP/5;FBRV/1057561754;IABMV/1]"
74.76.12.227 - - [02/Sep/2026:17:11:55 -0700] "GET /wp-content/uploads/2021/03/Arrows-animation.json HTTP/2.0" 200 14916 "https://usaigc.com/?fbclid=IwcGRvZgVmZGlkFlDbTk4aQIJpKoyD0OkbJ6DjaH9IJb9leHRuA2FlbQIxMQBzcnRjBmFwcF9pZAo2NjI4NTY4Mzc5AAEecz66aXPEpDR76sckRM0ilzRfukEuDSDdv424Zcsg5Q0CCzkOr89NFbEwCho_aem_Ye-vcE6fjzKFvNu6o5mwQA" "Mozilla/5.0 (iPhone; CPU iPhone OS 26_5_2 like Mac OS X) AppleWebKit/605.1.15 (KHTML, like Gecko) Mobile/23F84 Safari/604.1 [FBAN/FBIOS;FBAV/576.0.0.47.71;FBBV/1048889375;FBDV/iPhone17,1;FBMD/iPhone;FBSN/iOS;FBSV/26.5.2;FBSS/3;FBID/phone;FBLC/en_US;FBOP/5;FBRV/1057561754;IABMV/1]"
74.76.12.227 - - [02/Sep/2026:17:11:55 -0700] "GET /wp-content/uploads/2023/11/shape-purple.png HTTP/2.0" 200 8036 "https://usaigc.com/?fbclid=IwcGRvZgVmZGlkFlDbTk4aQIJpKoyD0OkbJ6DjaH9IJb9leHRuA2FlbQIxMQBzcnRjBmFwcF9pZAo2NjI4NTY4Mzc5AAEecz66aXPEpDR76sckRM0ilzRfukEuDSDdv424Zcsg5Q0CCzkOr89NFbEwCho_aem_Ye-vcE6fjzKFvNu6o5mwQA" "Mozilla/5.0 (iPhone; CPU iPhone OS 26_5_2 like Mac OS X) AppleWebKit/605.1.15 (KHTML, like Gecko) Mobile/23F84 Safari/604.1 [FBAN/FBIOS;FBAV/576.0.0.47.71;FBBV/1048889375;FBDV/iPhone17,1;FBMD/iPhone;FBSN/iOS;FBSV/26.5.2;FBSS/3;FBID/phone;FBLC/en_US;FBOP/5;FBRV/1057561754;IABMV/1]"
74.76.12.227 - - [02/Sep/2026:17:11:55 -0700] "GET /wp-content/uploads/2023/11/logo-4.png HTTP/2.0" 200 18860 "https://usaigc.com/?fbclid=IwcGRvZgVmZGlkFlDbTk4aQIJpKoyD0OkbJ6DjaH9IJb9leHRuA2FlbQIxMQBzcnRjBmFwcF9pZAo2NjI4NTY4Mzc5AAEecz66aXPEpDR76sckRM0ilzRfukEuDSDdv424Zcsg5Q0CCzkOr89NFbEwCho_aem_Ye-vcE6fjzKFvNu6o5mwQA" "Mozilla/5.0 (iPhone; CPU iPhone OS 26_5_2 like Mac OS X) AppleWebKit/605.1.15 (KHTML, like Gecko) Mobile/23F84 Safari/604.1 [FBAN/FBIOS;FBAV/576.0.0.47.71;FBBV/1048889375;FBDV/iPhone17,1;FBMD/iPhone;FBSN/iOS;FBSV/26.5.2;FBSS/3;FBID/phone;FBLC/en_US;FBOP/5;FBRV/1057561754;IABMV/1]"
74.76.12.227 - - [02/Sep/2026:17:11:55 -0700] "GET /wp-content/uploads/2023/12/LiveLeagueLogo-1.png HTTP/2.0" 200 21313 "https://usaigc.com/?fbclid=IwcGRvZgVmZGlkFlDbTk4aQIJpKoyD0OkbJ6DjaH9IJb9leHRuA2FlbQIxMQBzcnRjBmFwcF9pZAo2NjI4NTY4Mzc5AAEecz66aXPEpDR76sckRM0ilzRfukEuDSDdv424Zcsg5Q0CCzkOr89NFbEwCho_aem_Ye-vcE6fjzKFvNu6o5mwQA" "Mozilla/5.0 (iPhone; CPU iPhone OS 26_5_2 like Mac OS X) AppleWebKit/605.1.15 (KHTML, like Gecko) Mobile/23F84 Safari/604.1 [FBAN/FBIOS;FBAV/576.0.0.47.71;FBBV/1048889375;FBDV/iPhone17,1;FBMD/iPhone;FBSN/iOS;FBSV/26.5.2;FBSS/3;FBID/phone;FBLC/en_US;FBOP/5;FBRV/1057561754;IABMV/1]"
74.76.12.227 - - [02/Sep/2026:17:11:55 -0700] "GET /wp-content/uploads/2025/05/AthleticsICC.jpg HTTP/2.0" 200 43167 "https://usaigc.com/?fbclid=IwcGRvZgVmZGlkFlDbTk4aQIJpKoyD0OkbJ6DjaH9IJb9leHRuA2FlbQIxMQBzcnRjBmFwcF9pZAo2NjI4NTY4Mzc5AAEecz66aXPEpDR76sckRM0ilzRfukEuDSDdv424Zcsg5Q0CCzkOr89NFbEwCho_aem_Ye-vcE6fjzKFvNu6o5mwQA" "Mozilla/5.0 (iPhone; CPU iPhone OS 26_5_2 like Mac OS X) AppleWebKit/605.1.15 (KHTML, like Gecko) Mobile/23F84 Safari/604.1 [FBAN/FBIOS;FBAV/576.0.0.47.71;FBBV/1048889375;FBDV/iPhone17,1;FBMD/iPhone;FBSN/iOS;FBSV/26.5.2;FBSS/3;FBID/phone;FBLC/en_US;FBOP/5;FBRV/1057561754;IABMV/1]"
74.76.12.227 - - [02/Sep/2026:17:11:55 -0700] "GET /wp-content/uploads/2025/09/news-tesu-logo-e1758903721800.jpg HTTP/2.0" 200 46373 "https://usaigc.com/?fbclid=IwcGRvZgVmZGlkFlDbTk4aQIJpKoyD0OkbJ6DjaH9IJb9leHRuA2FlbQIxMQBzcnRjBmFwcF9pZAo2NjI4NTY4Mzc5AAEecz66aXPEpDR76sckRM0ilzRfukEuDSDdv424Zcsg5Q0CCzkOr89NFbEwCho_aem_Ye-vcE6fjzKFvNu6o5mwQA" "Mozilla/5.0 (iPhone; CPU iPhone OS 26_5_2 like Mac OS X) AppleWebKit/605.1.15 (KHTML, like Gecko) Mobile/23F84 Safari/604.1 [FBAN/FBIOS;FBAV/576.0.0.47.71;FBBV/1048889375;FBDV/iPhone17,1;FBMD/iPhone;FBSN/iOS;FBSV/26.5.2;FBSS/3;FBID/phone;FBLC/en_US;FBOP/5;FBRV/1057561754;IABMV/1]"
74.76.12.227 - - [02/Sep/2026:17:11:55 -0700] "GET /wp-content/uploads/2023/11/logo-2a1.png HTTP/2.0" 200 91276 "https://usaigc.com/?fbclid=IwcGRvZgVmZGlkFlDbTk4aQIJpKoyD0OkbJ6DjaH9IJb9leHRuA2FlbQIxMQBzcnRjBmFwcF9pZAo2NjI4NTY4Mzc5AAEecz66aXPEpDR76sckRM0ilzRfukEuDSDdv424Zcsg5Q0CCzkOr89NFbEwCho_aem_Ye-vcE6fjzKFvNu6o5mwQA" "Mozilla/5.0 (iPhone; CPU iPhone OS 26_5_2 like Mac OS X) AppleWebKit/605.1.15 (KHTML, like Gecko) Mobile/23F84 Safari/604.1 [FBAN/FBIOS;FBAV/576.0.0.47.71;FBBV/1048889375;FBDV/iPhone17,1;FBMD/iPhone;FBSN/iOS;FBSV/26.5.2;FBSS/3;FBID/phone;FBLC/en_US;FBOP/5;FBRV/1057561754;IABMV/1]"
74.76.12.227 - - [02/Sep/2026:17:11:55 -0700] "GET /wp-content/uploads/2023/11/shutterstock_709217215.jpg HTTP/2.0" 200 3889657 "https://usaigc.com/?fbclid=IwcGRvZgVmZGlkFlDbTk4aQIJpKoyD0OkbJ6DjaH9IJb9leHRuA2FlbQIxMQBzcnRjBmFwcF9pZAo2NjI4NTY4Mzc5AAEecz66aXPEpDR76sckRM0ilzRfukEuDSDdv424Zcsg5Q0CCzkOr89NFbEwCho_aem_Ye-vcE6fjzKFvNu6o5mwQA" "Mozilla/5.0 (iPhone; CPU iPhone OS 26_5_2 like Mac OS X) AppleWebKit/605.1.15 (KHTML, like Gecko) Mobile/23F84 Safari/604.1 [FBAN/FBIOS;FBAV/576.0.0.47.71;FBBV/1048889375;FBDV/iPhone17,1;FBMD/iPhone;FBSN/iOS;FBSV/26.5.2;FBSS/3;FBID/phone;FBLC/en_US;FBOP/5;FBRV/1057561754;IABMV/1]"
216.244.66.236 - - [02/Sep/2026:17:12:04 -0700] "GET /athlete_form.cfm?CFID=f5b8e6f3-5a87-4200-b764-407490c3caf3&CFTOKEN=0 HTTP/1.1" 301 - "-" "Mozilla/5.0 (compatible; DotBot/1.2; +https://opensiteexplorer.org/dotbot; help@moz.com)"
18.214.138.148 - - [02/Sep/2026:17:12:05 -0700] "GET /wp-content/uploads/2021/02/nathan-dumlao-wOj3FccboSU-unsplash-300x293.jpg HTTP/1.1" 200 18179 "-" "Mozilla/5.0 AppleWebKit/537.36 (KHTML, like Gecko; compatible; Amazonbot/0.1; +https://developer.amazon.com/support/amazonbot) Chrome/119.0.6045.214 Safari/537.36"
216.244.66.236 - - [02/Sep/2026:17:12:16 -0700] "GET /athlete_form.cfm?CFID=f5c14b94-a7de-4622-af8b-d5acda13c931&CFTOKEN=0 HTTP/1.1" 301 - "-" "Mozilla/5.0 (compatible; DotBot/1.2; +https://opensiteexplorer.org/dotbot; help@moz.com)"
173.231.200.77 - - [02/Sep/2026:17:12:26 -0700] "POST /wp-cron.php?doing_wp_cron=1788394346.7969379425048828125000 HTTP/1.1" 200 - "-" "WordPress/7.1; https://usaigc.com"
216.244.66.236 - - [02/Sep/2026:17:12:26 -0700] "GET /athlete_form.cfm?CFID=f5c84040-fb88-4ff1-95a8-a3151658e532&CFTOKEN=0 HTTP/1.1" 301 - "-" "Mozilla/5.0 (compatible; DotBot/1.2; +https://opensiteexplorer.org/dotbot; help@moz.com)"
216.244.66.236 - - [02/Sep/2026:17:12:36 -0700] "GET /athlete_form.cfm?CFID=f5f785da-3b43-4828-bb62-808002747562&CFTOKEN=0 HTTP/1.1" 301 - "-" "Mozilla/5.0 (compatible; DotBot/1.2; +https://opensiteexplorer.org/dotbot; help@moz.com)"
51.68.111.239 - - [02/Sep/2026:17:13:01 -0700] "GET /robots.txt HTTP/1.1" 200 153 "-" "Mozilla/5.0 (compatible; MJ12bot/v2.0.5; http://mj12bot.com/)"
51.68.111.239 - - [02/Sep/2026:17:13:01 -0700] "GET / HTTP/1.1" 200 131156 "-" "Mozilla/5.0 (compatible; MJ12bot/v2.0.5; http://mj12bot.com/)"
216.244.66.236 - - [02/Sep/2026:17:13:10 -0700] "GET /athlete_form.cfm?CFID=f6400810-6df6-4c17-abdf-6b1f913bf188&CFTOKEN=0 HTTP/1.1" 301 - "-" "Mozilla/5.0 (compatible; DotBot/1.2; +https://opensiteexplorer.org/dotbot; help@moz.com)"
173.231.200.77 - - [02/Sep/2026:17:13:25 -0700] "POST /wp-cron.php?doing_wp_cron=1788394405.2578930854797363281250 HTTP/1.1" 200 - "-" "WordPress/7.1; https://usaigc.com"
216.244.66.236 - - [02/Sep/2026:17:13:25 -0700] "GET /athlete_form.cfm?CFID=f653ef05-c19a-4586-9bd1-3967064ab122&CFTOKEN=0 HTTP/1.1" 301 - "-" "Mozilla/5.0 (compatible; DotBot/1.2; +https://opensiteexplorer.org/dotbot; help@moz.com)"
74.7.243.215 - - [02/Sep/2026:17:13:38 -0700] "GET /sitemap.rss HTTP/2.0" 200 14383 "-" "Mozilla/5.0 AppleWebKit/537.36 (KHTML, like Gecko; compatible; GPTBot/1.4; +https://openai.com/gptbot)"
216.244.66.236 - - [02/Sep/2026:17:13:39 -0700] "GET /athlete_form.cfm?CFID=f65d31e6-84ae-40a0-a80c-77b25971186e&CFTOKEN=0 HTTP/1.1" 301 - "-" "Mozilla/5.0 (compatible; DotBot/1.2; +https://opensiteexplorer.org/dotbot; help@moz.com)"
216.244.66.236 - - [02/Sep/2026:17:13:55 -0700] "GET /athlete_form.cfm?CFID=f65f1798-5cf1-4590-9b72-e6dc59a174f2&CFTOKEN=0 HTTP/1.1" 301 - "-" "Mozilla/5.0 (compatible; DotBot/1.2; +https://opensiteexplorer.org/dotbot; help@moz.com)"
216.244.66.236 - - [02/Sep/2026:17:14:07 -0700] "GET /athlete_form.cfm?CFID=f660696f-8cbe-4f65-a194-cea4700cc478&CFTOKEN=0 HTTP/1.1" 301 - "-" "Mozilla/5.0 (compatible; DotBot/1.2; +https://opensiteexplorer.org/dotbot; help@moz.com)"
216.244.66.236 - - [02/Sep/2026:17:14:19 -0700] "GET /athlete_form.cfm?CFID=f66f50fc-d941-40a2-b963-bb6f5f04e70e&CFTOKEN=0 HTTP/1.1" 301 - "-" "Mozilla/5.0 (compatible; DotBot/1.2; +https://opensiteexplorer.org/dotbot; help@moz.com)"
173.231.200.77 - - [02/Sep/2026:17:14:30 -0700] "POST /wp-cron.php?doing_wp_cron=1788394470.9150669574737548828125 HTTP/1.1" 200 - "-" "WordPress/7.1; https://usaigc.com"
216.244.66.236 - - [02/Sep/2026:17:14:30 -0700] "GET /athlete_form.cfm?CFID=f670a0af-cee0-4723-a6c3-530880e9ef74&CFTOKEN=0 HTTP/1.1" 301 - "-" "Mozilla/5.0 (compatible; DotBot/1.2; +https://opensiteexplorer.org/dotbot; help@moz.com)"
216.244.66.236 - - [02/Sep/2026:17:14:39 -0700] "GET /athlete_form.cfm?CFID=f6719801-e2ba-4a7f-b244-089816c7cb3f&CFTOKEN=0 HTTP/1.1" 301 - "-" "Mozilla/5.0 (compatible; DotBot/1.2; +https://opensiteexplorer.org/dotbot; help@moz.com)"
216.244.66.236 - - [02/Sep/2026:17:14:47 -0700] "GET /athlete_form.cfm?CFID=f6904fed-c328-4e06-a31a-7fca9667b0b0&CFTOKEN=0 HTTP/1.1" 301 - "-" "Mozilla/5.0 (compatible; DotBot/1.2; +https://opensiteexplorer.org/dotbot; help@moz.com)"
216.244.66.236 - - [02/Sep/2026:17:14:54 -0700] "GET /athlete_form.cfm?CFID=f691360d-d9cc-4775-b3d6-c04334ec094e&CFTOKEN=0 HTTP/1.1" 301 - "-" "Mozilla/5.0 (compatible; DotBot/1.2; +https://opensiteexplorer.org/dotbot; help@moz.com)"
216.244.66.236 - - [02/Sep/2026:17:15:00 -0700] "GET /athlete_form.cfm?CFID=f6adfa68-749d-498a-9ffb-22f82ca54939&CFTOKEN=0 HTTP/1.1" 301 - "-" "Mozilla/5.0 (compatible; DotBot/1.2; +https://opensiteexplorer.org/dotbot; help@moz.com)"
216.244.66.236 - - [02/Sep/2026:17:15:05 -0700] "GET /athlete_form.cfm?CFID=f6c52052-9870-4157-a206-bb11fe086736&CFTOKEN=0 HTTP/1.1" 301 - "-" "Mozilla/5.0 (compatible; DotBot/1.2; +https://opensiteexplorer.org/dotbot; help@moz.com)"
216.244.66.236 - - [02/Sep/2026:17:15:13 -0700] "GET /athlete_form.cfm?CFID=f6d8a3f8-e1b6-4f2f-a252-bcc18a01e327&CFTOKEN=0 HTTP/1.1" 301 - "-" "Mozilla/5.0 (compatible; DotBot/1.2; +https://opensiteexplorer.org/dotbot; help@moz.com)"
173.231.200.77 - - [02/Sep/2026:17:15:22 -0700] "POST /wp-cron.php?doing_wp_cron=1788394522.6820230484008789062500 HTTP/1.1" 200 - "-" "WordPress/7.1; https://usaigc.com"
136.144.19.235 - - [02/Sep/2026:17:15:22 -0700] "POST /wp-login.php HTTP/1.1" 200 7596 "-" "Mozilla/5.0"
216.244.66.236 - - [02/Sep/2026:17:15:26 -0700] "GET /athlete_form.cfm?CFID=f6e9bc10-f6b4-4e59-bf64-16dd887d284c&CFTOKEN=0 HTTP/1.1" 301 - "-" "Mozilla/5.0 (compatible; DotBot/1.2; +https://opensiteexplorer.org/dotbot; help@moz.com)"
216.244.66.236 - - [02/Sep/2026:17:15:37 -0700] "GET /athlete_form.cfm?CFID=f6ea7345-6a0e-47cb-afbe-dc5e24f8412e&CFTOKEN=0 HTTP/1.1" 301 - "-" "Mozilla/5.0 (compatible; DotBot/1.2; +https://opensiteexplorer.org/dotbot; help@moz.com)"
216.244.66.236 - - [02/Sep/2026:17:15:50 -0700] "GET /athlete_form.cfm?CFID=f6f4804f-a60b-4445-9059-960e8581bcd6&CFTOKEN=0 HTTP/1.1" 301 - "-" "Mozilla/5.0 (compatible; DotBot/1.2; +https://opensiteexplorer.org/dotbot; help@moz.com)"
216.244.66.236 - - [02/Sep/2026:17:16:00 -0700] "GET /athlete_form.cfm?CFID=f70ec7bd-6a67-4c6c-8387-ae566dda38bb&CFTOKEN=0 HTTP/1.1" 301 - "-" "Mozilla/5.0 (compatible; DotBot/1.2; +https://opensiteexplorer.org/dotbot; help@moz.com)"
216.244.66.236 - - [02/Sep/2026:17:16:09 -0700] "GET /athlete_form.cfm?CFID=f7250e31-9ef9-4f66-8926-6d5364d87576&CFTOKEN=0 HTTP/1.1" 301 - "-" "Mozilla/5.0 (compatible; DotBot/1.2; +https://opensiteexplorer.org/dotbot; help@moz.com)"
35.169.119.108 - - [02/Sep/2026:17:16:13 -0700] "GET /wp-content/plugins/elementor/modules/checklist/steps/?C=D;O%3DD HTTP/1.1" 200 1852 "-" "Mozilla/5.0 AppleWebKit/537.36 (KHTML, like Gecko; compatible; Amazonbot/0.1; +https://developer.amazon.com/support/amazonbot) Chrome/119.0.6045.214 Safari/537.36"
216.244.66.236 - - [02/Sep/2026:17:16:16 -0700] "GET /athlete_form.cfm?CFID=f729f30b-69f4-4743-985a-f9049737fb3d&CFTOKEN=0 HTTP/1.1" 301 - "-" "Mozilla/5.0 (compatible; DotBot/1.2; +https://opensiteexplorer.org/dotbot; help@moz.com)"
52.205.141.124 - - [02/Sep/2026:17:16:17 -0700] "GET /wp-content/plugins/elementor/modules/atomic-widgets/prop-types/base/object-prop-type.php HTTP/1.1" 200 - "-" "Mozilla/5.0 AppleWebKit/537.36 (KHTML, like Gecko; compatible; Amazonbot/0.1; +https://developer.amazon.com/support/amazonbot) Chrome/119.0.6045.214 Safari/537.36"
44.218.6.93 - - [02/Sep/2026:17:16:21 -0700] "GET /wp-content/plugins/elementor/modules/atomic-widgets/prop-types/base/?C=D;O%3DA HTTP/1.1" 200 1349 "-" "Mozilla/5.0 AppleWebKit/537.36 (KHTML, like Gecko; compatible; Amazonbot/0.1; +https://developer.amazon.com/support/amazonbot) Chrome/119.0.6045.214 Safari/537.36"
