44.203.98.132 - - [02/Sep/2026:12:43:15 -0700] "GET /wp-content/uploads/2020/12/PBSportzsoft-300x169-1-e1701549356217.png HTTP/2.0" 200 18957 "https://usaigc.com/partnership/" "Mozilla/5.0 (X11; Linux x86_64) AppleWebKit/537.36 (KHTML, like Gecko) HeadlessChrome/151.0.0.0 Safari/537.36"
44.203.98.132 - - [02/Sep/2026:12:43:15 -0700] "GET /wp-content/uploads/hummingbird-assets/399a96895552e154ad543c0f219ac8a6.js HTTP/2.0" 200 171691 "https://usaigc.com/partnership/" "Mozilla/5.0 (X11; Linux x86_64) AppleWebKit/537.36 (KHTML, like Gecko) HeadlessChrome/151.0.0.0 Safari/537.36"
44.203.98.132 - - [02/Sep/2026:12:43:15 -0700] "GET /wp-content/plugins/elementor/assets/js/webpack.runtime.min.js HTTP/2.0" 200 5350 "https://usaigc.com/partnership/" "Mozilla/5.0 (X11; Linux x86_64) AppleWebKit/537.36 (KHTML, like Gecko) HeadlessChrome/151.0.0.0 Safari/537.36"
44.203.98.132 - - [02/Sep/2026:12:43:16 -0700] "GET /wp-content/plugins/elementor/assets/js/frontend-modules.min.js HTTP/2.0" 200 59749 "https://usaigc.com/partnership/" "Mozilla/5.0 (X11; Linux x86_64) AppleWebKit/537.36 (KHTML, like Gecko) HeadlessChrome/151.0.0.0 Safari/537.36"
44.203.98.132 - - [02/Sep/2026:12:43:16 -0700] "GET /wp-includes/js/jquery/ui/core.min.js HTTP/2.0" 200 18674 "https://usaigc.com/partnership/" "Mozilla/5.0 (X11; Linux x86_64) AppleWebKit/537.36 (KHTML, like Gecko) HeadlessChrome/151.0.0.0 Safari/537.36"
44.203.98.132 - - [02/Sep/2026:12:43:16 -0700] "GET /wp-content/uploads/hummingbird-assets/5b04161e5b6e27bbb72c7c5f3ae4ef88.js HTTP/2.0" 200 79926 "https://usaigc.com/partnership/" "Mozilla/5.0 (X11; Linux x86_64) AppleWebKit/537.36 (KHTML, like Gecko) HeadlessChrome/151.0.0.0 Safari/537.36"
44.203.98.132 - - [02/Sep/2026:12:43:16 -0700] "GET /wp-content/plugins/elementor-pro/assets/js/webpack-pro.runtime.min.js HTTP/2.0" 200 6263 "https://usaigc.com/partnership/" "Mozilla/5.0 (X11; Linux x86_64) AppleWebKit/537.36 (KHTML, like Gecko) HeadlessChrome/151.0.0.0 Safari/537.36"
44.203.98.132 - - [02/Sep/2026:12:43:16 -0700] "GET /wp-content/uploads/hummingbird-assets/2d0fc86d08c0addc7f54a6a33ef11370.js HTTP/2.0" 200 10815 "https://usaigc.com/partnership/" "Mozilla/5.0 (X11; Linux x86_64) AppleWebKit/537.36 (KHTML, like Gecko) HeadlessChrome/151.0.0.0 Safari/537.36"
44.203.98.132 - - [02/Sep/2026:12:43:16 -0700] "GET /wp-content/uploads/hummingbird-assets/4f2f05e2bccbc74bfdc4d4a9af4df128.js HTTP/2.0" 200 84064 "https://usaigc.com/partnership/" "Mozilla/5.0 (X11; Linux x86_64) AppleWebKit/537.36 (KHTML, like Gecko) HeadlessChrome/151.0.0.0 Safari/537.36"
44.203.98.132 - - [02/Sep/2026:12:43:16 -0700] "GET /wp-content/uploads/2023/11/shape-purple.png HTTP/2.0" 200 8036 "https://usaigc.com/wp-content/uploads/hummingbird-assets/0cc06b06d413b161d4ba7ed97976e887.css" "Mozilla/5.0 (X11; Linux x86_64) AppleWebKit/537.36 (KHTML, like Gecko) HeadlessChrome/151.0.0.0 Safari/537.36"
44.203.98.132 - - [02/Sep/2026:12:43:16 -0700] "GET /wp-content/uploads/2023/12/LiveLeagueLogo-1.png HTTP/2.0" 200 21313 "https://usaigc.com/partnership/" "Mozilla/5.0 (X11; Linux x86_64) AppleWebKit/537.36 (KHTML, like Gecko) HeadlessChrome/151.0.0.0 Safari/537.36"
44.203.98.132 - - [02/Sep/2026:12:43:16 -0700] "GET /wp-content/uploads/2023/11/logo-2a1.png HTTP/2.0" 200 91276 "https://usaigc.com/partnership/" "Mozilla/5.0 (X11; Linux x86_64) AppleWebKit/537.36 (KHTML, like Gecko) HeadlessChrome/151.0.0.0 Safari/537.36"
44.203.98.132 - - [02/Sep/2026:12:43:16 -0700] "GET /wp-content/uploads/hummingbird-assets/39c4cfff4ed9636507c780e102533e5b.css HTTP/2.0" 200 247 "https://usaigc.com/partnership/" "Mozilla/5.0 (X11; Linux x86_64) AppleWebKit/537.36 (KHTML, like Gecko) HeadlessChrome/151.0.0.0 Safari/537.36"
44.203.98.132 - - [02/Sep/2026:12:43:16 -0700] "GET /wp-content/uploads/hummingbird-assets/3bc16ab83db33802d31670bbb5e751f7.css HTTP/2.0" 200 2956 "https://usaigc.com/partnership/" "Mozilla/5.0 (X11; Linux x86_64) AppleWebKit/537.36 (KHTML, like Gecko) HeadlessChrome/151.0.0.0 Safari/537.36"
44.203.98.132 - - [02/Sep/2026:12:43:16 -0700] "GET /wp-content/uploads/hummingbird-assets/643adc03774cdb087b0ad109bcf87eea.css HTTP/2.0" 200 21084 "https://usaigc.com/partnership/" "Mozilla/5.0 (X11; Linux x86_64) AppleWebKit/537.36 (KHTML, like Gecko) HeadlessChrome/151.0.0.0 Safari/537.36"
44.203.98.132 - - [02/Sep/2026:12:43:16 -0700] "GET /wp-content/plugins/elementor/assets/lib/font-awesome/webfonts/fa-solid-900.woff2 HTTP/2.0" 200 78196 "https://usaigc.com/wp-content/uploads/hummingbird-assets/0cc06b06d413b161d4ba7ed97976e887.css" "Mozilla/5.0 (X11; Linux x86_64) AppleWebKit/537.36 (KHTML, like Gecko) HeadlessChrome/151.0.0.0 Safari/537.36"
44.203.98.132 - - [02/Sep/2026:12:43:16 -0700] "GET /wp-content/plugins/elementor/assets/lib/font-awesome/webfonts/fa-regular-400.woff2 HTTP/2.0" 200 13276 "https://usaigc.com/wp-content/uploads/hummingbird-assets/0cc06b06d413b161d4ba7ed97976e887.css" "Mozilla/5.0 (X11; Linux x86_64) AppleWebKit/537.36 (KHTML, like Gecko) HeadlessChrome/151.0.0.0 Safari/537.36"
44.203.98.132 - - [02/Sep/2026:12:43:16 -0700] "GET /wp-content/plugins/elementor/assets/lib/font-awesome/webfonts/fa-brands-400.woff2 HTTP/2.0" 200 81612 "https://usaigc.com/wp-content/uploads/hummingbird-assets/0cc06b06d413b161d4ba7ed97976e887.css" "Mozilla/5.0 (X11; Linux x86_64) AppleWebKit/537.36 (KHTML, like Gecko) HeadlessChrome/151.0.0.0 Safari/537.36"
44.203.98.132 - - [02/Sep/2026:12:43:16 -0700] "GET /wp-content/uploads/2023/11/logo-4.png HTTP/2.0" 200 18860 "https://usaigc.com/partnership/" "Mozilla/5.0 (X11; Linux x86_64) AppleWebKit/537.36 (KHTML, like Gecko) HeadlessChrome/151.0.0.0 Safari/537.36"
44.203.98.132 - - [02/Sep/2026:12:43:16 -0700] "GET /wp-content/uploads/2025/09/news-tesu-logo-e1758903721800.jpg HTTP/2.0" 200 46373 "https://usaigc.com/partnership/" "Mozilla/5.0 (X11; Linux x86_64) AppleWebKit/537.36 (KHTML, like Gecko) HeadlessChrome/151.0.0.0 Safari/537.36"
44.203.98.132 - - [02/Sep/2026:12:43:16 -0700] "GET /wp-content/uploads/elementor/custom-icons/theme-icons/fonts/theme-icons.ttf?yox6f HTTP/2.0" 200 5924 "https://usaigc.com/wp-content/uploads/hummingbird-assets/0cc06b06d413b161d4ba7ed97976e887.css" "Mozilla/5.0 (X11; Linux x86_64) AppleWebKit/537.36 (KHTML, like Gecko) HeadlessChrome/151.0.0.0 Safari/537.36"
44.203.98.132 - - [02/Sep/2026:12:43:16 -0700] "GET /wp-content/plugins/elementor/assets/lib/eicons/fonts/eicons.woff2?5.35.0 HTTP/2.0" 200 98056 "https://usaigc.com/wp-content/uploads/hummingbird-assets/0cc06b06d413b161d4ba7ed97976e887.css" "Mozilla/5.0 (X11; Linux x86_64) AppleWebKit/537.36 (KHTML, like Gecko) HeadlessChrome/151.0.0.0 Safari/537.36"
44.203.98.132 - - [02/Sep/2026:12:43:16 -0700] "GET /wp-content/uploads/2025/05/AthleticsICC.jpg HTTP/2.0" 200 43167 "https://usaigc.com/partnership/" "Mozilla/5.0 (X11; Linux x86_64) AppleWebKit/537.36 (KHTML, like Gecko) HeadlessChrome/151.0.0.0 Safari/537.36"
44.203.98.132 - - [02/Sep/2026:12:43:16 -0700] "GET /wp-content/themes/f7/vamtam/assets/js/low-priority.js HTTP/2.0" 200 1263 "https://usaigc.com/partnership/" "Mozilla/5.0 (X11; Linux x86_64) AppleWebKit/537.36 (KHTML, like Gecko) HeadlessChrome/151.0.0.0 Safari/537.36"
44.203.98.132 - - [02/Sep/2026:12:43:16 -0700] "GET /wp-content/plugins/elementor/assets/lib/dialog/dialog.min.js?ver=4.9.3 HTTP/2.0" 200 11286 "https://usaigc.com/partnership/" "Mozilla/5.0 (X11; Linux x86_64) AppleWebKit/537.36 (KHTML, like Gecko) HeadlessChrome/151.0.0.0 Safari/537.36"
44.203.98.132 - - [02/Sep/2026:12:43:16 -0700] "GET /wp-content/plugins/elementor-pro/assets/js/nav-menu.a23fbd67486c5bedf26c.bundle.min.js HTTP/2.0" 200 5282 "https://usaigc.com/partnership/" "Mozilla/5.0 (X11; Linux x86_64) AppleWebKit/537.36 (KHTML, like Gecko) HeadlessChrome/151.0.0.0 Safari/537.36"
44.203.98.132 - - [02/Sep/2026:12:43:16 -0700] "GET /wp-content/plugins/elementor/assets/js/text-editor.c084ef86600b6f11690d.bundle.min.js HTTP/2.0" 200 1394 "https://usaigc.com/partnership/" "Mozilla/5.0 (X11; Linux x86_64) AppleWebKit/537.36 (KHTML, like Gecko) HeadlessChrome/151.0.0.0 Safari/537.36"
44.203.98.132 - - [02/Sep/2026:12:43:16 -0700] "GET /wp-content/plugins/elementor-pro/assets/js/media-carousel.afbaabb756a7c18ddb09.bundle.min.js HTTP/2.0" 200 7003 "https://usaigc.com/partnership/" "Mozilla/5.0 (X11; Linux x86_64) AppleWebKit/537.36 (KHTML, like Gecko) HeadlessChrome/151.0.0.0 Safari/537.36"
44.203.98.132 - - [02/Sep/2026:12:43:16 -0700] "GET /wp-content/plugins/elementor-pro/assets/js/form.5fb35271b8ba3fb1e7d6.bundle.min.js HTTP/2.0" 200 19784 "https://usaigc.com/partnership/" "Mozilla/5.0 (X11; Linux x86_64) AppleWebKit/537.36 (KHTML, like Gecko) HeadlessChrome/151.0.0.0 Safari/537.36"
44.203.98.132 - - [02/Sep/2026:12:43:16 -0700] "GET /wp-content/plugins/elementor-pro/assets/js/popup.f7b15b2ca565b152bf98.bundle.min.js HTTP/2.0" 200 752 "https://usaigc.com/partnership/" "Mozilla/5.0 (X11; Linux x86_64) AppleWebKit/537.36 (KHTML, like Gecko) HeadlessChrome/151.0.0.0 Safari/537.36"
44.203.98.132 - - [02/Sep/2026:12:43:17 -0700] "GET /wp-content/uploads/2023/11/illustration-arrow-right-1.svg HTTP/2.0" 200 334 "https://usaigc.com/partnership/" "Mozilla/5.0 (X11; Linux x86_64) AppleWebKit/537.36 (KHTML, like Gecko) HeadlessChrome/151.0.0.0 Safari/537.36"
173.231.200.77 - - [02/Sep/2026:12:47:29 -0700] "POST /wp-cron.php?doing_wp_cron=1788378449.0041251182556152343750 HTTP/1.1" 200 - "-" "WordPress/7.1; https://usaigc.com"
159.69.206.158 - - [02/Sep/2026:12:47:27 -0700] "GET /sitemap.xml.gz HTTP/1.1" 200 800 "-" "Mozilla/5.0 (iPhone; CPU iPhone OS 18_3_2 like Mac OS X) AppleWebKit/605.1.15 (KHTML, like Gecko) Version/18.3.1 Mobile/15E148 Safari/604.1"
159.69.206.158 - - [02/Sep/2026:12:47:30 -0700] "GET /post-sitemap.xml HTTP/1.1" 200 3841 "-" "Mozilla/5.0 (iPhone; CPU iPhone OS 18_3_2 like Mac OS X) AppleWebKit/605.1.15 (KHTML, like Gecko) Version/18.3.1 Mobile/15E148 Safari/604.1"
143.95.158.36 - - [02/Sep/2026:12:47:54 -0700] "GET /wp-json/oembed/1.0/embed?url=https%3A%2F%2Fusaigc.com&format=json HTTP/2.0" 200 2088 "-" "Mozilla/5.0 (Windows NT 10.0; Win64; x64) AppleWebKit/537.36 (KHTML, like Gecko) Chrome/151.0.0.0 Safari/537.36"
162.144.20.85 - - [02/Sep/2026:12:47:55 -0700] "GET / HTTP/2.0" 200 131156 "-" "Mozilla/5.0 (Windows NT 10.0; Win64; x64) AppleWebKit/537.36 (KHTML, like Gecko) Chrome/151.0.0.0 Safari/537.36"
68.66.226.89 - - [02/Sep/2026:12:47:55 -0700] "GET /wp-json/ HTTP/2.0" 200 310810 "-" "Mozilla/5.0 (Windows NT 10.0; Win64; x64) AppleWebKit/537.36 (KHTML, like Gecko) Chrome/151.0.0.0 Safari/537.36"
190.92.174.21 - - [02/Sep/2026:12:47:56 -0700] "GET /wp-json/wc/v3/customers?per_page=100&_fields=username,email HTTP/2.0" 404 114 "-" "Mozilla/5.0 (Windows NT 10.0; Win64; x64) AppleWebKit/537.36 (KHTML, like Gecko) Chrome/151.0.0.0 Safari/537.36"
190.6.176.90 - - [02/Sep/2026:12:47:56 -0700] "GET /feed/atom/ HTTP/2.0" 200 54841 "-" "Mozilla/5.0 (Windows NT 10.0; Win64; x64) AppleWebKit/537.36 (KHTML, like Gecko) Chrome/151.0.0.0 Safari/537.36"
103.74.116.219 - - [02/Sep/2026:12:47:56 -0700] "GET /?rest_route=/wp/v2/users&_jsonp=callback&per_page=100&_fields=id,slug HTTP/2.0" 200 53 "-" "Mozilla/5.0 (Windows NT 10.0; Win64; x64) AppleWebKit/537.36 (KHTML, like Gecko) Chrome/151.0.0.0 Safari/537.36"
209.42.21.221 - - [02/Sep/2026:12:47:57 -0700] "GET /wp-json/wc/v1/customers?per_page=100&_fields=username HTTP/2.0" 404 114 "-" "Mozilla/5.0 (Windows NT 10.0; Win64; x64) AppleWebKit/537.36 (KHTML, like Gecko) Chrome/151.0.0.0 Safari/537.36"
50.87.143.111 - - [02/Sep/2026:12:47:58 -0700] "GET /feed/ HTTP/2.0" 200 52576 "-" "Mozilla/5.0 (Windows NT 10.0; Win64; x64) AppleWebKit/537.36 (KHTML, like Gecko) Chrome/151.0.0.0 Safari/537.36"
37.186.221.181 - - [02/Sep/2026:12:47:59 -0700] "GET /author-sitemap.xml HTTP/2.0" 404 466 "-" "Mozilla/5.0 (Windows NT 10.0; Win64; x64) AppleWebKit/537.36 (KHTML, like Gecko) Chrome/151.0.0.0 Safari/537.36"
192.250.232.93 - - [02/Sep/2026:12:47:59 -0700] "GET /wp-json/wp/v2/users?_jsonp=callback&per_page=100&_fields=id,slug HTTP/2.0" 200 53 "-" "Mozilla/5.0 (Windows NT 10.0; Win64; x64) AppleWebKit/537.36 (KHTML, like Gecko) Chrome/151.0.0.0 Safari/537.36"
162.144.20.85 - - [02/Sep/2026:12:48:00 -0700] "GET /wp-json/wp/v2/users?per_page=100&_fields=slug HTTP/2.0" 200 32 "https://usaigc.com/" "Mozilla/5.0 (Windows NT 10.0; Win64; x64) AppleWebKit/537.36 (KHTML, like Gecko) Chrome/151.0.0.0 Safari/537.36"
162.144.20.85 - - [02/Sep/2026:12:48:02 -0700] "GET /wp-json/wp/v2/users/me HTTP/2.0" 401 96 "-" "Mozilla/5.0 (Windows NT 10.0; Win64; x64) AppleWebKit/537.36 (KHTML, like Gecko) Chrome/151.0.0.0 Safari/537.36"
143.95.158.36 - - [02/Sep/2026:12:48:02 -0700] "POST /xmlrpc.php HTTP/2.0" 200 401 "-" "Mozilla/5.0 (Windows NT 10.0; Win64; x64) AppleWebKit/537.36 (KHTML, like Gecko) Chrome/151.0.0.0 Safari/537.36"
14.225.211.68 - - [02/Sep/2026:12:48:03 -0700] "GET /wp-json/ultimate-member/v1/users HTTP/2.0" 404 114 "-" "Mozilla/5.0 (Windows NT 10.0; Win64; x64) AppleWebKit/537.36 (KHTML, like Gecko) Chrome/151.0.0.0 Safari/537.36"
162.144.20.85 - - [02/Sep/2026:12:48:04 -0700] "GET /wp-json/wp/v2/users?per_page=50&_embed&_fields=id,slug,name HTTP/2.0" 200 59 "-" "Mozilla/5.0 (Windows NT 10.0; Win64; x64) AppleWebKit/537.36 (KHTML, like Gecko) Chrome/151.0.0.0 Safari/537.36"
20.236.202.228 - - [02/Sep/2026:12:48:11 -0700] "GET /wp-json/buddypress/v1/members?per_page=100&_fields=user_login HTTP/2.0" 404 114 "-" "Mozilla/5.0 (Windows NT 10.0; Win64; x64) AppleWebKit/537.36 (KHTML, like Gecko) Chrome/151.0.0.0 Safari/537.36"
20.236.202.228 - - [02/Sep/2026:12:48:11 -0700] "POST /graphql HTTP/2.0" 404 100511 "-" "Mozilla/5.0 (Windows NT 10.0; Win64; x64) AppleWebKit/537.36 (KHTML, like Gecko) Chrome/151.0.0.0 Safari/537.36"
197.155.134.251 - - [02/Sep/2026:12:48:12 -0700] "GET /sitemap_index.xml HTTP/2.0" 302 - "-" "Mozilla/5.0 (Windows NT 10.0; Win64; x64) AppleWebKit/537.36 (KHTML, like Gecko) Chrome/151.0.0.0 Safari/537.36"
197.155.134.251 - - [02/Sep/2026:12:48:13 -0700] "GET /sitemap.xml HTTP/2.0" 200 800 "-" "Mozilla/5.0 (Windows NT 10.0; Win64; x64) AppleWebKit/537.36 (KHTML, like Gecko) Chrome/151.0.0.0 Safari/537.36"
62.210.185.4 - - [02/Sep/2026:12:48:13 -0700] "GET /wp-json/ldlms/v1/users?per_page=100&_fields=user_login HTTP/2.0" 404 114 "-" "Mozilla/5.0 (Windows NT 10.0; Win64; x64) AppleWebKit/537.36 (KHTML, like Gecko) Chrome/151.0.0.0 Safari/537.36"
37.186.221.181 - - [02/Sep/2026:12:48:14 -0700] "GET /wp-sitemap-users-1.xml HTTP/2.0" 404 100631 "-" "Mozilla/5.0 (Windows NT 10.0; Win64; x64) AppleWebKit/537.36 (KHTML, like Gecko) Chrome/151.0.0.0 Safari/537.36"
103.124.95.115 - - [02/Sep/2026:12:48:14 -0700] "GET /?author=2 HTTP/2.0" 404 100439 "-" "Mozilla/5.0 (Windows NT 10.0; Win64; x64) AppleWebKit/537.36 (KHTML, like Gecko) Chrome/151.0.0.0 Safari/537.36"
165.227.132.137 - - [02/Sep/2026:12:48:15 -0700] "POST /api/graphql HTTP/2.0" 404 100551 "-" "Mozilla/5.0 (Windows NT 10.0; Win64; x64) AppleWebKit/537.36 (KHTML, like Gecko) Chrome/151.0.0.0 Safari/537.36"
173.231.200.77 - - [02/Sep/2026:12:48:33 -0700] "POST /wp-cron.php?doing_wp_cron=1788378513.3052690029144287109375 HTTP/1.1" 200 - "-" "WordPress/7.1; https://usaigc.com"
50.87.143.111 - - [02/Sep/2026:12:48:33 -0700] "GET /wp-json/bbp-api/v1/users HTTP/2.0" 404 114 "-" "Mozilla/5.0 (Windows NT 10.0; Win64; x64) AppleWebKit/537.36 (KHTML, like Gecko) Chrome/151.0.0.0 Safari/537.36"
37.186.221.181 - - [02/Sep/2026:12:48:35 -0700] "GET /wp-json/mepr/v1/members HTTP/2.0" 404 114 "-" "Mozilla/5.0 (Windows NT 10.0; Win64; x64) AppleWebKit/537.36 (KHTML, like Gecko) Chrome/151.0.0.0 Safari/537.36"
162.144.20.85 - - [02/Sep/2026:12:48:36 -0700] "GET /wp-json/wp/v2/users?capabilities=edit_others_posts&per_page=100&_fields=slug HTTP/2.0" 401 124 "-" "Mozilla/5.0 (Windows NT 10.0; Win64; x64) AppleWebKit/537.36 (KHTML, like Gecko) Chrome/151.0.0.0 Safari/537.36"
202.51.202.242 - - [02/Sep/2026:12:48:45 -0700] "GET /wp-json/wp/v2/users?capabilities=publish_posts&per_page=100&_fields=slug HTTP/2.0" 401 124 "-" "Mozilla/5.0 (Windows NT 10.0; Win64; x64) AppleWebKit/537.36 (KHTML, like Gecko) Chrome/151.0.0.0 Safari/537.36"
173.231.200.77 - - [02/Sep/2026:12:51:05 -0700] "POST /wp-cron.php?doing_wp_cron=1788378665.6083290576934814453125 HTTP/1.1" 200 - "-" "WordPress/7.1; https://usaigc.com"
136.144.43.140 - - [02/Sep/2026:12:51:05 -0700] "POST /wp-login.php HTTP/1.1" 200 7596 "-" "Mozilla/5.0"
173.231.200.77 - - [02/Sep/2026:12:53:40 -0700] "POST /wp-cron.php?doing_wp_cron=1788378820.5623691082000732421875 HTTP/1.1" 200 - "-" "WordPress/7.1; https://usaigc.com"
39.194.1.210 - - [02/Sep/2026:12:53:40 -0700] "GET /wp-login.php HTTP/1.1" 200 7211 "-" "Mozilla/5.0"
39.194.1.210 - - [02/Sep/2026:12:53:41 -0700] "GET / HTTP/1.1" 200 131156 "-" "Mozilla/5.0"
108.53.177.122 - - [02/Sep/2026:12:54:05 -0700] "GET /schedules/ HTTP/2.0" 200 99707 "-" "Mozilla/5.0 (iPhone; CPU iPhone OS 18_7 like Mac OS X) AppleWebKit/605.1.15 (KHTML, like Gecko) Version/26.6.1 Mobile/15E148 Safari/604.1"
108.53.177.122 - - [02/Sep/2026:12:54:05 -0700] "GET /wp-content/uploads/hummingbird-assets/9a31db504563c009a94bb8252fcec2d0.js HTTP/2.0" 200 101173 "https://usaigc.com/schedules/" "Mozilla/5.0 (iPhone; CPU iPhone OS 18_7 like Mac OS X) AppleWebKit/605.1.15 (KHTML, like Gecko) Version/26.6.1 Mobile/15E148 Safari/604.1"
108.53.177.122 - - [02/Sep/2026:12:54:05 -0700] "GET /wp-content/uploads/hummingbird-assets/507807d56b734f9aa4eb9cdeebecdb9f.css HTTP/2.0" 200 18942 "https://usaigc.com/schedules/" "Mozilla/5.0 (iPhone; CPU iPhone OS 18_7 like Mac OS X) AppleWebKit/605.1.15 (KHTML, like Gecko) Version/26.6.1 Mobile/15E148 Safari/604.1"
108.53.177.122 - - [02/Sep/2026:12:54:05 -0700] "GET /wp-content/uploads/hummingbird-assets/acad0b82613f33412aee4b23f806a90d.css HTTP/2.0" 200 61458 "https://usaigc.com/schedules/" "Mozilla/5.0 (iPhone; CPU iPhone OS 18_7 like Mac OS X) AppleWebKit/605.1.15 (KHTML, like Gecko) Version/26.6.1 Mobile/15E148 Safari/604.1"
108.53.177.122 - - [02/Sep/2026:12:54:05 -0700] "GET /wp-content/uploads/hummingbird-assets/2f84794cba3a036a9fc7b476e118fc2f.js HTTP/2.0" 200 52094 "https://usaigc.com/schedules/" "Mozilla/5.0 (iPhone; CPU iPhone OS 18_7 like Mac OS X) AppleWebKit/605.1.15 (KHTML, like Gecko) Version/26.6.1 Mobile/15E148 Safari/604.1"
108.53.177.122 - - [02/Sep/2026:12:54:05 -0700] "GET /wp-content/uploads/hummingbird-assets/4f2f05e2bccbc74bfdc4d4a9af4df128.js HTTP/2.0" 200 84064 "https://usaigc.com/schedules/" "Mozilla/5.0 (iPhone; CPU iPhone OS 18_7 like Mac OS X) AppleWebKit/605.1.15 (KHTML, like Gecko) Version/26.6.1 Mobile/15E148 Safari/604.1"
108.53.177.122 - - [02/Sep/2026:12:54:05 -0700] "GET /wp-content/plugins/elementor-pro/assets/js/webpack-pro.runtime.min.js HTTP/2.0" 200 6263 "https://usaigc.com/schedules/" "Mozilla/5.0 (iPhone; CPU iPhone OS 18_7 like Mac OS X) AppleWebKit/605.1.15 (KHTML, like Gecko) Version/26.6.1 Mobile/15E148 Safari/604.1"
108.53.177.122 - - [02/Sep/2026:12:54:05 -0700] "GET /wp-content/uploads/hummingbird-assets/2d0fc86d08c0addc7f54a6a33ef11370.js HTTP/2.0" 200 10815 "https://usaigc.com/schedules/" "Mozilla/5.0 (iPhone; CPU iPhone OS 18_7 like Mac OS X) AppleWebKit/605.1.15 (KHTML, like Gecko) Version/26.6.1 Mobile/15E148 Safari/604.1"
108.53.177.122 - - [02/Sep/2026:12:54:05 -0700] "GET /wp-content/plugins/elementor/assets/js/webpack.runtime.min.js HTTP/2.0" 200 5350 "https://usaigc.com/schedules/" "Mozilla/5.0 (iPhone; CPU iPhone OS 18_7 like Mac OS X) AppleWebKit/605.1.15 (KHTML, like Gecko) Version/26.6.1 Mobile/15E148 Safari/604.1"
108.53.177.122 - - [02/Sep/2026:12:54:05 -0700] "GET /wp-includes/js/jquery/ui/core.min.js HTTP/2.0" 200 18674 "https://usaigc.com/schedules/" "Mozilla/5.0 (iPhone; CPU iPhone OS 18_7 like Mac OS X) AppleWebKit/605.1.15 (KHTML, like Gecko) Version/26.6.1 Mobile/15E148 Safari/604.1"
108.53.177.122 - - [02/Sep/2026:12:54:05 -0700] "GET /wp-content/plugins/elementor/assets/js/frontend-modules.min.js HTTP/2.0" 200 59749 "https://usaigc.com/schedules/" "Mozilla/5.0 (iPhone; CPU iPhone OS 18_7 like Mac OS X) AppleWebKit/605.1.15 (KHTML, like Gecko) Version/26.6.1 Mobile/15E148 Safari/604.1"
108.53.177.122 - - [02/Sep/2026:12:54:05 -0700] "GET /wp-content/uploads/hummingbird-assets/48f09a15f4bd0d21bcec84af82679a1a.js HTTP/2.0" 200 54915 "https://usaigc.com/schedules/" "Mozilla/5.0 (iPhone; CPU iPhone OS 18_7 like Mac OS X) AppleWebKit/605.1.15 (KHTML, like Gecko) Version/26.6.1 Mobile/15E148 Safari/604.1"
108.53.177.122 - - [02/Sep/2026:12:54:05 -0700] "GET /wp-content/plugins/elementor/assets/lib/font-awesome/webfonts/fa-regular-400.woff2 HTTP/2.0" 200 13276 "https://usaigc.com/schedules/" "Mozilla/5.0 (iPhone; CPU iPhone OS 18_7 like Mac OS X) AppleWebKit/605.1.15 (KHTML, like Gecko) Version/26.6.1 Mobile/15E148 Safari/604.1"
108.53.177.122 - - [02/Sep/2026:12:54:05 -0700] "GET /wp-content/plugins/elementor/assets/lib/font-awesome/webfonts/fa-solid-900.woff2 HTTP/2.0" 200 78196 "https://usaigc.com/schedules/" "Mozilla/5.0 (iPhone; CPU iPhone OS 18_7 like Mac OS X) AppleWebKit/605.1.15 (KHTML, like Gecko) Version/26.6.1 Mobile/15E148 Safari/604.1"
108.53.177.122 - - [02/Sep/2026:12:54:05 -0700] "GET /wp-content/uploads/elementor/custom-icons/theme-icons/fonts/theme-icons.ttf?yox6f HTTP/2.0" 200 5924 "https://usaigc.com/schedules/" "Mozilla/5.0 (iPhone; CPU iPhone OS 18_7 like Mac OS X) AppleWebKit/605.1.15 (KHTML, like Gecko) Version/26.6.1 Mobile/15E148 Safari/604.1"
108.53.177.122 - - [02/Sep/2026:12:54:05 -0700] "GET /wp-content/plugins/elementor/assets/lib/font-awesome/webfonts/fa-brands-400.woff2 HTTP/2.0" 200 81612 "https://usaigc.com/schedules/" "Mozilla/5.0 (iPhone; CPU iPhone OS 18_7 like Mac OS X) AppleWebKit/605.1.15 (KHTML, like Gecko) Version/26.6.1 Mobile/15E148 Safari/604.1"
108.53.177.122 - - [02/Sep/2026:12:54:05 -0700] "GET /wp-content/plugins/elementor/assets/lib/eicons/fonts/eicons.woff2?5.35.0 HTTP/2.0" 200 98056 "https://usaigc.com/schedules/" "Mozilla/5.0 (iPhone; CPU iPhone OS 18_7 like Mac OS X) AppleWebKit/605.1.15 (KHTML, like Gecko) Version/26.6.1 Mobile/15E148 Safari/604.1"
108.53.177.122 - - [02/Sep/2026:12:54:06 -0700] "GET /wp-content/plugins/elementor/assets/lib/dialog/dialog.min.js?ver=4.9.3 HTTP/2.0" 200 - "https://usaigc.com/schedules/" "Mozilla/5.0 (iPhone; CPU iPhone OS 18_7 like Mac OS X) AppleWebKit/605.1.15 (KHTML, like Gecko) Version/26.6.1 Mobile/15E148 Safari/604.1"
108.53.177.122 - - [02/Sep/2026:12:54:06 -0700] "GET /wp-content/plugins/elementor-pro/assets/js/nav-menu.a23fbd67486c5bedf26c.bundle.min.js HTTP/2.0" 200 - "https://usaigc.com/schedules/" "Mozilla/5.0 (iPhone; CPU iPhone OS 18_7 like Mac OS X) AppleWebKit/605.1.15 (KHTML, like Gecko) Version/26.6.1 Mobile/15E148 Safari/604.1"
108.53.177.122 - - [02/Sep/2026:12:54:06 -0700] "GET /wp-content/plugins/elementor/assets/js/text-editor.c084ef86600b6f11690d.bundle.min.js HTTP/2.0" 200 - "https://usaigc.com/schedules/" "Mozilla/5.0 (iPhone; CPU iPhone OS 18_7 like Mac OS X) AppleWebKit/605.1.15 (KHTML, like Gecko) Version/26.6.1 Mobile/15E148 Safari/604.1"
108.53.177.122 - - [02/Sep/2026:12:54:06 -0700] "GET /wp-content/themes/f7/vamtam/assets/js/low-priority.js HTTP/2.0" 200 - "https://usaigc.com/schedules/" "Mozilla/5.0 (iPhone; CPU iPhone OS 18_7 like Mac OS X) AppleWebKit/605.1.15 (KHTML, like Gecko) Version/26.6.1 Mobile/15E148 Safari/604.1"
108.53.177.122 - - [02/Sep/2026:12:54:06 -0700] "GET /wp-content/uploads/2020/12/2-kDVQFeBk7MRU6D1-removebg-preview.png HTTP/2.0" 200 - "https://usaigc.com/schedules/" "Mozilla/5.0 (iPhone; CPU iPhone OS 18_7 like Mac OS X) AppleWebKit/605.1.15 (KHTML, like Gecko) Version/26.6.1 Mobile/15E148 Safari/604.1"
52.71.203.206 - - [02/Sep/2026:12:57:01 -0700] "GET /wp-content/uploads/wp-file-manager-pro/ HTTP/1.1" 200 685 "-" "Mozilla/5.0 AppleWebKit/537.36 (KHTML, like Gecko; compatible; Amazonbot/0.1; +https://developer.amazon.com/support/amazonbot) Chrome/119.0.6045.214 Safari/537.36"
173.231.200.77 - - [02/Sep/2026:12:57:39 -0700] "POST /wp-cron.php?doing_wp_cron=1788379059.6566700935363769531250 HTTP/1.1" 200 - "-" "WordPress/7.1; https://usaigc.com"
216.244.66.236 - - [02/Sep/2026:12:57:39 -0700] "GET /athlete_form.cfm?CFID=113882&CFTOKEN=24b313f24d045b7-74F2A3F3-EF8C-1621-6AE107D99692E12B HTTP/1.1" 301 - "-" "Mozilla/5.0 (compatible; DotBot/1.2; +https://opensiteexplorer.org/dotbot; help@moz.com)"
216.244.66.236 - - [02/Sep/2026:12:57:44 -0700] "GET /athlete_form.cfm?CFID=1201199&CFTOKEN=b2ebac9852e75c-B23086DC-EF8C-1621-6AE3C16E52484420 HTTP/1.1" 301 - "-" "Mozilla/5.0 (compatible; DotBot/1.2; +https://opensiteexplorer.org/dotbot; help@moz.com)"
216.244.66.236 - - [02/Sep/2026:12:57:48 -0700] "GET /athlete_form.cfm?CFID=1211538&CFTOKEN=4a42dc00997975-CB3CAE0D-EF8C-1621-6AE957023B286174 HTTP/1.1" 301 - "-" "Mozilla/5.0 (compatible; DotBot/1.2; +https://opensiteexplorer.org/dotbot; help@moz.com)"
216.244.66.236 - - [02/Sep/2026:12:57:51 -0700] "GET /athlete_form.cfm?CFID=139688&CFTOKEN=82d313f8a38ef31-95BC3239-EF8C-1621-6AE82D2CB1B7A17B HTTP/1.1" 301 - "-" "Mozilla/5.0 (compatible; DotBot/1.2; +https://opensiteexplorer.org/dotbot; help@moz.com)"
216.244.66.236 - - [02/Sep/2026:12:57:54 -0700] "GET /athlete_form.cfm?CFID=1520476&CFTOKEN=cdb00c20975d0d-B1A4874B-EF8C-1621-6AEF305ACC55F60B HTTP/1.1" 301 - "-" "Mozilla/5.0 (compatible; DotBot/1.2; +https://opensiteexplorer.org/dotbot; help@moz.com)"
216.244.66.236 - - [02/Sep/2026:12:57:57 -0700] "GET /athlete_form.cfm?CFID=153498&CFTOKEN=ac2dab990593b7d-F3A364CA-EF8C-1621-6AEA483B18D21EF4 HTTP/1.1" 301 - "-" "Mozilla/5.0 (compatible; DotBot/1.2; +https://opensiteexplorer.org/dotbot; help@moz.com)"
216.244.66.236 - - [02/Sep/2026:12:58:02 -0700] "GET /athlete_form.cfm?CFID=1607663&CFTOKEN=cae2672b77a7b1-86FD6CD8-EF8C-1621-6AE91A7BCB157389 HTTP/1.1" 301 - "-" "Mozilla/5.0 (compatible; DotBot/1.2; +https://opensiteexplorer.org/dotbot; help@moz.com)"
216.244.66.236 - - [02/Sep/2026:12:58:09 -0700] "GET /athlete_form.cfm?CFID=1613578&CFTOKEN=a72242ddb05138-A58A96C0-EF8C-1621-6AEDD234E9B58FFC HTTP/1.1" 301 - "-" "Mozilla/5.0 (compatible; DotBot/1.2; +https://opensiteexplorer.org/dotbot; help@moz.com)"
216.244.66.236 - - [02/Sep/2026:12:58:15 -0700] "GET /athlete_form.cfm?CFID=170601&CFTOKEN=ebb7230867c300b-09027193-EF8C-1621-6AEB5678F5F92644 HTTP/1.1" 301 - "-" "Mozilla/5.0 (compatible; DotBot/1.2; +https://opensiteexplorer.org/dotbot; help@moz.com)"
173.231.200.77 - - [02/Sep/2026:12:58:21 -0700] "POST /wp-cron.php?doing_wp_cron=1788379101.2889649868011474609375 HTTP/1.1" 200 - "-" "WordPress/7.1; https://usaigc.com"
216.244.66.236 - - [02/Sep/2026:12:58:21 -0700] "GET /athlete_form.cfm?CFID=1745928&CFTOKEN=8862cde82adac9-6E2F4562-EF8C-1621-6AE70F3712C21103 HTTP/1.1" 301 - "-" "Mozilla/5.0 (compatible; DotBot/1.2; +https://opensiteexplorer.org/dotbot; help@moz.com)"
216.244.66.236 - - [02/Sep/2026:12:58:26 -0700] "GET /athlete_form.cfm?CFID=2073251&CFTOKEN=4b9ec1235a57ec-093F0C10-EF8C-1621-6AEAAB326FAC61C9 HTTP/1.1" 301 - "-" "Mozilla/5.0 (compatible; DotBot/1.2; +https://opensiteexplorer.org/dotbot; help@moz.com)"
216.244.66.236 - - [02/Sep/2026:12:58:30 -0700] "GET /athlete_form.cfm?CFID=2403968&CFTOKEN=dac7751c1510f2-E1701E66-EF8C-1621-6AEE10B1AAA5F8DB HTTP/1.1" 301 - "-" "Mozilla/5.0 (compatible; DotBot/1.2; +https://opensiteexplorer.org/dotbot; help@moz.com)"
178.60.63.113 - - [02/Sep/2026:12:58:31 -0700] "GET / HTTP/1.1" 200 131156 "-" "Mozilla/5.0 (Windows NT 10.0; Win64; x64) AppleWebKit/537.36 (KHTML, like Gecko) Chrome/126.0.0.0 Safari/537.36"
216.244.66.236 - - [02/Sep/2026:12:58:34 -0700] "GET /athlete_form.cfm?CFID=258724&CFTOKEN=bd228034de94d3-9B839579-EF8C-1621-6AEFF62E0A4DF0C2 HTTP/1.1" 301 - "-" "Mozilla/5.0 (compatible; DotBot/1.2; +https://opensiteexplorer.org/dotbot; help@moz.com)"
178.60.63.113 - - [02/Sep/2026:12:58:34 -0700] "POST /?rest_route=/batch/v1 HTTP/1.1" 207 414 "-" "Mozilla/5.0 (Windows NT 10.0; Win64; x64) AppleWebKit/537.36 (KHTML, like Gecko) Chrome/126.0.0.0 Safari/537.36"
216.244.66.236 - - [02/Sep/2026:12:58:37 -0700] "GET /athlete_form.cfm?CFID=269440&CFTOKEN=82c4cd264c4ca93-9FE21E9B-EF8C-1621-6AE55D9ED9BB1FE1 HTTP/1.1" 301 - "-" "Mozilla/5.0 (compatible; DotBot/1.2; +https://opensiteexplorer.org/dotbot; help@moz.com)"
216.244.66.236 - - [02/Sep/2026:12:58:39 -0700] "GET /athlete_form.cfm?CFID=272539&CFTOKEN=ffa8ca02272744b-A153F9B9-EF8C-1621-6AEFDB6A58903C01 HTTP/1.1" 301 - "-" "Mozilla/5.0 (compatible; DotBot/1.2; +https://opensiteexplorer.org/dotbot; help@moz.com)"
216.244.66.236 - - [02/Sep/2026:12:58:41 -0700] "GET /athlete_form.cfm?CFID=272979&CFTOKEN=39c2919e8345409-A16CB3E7-EF8C-1621-6AED41ECAD9BCA10 HTTP/1.1" 301 - "-" "Mozilla/5.0 (compatible; DotBot/1.2; +https://opensiteexplorer.org/dotbot; help@moz.com)"
216.244.66.236 - - [02/Sep/2026:12:58:44 -0700] "GET /athlete_form.cfm?CFID=274618&CFTOKEN=29717d6b20dd9a8-A28F6092-EF8C-1621-6AE7D0110B4C9D01 HTTP/1.1" 301 - "-" "Mozilla/5.0 (compatible; DotBot/1.2; +https://opensiteexplorer.org/dotbot; help@moz.com)"
216.244.66.236 - - [02/Sep/2026:12:58:45 -0700] "GET /athlete_form.cfm?CFID=295340&CFTOKEN=ff09a7686cb50ce-AB071FB7-EF8C-1621-6AE8C3AA95475177 HTTP/1.1" 301 - "-" "Mozilla/5.0 (compatible; DotBot/1.2; +https://opensiteexplorer.org/dotbot; help@moz.com)"
216.244.66.236 - - [02/Sep/2026:12:58:47 -0700] "GET /athlete_form.cfm?CFID=320138&CFTOKEN=e71dd8c492e0150-B6CB72FB-EF8C-1621-6AEC5978689B7756 HTTP/1.1" 301 - "-" "Mozilla/5.0 (compatible; DotBot/1.2; +https://opensiteexplorer.org/dotbot; help@moz.com)"
216.244.66.236 - - [02/Sep/2026:12:58:48 -0700] "GET /athlete_form.cfm?CFID=329356&CFTOKEN=2e9d8d61d81cd47-BB49E639-EF8C-1621-6AE739E0272CFC9C HTTP/1.1" 301 - "-" "Mozilla/5.0 (compatible; DotBot/1.2; +https://opensiteexplorer.org/dotbot; help@moz.com)"
216.244.66.236 - - [02/Sep/2026:12:58:51 -0700] "GET /athlete_form.cfm?CFID=334648&CFTOKEN=9af70e3a67793b5-BE45B1A4-EF8C-1621-6AE8254406A91200 HTTP/1.1" 301 - "-" "Mozilla/5.0 (compatible; DotBot/1.2; +https://opensiteexplorer.org/dotbot; help@moz.com)"
216.244.66.236 - - [02/Sep/2026:12:58:54 -0700] "GET /athlete_form.cfm?CFID=351056&CFTOKEN=50d4d3905115ef4-0FB916C5-EF8C-1621-6AEE8E711D7588AE HTTP/1.1" 301 - "-" "Mozilla/5.0 (compatible; DotBot/1.2; +https://opensiteexplorer.org/dotbot; help@moz.com)"
216.244.66.236 - - [02/Sep/2026:12:58:56 -0700] "GET /athlete_form.cfm?CFID=357156&CFTOKEN=8220086a273cfac-17002FA3-EF8C-1621-6AED6B27F2EF24EF HTTP/1.1" 301 - "-" "Mozilla/5.0 (compatible; DotBot/1.2; +https://opensiteexplorer.org/dotbot; help@moz.com)"
216.244.66.236 - - [02/Sep/2026:12:58:58 -0700] "GET /athlete_form.cfm?CFID=360875&CFTOKEN=1e795ba8dce66dd-1B2F43B7-EF8C-1621-6AE3495C9585A1B4 HTTP/1.1" 301 - "-" "Mozilla/5.0 (compatible; DotBot/1.2; +https://opensiteexplorer.org/dotbot; help@moz.com)"
216.244.66.236 - - [02/Sep/2026:12:59:01 -0700] "GET /athlete_form.cfm?CFID=363345&CFTOKEN=1ef1336627cc597-1DF48528-EF8C-1621-6AEF9BE006F6F549 HTTP/1.1" 301 - "-" "Mozilla/5.0 (compatible; DotBot/1.2; +https://opensiteexplorer.org/dotbot; help@moz.com)"
216.244.66.236 - - [02/Sep/2026:12:59:05 -0700] "GET /athlete_form.cfm?CFID=363839&CFTOKEN=a5152ed8794fdc7-1E1CB763-EF8C-1621-6AEB766A52166AC7 HTTP/1.1" 301 - "-" "Mozilla/5.0 (compatible; DotBot/1.2; +https://opensiteexplorer.org/dotbot; help@moz.com)"
216.244.66.236 - - [02/Sep/2026:12:59:09 -0700] "GET /athlete_form.cfm?CFID=363875&CFTOKEN=5869d202d64029-1E2503D0-EF8C-1621-6AEBCBBB12508F06 HTTP/1.1" 301 - "-" "Mozilla/5.0 (compatible; DotBot/1.2; +https://opensiteexplorer.org/dotbot; help@moz.com)"
216.244.66.236 - - [02/Sep/2026:12:59:12 -0700] "GET /athlete_form.cfm?CFID=366628&CFTOKEN=ffd8d17da454af6-22376A24-EF8C-1621-6AE5BAF87E950B4F HTTP/1.1" 301 - "-" "Mozilla/5.0 (compatible; DotBot/1.2; +https://opensiteexplorer.org/dotbot; help@moz.com)"
216.244.66.236 - - [02/Sep/2026:12:59:15 -0700] "GET /athlete_form.cfm?CFID=869464&CFTOKEN=77ba92cd6d8e92e-31BC5D9E-EF8C-1621-6AE9529FAF921974 HTTP/1.1" 301 - "-" "Mozilla/5.0 (compatible; DotBot/1.2; +https://opensiteexplorer.org/dotbot; help@moz.com)"
216.244.66.236 - - [02/Sep/2026:12:59:18 -0700] "GET /athlete_form.cfm?CFID=8735&CFTOKEN=8df1aa4ab6736b68-9F880093-EF8C-1621-6AEB4B356A82B321 HTTP/1.1" 301 - "-" "Mozilla/5.0 (compatible; DotBot/1.2; +https://opensiteexplorer.org/dotbot; help@moz.com)"
173.231.200.77 - - [02/Sep/2026:12:59:25 -0700] "POST /wp-cron.php?doing_wp_cron=1788379165.0119700431823730468750 HTTP/1.1" 200 - "-" "WordPress/7.1; https://usaigc.com"
216.244.66.236 - - [02/Sep/2026:12:59:24 -0700] "GET /athlete_form.cfm?CFID=87864&CFTOKEN=f37c1492d7892f86-F0FF461C-EF8C-1621-6AEF60328BE2C8AC HTTP/1.1" 301 - "-" "Mozilla/5.0 (compatible; DotBot/1.2; +https://opensiteexplorer.org/dotbot; help@moz.com)"
207.46.13.170 - - [02/Sep/2026:12:59:30 -0700] "GET /beta3/business_meetings.cfm HTTP/2.0" 301 - "-" "Mozilla/5.0 AppleWebKit/537.36 (KHTML, like Gecko; compatible; bingbot/2.0; +http://www.bing.com/bingbot.htm) Chrome/116.0.1938.76 Safari/537.36"
216.244.66.236 - - [02/Sep/2026:12:59:44 -0700] "GET /athlete_form.cfm?CFID=989397&CFTOKEN=657ae1385c8ac9f-70943D0A-EF8C-1621-6AE6E500AD88B4DF HTTP/1.1" 301 - "-" "Mozilla/5.0 (compatible; DotBot/1.2; +https://opensiteexplorer.org/dotbot; help@moz.com)"
216.244.66.236 - - [02/Sep/2026:13:00:02 -0700] "GET /athlete_form.cfm?CFID=99452&CFTOKEN=eec921effcd3731a-680AA82E-EF8C-1621-6AE9FF3E055EDAB0 HTTP/1.1" 301 - "-" "Mozilla/5.0 (compatible; DotBot/1.2; +https://opensiteexplorer.org/dotbot; help@moz.com)"
173.231.200.77 - - [02/Sep/2026:13:00:27 -0700] "POST /wp-cron.php?doing_wp_cron=1788379227.3863160610198974609375 HTTP/1.1" 200 - "-" "WordPress/7.1; https://usaigc.com"
216.244.66.236 - - [02/Sep/2026:13:00:27 -0700] "GET /athlete_form.cfm?CFID=99727&CFTOKEN=e299ef6fb46e5c32-681FA5C1-EF8C-1621-6AE7FA45BB74FE39 HTTP/1.1" 301 - "-" "Mozilla/5.0 (compatible; DotBot/1.2; +https://opensiteexplorer.org/dotbot; help@moz.com)"
84.54.44.204 - - [02/Sep/2026:13:00:57 -0700] "GET /contact/ HTTP/1.0" 200 105204 "https://usaigc.com/contact/" "Mozilla/5.0 (Windows NT 10.0; Win64; x64) AppleWebKit/537.36 (KHTML, like Gecko) Chrome/129.0.0.0 Safari/537.36"
216.244.66.236 - - [02/Sep/2026:13:00:57 -0700] "GET /athlete_form.cfm?CFID=99956&CFTOKEN=69f8413a65d52c07-68308D77-EF8C-1621-6AEAE7A764C93A00 HTTP/1.1" 301 - "-" "Mozilla/5.0 (compatible; DotBot/1.2; +https://opensiteexplorer.org/dotbot; help@moz.com)"
84.54.44.204 - - [02/Sep/2026:13:00:59 -0700] "POST /wp-admin/admin-ajax.php HTTP/1.0" 200 184 "https://usaigc.com/contact/" "Mozilla/5.0 (Windows NT 10.0; Win64; x64) AppleWebKit/537.36 (KHTML, like Gecko) Chrome/129.0.0.0 Safari/537.36"
136.144.19.234 - - [02/Sep/2026:13:01:08 -0700] "GET /wp-login.php HTTP/1.1" 200 7211 "-" "Mozilla/5.0"
136.144.19.234 - - [02/Sep/2026:13:01:09 -0700] "GET /?author=1 HTTP/1.1" 301 - "-" "Mozilla/5.0"
136.144.19.234 - - [02/Sep/2026:13:01:09 -0700] "GET /?author=2 HTTP/1.1" 404 100439 "-" "Mozilla/5.0"
173.231.200.77 - - [02/Sep/2026:13:01:27 -0700] "POST /wp-cron.php?doing_wp_cron=1788379287.2769770622253417968750 HTTP/1.1" 200 - "-" "WordPress/7.1; https://usaigc.com"
216.244.66.236 - - [02/Sep/2026:13:01:27 -0700] "GET /athlete_form.cfm?CFID=1006695&CFTOKEN=1bf09aa96c6887a1-B798C15D-EF8C-1621-6AEA70DAF580D750 HTTP/1.1" 301 - "-" "Mozilla/5.0 (compatible; DotBot/1.2; +https://opensiteexplorer.org/dotbot; help@moz.com)"
216.244.66.236 - - [02/Sep/2026:13:01:55 -0700] "GET /athlete_form.cfm?CFID=1006702&CFTOKEN=2ed5102bd7a108d-B7995920-EF8C-1621-6AEF2A5E039C83A4 HTTP/1.1" 301 - "-" "Mozilla/5.0 (compatible; DotBot/1.2; +https://opensiteexplorer.org/dotbot; help@moz.com)"
45.148.10.166 - - [02/Sep/2026:13:02:03 -0700] "GET /.env HTTP/1.1" 404 100487 "-" "Mozilla/5.0 (Linux; Android 9; RMX1851) AppleWebKit/537.36 (KHTML, like Gecko) Chrome/75.0.3770.143 Mobile Safari/537.36"
45.148.10.166 - - [02/Sep/2026:13:02:03 -0700] "GET /aws.env HTTP/1.1" 404 100511 "-" "Mozilla/5.0 (Macintosh; Intel Mac OS X 10_13_4) AppleWebKit/537.36 (KHTML, like Gecko) Chrome/74.0.3729.169 Safari/537.36"
45.148.10.166 - - [02/Sep/2026:13:02:03 -0700] "GET /.aws/credentials HTTP/1.1" 404 100591 "-" "Mozilla/5.0 (Macintosh; Intel Mac OS X 10_15_0) AppleWebKit/537.36 (KHTML, like Gecko) Chrome/76.0.3809.100 Safari/537.36"
45.148.10.166 - - [02/Sep/2026:13:02:03 -0700] "GET /.env HTTP/1.1" 404 100535 "-" "Mozilla/5.0 (Windows NT 6.1; WOW64) AppleWebKit/537.36 (KHTML, like Gecko) Chrome/73.0.3683.103 Safari/537.36"
45.148.10.166 - - [02/Sep/2026:13:02:03 -0700] "GET /.env.production HTTP/1.1" 404 100575 "-" "Mozilla/5.0 (Windows NT 6.3; Win64; x64) AppleWebKit/537.36 (KHTML, like Gecko) Chrome/69.0.3497.100 Safari/537.36"
45.148.10.166 - - [02/Sep/2026:13:02:03 -0700] "GET /.env.production HTTP/1.1" 404 100623 "-" "Mozilla/5.0 (Macintosh; Intel Mac OS X 10_14_2) AppleWebKit/537.36 (KHTML, like Gecko) Chrome/76.0.3809.87 Safari/537.36"
45.148.10.166 - - [02/Sep/2026:13:02:04 -0700] "GET /.aws/credentials HTTP/1.1" 404 100639 "-" "Mozilla/5.0 (iPhone; CPU iPhone OS 12_1 like Mac OS X) AppleWebKit/605.1.15 (KHTML, like Gecko) CriOS/75.0.3770.103 Mobile/15E148 Safari/605.1"
45.148.10.166 - - [02/Sep/2026:13:02:04 -0700] "GET /aws.env HTTP/1.1" 404 100559 "-" "Mozilla/5.0 (Windows NT 10.0; Win64; x64) AppleWebKit/537.36 (KHTML, like Gecko) Chrome/73.0.3683.75 Safari/537.36"
173.231.200.77 - - [02/Sep/2026:13:02:23 -0700] "POST /wp-cron.php?doing_wp_cron=1788379343.3897991180419921875000 HTTP/1.1" 200 - "-" "WordPress/7.1; https://usaigc.com"
216.244.66.236 - - [02/Sep/2026:13:02:23 -0700] "GET /athlete_form.cfm?CFID=1006980&CFTOKEN=e3d90e18f87f7619-B96F1AAB-EF8C-1621-6AEFA4F44E4CF08C HTTP/1.1" 301 - "-" "Mozilla/5.0 (compatible; DotBot/1.2; +https://opensiteexplorer.org/dotbot; help@moz.com)"
156.245.205.34 - - [02/Sep/2026:13:02:27 -0700] "GET /1234.php HTTP/1.1" 301 - "-" "Mozilla/5.0 (Windows NT 10.0; WOW64; rv:48.0) Gecko/20100101 Firefox/48.0"
156.245.205.34 - - [02/Sep/2026:13:02:29 -0700] "GET /wp-login.php HTTP/1.1" 200 7211 "-" "Mozilla/5.0 (Windows NT 10.0; WOW64; rv:48.0) Gecko/20100101 Firefox/48.0"
156.245.205.34 - - [02/Sep/2026:13:02:31 -0700] "GET /1234.php HTTP/1.1" 404 100519 "-" "Mozilla/5.0 (Windows NT 10.0; WOW64; rv:48.0) Gecko/20100101 Firefox/48.0"
216.244.66.236 - - [02/Sep/2026:13:02:49 -0700] "GET /athlete_form.cfm?CFID=1007452&CFTOKEN=123131dde4d79f83-BCB6419C-EF8C-1621-6AE12FD5883A42C7 HTTP/1.1" 301 - "-" "Mozilla/5.0 (compatible; DotBot/1.2; +https://opensiteexplorer.org/dotbot; help@moz.com)"
216.244.66.236 - - [02/Sep/2026:13:03:14 -0700] "GET /athlete_form.cfm?CFID=1016022&CFTOKEN=a75e6abab6f2a779-F4C7C058-EF8C-1621-6AE4FE80C4256630 HTTP/1.1" 301 - "-" "Mozilla/5.0 (compatible; DotBot/1.2; +https://opensiteexplorer.org/dotbot; help@moz.com)"
173.231.200.77 - - [02/Sep/2026:13:03:33 -0700] "POST /wp-cron.php?doing_wp_cron=1788379413.5867760181427001953125 HTTP/1.1" 200 - "-" "WordPress/7.1; https://usaigc.com"
180.153.197.135 - - [02/Sep/2026:13:03:33 -0700] "GET /ip HTTP/1.1" 404 100471 "-" "Mozilla/5.0 (Macintosh; Intel Mac OS X 10_15_7) AppleWebKit/537.36 (KHTML, like Gecko) Chrome/114.0.0.0 Safari/537.36"
113.44.107.0 - - [02/Sep/2026:13:03:33 -0700] "GET /ip HTTP/1.1" 404 100471 "-" "Mozilla/5.0 (Macintosh; Intel Mac OS X 10_15_7) AppleWebKit/537.36 (KHTML, like Gecko) Chrome/114.0.0.0 Safari/537.36"
81.70.194.26 - - [02/Sep/2026:13:03:33 -0700] "GET /ip HTTP/1.1" 404 100471 "-" "Mozilla/5.0 (Macintosh; Intel Mac OS X 10_15_7) AppleWebKit/537.36 (KHTML, like Gecko) Chrome/114.0.0.0 Safari/537.36"
140.206.236.91 - - [02/Sep/2026:13:03:33 -0700] "GET /ip HTTP/1.1" 404 100471 "-" "Mozilla/5.0 (Macintosh; Intel Mac OS X 10_15_7) AppleWebKit/537.36 (KHTML, like Gecko) Chrome/114.0.0.0 Safari/537.36"
216.244.66.236 - - [02/Sep/2026:13:03:39 -0700] "GET /athlete_form.cfm?CFID=102989&CFTOKEN=bd2c1f7ef05765b7-6B1AD3C9-EF8C-1621-6AEFBA3359FF1E55 HTTP/1.1" 301 - "-" "Mozilla/5.0 (compatible; DotBot/1.2; +https://opensiteexplorer.org/dotbot; help@moz.com)"
91.99.166.197 - - [02/Sep/2026:13:03:41 -0700] "GET / HTTP/1.1" 200 131156 "-" "Mozilla/5.0 (Linux; Android 8.0.0; WAS-LX1) AppleWebKit/537.36 (KHTML, like Gecko) Chrome/91.0.4472.164 Mobile Safari/537.3"
91.99.166.197 - - [02/Sep/2026:13:03:42 -0700] "GET /wp-admin/js/customize-controls.min.js HTTP/1.1" 200 112538 "-" "Mozilla/5.0 (iPhone; CPU iPhone OS 17_1 like Mac OS X) AppleWebKit/605.1.15 (KHTML, like Gecko) GSA/273.0.547966426 Mobile/15E148 Safari/604."
116.203.213.1 - - [02/Sep/2026:13:03:43 -0700] "GET / HTTP/1.1" 200 131156 "-" "Mozilla/5.0 (Linux; Android 11; moto e20 Build/RONS31.267-94-14) AppleWebKit/537.36 (KHTML, like Gecko) Chrome/120.0.6099.144 Mobile Safari/537.3"
173.77.100.21 - - [02/Sep/2026:13:03:51 -0700] "GET /schedules/ HTTP/2.0" 200 99707 "https://www.google.com/" "Mozilla/5.0 (iPhone; CPU iPhone OS 18_7 like Mac OS X) AppleWebKit/605.1.15 (KHTML, like Gecko) Version/26.6.1 Mobile/15E148 Safari/604.1"
173.77.100.21 - - [02/Sep/2026:13:03:52 -0700] "GET /wp-content/uploads/hummingbird-assets/643adc03774cdb087b0ad109bcf87eea.css HTTP/2.0" 200 21084 "https://usaigc.com/" "Mozilla/5.0 (iPhone; CPU iPhone OS 18_7 like Mac OS X) AppleWebKit/605.1.15 (KHTML, like Gecko) Version/26.6.1 Mobile/15E148 Safari/604.1"
173.77.100.21 - - [02/Sep/2026:13:03:52 -0700] "GET /wp-content/uploads/hummingbird-assets/2ab2ba5f7f136571c5f6707948e9760f.css HTTP/2.0" 200 24769 "https://usaigc.com/" "Mozilla/5.0 (iPhone; CPU iPhone OS 18_7 like Mac OS X) AppleWebKit/605.1.15 (KHTML, like Gecko) Version/26.6.1 Mobile/15E148 Safari/604.1"
173.77.100.21 - - [02/Sep/2026:13:03:52 -0700] "GET /wp-content/plugins/instagram-feed/css/sbi-styles.min.css HTTP/2.0" 200 46555 "https://usaigc.com/" "Mozilla/5.0 (iPhone; CPU iPhone OS 18_7 like Mac OS X) AppleWebKit/605.1.15 (KHTML, like Gecko) Version/26.6.1 Mobile/15E148 Safari/604.1"
173.77.100.21 - - [02/Sep/2026:13:03:52 -0700] "GET /wp-content/uploads/hummingbird-assets/acad0b82613f33412aee4b23f806a90d.css HTTP/2.0" 200 61458 "https://usaigc.com/" "Mozilla/5.0 (iPhone; CPU iPhone OS 18_7 like Mac OS X) AppleWebKit/605.1.15 (KHTML, like Gecko) Version/26.6.1 Mobile/15E148 Safari/604.1"
173.77.100.21 - - [02/Sep/2026:13:03:52 -0700] "GET /wp-content/uploads/hummingbird-assets/9a31db504563c009a94bb8252fcec2d0.js HTTP/2.0" 200 101173 "https://usaigc.com/" "Mozilla/5.0 (iPhone; CPU iPhone OS 18_7 like Mac OS X) AppleWebKit/605.1.15 (KHTML, like Gecko) Version/26.6.1 Mobile/15E148 Safari/604.1"
173.77.100.21 - - [02/Sep/2026:13:03:52 -0700] "GET /wp-content/uploads/hummingbird-assets/c61c6cd1ba1b0e9b76d5608ee5877c92.css HTTP/2.0" 200 503180 "https://usaigc.com/" "Mozilla/5.0 (iPhone; CPU iPhone OS 18_7 like Mac OS X) AppleWebKit/605.1.15 (KHTML, like Gecko) Version/26.6.1 Mobile/15E148 Safari/604.1"
173.77.100.21 - - [02/Sep/2026:13:03:52 -0700] "GET /wp-content/plugins/elementor/assets/lib/font-awesome/js/v4-shims.min.js HTTP/2.0" 200 15073 "https://usaigc.com/" "Mozilla/5.0 (iPhone; CPU iPhone OS 18_7 like Mac OS X) AppleWebKit/605.1.15 (KHTML, like Gecko) Version/26.6.1 Mobile/15E148 Safari/604.1"
173.77.100.21 - - [02/Sep/2026:13:03:52 -0700] "GET /wp-content/uploads/hummingbird-assets/507807d56b734f9aa4eb9cdeebecdb9f.css HTTP/2.0" 200 18942 "https://usaigc.com/" "Mozilla/5.0 (iPhone; CPU iPhone OS 18_7 like Mac OS X) AppleWebKit/605.1.15 (KHTML, like Gecko) Version/26.6.1 Mobile/15E148 Safari/604.1"
173.77.100.21 - - [02/Sep/2026:13:03:52 -0700] "GET /wp-content/uploads/hummingbird-assets/50af1be59aa3039895c1bca6caf65643.css HTTP/2.0" 200 52893 "https://usaigc.com/" "Mozilla/5.0 (iPhone; CPU iPhone OS 18_7 like Mac OS X) AppleWebKit/605.1.15 (KHTML, like Gecko) Version/26.6.1 Mobile/15E148 Safari/604.1"
173.77.100.21 - - [02/Sep/2026:13:03:52 -0700] "GET /wp-content/uploads/hummingbird-assets/2f84794cba3a036a9fc7b476e118fc2f.js HTTP/2.0" 200 52094 "https://usaigc.com/" "Mozilla/5.0 (iPhone; CPU iPhone OS 18_7 like Mac OS X) AppleWebKit/605.1.15 (KHTML, like Gecko) Version/26.6.1 Mobile/15E148 Safari/604.1"
173.77.100.21 - - [02/Sep/2026:13:03:52 -0700] "GET /wp-includes/js/jquery/ui/core.min.js HTTP/2.0" 200 18674 "https://usaigc.com/" "Mozilla/5.0 (iPhone; CPU iPhone OS 18_7 like Mac OS X) AppleWebKit/605.1.15 (KHTML, like Gecko) Version/26.6.1 Mobile/15E148 Safari/604.1"
173.77.100.21 - - [02/Sep/2026:13:03:52 -0700] "GET /wp-content/plugins/elementor/assets/js/webpack.runtime.min.js HTTP/2.0" 200 5350 "https://usaigc.com/" "Mozilla/5.0 (iPhone; CPU iPhone OS 18_7 like Mac OS X) AppleWebKit/605.1.15 (KHTML, like Gecko) Version/26.6.1 Mobile/15E148 Safari/604.1"
173.77.100.21 - - [02/Sep/2026:13:03:52 -0700] "GET /wp-content/plugins/elementor/assets/js/frontend-modules.min.js HTTP/2.0" 200 59749 "https://usaigc.com/" "Mozilla/5.0 (iPhone; CPU iPhone OS 18_7 like Mac OS X) AppleWebKit/605.1.15 (KHTML, like Gecko) Version/26.6.1 Mobile/15E148 Safari/604.1"
173.77.100.21 - - [02/Sep/2026:13:03:52 -0700] "GET /wp-content/plugins/elementor-pro/assets/js/webpack-pro.runtime.min.js HTTP/2.0" 200 6263 "https://usaigc.com/" "Mozilla/5.0 (iPhone; CPU iPhone OS 18_7 like Mac OS X) AppleWebKit/605.1.15 (KHTML, like Gecko) Version/26.6.1 Mobile/15E148 Safari/604.1"
173.77.100.21 - - [02/Sep/2026:13:03:52 -0700] "GET /wp-content/uploads/hummingbird-assets/48f09a15f4bd0d21bcec84af82679a1a.js HTTP/2.0" 200 54915 "https://usaigc.com/" "Mozilla/5.0 (iPhone; CPU iPhone OS 18_7 like Mac OS X) AppleWebKit/605.1.15 (KHTML, like Gecko) Version/26.6.1 Mobile/15E148 Safari/604.1"
173.77.100.21 - - [02/Sep/2026:13:03:52 -0700] "GET /wp-content/uploads/hummingbird-assets/4f2f05e2bccbc74bfdc4d4a9af4df128.js HTTP/2.0" 200 84064 "https://usaigc.com/" "Mozilla/5.0 (iPhone; CPU iPhone OS 18_7 like Mac OS X) AppleWebKit/605.1.15 (KHTML, like Gecko) Version/26.6.1 Mobile/15E148 Safari/604.1"
173.77.100.21 - - [02/Sep/2026:13:03:52 -0700] "GET /wp-content/uploads/2020/12/2-kDVQFeBk7MRU6D1-removebg-preview.png HTTP/2.0" 200 43128 "https://usaigc.com/" "Mozilla/5.0 (iPhone; CPU iPhone OS 18_7 like Mac OS X) AppleWebKit/605.1.15 (KHTML, like Gecko) Version/26.6.1 Mobile/15E148 Safari/604.1"
173.77.100.21 - - [02/Sep/2026:13:03:52 -0700] "GET /wp-content/uploads/2020/12/2024-SAFE-CLUB-1.png HTTP/2.0" 200 90507 "https://usaigc.com/" "Mozilla/5.0 (iPhone; CPU iPhone OS 18_7 like Mac OS X) AppleWebKit/605.1.15 (KHTML, like Gecko) Version/26.6.1 Mobile/15E148 Safari/604.1"
173.77.100.21 - - [02/Sep/2026:13:03:52 -0700] "GET /wp-content/uploads/2020/12/PBSportzsoft-300x169-1-e1701549356217.png HTTP/2.0" 200 18957 "https://usaigc.com/" "Mozilla/5.0 (iPhone; CPU iPhone OS 18_7 like Mac OS X) AppleWebKit/605.1.15 (KHTML, like Gecko) Version/26.6.1 Mobile/15E148 Safari/604.1"
173.77.100.21 - - [02/Sep/2026:13:03:52 -0700] "GET /wp-content/uploads/2020/12/iaigc_competition_logo_clear-removebg-preview.png HTTP/2.0" 200 41145 "https://usaigc.com/" "Mozilla/5.0 (iPhone; CPU iPhone OS 18_7 like Mac OS X) AppleWebKit/605.1.15 (KHTML, like Gecko) Version/26.6.1 Mobile/15E148 Safari/604.1"
173.77.100.21 - - [02/Sep/2026:13:03:53 -0700] "GET /wp-content/uploads/elementor/custom-icons/theme-icons/fonts/theme-icons.ttf?yox6f HTTP/2.0" 200 5924 "https://usaigc.com/" "Mozilla/5.0 (iPhone; CPU iPhone OS 18_7 like Mac OS X) AppleWebKit/605.1.15 (KHTML, like Gecko) Version/26.6.1 Mobile/15E148 Safari/604.1"
173.77.100.21 - - [02/Sep/2026:13:03:53 -0700] "GET /wp-content/plugins/elementor/assets/lib/font-awesome/webfonts/fa-solid-900.woff2 HTTP/2.0" 200 78196 "https://usaigc.com/" "Mozilla/5.0 (iPhone; CPU iPhone OS 18_7 like Mac OS X) AppleWebKit/605.1.15 (KHTML, like Gecko) Version/26.6.1 Mobile/15E148 Safari/604.1"
173.77.100.21 - - [02/Sep/2026:13:03:53 -0700] "GET /wp-content/plugins/elementor/assets/lib/eicons/fonts/eicons.woff2?5.35.0 HTTP/2.0" 200 98056 "https://usaigc.com/" "Mozilla/5.0 (iPhone; CPU iPhone OS 18_7 like Mac OS X) AppleWebKit/605.1.15 (KHTML, like Gecko) Version/26.6.1 Mobile/15E148 Safari/604.1"
173.77.100.21 - - [02/Sep/2026:13:03:53 -0700] "GET /wp-content/uploads/hummingbird-assets/39c4cfff4ed9636507c780e102533e5b.css HTTP/2.0" 200 247 "https://usaigc.com/" "Mozilla/5.0 (iPhone; CPU iPhone OS 18_7 like Mac OS X) AppleWebKit/605.1.15 (KHTML, like Gecko) Version/26.6.1 Mobile/15E148 Safari/604.1"
173.77.100.21 - - [02/Sep/2026:13:03:53 -0700] "GET /wp-content/uploads/hummingbird-assets/3bc16ab83db33802d31670bbb5e751f7.css HTTP/2.0" 200 2956 "https://usaigc.com/" "Mozilla/5.0 (iPhone; CPU iPhone OS 18_7 like Mac OS X) AppleWebKit/605.1.15 (KHTML, like Gecko) Version/26.6.1 Mobile/15E148 Safari/604.1"
173.77.100.21 - - [02/Sep/2026:13:03:53 -0700] "GET /wp-content/uploads/2023/11/shape-purple.png HTTP/2.0" 200 8036 "https://usaigc.com/" "Mozilla/5.0 (iPhone; CPU iPhone OS 18_7 like Mac OS X) AppleWebKit/605.1.15 (KHTML, like Gecko) Version/26.6.1 Mobile/15E148 Safari/604.1"
173.77.100.21 - - [02/Sep/2026:13:03:53 -0700] "GET /wp-content/plugins/elementor/assets/lib/font-awesome/webfonts/fa-regular-400.woff2 HTTP/2.0" 200 13276 "https://usaigc.com/" "Mozilla/5.0 (iPhone; CPU iPhone OS 18_7 like Mac OS X) AppleWebKit/605.1.15 (KHTML, like Gecko) Version/26.6.1 Mobile/15E148 Safari/604.1"
173.77.100.21 - - [02/Sep/2026:13:03:53 -0700] "GET /wp-content/plugins/elementor/assets/lib/font-awesome/webfonts/fa-brands-400.woff2 HTTP/2.0" 200 81612 "https://usaigc.com/" "Mozilla/5.0 (iPhone; CPU iPhone OS 18_7 like Mac OS X) AppleWebKit/605.1.15 (KHTML, like Gecko) Version/26.6.1 Mobile/15E148 Safari/604.1"
173.77.100.21 - - [02/Sep/2026:13:03:53 -0700] "GET /wp-content/themes/f7/vamtam/assets/js/low-priority.js HTTP/2.0" 200 1263 "https://usaigc.com/" "Mozilla/5.0 (iPhone; CPU iPhone OS 18_7 like Mac OS X) AppleWebKit/605.1.15 (KHTML, like Gecko) Version/26.6.1 Mobile/15E148 Safari/604.1"
