2.96.206.22 - - [02/Sep/2026:06:39:31 -0700] "GET /wp-includes/js/jquery/ui/core.min.js HTTP/2.0" 200 18674 "https://usaigc.com/my-account/" "Mozilla/5.0 (iPhone; CPU iPhone OS 18_7 like Mac OS X) AppleWebKit/605.1.15 (KHTML, like Gecko) Version/26.5.2 Mobile/15E148 Safari/604.1"
2.96.206.22 - - [02/Sep/2026:06:39:31 -0700] "GET /wp-content/uploads/hummingbird-assets/507807d56b734f9aa4eb9cdeebecdb9f.css HTTP/2.0" 200 18942 "https://usaigc.com/my-account/" "Mozilla/5.0 (iPhone; CPU iPhone OS 18_7 like Mac OS X) AppleWebKit/605.1.15 (KHTML, like Gecko) Version/26.5.2 Mobile/15E148 Safari/604.1"
2.96.206.22 - - [02/Sep/2026:06:39:31 -0700] "GET /wp-content/uploads/hummingbird-assets/2ba751a0b6f6b9df579005eb7bef7fdc.css HTTP/2.0" 200 23281 "https://usaigc.com/my-account/" "Mozilla/5.0 (iPhone; CPU iPhone OS 18_7 like Mac OS X) AppleWebKit/605.1.15 (KHTML, like Gecko) Version/26.5.2 Mobile/15E148 Safari/604.1"
2.96.206.22 - - [02/Sep/2026:06:39:31 -0700] "GET /wp-content/plugins/elementor/assets/js/frontend-modules.min.js HTTP/2.0" 200 59749 "https://usaigc.com/my-account/" "Mozilla/5.0 (iPhone; CPU iPhone OS 18_7 like Mac OS X) AppleWebKit/605.1.15 (KHTML, like Gecko) Version/26.5.2 Mobile/15E148 Safari/604.1"
2.96.206.22 - - [02/Sep/2026:06:39:31 -0700] "GET /wp-content/uploads/hummingbird-assets/48f09a15f4bd0d21bcec84af82679a1a.js HTTP/2.0" 200 54915 "https://usaigc.com/my-account/" "Mozilla/5.0 (iPhone; CPU iPhone OS 18_7 like Mac OS X) AppleWebKit/605.1.15 (KHTML, like Gecko) Version/26.5.2 Mobile/15E148 Safari/604.1"
2.96.206.22 - - [02/Sep/2026:06:39:31 -0700] "GET /wp-content/uploads/hummingbird-assets/2f84794cba3a036a9fc7b476e118fc2f.js HTTP/2.0" 200 52094 "https://usaigc.com/my-account/" "Mozilla/5.0 (iPhone; CPU iPhone OS 18_7 like Mac OS X) AppleWebKit/605.1.15 (KHTML, like Gecko) Version/26.5.2 Mobile/15E148 Safari/604.1"
2.96.206.22 - - [02/Sep/2026:06:39:31 -0700] "GET /wp-content/uploads/hummingbird-assets/4f2f05e2bccbc74bfdc4d4a9af4df128.js HTTP/2.0" 200 84064 "https://usaigc.com/my-account/" "Mozilla/5.0 (iPhone; CPU iPhone OS 18_7 like Mac OS X) AppleWebKit/605.1.15 (KHTML, like Gecko) Version/26.5.2 Mobile/15E148 Safari/604.1"
2.96.206.22 - - [02/Sep/2026:06:39:31 -0700] "GET /wp-content/uploads/2020/12/2-kDVQFeBk7MRU6D1-removebg-preview.png HTTP/2.0" 200 43128 "https://usaigc.com/my-account/" "Mozilla/5.0 (iPhone; CPU iPhone OS 18_7 like Mac OS X) AppleWebKit/605.1.15 (KHTML, like Gecko) Version/26.5.2 Mobile/15E148 Safari/604.1"
2.96.206.22 - - [02/Sep/2026:06:39:31 -0700] "GET /wp-content/uploads/2020/12/2024-SAFE-CLUB-1.png HTTP/2.0" 200 90507 "https://usaigc.com/my-account/" "Mozilla/5.0 (iPhone; CPU iPhone OS 18_7 like Mac OS X) AppleWebKit/605.1.15 (KHTML, like Gecko) Version/26.5.2 Mobile/15E148 Safari/604.1"
2.96.206.22 - - [02/Sep/2026:06:39:31 -0700] "GET /wp-content/uploads/2020/12/iaigc_competition_logo_clear-removebg-preview.png HTTP/2.0" 200 41145 "https://usaigc.com/my-account/" "Mozilla/5.0 (iPhone; CPU iPhone OS 18_7 like Mac OS X) AppleWebKit/605.1.15 (KHTML, like Gecko) Version/26.5.2 Mobile/15E148 Safari/604.1"
2.96.206.22 - - [02/Sep/2026:06:39:31 -0700] "GET /wp-content/uploads/2020/12/PBSportzsoft-300x169-1-e1701549356217.png HTTP/2.0" 200 18957 "https://usaigc.com/my-account/" "Mozilla/5.0 (iPhone; CPU iPhone OS 18_7 like Mac OS X) AppleWebKit/605.1.15 (KHTML, like Gecko) Version/26.5.2 Mobile/15E148 Safari/604.1"
2.96.206.22 - - [02/Sep/2026:06:39:32 -0700] "GET /wp-content/uploads/hummingbird-assets/3bc16ab83db33802d31670bbb5e751f7.css HTTP/2.0" 200 2956 "https://usaigc.com/my-account/" "Mozilla/5.0 (iPhone; CPU iPhone OS 18_7 like Mac OS X) AppleWebKit/605.1.15 (KHTML, like Gecko) Version/26.5.2 Mobile/15E148 Safari/604.1"
2.96.206.22 - - [02/Sep/2026:06:39:32 -0700] "GET /wp-content/uploads/hummingbird-assets/39c4cfff4ed9636507c780e102533e5b.css HTTP/2.0" 200 247 "https://usaigc.com/my-account/" "Mozilla/5.0 (iPhone; CPU iPhone OS 18_7 like Mac OS X) AppleWebKit/605.1.15 (KHTML, like Gecko) Version/26.5.2 Mobile/15E148 Safari/604.1"
2.96.206.22 - - [02/Sep/2026:06:39:32 -0700] "GET /wp-content/uploads/elementor/custom-icons/theme-icons/fonts/theme-icons.ttf?yox6f HTTP/2.0" 200 5924 "https://usaigc.com/my-account/" "Mozilla/5.0 (iPhone; CPU iPhone OS 18_7 like Mac OS X) AppleWebKit/605.1.15 (KHTML, like Gecko) Version/26.5.2 Mobile/15E148 Safari/604.1"
2.96.206.22 - - [02/Sep/2026:06:39:32 -0700] "GET /wp-content/plugins/elementor/assets/lib/font-awesome/webfonts/fa-solid-900.woff2 HTTP/2.0" 200 78196 "https://usaigc.com/my-account/" "Mozilla/5.0 (iPhone; CPU iPhone OS 18_7 like Mac OS X) AppleWebKit/605.1.15 (KHTML, like Gecko) Version/26.5.2 Mobile/15E148 Safari/604.1"
2.96.206.22 - - [02/Sep/2026:06:39:32 -0700] "GET /wp-content/plugins/elementor/assets/lib/eicons/fonts/eicons.woff2?5.35.0 HTTP/2.0" 200 98056 "https://usaigc.com/my-account/" "Mozilla/5.0 (iPhone; CPU iPhone OS 18_7 like Mac OS X) AppleWebKit/605.1.15 (KHTML, like Gecko) Version/26.5.2 Mobile/15E148 Safari/604.1"
2.96.206.22 - - [02/Sep/2026:06:39:32 -0700] "GET /wp-content/plugins/elementor/assets/lib/font-awesome/webfonts/fa-regular-400.woff2 HTTP/2.0" 200 13276 "https://usaigc.com/my-account/" "Mozilla/5.0 (iPhone; CPU iPhone OS 18_7 like Mac OS X) AppleWebKit/605.1.15 (KHTML, like Gecko) Version/26.5.2 Mobile/15E148 Safari/604.1"
2.96.206.22 - - [02/Sep/2026:06:39:32 -0700] "GET /wp-content/plugins/elementor/assets/lib/font-awesome/webfonts/fa-brands-400.woff2 HTTP/2.0" 200 81612 "https://usaigc.com/my-account/" "Mozilla/5.0 (iPhone; CPU iPhone OS 18_7 like Mac OS X) AppleWebKit/605.1.15 (KHTML, like Gecko) Version/26.5.2 Mobile/15E148 Safari/604.1"
2.96.206.22 - - [02/Sep/2026:06:39:32 -0700] "GET /wp-content/uploads/2020/12/2-kDVQFeBk7MRU6D1-removebg-preview.png HTTP/2.0" 200 43128 "https://usaigc.com/my-account/" "Mozilla/5.0 (iPhone; CPU iPhone OS 18_7 like Mac OS X) AppleWebKit/605.1.15 (KHTML, like Gecko) Version/26.5.2 Mobile/15E148 Safari/604.1"
2.96.206.22 - - [02/Sep/2026:06:39:32 -0700] "GET /wp-content/themes/f7/vamtam/assets/js/low-priority.js HTTP/2.0" 200 1263 "https://usaigc.com/my-account/" "Mozilla/5.0 (iPhone; CPU iPhone OS 18_7 like Mac OS X) AppleWebKit/605.1.15 (KHTML, like Gecko) Version/26.5.2 Mobile/15E148 Safari/604.1"
2.96.206.22 - - [02/Sep/2026:06:39:32 -0700] "GET /wp-content/plugins/elementor/assets/lib/dialog/dialog.min.js?ver=4.9.3 HTTP/2.0" 200 11286 "https://usaigc.com/my-account/" "Mozilla/5.0 (iPhone; CPU iPhone OS 18_7 like Mac OS X) AppleWebKit/605.1.15 (KHTML, like Gecko) Version/26.5.2 Mobile/15E148 Safari/604.1"
2.96.206.22 - - [02/Sep/2026:06:39:32 -0700] "GET /wp-content/plugins/elementor-pro/assets/js/nav-menu.a23fbd67486c5bedf26c.bundle.min.js HTTP/2.0" 200 5282 "https://usaigc.com/my-account/" "Mozilla/5.0 (iPhone; CPU iPhone OS 18_7 like Mac OS X) AppleWebKit/605.1.15 (KHTML, like Gecko) Version/26.5.2 Mobile/15E148 Safari/604.1"
2.96.206.22 - - [02/Sep/2026:06:39:32 -0700] "GET /wp-content/plugins/elementor/assets/js/text-editor.c084ef86600b6f11690d.bundle.min.js HTTP/2.0" 200 1394 "https://usaigc.com/my-account/" "Mozilla/5.0 (iPhone; CPU iPhone OS 18_7 like Mac OS X) AppleWebKit/605.1.15 (KHTML, like Gecko) Version/26.5.2 Mobile/15E148 Safari/604.1"
2.96.206.22 - - [02/Sep/2026:06:39:32 -0700] "GET /wp-content/plugins/instagram-feed/img/sbi-sprite.png HTTP/2.0" 200 3943 "https://usaigc.com/my-account/" "Mozilla/5.0 (iPhone; CPU iPhone OS 18_7 like Mac OS X) AppleWebKit/605.1.15 (KHTML, like Gecko) Version/26.5.2 Mobile/15E148 Safari/604.1"
2.96.206.22 - - [02/Sep/2026:06:39:32 -0700] "GET /wp-content/uploads/2023/11/illustration-arrow-right-1.svg HTTP/2.0" 200 334 "https://usaigc.com/my-account/" "Mozilla/5.0 (iPhone; CPU iPhone OS 18_7 like Mac OS X) AppleWebKit/605.1.15 (KHTML, like Gecko) Version/26.5.2 Mobile/15E148 Safari/604.1"
173.231.200.77 - - [02/Sep/2026:06:40:35 -0700] "POST /wp-cron.php?doing_wp_cron=1788356435.7958879470825195312500 HTTP/1.1" 200 - "-" "WordPress/7.1; https://usaigc.com"
161.35.193.156 - - [02/Sep/2026:06:40:35 -0700] "POST /wp-login.php HTTP/1.1" 200 7596 "-" "Mozilla/5.0"
78.47.42.23 - - [02/Sep/2026:06:40:50 -0700] "GET /sitemap-index.xml HTTP/1.1" 302 - "-" "Mozilla/5.0 (iPhone; CPU iPhone OS 18_3_2 like Mac OS X) AppleWebKit/605.1.15 (KHTML, like Gecko) Version/18.3.1 Mobile/15E148 Safari/604.1"
78.47.42.23 - - [02/Sep/2026:06:40:50 -0700] "GET /sitemap.xml HTTP/1.1" 200 800 "-" "Mozilla/5.0 (iPhone; CPU iPhone OS 18_3_2 like Mac OS X) AppleWebKit/605.1.15 (KHTML, like Gecko) Version/18.3.1 Mobile/15E148 Safari/604.1"
78.47.42.23 - - [02/Sep/2026:06:40:51 -0700] "GET /post-sitemap.xml HTTP/1.1" 200 3841 "-" "Mozilla/5.0 (Linux; Android 10; K) AppleWebKit/537.36 (KHTML, like Gecko) Chrome/135.0.0.0 Mobile Safari/537.36"
24.146.155.169 - - [02/Sep/2026:06:43:26 -0700] "GET /rules-policies/ HTTP/2.0" 200 105790 "https://www.google.com/" "Mozilla/5.0 (Macintosh; Intel Mac OS X 10_15_7) AppleWebKit/605.1.15 (KHTML, like Gecko) Version/18.7.5 Safari/605.1.15"
24.146.155.169 - - [02/Sep/2026:06:43:26 -0700] "GET /wp-content/uploads/hummingbird-assets/3bc16ab83db33802d31670bbb5e751f7.css HTTP/2.0" 200 2956 "https://usaigc.com/rules-policies/" "Mozilla/5.0 (Macintosh; Intel Mac OS X 10_15_7) AppleWebKit/605.1.15 (KHTML, like Gecko) Version/18.7.5 Safari/605.1.15"
24.146.155.169 - - [02/Sep/2026:06:43:26 -0700] "GET /wp-content/plugins/instagram-feed/css/sbi-styles.min.css HTTP/2.0" 200 46555 "https://usaigc.com/rules-policies/" "Mozilla/5.0 (Macintosh; Intel Mac OS X 10_15_7) AppleWebKit/605.1.15 (KHTML, like Gecko) Version/18.7.5 Safari/605.1.15"
24.146.155.169 - - [02/Sep/2026:06:43:26 -0700] "GET /wp-content/uploads/hummingbird-assets/acad0b82613f33412aee4b23f806a90d.css HTTP/2.0" 200 61458 "https://usaigc.com/rules-policies/" "Mozilla/5.0 (Macintosh; Intel Mac OS X 10_15_7) AppleWebKit/605.1.15 (KHTML, like Gecko) Version/18.7.5 Safari/605.1.15"
24.146.155.169 - - [02/Sep/2026:06:43:26 -0700] "GET /wp-content/uploads/hummingbird-assets/727ecb83d127c146704c33f57fef9282.css HTTP/2.0" 200 506803 "https://usaigc.com/rules-policies/" "Mozilla/5.0 (Macintosh; Intel Mac OS X 10_15_7) AppleWebKit/605.1.15 (KHTML, like Gecko) Version/18.7.5 Safari/605.1.15"
24.146.155.169 - - [02/Sep/2026:06:43:26 -0700] "GET /wp-content/uploads/hummingbird-assets/39c4cfff4ed9636507c780e102533e5b.css HTTP/2.0" 200 247 "https://usaigc.com/rules-policies/" "Mozilla/5.0 (Macintosh; Intel Mac OS X 10_15_7) AppleWebKit/605.1.15 (KHTML, like Gecko) Version/18.7.5 Safari/605.1.15"
24.146.155.169 - - [02/Sep/2026:06:43:26 -0700] "GET /wp-content/uploads/hummingbird-assets/9a31db504563c009a94bb8252fcec2d0.js HTTP/2.0" 200 101173 "https://usaigc.com/rules-policies/" "Mozilla/5.0 (Macintosh; Intel Mac OS X 10_15_7) AppleWebKit/605.1.15 (KHTML, like Gecko) Version/18.7.5 Safari/605.1.15"
24.146.155.169 - - [02/Sep/2026:06:43:26 -0700] "GET /wp-content/uploads/hummingbird-assets/2d0fc86d08c0addc7f54a6a33ef11370.js HTTP/2.0" 200 10815 "https://usaigc.com/rules-policies/" "Mozilla/5.0 (Macintosh; Intel Mac OS X 10_15_7) AppleWebKit/605.1.15 (KHTML, like Gecko) Version/18.7.5 Safari/605.1.15"
24.146.155.169 - - [02/Sep/2026:06:43:26 -0700] "GET /wp-content/uploads/hummingbird-assets/507807d56b734f9aa4eb9cdeebecdb9f.css HTTP/2.0" 200 18942 "https://usaigc.com/rules-policies/" "Mozilla/5.0 (Macintosh; Intel Mac OS X 10_15_7) AppleWebKit/605.1.15 (KHTML, like Gecko) Version/18.7.5 Safari/605.1.15"
24.146.155.169 - - [02/Sep/2026:06:43:26 -0700] "GET /wp-content/plugins/elementor/assets/lib/font-awesome/js/v4-shims.min.js HTTP/2.0" 200 15073 "https://usaigc.com/rules-policies/" "Mozilla/5.0 (Macintosh; Intel Mac OS X 10_15_7) AppleWebKit/605.1.15 (KHTML, like Gecko) Version/18.7.5 Safari/605.1.15"
24.146.155.169 - - [02/Sep/2026:06:43:26 -0700] "GET /wp-content/plugins/elementor/assets/js/webpack.runtime.min.js HTTP/2.0" 200 5350 "https://usaigc.com/rules-policies/" "Mozilla/5.0 (Macintosh; Intel Mac OS X 10_15_7) AppleWebKit/605.1.15 (KHTML, like Gecko) Version/18.7.5 Safari/605.1.15"
24.146.155.169 - - [02/Sep/2026:06:43:26 -0700] "GET /wp-content/plugins/elementor-pro/assets/js/webpack-pro.runtime.min.js HTTP/2.0" 200 6263 "https://usaigc.com/rules-policies/" "Mozilla/5.0 (Macintosh; Intel Mac OS X 10_15_7) AppleWebKit/605.1.15 (KHTML, like Gecko) Version/18.7.5 Safari/605.1.15"
24.146.155.169 - - [02/Sep/2026:06:43:26 -0700] "GET /wp-includes/js/jquery/ui/core.min.js HTTP/2.0" 200 18674 "https://usaigc.com/rules-policies/" "Mozilla/5.0 (Macintosh; Intel Mac OS X 10_15_7) AppleWebKit/605.1.15 (KHTML, like Gecko) Version/18.7.5 Safari/605.1.15"
24.146.155.169 - - [02/Sep/2026:06:43:26 -0700] "GET /wp-content/uploads/hummingbird-assets/bd6bfff1b5bb06b58bacc9768c2a417e.js HTTP/2.0" 200 27972 "https://usaigc.com/rules-policies/" "Mozilla/5.0 (Macintosh; Intel Mac OS X 10_15_7) AppleWebKit/605.1.15 (KHTML, like Gecko) Version/18.7.5 Safari/605.1.15"
24.146.155.169 - - [02/Sep/2026:06:43:26 -0700] "GET /wp-content/plugins/elementor/assets/js/frontend-modules.min.js HTTP/2.0" 200 59749 "https://usaigc.com/rules-policies/" "Mozilla/5.0 (Macintosh; Intel Mac OS X 10_15_7) AppleWebKit/605.1.15 (KHTML, like Gecko) Version/18.7.5 Safari/605.1.15"
24.146.155.169 - - [02/Sep/2026:06:43:26 -0700] "GET /wp-content/uploads/hummingbird-assets/3b2aeb99691de3ed41fc96142f99d15e.css HTTP/2.0" 200 49702 "https://usaigc.com/rules-policies/" "Mozilla/5.0 (Macintosh; Intel Mac OS X 10_15_7) AppleWebKit/605.1.15 (KHTML, like Gecko) Version/18.7.5 Safari/605.1.15"
24.146.155.169 - - [02/Sep/2026:06:43:26 -0700] "GET /wp-content/uploads/hummingbird-assets/01292a0bfeb98219a4864300d4e673a5.js HTTP/2.0" 200 79037 "https://usaigc.com/rules-policies/" "Mozilla/5.0 (Macintosh; Intel Mac OS X 10_15_7) AppleWebKit/605.1.15 (KHTML, like Gecko) Version/18.7.5 Safari/605.1.15"
24.146.155.169 - - [02/Sep/2026:06:43:26 -0700] "GET /wp-content/uploads/hummingbird-assets/4f2f05e2bccbc74bfdc4d4a9af4df128.js HTTP/2.0" 200 84064 "https://usaigc.com/rules-policies/" "Mozilla/5.0 (Macintosh; Intel Mac OS X 10_15_7) AppleWebKit/605.1.15 (KHTML, like Gecko) Version/18.7.5 Safari/605.1.15"
24.146.155.169 - - [02/Sep/2026:06:43:27 -0700] "GET /wp-content/uploads/2020/12/2024-SAFE-CLUB-1.png HTTP/2.0" 200 90507 "https://usaigc.com/rules-policies/" "Mozilla/5.0 (Macintosh; Intel Mac OS X 10_15_7) AppleWebKit/605.1.15 (KHTML, like Gecko) Version/18.7.5 Safari/605.1.15"
24.146.155.169 - - [02/Sep/2026:06:43:27 -0700] "GET /wp-content/uploads/2020/12/2-kDVQFeBk7MRU6D1-removebg-preview.png HTTP/2.0" 200 43128 "https://usaigc.com/rules-policies/" "Mozilla/5.0 (Macintosh; Intel Mac OS X 10_15_7) AppleWebKit/605.1.15 (KHTML, like Gecko) Version/18.7.5 Safari/605.1.15"
24.146.155.169 - - [02/Sep/2026:06:43:27 -0700] "GET /wp-content/uploads/2020/12/iaigc_competition_logo_clear-removebg-preview.png HTTP/2.0" 200 41145 "https://usaigc.com/rules-policies/" "Mozilla/5.0 (Macintosh; Intel Mac OS X 10_15_7) AppleWebKit/605.1.15 (KHTML, like Gecko) Version/18.7.5 Safari/605.1.15"
24.146.155.169 - - [02/Sep/2026:06:43:27 -0700] "GET /wp-content/uploads/2020/12/PBSportzsoft-300x169-1-e1701549356217.png HTTP/2.0" 200 18957 "https://usaigc.com/rules-policies/" "Mozilla/5.0 (Macintosh; Intel Mac OS X 10_15_7) AppleWebKit/605.1.15 (KHTML, like Gecko) Version/18.7.5 Safari/605.1.15"
24.146.155.169 - - [02/Sep/2026:06:43:27 -0700] "GET /wp-content/uploads/hummingbird-assets/643adc03774cdb087b0ad109bcf87eea.css HTTP/2.0" 200 21084 "https://usaigc.com/rules-policies/" "Mozilla/5.0 (Macintosh; Intel Mac OS X 10_15_7) AppleWebKit/605.1.15 (KHTML, like Gecko) Version/18.7.5 Safari/605.1.15"
24.146.155.169 - - [02/Sep/2026:06:43:27 -0700] "GET /wp-content/uploads/hummingbird-assets/2ab2ba5f7f136571c5f6707948e9760f.css HTTP/2.0" 200 24769 "https://usaigc.com/rules-policies/" "Mozilla/5.0 (Macintosh; Intel Mac OS X 10_15_7) AppleWebKit/605.1.15 (KHTML, like Gecko) Version/18.7.5 Safari/605.1.15"
24.146.155.169 - - [02/Sep/2026:06:43:27 -0700] "GET /wp-content/plugins/elementor/assets/lib/font-awesome/webfonts/fa-solid-900.woff2 HTTP/2.0" 200 78196 "https://usaigc.com/rules-policies/" "Mozilla/5.0 (Macintosh; Intel Mac OS X 10_15_7) AppleWebKit/605.1.15 (KHTML, like Gecko) Version/18.7.5 Safari/605.1.15"
24.146.155.169 - - [02/Sep/2026:06:43:27 -0700] "GET /wp-content/uploads/elementor/custom-icons/theme-icons/fonts/theme-icons.ttf?yox6f HTTP/2.0" 200 5924 "https://usaigc.com/rules-policies/" "Mozilla/5.0 (Macintosh; Intel Mac OS X 10_15_7) AppleWebKit/605.1.15 (KHTML, like Gecko) Version/18.7.5 Safari/605.1.15"
24.146.155.169 - - [02/Sep/2026:06:43:27 -0700] "GET /wp-content/plugins/elementor/assets/lib/font-awesome/webfonts/fa-brands-400.woff2 HTTP/2.0" 200 81612 "https://usaigc.com/rules-policies/" "Mozilla/5.0 (Macintosh; Intel Mac OS X 10_15_7) AppleWebKit/605.1.15 (KHTML, like Gecko) Version/18.7.5 Safari/605.1.15"
24.146.155.169 - - [02/Sep/2026:06:43:27 -0700] "GET /wp-content/plugins/elementor/assets/lib/font-awesome/webfonts/fa-regular-400.woff2 HTTP/2.0" 200 13276 "https://usaigc.com/rules-policies/" "Mozilla/5.0 (Macintosh; Intel Mac OS X 10_15_7) AppleWebKit/605.1.15 (KHTML, like Gecko) Version/18.7.5 Safari/605.1.15"
24.146.155.169 - - [02/Sep/2026:06:43:27 -0700] "GET /wp-content/uploads/2023/11/shape-purple.png HTTP/2.0" 200 8036 "https://usaigc.com/rules-policies/" "Mozilla/5.0 (Macintosh; Intel Mac OS X 10_15_7) AppleWebKit/605.1.15 (KHTML, like Gecko) Version/18.7.5 Safari/605.1.15"
24.146.155.169 - - [02/Sep/2026:06:43:27 -0700] "GET /wp-content/themes/f7/vamtam/assets/js/low-priority.js HTTP/2.0" 200 1263 "https://usaigc.com/rules-policies/" "Mozilla/5.0 (Macintosh; Intel Mac OS X 10_15_7) AppleWebKit/605.1.15 (KHTML, like Gecko) Version/18.7.5 Safari/605.1.15"
24.146.155.169 - - [02/Sep/2026:06:43:27 -0700] "GET /wp-content/plugins/elementor/assets/lib/dialog/dialog.min.js?ver=4.9.3 HTTP/2.0" 200 11286 "https://usaigc.com/rules-policies/" "Mozilla/5.0 (Macintosh; Intel Mac OS X 10_15_7) AppleWebKit/605.1.15 (KHTML, like Gecko) Version/18.7.5 Safari/605.1.15"
24.146.155.169 - - [02/Sep/2026:06:43:27 -0700] "GET /wp-content/plugins/elementor-pro/assets/js/nav-menu.a23fbd67486c5bedf26c.bundle.min.js HTTP/2.0" 200 5282 "https://usaigc.com/rules-policies/" "Mozilla/5.0 (Macintosh; Intel Mac OS X 10_15_7) AppleWebKit/605.1.15 (KHTML, like Gecko) Version/18.7.5 Safari/605.1.15"
24.146.155.169 - - [02/Sep/2026:06:43:27 -0700] "GET /wp-content/plugins/instagram-feed/img/sbi-sprite.png HTTP/2.0" 200 3943 "https://usaigc.com/rules-policies/" "Mozilla/5.0 (Macintosh; Intel Mac OS X 10_15_7) AppleWebKit/605.1.15 (KHTML, like Gecko) Version/18.7.5 Safari/605.1.15"
24.146.155.169 - - [02/Sep/2026:06:43:27 -0700] "GET /wp-content/plugins/elementor/assets/js/text-editor.c084ef86600b6f11690d.bundle.min.js HTTP/2.0" 200 1394 "https://usaigc.com/rules-policies/" "Mozilla/5.0 (Macintosh; Intel Mac OS X 10_15_7) AppleWebKit/605.1.15 (KHTML, like Gecko) Version/18.7.5 Safari/605.1.15"
24.146.155.169 - - [02/Sep/2026:06:43:27 -0700] "GET /wp-content/plugins/elementor/assets/lib/eicons/fonts/eicons.woff2?5.35.0 HTTP/2.0" 200 98056 "https://usaigc.com/rules-policies/" "Mozilla/5.0 (Macintosh; Intel Mac OS X 10_15_7) AppleWebKit/605.1.15 (KHTML, like Gecko) Version/18.7.5 Safari/605.1.15"
24.146.155.169 - - [02/Sep/2026:06:43:28 -0700] "GET /wp-content/uploads/2023/11/illustration-arrow-right-1.svg HTTP/2.0" 200 334 "https://usaigc.com/rules-policies/" "Mozilla/5.0 (Macintosh; Intel Mac OS X 10_15_7) AppleWebKit/605.1.15 (KHTML, like Gecko) Version/18.7.5 Safari/605.1.15"
24.146.155.169 - - [02/Sep/2026:06:43:42 -0700] "GET / HTTP/2.0" 200 131156 "https://usaigc.com/rules-policies/" "Mozilla/5.0 (Macintosh; Intel Mac OS X 10_15_7) AppleWebKit/605.1.15 (KHTML, like Gecko) Version/18.7.5 Safari/605.1.15"
24.146.155.169 - - [02/Sep/2026:06:43:42 -0700] "GET /wp-content/uploads/hummingbird-assets/f2015d7b263362243841ecbb23ab63b8.css HTTP/2.0" 200 37219 "https://usaigc.com/" "Mozilla/5.0 (Macintosh; Intel Mac OS X 10_15_7) AppleWebKit/605.1.15 (KHTML, like Gecko) Version/18.7.5 Safari/605.1.15"
24.146.155.169 - - [02/Sep/2026:06:43:42 -0700] "GET /wp-content/uploads/elementor/css/post-11.css HTTP/2.0" 200 54362 "https://usaigc.com/" "Mozilla/5.0 (Macintosh; Intel Mac OS X 10_15_7) AppleWebKit/605.1.15 (KHTML, like Gecko) Version/18.7.5 Safari/605.1.15"
24.146.155.169 - - [02/Sep/2026:06:43:42 -0700] "GET /wp-content/uploads/hummingbird-assets/6c6cd98a6cb254c81a352bc7957ad68a.css HTTP/2.0" 200 61458 "https://usaigc.com/" "Mozilla/5.0 (Macintosh; Intel Mac OS X 10_15_7) AppleWebKit/605.1.15 (KHTML, like Gecko) Version/18.7.5 Safari/605.1.15"
24.146.155.169 - - [02/Sep/2026:06:43:42 -0700] "GET /wp-content/uploads/hummingbird-assets/49cdf6bbd09e930c7fbd2377304dfc4e.css HTTP/2.0" 200 259089 "https://usaigc.com/" "Mozilla/5.0 (Macintosh; Intel Mac OS X 10_15_7) AppleWebKit/605.1.15 (KHTML, like Gecko) Version/18.7.5 Safari/605.1.15"
24.146.155.169 - - [02/Sep/2026:06:43:42 -0700] "GET /wp-content/uploads/hummingbird-assets/b4af289e0ca1ead096a59d802fe8b520.css HTTP/2.0" 200 310020 "https://usaigc.com/" "Mozilla/5.0 (Macintosh; Intel Mac OS X 10_15_7) AppleWebKit/605.1.15 (KHTML, like Gecko) Version/18.7.5 Safari/605.1.15"
24.146.155.169 - - [02/Sep/2026:06:43:42 -0700] "GET /wp-content/uploads/hummingbird-assets/3119900ce03b730c311bb1ec88f60bb4.js HTTP/2.0" 200 424288 "https://usaigc.com/" "Mozilla/5.0 (Macintosh; Intel Mac OS X 10_15_7) AppleWebKit/605.1.15 (KHTML, like Gecko) Version/18.7.5 Safari/605.1.15"
24.146.155.169 - - [02/Sep/2026:06:43:42 -0700] "GET /wp-content/uploads/hummingbird-assets/67d2ab8eca88207793ca464316f15c10.js HTTP/2.0" 200 79037 "https://usaigc.com/" "Mozilla/5.0 (Macintosh; Intel Mac OS X 10_15_7) AppleWebKit/605.1.15 (KHTML, like Gecko) Version/18.7.5 Safari/605.1.15"
24.146.155.169 - - [02/Sep/2026:06:43:42 -0700] "GET /wp-content/uploads/2023/11/shutterstock_1374593345-2048x1024.jpg HTTP/2.0" 200 336196 "https://usaigc.com/" "Mozilla/5.0 (Macintosh; Intel Mac OS X 10_15_7) AppleWebKit/605.1.15 (KHTML, like Gecko) Version/18.7.5 Safari/605.1.15"
24.146.155.169 - - [02/Sep/2026:06:43:43 -0700] "GET /wp-content/uploads/2023/12/shutterstock_391011352.jpg HTTP/2.0" 200 796982 "https://usaigc.com/" "Mozilla/5.0 (Macintosh; Intel Mac OS X 10_15_7) AppleWebKit/605.1.15 (KHTML, like Gecko) Version/18.7.5 Safari/605.1.15"
24.146.155.169 - - [02/Sep/2026:06:43:43 -0700] "GET /wp-content/uploads/2023/11/shutterstock_1205204578-scaled.jpg HTTP/2.0" 200 210974 "https://usaigc.com/" "Mozilla/5.0 (Macintosh; Intel Mac OS X 10_15_7) AppleWebKit/605.1.15 (KHTML, like Gecko) Version/18.7.5 Safari/605.1.15"
24.146.155.169 - - [02/Sep/2026:06:43:43 -0700] "GET /wp-content/plugins/elementor-pro/assets/js/animated-headline.588a0449647bd4f113f3.bundle.min.js HTTP/2.0" 200 7567 "https://usaigc.com/" "Mozilla/5.0 (Macintosh; Intel Mac OS X 10_15_7) AppleWebKit/605.1.15 (KHTML, like Gecko) Version/18.7.5 Safari/605.1.15"
24.146.155.169 - - [02/Sep/2026:06:43:43 -0700] "GET /wp-content/plugins/elementor-pro/assets/js/lottie.e74a53bfa4c0bd939250.bundle.min.js HTTP/2.0" 200 14409 "https://usaigc.com/" "Mozilla/5.0 (Macintosh; Intel Mac OS X 10_15_7) AppleWebKit/605.1.15 (KHTML, like Gecko) Version/18.7.5 Safari/605.1.15"
24.146.155.169 - - [02/Sep/2026:06:43:43 -0700] "GET /wp-content/plugins/elementor-pro/assets/js/media-carousel.afbaabb756a7c18ddb09.bundle.min.js HTTP/2.0" 200 7003 "https://usaigc.com/" "Mozilla/5.0 (Macintosh; Intel Mac OS X 10_15_7) AppleWebKit/605.1.15 (KHTML, like Gecko) Version/18.7.5 Safari/605.1.15"
24.146.155.169 - - [02/Sep/2026:06:43:43 -0700] "GET /wp-content/uploads/2023/11/shutterstock_358163945-scaled.jpg HTTP/2.0" 200 564491 "https://usaigc.com/" "Mozilla/5.0 (Macintosh; Intel Mac OS X 10_15_7) AppleWebKit/605.1.15 (KHTML, like Gecko) Version/18.7.5 Safari/605.1.15"
24.146.155.169 - - [02/Sep/2026:06:43:43 -0700] "GET /wp-content/uploads/2021/03/Arrows-animation.json HTTP/2.0" 200 14916 "https://usaigc.com/" "Mozilla/5.0 (Macintosh; Intel Mac OS X 10_15_7) AppleWebKit/605.1.15 (KHTML, like Gecko) Version/18.7.5 Safari/605.1.15"
24.146.155.169 - - [02/Sep/2026:06:43:43 -0700] "GET /wp-content/uploads/2025/09/news-tesu-logo-e1758903721800.jpg HTTP/2.0" 200 46373 "https://usaigc.com/" "Mozilla/5.0 (Macintosh; Intel Mac OS X 10_15_7) AppleWebKit/605.1.15 (KHTML, like Gecko) Version/18.7.5 Safari/605.1.15"
24.146.155.169 - - [02/Sep/2026:06:43:43 -0700] "GET /wp-content/uploads/2025/05/AthleticsICC.jpg HTTP/2.0" 200 43167 "https://usaigc.com/" "Mozilla/5.0 (Macintosh; Intel Mac OS X 10_15_7) AppleWebKit/605.1.15 (KHTML, like Gecko) Version/18.7.5 Safari/605.1.15"
24.146.155.169 - - [02/Sep/2026:06:43:43 -0700] "GET /wp-content/uploads/2023/11/logo-4.png HTTP/2.0" 200 18860 "https://usaigc.com/" "Mozilla/5.0 (Macintosh; Intel Mac OS X 10_15_7) AppleWebKit/605.1.15 (KHTML, like Gecko) Version/18.7.5 Safari/605.1.15"
24.146.155.169 - - [02/Sep/2026:06:43:43 -0700] "GET /wp-content/uploads/2023/12/LiveLeagueLogo-1.png HTTP/2.0" 200 21313 "https://usaigc.com/" "Mozilla/5.0 (Macintosh; Intel Mac OS X 10_15_7) AppleWebKit/605.1.15 (KHTML, like Gecko) Version/18.7.5 Safari/605.1.15"
24.146.155.169 - - [02/Sep/2026:06:43:43 -0700] "GET /wp-content/uploads/2023/11/logo-2a1.png HTTP/2.0" 200 91276 "https://usaigc.com/" "Mozilla/5.0 (Macintosh; Intel Mac OS X 10_15_7) AppleWebKit/605.1.15 (KHTML, like Gecko) Version/18.7.5 Safari/605.1.15"
24.146.155.169 - - [02/Sep/2026:06:43:43 -0700] "GET /wp-content/uploads/2023/11/shutterstock_576622738.jpg HTTP/2.0" 200 2360990 "https://usaigc.com/" "Mozilla/5.0 (Macintosh; Intel Mac OS X 10_15_7) AppleWebKit/605.1.15 (KHTML, like Gecko) Version/18.7.5 Safari/605.1.15"
24.146.155.169 - - [02/Sep/2026:06:43:43 -0700] "GET /wp-content/uploads/2023/11/shutterstock_709217215.jpg HTTP/2.0" 200 3889657 "https://usaigc.com/" "Mozilla/5.0 (Macintosh; Intel Mac OS X 10_15_7) AppleWebKit/605.1.15 (KHTML, like Gecko) Version/18.7.5 Safari/605.1.15"
173.231.200.77 - - [02/Sep/2026:06:44:24 -0700] "POST /wp-cron.php?doing_wp_cron=1788356664.5456120967864990234375 HTTP/1.1" 200 - "-" "WordPress/7.1; https://usaigc.com"
171.107.135.41 - - [02/Sep/2026:06:44:24 -0700] "POST /wp-comments-post.php HTTP/1.1" 200 - "-" "Mozilla/5.0 (Windows NT 10.0; Win64; x64) AppleWebKit/537.36 (KHTML, like Gecko) Chrome/108.0.0.0 Safari/537.36 Edg/108.0.1462.46"
54.87.62.248 - - [02/Sep/2026:06:44:26 -0700] "GET /wp-content/plugins/elementor/app/modules/import-export/runners/ HTTP/1.1" 200 1482 "-" "Mozilla/5.0 AppleWebKit/537.36 (KHTML, like Gecko; compatible; Amazonbot/0.1; +https://developer.amazon.com/support/amazonbot) Chrome/119.0.6045.214 Safari/537.36"
52.70.209.13 - - [02/Sep/2026:06:44:29 -0700] "GET /wp-content/plugins/elementor-pro/core/app/modules/ HTTP/1.1" 200 1451 "-" "Mozilla/5.0 AppleWebKit/537.36 (KHTML, like Gecko; compatible; Amazonbot/0.1; +https://developer.amazon.com/support/amazonbot) Chrome/119.0.6045.214 Safari/537.36"
173.231.200.77 - - [02/Sep/2026:06:47:56 -0700] "POST /wp-cron.php?doing_wp_cron=1788356876.3839290142059326171875 HTTP/1.1" 200 - "-" "WordPress/7.1; https://usaigc.com"
74.7.241.131 - - [02/Sep/2026:06:47:56 -0700] "GET /robots.txt HTTP/2.0" 200 153 "-" "Mozilla/5.0 (Macintosh; Intel Mac OS X 10_15_7) AppleWebKit/537.36 (KHTML, like Gecko) Chrome/131.0.0.0 Safari/537.36; compatible; OAI-SearchBot/1.4; robots.txt; +https://openai.com/searchbot"
74.7.227.5 - - [02/Sep/2026:06:47:56 -0700] "GET / HTTP/2.0" 301 - "-" "Mozilla/5.0 AppleWebKit/537.36 (KHTML, like Gecko; compatible; GPTBot/1.4; +https://openai.com/gptbot)"
173.231.200.77 - - [02/Sep/2026:06:52:27 -0700] "POST /wp-cron.php?doing_wp_cron=1788357147.8047070503234863281250 HTTP/1.1" 200 - "-" "WordPress/7.1; https://usaigc.com"
216.73.216.78 - - [02/Sep/2026:06:52:27 -0700] "GET /sitemap.xml HTTP/2.0" 200 800 "-" "Mozilla/5.0 AppleWebKit/537.36 (KHTML, like Gecko; compatible; ClaudeBot/1.0; +claudebot@anthropic.com)"
98.84.200.43 - - [02/Sep/2026:06:53:05 -0700] "GET /wp-content/plugins/elementor/app/modules/kit-library/data/?C=N;O%3DD HTTP/1.1" 200 1478 "-" "Mozilla/5.0 AppleWebKit/537.36 (KHTML, like Gecko; compatible; Amazonbot/0.1; +https://developer.amazon.com/support/amazonbot) Chrome/119.0.6045.214 Safari/537.36"
54.157.99.244 - - [02/Sep/2026:06:53:10 -0700] "GET /wp-content/plugins/elementor-pro/assets/lib/html2canvas/js/?C=N;O%3DA HTTP/1.1" 200 1130 "-" "Mozilla/5.0 AppleWebKit/537.36 (KHTML, like Gecko; compatible; Amazonbot/0.1; +https://developer.amazon.com/support/amazonbot) Chrome/119.0.6045.214 Safari/537.36"
184.73.47.24 - - [02/Sep/2026:06:53:13 -0700] "GET /wp-content/plugins/elementor/assets/js/packages/icons/?C=S;O%3DD HTTP/1.1" 200 1655 "-" "Mozilla/5.0 AppleWebKit/537.36 (KHTML, like Gecko; compatible; Amazonbot/0.1; +https://developer.amazon.com/support/amazonbot) Chrome/119.0.6045.214 Safari/537.36"
18.214.238.178 - - [02/Sep/2026:06:53:17 -0700] "GET /wp-content/plugins/elementor-pro/modules/global-widget/views/?C=N;O%3DA HTTP/1.1" 200 951 "-" "Mozilla/5.0 AppleWebKit/537.36 (KHTML, like Gecko; compatible; Amazonbot/0.1; +https://developer.amazon.com/support/amazonbot) Chrome/119.0.6045.214 Safari/537.36"
52.45.77.169 - - [02/Sep/2026:06:53:21 -0700] "GET /wp-content/plugins/elementor/core/kits/documents/tabs/?C=M;O%3DA HTTP/1.1" 200 3230 "-" "Mozilla/5.0 AppleWebKit/537.36 (KHTML, like Gecko; compatible; Amazonbot/0.1; +https://developer.amazon.com/support/amazonbot) Chrome/119.0.6045.214 Safari/537.36"
3.224.215.150 - - [02/Sep/2026:06:53:25 -0700] "GET /wp-content/plugins/elementor/core/logger/items/?C=N;O%3DA HTTP/1.1" 200 1614 "-" "Mozilla/5.0 AppleWebKit/537.36 (KHTML, like Gecko; compatible; Amazonbot/0.1; +https://developer.amazon.com/support/amazonbot) Chrome/119.0.6045.214 Safari/537.36"
52.3.155.146 - - [02/Sep/2026:06:53:29 -0700] "GET /wp-content/plugins/elementor/assets/lib/eicons/fonts/?C=D;O%3DD HTTP/1.1" 200 1634 "-" "Mozilla/5.0 AppleWebKit/537.36 (KHTML, like Gecko; compatible; Amazonbot/0.1; +https://developer.amazon.com/support/amazonbot) Chrome/119.0.6045.214 Safari/537.36"
54.210.155.69 - - [02/Sep/2026:06:53:33 -0700] "GET /wp-content/plugins/elementor-pro/core/compatibility/?C=D;O%3DD HTTP/1.1" 200 915 "-" "Mozilla/5.0 AppleWebKit/537.36 (KHTML, like Gecko; compatible; Amazonbot/0.1; +https://developer.amazon.com/support/amazonbot) Chrome/119.0.6045.214 Safari/537.36"
34.192.67.98 - - [02/Sep/2026:06:53:37 -0700] "GET /wp-content/plugins/elementor-pro/modules/forms/classes/?C=M;O%3DD HTTP/1.1" 200 3739 "-" "Mozilla/5.0 AppleWebKit/537.36 (KHTML, like Gecko; compatible; Amazonbot/0.1; +https://developer.amazon.com/support/amazonbot) Chrome/119.0.6045.214 Safari/537.36"
18.213.240.226 - - [02/Sep/2026:06:53:41 -0700] "GET /wp-content/plugins/elementor/core/common/modules/connect/ HTTP/1.1" 200 1468 "-" "Mozilla/5.0 AppleWebKit/537.36 (KHTML, like Gecko; compatible; Amazonbot/0.1; +https://developer.amazon.com/support/amazonbot) Chrome/119.0.6045.214 Safari/537.36"
44.207.207.36 - - [02/Sep/2026:06:53:45 -0700] "GET /wp-content/plugins/elementor/modules/nested-elements/base/?C=D;O%3DA HTTP/1.1" 200 947 "-" "Mozilla/5.0 AppleWebKit/537.36 (KHTML, like Gecko; compatible; Amazonbot/0.1; +https://developer.amazon.com/support/amazonbot) Chrome/119.0.6045.214 Safari/537.36"
34.231.77.232 - - [02/Sep/2026:06:53:49 -0700] "GET /wp-content/plugins/elementor/modules/atomic-widgets/prop-types/primitives/?C=S;O%3DA HTTP/1.1" 200 1565 "-" "Mozilla/5.0 AppleWebKit/537.36 (KHTML, like Gecko; compatible; Amazonbot/0.1; +https://developer.amazon.com/support/amazonbot) Chrome/119.0.6045.214 Safari/537.36"
34.202.88.37 - - [02/Sep/2026:06:53:53 -0700] "GET /wp-content/plugins/elementor/vendor_prefixed/php-di/php-di/src/Definition/Exception/?C=M;O%3DD HTTP/1.1" 200 1208 "-" "Mozilla/5.0 AppleWebKit/537.36 (KHTML, like Gecko; compatible; Amazonbot/0.1; +https://developer.amazon.com/support/amazonbot) Chrome/119.0.6045.214 Safari/537.36"
173.231.200.77 - - [02/Sep/2026:06:54:53 -0700] "POST /wp-cron.php?doing_wp_cron=1788357293.2272589206695556640625 HTTP/1.1" 200 - "-" "WordPress/7.1; https://usaigc.com"
167.99.138.78 - - [02/Sep/2026:06:54:53 -0700] "POST /wp-login.php HTTP/1.1" 200 7615 "-" "Mozilla/5.0"
161.35.193.156 - - [02/Sep/2026:06:55:14 -0700] "POST /wp-login.php HTTP/1.1" 200 7596 "-" "Mozilla/5.0"
173.231.200.77 - - [02/Sep/2026:06:55:58 -0700] "POST /wp-cron.php?doing_wp_cron=1788357358.5722229480743408203125 HTTP/1.1" 200 - "-" "WordPress/7.1; https://usaigc.com"
14.232.146.206 - - [02/Sep/2026:06:55:58 -0700] "GET /CompetitionScores/3-26%20IN%20House%20Meet%20Results1.pdf HTTP/1.1" 301 - "https://www.usaigc.com/" "Mozilla/5.0 (Macintosh; Intel Mac OS X 10_15_7) AppleWebKit/605.1.15 (KHTML, like Gecko) Version/17.2 Safari/605.1.15"
103.150.68.105 - - [02/Sep/2026:06:56:00 -0700] "GET /CompetitionScores/3-26%20IN%20House%20Meet%20Results1.pdf HTTP/1.1" 404 100919 "https://www.usaigc.com/" "Mozilla/5.0 (Macintosh; Intel Mac OS X 10_15_7) AppleWebKit/605.1.15 (KHTML, like Gecko) Version/17.2 Safari/605.1.15"
173.231.200.77 - - [02/Sep/2026:06:57:01 -0700] "POST /wp-cron.php?doing_wp_cron=1788357421.5874199867248535156250 HTTP/1.1" 200 - "-" "WordPress/7.1; https://usaigc.com"
136.144.43.133 - - [02/Sep/2026:06:57:01 -0700] "POST /wp-login.php HTTP/1.1" 200 7596 "-" "Mozilla/5.0"
173.231.200.77 - - [02/Sep/2026:06:58:22 -0700] "POST /wp-cron.php?doing_wp_cron=1788357502.2713220119476318359375 HTTP/1.1" 200 - "-" "WordPress/7.1; https://usaigc.com"
216.73.216.78 - - [02/Sep/2026:06:58:22 -0700] "GET /robots.txt HTTP/2.0" 200 153 "-" "Mozilla/5.0 AppleWebKit/537.36 (KHTML, like Gecko; compatible; ClaudeBot/1.0; +claudebot@anthropic.com)"
216.73.216.78 - - [02/Sep/2026:06:58:22 -0700] "GET /sitemap.rss HTTP/2.0" 200 14383 "-" "Mozilla/5.0 AppleWebKit/537.36 (KHTML, like Gecko; compatible; ClaudeBot/1.0; +claudebot@anthropic.com)"
223.109.252.154 - - [02/Sep/2026:07:00:33 -0700] "GET /crossfit/ HTTP/1.1" 200 104196 "-" "Sogou web spider/4.0(+http://www.sogou.com/docs/help/webmasters.htm#07)"
173.231.200.77 - - [02/Sep/2026:07:02:13 -0700] "POST /wp-cron.php?doing_wp_cron=1788357733.6421720981597900390625 HTTP/1.1" 200 - "-" "WordPress/7.1; https://usaigc.com"
136.70.92.207 - - [02/Sep/2026:07:02:13 -0700] "GET / HTTP/2.0" 301 - "http://www.usaigc.com.altereddigital.com" "Mozilla/5.0 (compatible; CMS-Checker/1.0; +https://example.com)"
136.70.92.207 - - [02/Sep/2026:07:02:14 -0700] "GET / HTTP/2.0" 200 131156 "https://www.usaigc.com.altereddigital.com/" "Mozilla/5.0 (compatible; CMS-Checker/1.0; +https://example.com)"
173.231.200.77 - - [02/Sep/2026:07:02:39 -0700] "POST /wp-cron.php?doing_wp_cron=1788357759.2535829544067382812500 HTTP/1.1" 200 - "-" "WordPress/7.1; https://usaigc.com"
167.99.138.78 - - [02/Sep/2026:07:02:39 -0700] "POST /wp-login.php HTTP/1.1" 200 7615 "-" "Mozilla/5.0"
161.35.193.156 - - [02/Sep/2026:07:02:40 -0700] "POST /wp-login.php HTTP/1.1" 200 7596 "-" "Mozilla/5.0"
195.178.110.209 - - [02/Sep/2026:07:05:42 -0700] "GET /api/session/properties HTTP/1.1" 404 3425 "-" "metabase-cve-2026-72898-detect/1.0 (benign detection probes only)"
121.229.156.93 - - [02/Sep/2026:07:08:17 -0700] "GET /contact/ HTTP/1.1" 200 98296 "-" "Sogou web spider/4.0(+http://www.sogou.com/docs/help/webmasters.htm#07)"
173.231.200.77 - - [02/Sep/2026:07:08:39 -0700] "POST /wp-cron.php?doing_wp_cron=1788358119.1281480789184570312500 HTTP/1.1" 200 - "-" "WordPress/7.1; https://usaigc.com"
39.44.93.168 - - [02/Sep/2026:07:08:38 -0700] "GET / HTTP/2.0" 301 - "-" "Mozilla/5.0 (Windows NT 10.0; Win64; x64) AppleWebKit/537.36 (KHTML, like Gecko) Chrome/153.0.0.0 Safari/537.36"
39.44.93.168 - - [02/Sep/2026:07:08:39 -0700] "GET / HTTP/2.0" 200 131156 "-" "Mozilla/5.0 (Windows NT 10.0; Win64; x64) AppleWebKit/537.36 (KHTML, like Gecko) Chrome/153.0.0.0 Safari/537.36"
39.44.93.168 - - [02/Sep/2026:07:08:41 -0700] "GET / HTTP/2.0" 301 - "-" "Mozilla/5.0 (Windows NT 10.0; Win64; x64) AppleWebKit/537.36 (KHTML, like Gecko) Chrome/153.0.0.0 Safari/537.36"
39.44.93.168 - - [02/Sep/2026:07:08:41 -0700] "GET /contact/ HTTP/2.0" 200 105204 "-" "Mozilla/5.0 (Windows NT 10.0; Win64; x64) AppleWebKit/537.36 (KHTML, like Gecko) Chrome/153.0.0.0 Safari/537.36"
121.229.156.93 - - [02/Sep/2026:07:08:41 -0700] "GET /contact/ HTTP/1.1" 200 105204 "-" "Sogou web spider/4.0(+http://www.sogou.com/docs/help/webmasters.htm#07)"
34.7.247.190 - - [02/Sep/2026:07:08:53 -0700] "GET / HTTP/2.0" 301 - "http://usaigc.com.altereddigital.com" "Mozilla/5.0 (compatible; CMS-Checker/1.0; +https://example.com)"
34.7.247.190 - - [02/Sep/2026:07:08:56 -0700] "GET / HTTP/2.0" 200 131156 "https://usaigc.com.altereddigital.com/" "Mozilla/5.0 (compatible; CMS-Checker/1.0; +https://example.com)"
173.231.200.77 - - [02/Sep/2026:07:09:39 -0700] "POST /wp-cron.php?doing_wp_cron=1788358179.5552229881286621093750 HTTP/1.1" 200 - "-" "WordPress/7.1; https://usaigc.com"
34.222.195.72 - - [02/Sep/2026:07:09:39 -0700] "GET /SitePDFs/Bronze%20Small%20Team.pdf HTTP/1.1" 404 100735 "-" "python-httpx/0.28.1"
34.222.195.72 - - [02/Sep/2026:07:09:40 -0700] "GET /SitePDFs/Bronze%20Small%20Team.pdf HTTP/1.1" 404 100735 "-" "python-httpx/0.28.1"
34.222.195.72 - - [02/Sep/2026:07:09:43 -0700] "GET /SitePDFs/Bronze%20Small%20Team.pdf HTTP/1.1" 404 100735 "-" "python-httpx/0.28.1"
161.35.193.156 - - [02/Sep/2026:07:09:58 -0700] "POST /wp-login.php HTTP/1.1" 200 7596 "-" "Mozilla/5.0"
121.229.156.93 - - [02/Sep/2026:07:09:10 -0700] "GET /contact/ HTTP/1.1" 200 105204 "-" "Sogou web spider/4.0(+http://www.sogou.com/docs/help/webmasters.htm#07)"
121.229.156.93 - - [02/Sep/2026:07:09:45 -0700] "GET /contact/ HTTP/1.1" 200 90104 "-" "Sogou web spider/4.0(+http://www.sogou.com/docs/help/webmasters.htm#07)"
173.231.200.77 - - [02/Sep/2026:07:10:27 -0700] "POST /wp-cron.php?doing_wp_cron=1788358227.1575179100036621093750 HTTP/1.1" 200 - "-" "WordPress/7.1; https://usaigc.com"
167.99.138.78 - - [02/Sep/2026:07:10:27 -0700] "POST /wp-login.php HTTP/1.1" 200 7615 "-" "Mozilla/5.0"
121.229.156.93 - - [02/Sep/2026:07:10:09 -0700] "GET /contact/ HTTP/1.1" 200 105204 "-" "Sogou web spider/4.0(+http://www.sogou.com/docs/help/webmasters.htm#07)"
52.201.155.215 - - [02/Sep/2026:07:11:21 -0700] "GET /wp-content/plugins/elementor-pro/modules/notes/notifications/views/ HTTP/1.1" 200 960 "-" "Mozilla/5.0 AppleWebKit/537.36 (KHTML, like Gecko; compatible; Amazonbot/0.1; +https://developer.amazon.com/support/amazonbot) Chrome/119.0.6045.214 Safari/537.36"
173.231.200.77 - - [02/Sep/2026:07:11:40 -0700] "POST /wp-cron.php?doing_wp_cron=1788358300.5991559028625488281250 HTTP/1.1" 200 - "-" "WordPress/7.1; https://usaigc.com"
51.68.107.159 - - [02/Sep/2026:07:11:39 -0700] "GET /robots.txt HTTP/1.1" 301 - "-" "Mozilla/5.0 (compatible; MJ12bot/v2.0.5; http://mj12bot.com/)"
51.68.107.159 - - [02/Sep/2026:07:11:41 -0700] "GET /robots.txt HTTP/1.1" 200 153 "-" "Mozilla/5.0 (compatible; MJ12bot/v2.0.5; http://mj12bot.com/)"
51.68.107.159 - - [02/Sep/2026:07:11:41 -0700] "GET / HTTP/1.1" 301 - "-" "Mozilla/5.0 (compatible; MJ12bot/v2.0.5; http://mj12bot.com/)"
51.68.107.159 - - [02/Sep/2026:07:11:42 -0700] "GET / HTTP/1.1" 200 131156 "-" "Mozilla/5.0 (compatible; MJ12bot/v2.0.5; http://mj12bot.com/)"
173.231.200.77 - - [02/Sep/2026:07:13:39 -0700] "POST /wp-cron.php?doing_wp_cron=1788358419.2438979148864746093750 HTTP/1.1" 200 - "-" "WordPress/7.1; https://usaigc.com"
40.77.167.57 - - [02/Sep/2026:07:13:38 -0700] "GET /gallery/fitness-care-gallery7/ HTTP/2.0" 404 100695 "-" "Mozilla/5.0 AppleWebKit/537.36 (KHTML, like Gecko; compatible; bingbot/2.0; +http://www.bing.com/bingbot.htm) Chrome/116.0.1938.76 Safari/537.36"
180.102.110.146 - - [02/Sep/2026:07:14:18 -0700] "GET /schedules/ HTTP/1.1" 200 99706 "-" "Sogou web spider/4.0(+http://www.sogou.com/docs/help/webmasters.htm#07)"
180.102.110.146 - - [02/Sep/2026:07:14:54 -0700] "GET /schedules/ HTTP/1.1" 200 99706 "-" "Sogou web spider/4.0(+http://www.sogou.com/docs/help/webmasters.htm#07)"
173.231.200.77 - - [02/Sep/2026:07:15:43 -0700] "POST /wp-cron.php?doing_wp_cron=1788358543.4993131160736083984375 HTTP/1.1" 200 - "-" "WordPress/7.1; https://usaigc.com"
136.144.43.132 - - [02/Sep/2026:07:15:43 -0700] "POST /wp-login.php HTTP/1.1" 200 7596 "-" "Mozilla/5.0"
121.229.156.93 - - [02/Sep/2026:07:11:10 -0700] "GET /contact/ HTTP/1.1" 200 90104 "-" "Sogou web spider/4.0(+http://www.sogou.com/docs/help/webmasters.htm#07)"
173.231.200.77 - - [02/Sep/2026:07:17:05 -0700] "POST /wp-cron.php?doing_wp_cron=1788358625.9212460517883300781250 HTTP/1.1" 200 - "-" "WordPress/7.1; https://usaigc.com"
52.44.174.136 - - [02/Sep/2026:07:17:05 -0700] "GET /wp-json/wp/v2/pages/10 HTTP/1.1" 200 1687 "-" "Mozilla/5.0 AppleWebKit/537.36 (KHTML, like Gecko; compatible; Amazonbot/0.1; +https://developer.amazon.com/support/amazonbot) Chrome/119.0.6045.214 Safari/537.36"
161.35.193.156 - - [02/Sep/2026:07:17:10 -0700] "POST /wp-login.php HTTP/1.1" 200 7596 "-" "Mozilla/5.0"
173.231.200.77 - - [02/Sep/2026:07:17:56 -0700] "POST /wp-cron.php?doing_wp_cron=1788358676.2559309005737304687500 HTTP/1.1" 200 - "-" "WordPress/7.1; https://usaigc.com"
45.61.184.170 - - [02/Sep/2026:07:17:56 -0700] "GET /wp-login.php HTTP/1.1" 200 7211 "-" "Mozilla/5.0 (Windows NT 10.0; Win64; x64) AppleWebKit/537.36 (KHTML, like Gecko) Chrome/131.0.0.0 Safari/537.36"
45.61.184.170 - - [02/Sep/2026:07:17:56 -0700] "POST /wp-admin/admin-ajax.php HTTP/1.1" 400 1 "-" "Mozilla/5.0 (Windows NT 10.0; Win64; x64) AppleWebKit/537.36 (KHTML, like Gecko) Chrome/131.0.0.0 Safari/537.36"
45.61.184.170 - - [02/Sep/2026:07:17:57 -0700] "POST /wp-admin/admin-ajax.php HTTP/1.1" 400 1 "-" "Mozilla/5.0 (Windows NT 10.0; Win64; x64) AppleWebKit/537.36 (KHTML, like Gecko) Chrome/131.0.0.0 Safari/537.36"
45.61.184.170 - - [02/Sep/2026:07:17:57 -0700] "GET /?trp-edit-translation=preview HTTP/1.1" 200 130931 "-" "Mozilla/5.0 (Windows NT 10.0; Win64; x64) AppleWebKit/537.36 (KHTML, like Gecko) Chrome/131.0.0.0 Safari/537.36"
45.61.184.170 - - [02/Sep/2026:07:17:58 -0700] "GET / HTTP/1.1" 200 131156 "-" "Mozilla/5.0 (Windows NT 10.0; Win64; x64) AppleWebKit/537.36 (KHTML, like Gecko) Chrome/131.0.0.0 Safari/537.36"
167.99.138.78 - - [02/Sep/2026:07:18:15 -0700] "POST /wp-login.php HTTP/1.1" 200 7615 "-" "Mozilla/5.0"
173.231.200.77 - - [02/Sep/2026:07:18:51 -0700] "POST /wp-cron.php?doing_wp_cron=1788358731.4382500648498535156250 HTTP/1.1" 200 - "-" "WordPress/7.1; https://usaigc.com"
34.222.195.72 - - [02/Sep/2026:07:18:50 -0700] "GET /SitePDFs/Bronze%20Finals%2010%20years.pdf HTTP/1.1" 404 100791 "-" "python-httpx/0.28.1"
34.222.195.72 - - [02/Sep/2026:07:18:52 -0700] "GET /SitePDFs/Bronze%20Finals%2010%20years.pdf HTTP/1.1" 404 100791 "-" "python-httpx/0.28.1"
34.222.195.72 - - [02/Sep/2026:07:18:55 -0700] "GET /SitePDFs/Bronze%20Finals%2010%20years.pdf HTTP/1.1" 404 100791 "-" "python-httpx/0.28.1"
173.231.200.77 - - [02/Sep/2026:07:20:36 -0700] "POST /wp-cron.php?doing_wp_cron=1788358836.2026069164276123046875 HTTP/1.1" 200 - "-" "WordPress/7.1; https://usaigc.com"
152.163.122.122 - - [02/Sep/2026:07:20:36 -0700] "GET /robots.txt HTTP/1.1" 301 - "-" "Mozilla/5.0 (Windows NT 10.0; Win64; x64) AppleWebKit/537.36 (KHTML, like Gecko) Chrome/94.0.4606.81 Safari/537.36"
152.163.122.122 - - [02/Sep/2026:07:20:39 -0700] "GET /robots.txt HTTP/1.1" 200 153 "-" "Mozilla/5.0 (Windows NT 10.0; Win64; x64) AppleWebKit/537.36 (KHTML, like Gecko) Chrome/94.0.4606.81 Safari/537.36"
152.163.122.122 - - [02/Sep/2026:07:21:09 -0700] "GET / HTTP/1.1" 301 - "-" "Mozilla/5.0 (Windows NT 10.0; Win64; x64) AppleWebKit/537.36 (KHTML, like Gecko) Chrome/94.0.4606.81 Safari/537.36"
34.222.195.72 - - [02/Sep/2026:07:21:20 -0700] "GET /SitePDFs/Bronze%20Event%20Finals%2012%20years.pdf HTTP/1.1" 404 100855 "-" "python-httpx/0.28.1"
173.231.200.77 - - [02/Sep/2026:07:21:22 -0700] "POST /wp-cron.php?doing_wp_cron=1788358882.5725049972534179687500 HTTP/1.1" 200 - "-" "WordPress/7.1; https://usaigc.com"
34.222.195.72 - - [02/Sep/2026:07:21:22 -0700] "GET /SitePDFs/Bronze%20Event%20Finals%2012%20years.pdf HTTP/1.1" 404 100855 "-" "python-httpx/0.28.1"
34.222.195.72 - - [02/Sep/2026:07:21:24 -0700] "GET /SitePDFs/Bronze%20Event%20Finals%2012%20years.pdf HTTP/1.1" 404 100855 "-" "python-httpx/0.28.1"
152.163.122.122 - - [02/Sep/2026:07:20:40 -0700] "GET / HTTP/1.1" 200 131156 "-" "Mozilla/5.0 (Windows NT 10.0; Win64; x64) AppleWebKit/537.36 (KHTML, like Gecko) Chrome/94.0.4606.81 Safari/537.36"
152.163.122.122 - - [02/Sep/2026:07:21:56 -0700] "GET / HTTP/1.1" 200 131156 "-" "Mozilla/5.0 (Windows NT 10.0; Win64; x64) AppleWebKit/537.36 (KHTML, like Gecko) Chrome/94.0.4606.81 Safari/537.36"
173.231.200.77 - - [02/Sep/2026:07:24:24 -0700] "POST /wp-cron.php?doing_wp_cron=1788359064.2879800796508789062500 HTTP/1.1" 200 - "-" "WordPress/7.1; https://usaigc.com"
161.35.193.156 - - [02/Sep/2026:07:24:24 -0700] "POST /wp-login.php HTTP/1.1" 200 7596 "-" "Mozilla/5.0"
173.231.200.77 - - [02/Sep/2026:07:26:06 -0700] "POST /wp-cron.php?doing_wp_cron=1788359166.2958509922027587890625 HTTP/1.1" 200 - "-" "WordPress/7.1; https://usaigc.com"
167.99.138.78 - - [02/Sep/2026:07:26:06 -0700] "POST /wp-login.php HTTP/1.1" 200 7615 "-" "Mozilla/5.0"
51.68.111.203 - - [02/Sep/2026:07:26:13 -0700] "GET /robots.txt HTTP/1.1" 200 153 "-" "Mozilla/5.0 (compatible; MJ12bot/v2.0.5; http://mj12bot.com/)"
51.68.111.203 - - [02/Sep/2026:07:26:13 -0700] "GET / HTTP/1.1" 200 131156 "-" "Mozilla/5.0 (compatible; MJ12bot/v2.0.5; http://mj12bot.com/)"
173.231.200.77 - - [02/Sep/2026:07:28:59 -0700] "POST /wp-cron.php?doing_wp_cron=1788359339.4713129997253417968750 HTTP/1.1" 200 - "-" "WordPress/7.1; https://usaigc.com"
34.222.195.72 - - [02/Sep/2026:07:28:58 -0700] "GET /SitePDFs/Bronze%20Finals%2011%20years.pdf HTTP/1.1" 404 100791 "-" "python-httpx/0.28.1"
136.70.92.207 - - [02/Sep/2026:07:28:59 -0700] "GET / HTTP/1.1" 301 - "-" "Mozilla/5.0 (Windows NT 10.0; Win64; x64) AppleWebKit/537.36 (KHTML, like Gecko) Chrome/78.0.3904.108 Safari/537.36"
136.70.92.207 - - [02/Sep/2026:07:29:00 -0700] "GET //wp-includes/wlwmanifest.xml HTTP/1.1" 301 - "-" "Mozilla/5.0 (Windows NT 10.0; Win64; x64) AppleWebKit/537.36 (KHTML, like Gecko) Chrome/78.0.3904.108 Safari/537.36"
136.70.92.207 - - [02/Sep/2026:07:29:00 -0700] "GET //xmlrpc.php?rsd HTTP/1.1" 200 774 "-" "Mozilla/5.0 (Windows NT 10.0; Win64; x64) AppleWebKit/537.36 (KHTML, like Gecko) Chrome/78.0.3904.108 Safari/537.36"
136.70.92.207 - - [02/Sep/2026:07:29:00 -0700] "GET //?author=1 HTTP/1.1" 301 - "-" "Mozilla/5.0 (Windows NT 10.0; Win64; x64) AppleWebKit/537.36 (KHTML, like Gecko) Chrome/78.0.3904.108 Safari/537.36"
136.70.92.207 - - [02/Sep/2026:07:29:00 -0700] "GET //?author=2 HTTP/1.1" 301 - "-" "Mozilla/5.0 (Windows NT 10.0; Win64; x64) AppleWebKit/537.36 (KHTML, like Gecko) Chrome/78.0.3904.108 Safari/537.36"
34.222.195.72 - - [02/Sep/2026:07:29:00 -0700] "GET /SitePDFs/Bronze%20Finals%2011%20years.pdf HTTP/1.1" 404 100791 "-" "python-httpx/0.28.1"
136.70.92.207 - - [02/Sep/2026:07:29:01 -0700] "GET //wp-json/wp/v2/users/ HTTP/1.1" 200 903 "-" "Mozilla/5.0 (Windows NT 10.0; Win64; x64) AppleWebKit/537.36 (KHTML, like Gecko) Chrome/78.0.3904.108 Safari/537.36"
136.70.92.207 - - [02/Sep/2026:07:29:01 -0700] "POST //xmlrpc.php HTTP/1.1" 200 401 "-" "Mozilla/5.0 (Windows NT 10.0; Win64; x64) AppleWebKit/537.36 (KHTML, like Gecko) Chrome/78.0.3904.108 Safari/537.36"
136.70.92.207 - - [02/Sep/2026:07:29:01 -0700] "POST //xmlrpc.php HTTP/1.1" 200 401 "-" "Mozilla/5.0 (Windows NT 10.0; Win64; x64) AppleWebKit/537.36 (KHTML, like Gecko) Chrome/78.0.3904.108 Safari/537.36"
136.70.92.207 - - [02/Sep/2026:07:29:02 -0700] "POST //xmlrpc.php HTTP/1.1" 200 401 "-" "Mozilla/5.0 (Windows NT 10.0; Win64; x64) AppleWebKit/537.36 (KHTML, like Gecko) Chrome/78.0.3904.108 Safari/537.36"
136.70.92.207 - - [02/Sep/2026:07:29:02 -0700] "POST //xmlrpc.php HTTP/1.1" 200 401 "-" "Mozilla/5.0 (Windows NT 10.0; Win64; x64) AppleWebKit/537.36 (KHTML, like Gecko) Chrome/78.0.3904.108 Safari/537.36"
136.70.92.207 - - [02/Sep/2026:07:29:03 -0700] "POST //xmlrpc.php HTTP/1.1" 200 401 "-" "Mozilla/5.0 (Windows NT 10.0; Win64; x64) AppleWebKit/537.36 (KHTML, like Gecko) Chrome/78.0.3904.108 Safari/537.36"
34.222.195.72 - - [02/Sep/2026:07:29:03 -0700] "GET /SitePDFs/Bronze%20Finals%2011%20years.pdf HTTP/1.1" 404 100791 "-" "python-httpx/0.28.1"
136.70.92.207 - - [02/Sep/2026:07:29:03 -0700] "POST //xmlrpc.php HTTP/1.1" 200 401 "-" "Mozilla/5.0 (Windows NT 10.0; Win64; x64) AppleWebKit/537.36 (KHTML, like Gecko) Chrome/78.0.3904.108 Safari/537.36"
136.70.92.207 - - [02/Sep/2026:07:29:04 -0700] "POST //xmlrpc.php HTTP/1.1" 200 401 "-" "Mozilla/5.0 (Windows NT 10.0; Win64; x64) AppleWebKit/537.36 (KHTML, like Gecko) Chrome/78.0.3904.108 Safari/537.36"
136.70.92.207 - - [02/Sep/2026:07:29:04 -0700] "POST //xmlrpc.php HTTP/1.1" 200 401 "-" "Mozilla/5.0 (Windows NT 10.0; Win64; x64) AppleWebKit/537.36 (KHTML, like Gecko) Chrome/78.0.3904.108 Safari/537.36"
136.70.92.207 - - [02/Sep/2026:07:29:05 -0700] "POST //xmlrpc.php HTTP/1.1" 200 401 "-" "Mozilla/5.0 (Windows NT 10.0; Win64; x64) AppleWebKit/537.36 (KHTML, like Gecko) Chrome/78.0.3904.108 Safari/537.36"
136.70.92.207 - - [02/Sep/2026:07:29:05 -0700] "POST //xmlrpc.php HTTP/1.1" 200 401 "-" "Mozilla/5.0 (Windows NT 10.0; Win64; x64) AppleWebKit/537.36 (KHTML, like Gecko) Chrome/78.0.3904.108 Safari/537.36"
136.70.92.207 - - [02/Sep/2026:07:29:05 -0700] "POST //xmlrpc.php HTTP/1.1" 200 401 "-" "Mozilla/5.0 (Windows NT 10.0; Win64; x64) AppleWebKit/537.36 (KHTML, like Gecko) Chrome/78.0.3904.108 Safari/537.36"
136.70.92.207 - - [02/Sep/2026:07:29:06 -0700] "POST //xmlrpc.php HTTP/1.1" 200 401 "-" "Mozilla/5.0 (Windows NT 10.0; Win64; x64) AppleWebKit/537.36 (KHTML, like Gecko) Chrome/78.0.3904.108 Safari/537.36"
