20.104.49.130 - - [02/Sep/2026:11:35:44 -0700] "GET /customize.php HTTP/1.1" 404 100559 "-" "-"
20.104.49.130 - - [02/Sep/2026:11:35:45 -0700] "GET /domvf.php HTTP/1.1" 404 100527 "-" "-"
34.92.176.191 - - [02/Sep/2026:11:35:44 -0700] "GET /resources/.env HTTP/1.1" 404 100623 "-" "Mozilla/5.0 (Windows NT 10.0; Win64; x64) AppleWebKit/537.36 (KHTML, like Gecko) Chrome/131.0.0.0 Safari/537.36"
34.92.176.191 - - [02/Sep/2026:11:35:45 -0700] "GET /resources/.env HTTP/1.1" 404 100575 "-" "Mozilla/5.0 (X11; Linux x86_64) AppleWebKit/537.36 (KHTML, like Gecko) Chrome/131.0.0.0 Safari/537.36"
20.104.49.130 - - [02/Sep/2026:11:35:45 -0700] "GET /link.php HTTP/1.1" 404 100519 "-" "-"
34.92.176.191 - - [02/Sep/2026:11:35:46 -0700] "GET /assets/.env HTTP/1.1" 404 100599 "-" "Mozilla/5.0 (Windows NT 10.0; Win64; x64) AppleWebKit/537.36 (KHTML, like Gecko) Chrome/131.0.0.0 Safari/537.36"
34.92.176.191 - - [02/Sep/2026:11:35:46 -0700] "GET /assets/.env HTTP/1.1" 404 100551 "-" "Mozilla/5.0 (X11; Linux x86_64) AppleWebKit/537.36 (KHTML, like Gecko) Chrome/131.0.0.0 Safari/537.36"
20.104.49.130 - - [02/Sep/2026:11:35:46 -0700] "GET /file3.php HTTP/1.1" 404 100527 "-" "-"
20.104.49.130 - - [02/Sep/2026:11:35:47 -0700] "GET /asd67.php HTTP/1.1" 404 100527 "-" "-"
34.92.176.191 - - [02/Sep/2026:11:35:47 -0700] "GET /uploads/.env HTTP/1.1" 404 100607 "-" "Mozilla/5.0 (Windows NT 10.0; Win64; x64) AppleWebKit/537.36 (KHTML, like Gecko) Chrome/131.0.0.0 Safari/537.36"
34.92.176.191 - - [02/Sep/2026:11:35:47 -0700] "GET /uploads/.env HTTP/1.1" 404 100559 "-" "Mozilla/5.0 (X11; Linux x86_64) AppleWebKit/537.36 (KHTML, like Gecko) Chrome/131.0.0.0 Safari/537.36"
20.104.49.130 - - [02/Sep/2026:11:35:48 -0700] "GET /first.php HTTP/1.1" 404 100527 "-" "-"
20.104.49.130 - - [02/Sep/2026:11:35:48 -0700] "GET /bdroot.php HTTP/1.1" 404 100535 "-" "-"
34.92.176.191 - - [02/Sep/2026:11:35:49 -0700] "GET /internal/.env HTTP/1.1" 404 100615 "-" "Mozilla/5.0 (Windows NT 10.0; Win64; x64) AppleWebKit/537.36 (KHTML, like Gecko) Chrome/131.0.0.0 Safari/537.36"
34.92.176.191 - - [02/Sep/2026:11:35:49 -0700] "GET /internal/.env HTTP/1.1" 404 100567 "-" "Mozilla/5.0 (X11; Linux x86_64) AppleWebKit/537.36 (KHTML, like Gecko) Chrome/131.0.0.0 Safari/537.36"
20.104.49.130 - - [02/Sep/2026:11:35:49 -0700] "GET /wp5.php HTTP/1.1" 404 100511 "-" "-"
20.104.49.130 - - [02/Sep/2026:11:35:50 -0700] "GET /hehe.php HTTP/1.1" 404 100519 "-" "-"
34.92.176.191 - - [02/Sep/2026:11:35:50 -0700] "GET /tools/.env HTTP/1.1" 404 100591 "-" "Mozilla/5.0 (Windows NT 10.0; Win64; x64) AppleWebKit/537.36 (KHTML, like Gecko) Chrome/131.0.0.0 Safari/537.36"
34.92.176.191 - - [02/Sep/2026:11:35:50 -0700] "GET /tools/.env HTTP/1.1" 404 100543 "-" "Mozilla/5.0 (X11; Linux x86_64) AppleWebKit/537.36 (KHTML, like Gecko) Chrome/131.0.0.0 Safari/537.36"
20.104.49.130 - - [02/Sep/2026:11:35:51 -0700] "GET /a1.php HTTP/1.1" 404 100503 "-" "-"
20.104.49.130 - - [02/Sep/2026:11:35:52 -0700] "GET /file17.php HTTP/1.1" 404 100535 "-" "-"
34.92.176.191 - - [02/Sep/2026:11:35:52 -0700] "GET /scripts/.env HTTP/1.1" 404 100559 "-" "Mozilla/5.0 (X11; Linux x86_64) AppleWebKit/537.36 (KHTML, like Gecko) Chrome/131.0.0.0 Safari/537.36"
34.92.176.191 - - [02/Sep/2026:11:35:51 -0700] "GET /scripts/.env HTTP/1.1" 404 100607 "-" "Mozilla/5.0 (Windows NT 10.0; Win64; x64) AppleWebKit/537.36 (KHTML, like Gecko) Chrome/131.0.0.0 Safari/537.36"
20.104.49.130 - - [02/Sep/2026:11:35:52 -0700] "GET /php_load.php HTTP/1.1" 404 100551 "-" "-"
20.104.49.130 - - [02/Sep/2026:11:35:53 -0700] "GET /dox.php HTTP/1.1" 404 100511 "-" "-"
34.92.176.191 - - [02/Sep/2026:11:35:53 -0700] "GET /bin/.env HTTP/1.1" 404 100527 "-" "Mozilla/5.0 (X11; Linux x86_64) AppleWebKit/537.36 (KHTML, like Gecko) Chrome/131.0.0.0 Safari/537.36"
34.92.176.191 - - [02/Sep/2026:11:35:53 -0700] "GET /bin/.env HTTP/1.1" 404 100575 "-" "Mozilla/5.0 (Windows NT 10.0; Win64; x64) AppleWebKit/537.36 (KHTML, like Gecko) Chrome/131.0.0.0 Safari/537.36"
20.104.49.130 - - [02/Sep/2026:11:35:54 -0700] "GET /docs.php HTTP/1.1" 404 100519 "-" "-"
20.104.49.130 - - [02/Sep/2026:11:35:54 -0700] "GET /privdayz.php HTTP/1.1" 404 100551 "-" "-"
34.92.176.191 - - [02/Sep/2026:11:35:54 -0700] "GET /sbin/.env HTTP/1.1" 404 100535 "-" "Mozilla/5.0 (X11; Linux x86_64) AppleWebKit/537.36 (KHTML, like Gecko) Chrome/131.0.0.0 Safari/537.36"
34.92.176.191 - - [02/Sep/2026:11:35:54 -0700] "GET /sbin/.env HTTP/1.1" 404 100583 "-" "Mozilla/5.0 (Windows NT 10.0; Win64; x64) AppleWebKit/537.36 (KHTML, like Gecko) Chrome/131.0.0.0 Safari/537.36"
20.104.49.130 - - [02/Sep/2026:11:35:55 -0700] "GET /category.php HTTP/1.1" 404 100551 "-" "-"
34.92.176.191 - - [02/Sep/2026:11:35:56 -0700] "GET /local/.env HTTP/1.1" 404 100591 "-" "Mozilla/5.0 (Windows NT 10.0; Win64; x64) AppleWebKit/537.36 (KHTML, like Gecko) Chrome/131.0.0.0 Safari/537.36"
34.92.176.191 - - [02/Sep/2026:11:35:56 -0700] "GET /local/.env HTTP/1.1" 404 100543 "-" "Mozilla/5.0 (X11; Linux x86_64) AppleWebKit/537.36 (KHTML, like Gecko) Chrome/131.0.0.0 Safari/537.36"
20.104.49.130 - - [02/Sep/2026:11:35:56 -0700] "GET /av.php HTTP/1.1" 404 100503 "-" "-"
20.104.49.130 - - [02/Sep/2026:11:35:57 -0700] "GET /small.php HTTP/1.1" 404 100527 "-" "-"
34.92.176.191 - - [02/Sep/2026:11:35:57 -0700] "GET /portal/.env HTTP/1.1" 404 100599 "-" "Mozilla/5.0 (Windows NT 10.0; Win64; x64) AppleWebKit/537.36 (KHTML, like Gecko) Chrome/131.0.0.0 Safari/537.36"
34.92.176.191 - - [02/Sep/2026:11:35:57 -0700] "GET /portal/.env HTTP/1.1" 404 100551 "-" "Mozilla/5.0 (X11; Linux x86_64) AppleWebKit/537.36 (KHTML, like Gecko) Chrome/131.0.0.0 Safari/537.36"
20.104.49.130 - - [02/Sep/2026:11:35:58 -0700] "GET /about/goods.php HTTP/1.1" 404 100583 "-" "-"
20.104.49.130 - - [02/Sep/2026:11:35:58 -0700] "GET /congeree.php HTTP/1.1" 404 100551 "-" "-"
34.92.176.191 - - [02/Sep/2026:11:35:58 -0700] "GET /dashboard/.env HTTP/1.1" 404 100623 "-" "Mozilla/5.0 (Windows NT 10.0; Win64; x64) AppleWebKit/537.36 (KHTML, like Gecko) Chrome/131.0.0.0 Safari/537.36"
20.104.49.130 - - [02/Sep/2026:11:35:59 -0700] "GET /666666.php HTTP/1.1" 404 100535 "-" "-"
20.104.49.130 - - [02/Sep/2026:11:36:00 -0700] "GET /navbar.php HTTP/1.1" 404 100535 "-" "-"
34.92.176.191 - - [02/Sep/2026:11:35:59 -0700] "GET /dashboard/.env HTTP/1.1" 404 100575 "-" "Mozilla/5.0 (X11; Linux x86_64) AppleWebKit/537.36 (KHTML, like Gecko) Chrome/131.0.0.0 Safari/537.36"
34.92.176.191 - - [02/Sep/2026:11:36:00 -0700] "GET /panel/.env HTTP/1.1" 404 100591 "-" "Mozilla/5.0 (Windows NT 10.0; Win64; x64) AppleWebKit/537.36 (KHTML, like Gecko) Chrome/131.0.0.0 Safari/537.36"
20.104.49.130 - - [02/Sep/2026:11:36:01 -0700] "GET /lala.php HTTP/1.1" 404 100519 "-" "-"
34.92.176.191 - - [02/Sep/2026:11:36:01 -0700] "GET /panel/.env HTTP/1.1" 404 100543 "-" "Mozilla/5.0 (X11; Linux x86_64) AppleWebKit/537.36 (KHTML, like Gecko) Chrome/131.0.0.0 Safari/537.36"
34.92.176.191 - - [02/Sep/2026:11:36:01 -0700] "GET /crm/.env HTTP/1.1" 404 100575 "-" "Mozilla/5.0 (Windows NT 10.0; Win64; x64) AppleWebKit/537.36 (KHTML, like Gecko) Chrome/131.0.0.0 Safari/537.36"
20.104.49.130 - - [02/Sep/2026:11:36:02 -0700] "GET /css.php HTTP/1.1" 404 100511 "-" "-"
20.104.49.130 - - [02/Sep/2026:11:36:03 -0700] "GET /plss3.php HTTP/1.1" 404 100527 "-" "-"
34.92.176.191 - - [02/Sep/2026:11:36:03 -0700] "GET /crm/.env HTTP/1.1" 404 100527 "-" "Mozilla/5.0 (X11; Linux x86_64) AppleWebKit/537.36 (KHTML, like Gecko) Chrome/131.0.0.0 Safari/537.36"
34.92.176.191 - - [02/Sep/2026:11:36:03 -0700] "GET /erp/.env HTTP/1.1" 404 100575 "-" "Mozilla/5.0 (Windows NT 10.0; Win64; x64) AppleWebKit/537.36 (KHTML, like Gecko) Chrome/131.0.0.0 Safari/537.36"
20.104.49.130 - - [02/Sep/2026:11:36:04 -0700] "GET /phina.php HTTP/1.1" 404 100527 "-" "-"
20.104.49.130 - - [02/Sep/2026:11:36:05 -0700] "GET /87.php HTTP/1.1" 404 100503 "-" "-"
34.92.176.191 - - [02/Sep/2026:11:36:04 -0700] "GET /erp/.env HTTP/1.1" 404 100527 "-" "Mozilla/5.0 (X11; Linux x86_64) AppleWebKit/537.36 (KHTML, like Gecko) Chrome/131.0.0.0 Safari/537.36"
34.92.176.191 - - [02/Sep/2026:11:36:04 -0700] "GET /shop/.env HTTP/1.1" 404 100583 "-" "Mozilla/5.0 (Windows NT 10.0; Win64; x64) AppleWebKit/537.36 (KHTML, like Gecko) Chrome/131.0.0.0 Safari/537.36"
20.104.49.130 - - [02/Sep/2026:11:36:05 -0700] "GET /hosty.php HTTP/1.1" 404 100527 "-" "-"
34.92.176.191 - - [02/Sep/2026:11:36:06 -0700] "GET /shop/.env HTTP/1.1" 404 100535 "-" "Mozilla/5.0 (X11; Linux x86_64) AppleWebKit/537.36 (KHTML, like Gecko) Chrome/131.0.0.0 Safari/537.36"
20.104.49.130 - - [02/Sep/2026:11:36:06 -0700] "GET /phpinfo01.php HTTP/1.1" 404 100559 "-" "-"
34.92.176.191 - - [02/Sep/2026:11:36:06 -0700] "GET /store/.env HTTP/1.1" 404 100591 "-" "Mozilla/5.0 (Windows NT 10.0; Win64; x64) AppleWebKit/537.36 (KHTML, like Gecko) Chrome/131.0.0.0 Safari/537.36"
20.104.49.130 - - [02/Sep/2026:11:36:07 -0700] "GET /kedi.php HTTP/1.1" 404 100519 "-" "-"
34.92.176.191 - - [02/Sep/2026:11:36:07 -0700] "GET /store/.env HTTP/1.1" 404 100543 "-" "Mozilla/5.0 (X11; Linux x86_64) AppleWebKit/537.36 (KHTML, like Gecko) Chrome/131.0.0.0 Safari/537.36"
20.104.49.130 - - [02/Sep/2026:11:36:08 -0700] "GET /adminer-4.7.6-en.php HTTP/1.1" 404 100615 "-" "-"
34.92.176.191 - - [02/Sep/2026:11:36:07 -0700] "GET /saas/.env HTTP/1.1" 404 100583 "-" "Mozilla/5.0 (Windows NT 10.0; Win64; x64) AppleWebKit/537.36 (KHTML, like Gecko) Chrome/131.0.0.0 Safari/537.36"
20.104.49.130 - - [02/Sep/2026:11:36:08 -0700] "GET /doc.php HTTP/1.1" 404 100511 "-" "-"
34.92.176.191 - - [02/Sep/2026:11:36:09 -0700] "GET /saas/.env HTTP/1.1" 404 100535 "-" "Mozilla/5.0 (X11; Linux x86_64) AppleWebKit/537.36 (KHTML, like Gecko) Chrome/131.0.0.0 Safari/537.36"
34.92.176.191 - - [02/Sep/2026:11:36:09 -0700] "GET /client/.env HTTP/1.1" 404 100599 "-" "Mozilla/5.0 (Windows NT 10.0; Win64; x64) AppleWebKit/537.36 (KHTML, like Gecko) Chrome/131.0.0.0 Safari/537.36"
20.104.49.130 - - [02/Sep/2026:11:36:09 -0700] "GET /file21.php HTTP/1.1" 404 100535 "-" "-"
20.104.49.130 - - [02/Sep/2026:11:36:10 -0700] "GET /register.php HTTP/1.1" 404 100551 "-" "-"
34.92.176.191 - - [02/Sep/2026:11:36:10 -0700] "GET /client/.env HTTP/1.1" 404 100551 "-" "Mozilla/5.0 (X11; Linux x86_64) AppleWebKit/537.36 (KHTML, like Gecko) Chrome/131.0.0.0 Safari/537.36"
34.92.176.191 - - [02/Sep/2026:11:36:10 -0700] "GET /project/.env HTTP/1.1" 404 100607 "-" "Mozilla/5.0 (Windows NT 10.0; Win64; x64) AppleWebKit/537.36 (KHTML, like Gecko) Chrome/131.0.0.0 Safari/537.36"
20.104.49.130 - - [02/Sep/2026:11:36:11 -0700] "GET /atex1.php HTTP/1.1" 404 100527 "-" "-"
20.104.49.130 - - [02/Sep/2026:11:36:11 -0700] "GET /oc460l3x.php HTTP/1.1" 404 100551 "-" "-"
34.92.176.191 - - [02/Sep/2026:11:36:11 -0700] "GET /project/.env HTTP/1.1" 404 100559 "-" "Mozilla/5.0 (X11; Linux x86_64) AppleWebKit/537.36 (KHTML, like Gecko) Chrome/131.0.0.0 Safari/537.36"
34.92.176.191 - - [02/Sep/2026:11:36:12 -0700] "GET /admin-panel/.env HTTP/1.1" 404 100639 "-" "Mozilla/5.0 (Windows NT 10.0; Win64; x64) AppleWebKit/537.36 (KHTML, like Gecko) Chrome/131.0.0.0 Safari/537.36"
20.104.49.130 - - [02/Sep/2026:11:36:12 -0700] "GET /lm15.php HTTP/1.1" 404 100519 "-" "-"
216.244.66.236 - - [02/Sep/2026:11:36:13 -0700] "GET /athlete_form.cfm?CFID=723dcaf7-16ce-4dc2-b6cd-c21ce6400cc5&CFTOKEN=0 HTTP/1.1" 301 - "-" "Mozilla/5.0 (compatible; DotBot/1.2; +https://opensiteexplorer.org/dotbot; help@moz.com)"
34.92.176.191 - - [02/Sep/2026:11:36:13 -0700] "GET /admin-panel/.env HTTP/1.1" 404 100591 "-" "Mozilla/5.0 (X11; Linux x86_64) AppleWebKit/537.36 (KHTML, like Gecko) Chrome/131.0.0.0 Safari/537.36"
20.104.49.130 - - [02/Sep/2026:11:36:13 -0700] "GET /drykl.php HTTP/1.1" 404 100527 "-" "-"
34.92.176.191 - - [02/Sep/2026:11:36:13 -0700] "GET /control-panel/.env HTTP/1.1" 404 100655 "-" "Mozilla/5.0 (Windows NT 10.0; Win64; x64) AppleWebKit/537.36 (KHTML, like Gecko) Chrome/131.0.0.0 Safari/537.36"
20.104.49.130 - - [02/Sep/2026:11:36:14 -0700] "GET /fns.php HTTP/1.1" 404 100511 "-" "-"
34.92.176.191 - - [02/Sep/2026:11:36:14 -0700] "GET /control-panel/.env HTTP/1.1" 404 100607 "-" "Mozilla/5.0 (X11; Linux x86_64) AppleWebKit/537.36 (KHTML, like Gecko) Chrome/131.0.0.0 Safari/537.36"
20.104.49.130 - - [02/Sep/2026:11:36:14 -0700] "GET /333.php HTTP/1.1" 404 100511 "-" "-"
34.92.176.191 - - [02/Sep/2026:11:36:14 -0700] "GET /user-panel/.env HTTP/1.1" 404 100631 "-" "Mozilla/5.0 (Windows NT 10.0; Win64; x64) AppleWebKit/537.36 (KHTML, like Gecko) Chrome/131.0.0.0 Safari/537.36"
20.104.49.130 - - [02/Sep/2026:11:36:15 -0700] "GET /phpi.php HTTP/1.1" 404 100519 "-" "-"
34.92.176.191 - - [02/Sep/2026:11:36:15 -0700] "GET /user-panel/.env HTTP/1.1" 404 100583 "-" "Mozilla/5.0 (X11; Linux x86_64) AppleWebKit/537.36 (KHTML, like Gecko) Chrome/131.0.0.0 Safari/537.36"
20.104.49.130 - - [02/Sep/2026:11:36:16 -0700] "GET /25.php HTTP/1.1" 404 100503 "-" "-"
34.92.176.191 - - [02/Sep/2026:11:36:16 -0700] "GET /node/.env HTTP/1.1" 404 100583 "-" "Mozilla/5.0 (Windows NT 10.0; Win64; x64) AppleWebKit/537.36 (KHTML, like Gecko) Chrome/131.0.0.0 Safari/537.36"
20.104.49.130 - - [02/Sep/2026:11:36:17 -0700] "GET /bengi.php HTTP/1.1" 404 100527 "-" "-"
34.92.176.191 - - [02/Sep/2026:11:36:17 -0700] "GET /node/.env HTTP/1.1" 404 100535 "-" "Mozilla/5.0 (X11; Linux x86_64) AppleWebKit/537.36 (KHTML, like Gecko) Chrome/131.0.0.0 Safari/537.36"
34.92.176.191 - - [02/Sep/2026:11:36:17 -0700] "GET /express/.env HTTP/1.1" 404 100607 "-" "Mozilla/5.0 (Windows NT 10.0; Win64; x64) AppleWebKit/537.36 (KHTML, like Gecko) Chrome/131.0.0.0 Safari/537.36"
20.104.49.130 - - [02/Sep/2026:11:36:17 -0700] "GET /server-info.php HTTP/1.1" 404 100575 "-" "-"
20.104.49.130 - - [02/Sep/2026:11:36:18 -0700] "GET /nlnub.php HTTP/1.1" 404 100527 "-" "-"
34.92.176.191 - - [02/Sep/2026:11:36:18 -0700] "GET /express/.env HTTP/1.1" 404 100559 "-" "Mozilla/5.0 (X11; Linux x86_64) AppleWebKit/537.36 (KHTML, like Gecko) Chrome/131.0.0.0 Safari/537.36"
34.92.176.191 - - [02/Sep/2026:11:36:18 -0700] "GET /next/.env HTTP/1.1" 404 100583 "-" "Mozilla/5.0 (Windows NT 10.0; Win64; x64) AppleWebKit/537.36 (KHTML, like Gecko) Chrome/131.0.0.0 Safari/537.36"
20.104.49.130 - - [02/Sep/2026:11:36:19 -0700] "GET /124.php HTTP/1.1" 404 100511 "-" "-"
20.104.49.130 - - [02/Sep/2026:11:36:20 -0700] "GET /gnmlc.php HTTP/1.1" 404 100527 "-" "-"
34.92.176.191 - - [02/Sep/2026:11:36:19 -0700] "GET /next/.env HTTP/1.1" 404 100535 "-" "Mozilla/5.0 (X11; Linux x86_64) AppleWebKit/537.36 (KHTML, like Gecko) Chrome/131.0.0.0 Safari/537.36"
34.92.176.191 - - [02/Sep/2026:11:36:20 -0700] "GET /nuxt/.env HTTP/1.1" 404 100583 "-" "Mozilla/5.0 (Windows NT 10.0; Win64; x64) AppleWebKit/537.36 (KHTML, like Gecko) Chrome/131.0.0.0 Safari/537.36"
20.104.49.130 - - [02/Sep/2026:11:36:20 -0700] "GET /png.php HTTP/1.1" 404 100511 "-" "-"
34.92.176.191 - - [02/Sep/2026:11:36:21 -0700] "GET /nuxt/.env HTTP/1.1" 404 100535 "-" "Mozilla/5.0 (X11; Linux x86_64) AppleWebKit/537.36 (KHTML, like Gecko) Chrome/131.0.0.0 Safari/537.36"
173.231.200.77 - - [02/Sep/2026:11:36:22 -0700] "POST /wp-cron.php?doing_wp_cron=1788374182.1201789379119873046875 HTTP/1.1" 200 - "-" "WordPress/7.1; https://usaigc.com"
173.231.200.77 - - [02/Sep/2026:11:36:22 -0700] "POST /wp-cron.php?doing_wp_cron=1788374182.1485209465026855468750 HTTP/1.1" 200 - "-" "WordPress/7.1; https://usaigc.com"
20.104.49.130 - - [02/Sep/2026:11:36:21 -0700] "GET /error_log.php HTTP/1.1" 404 100559 "-" "-"
34.92.176.191 - - [02/Sep/2026:11:36:21 -0700] "GET /nest/.env HTTP/1.1" 404 100583 "-" "Mozilla/5.0 (Windows NT 10.0; Win64; x64) AppleWebKit/537.36 (KHTML, like Gecko) Chrome/131.0.0.0 Safari/537.36"
20.104.49.130 - - [02/Sep/2026:11:36:22 -0700] "GET /saml.php HTTP/1.1" 404 100519 "-" "-"
34.92.176.191 - - [02/Sep/2026:11:36:22 -0700] "GET /nest/.env HTTP/1.1" 404 100535 "-" "Mozilla/5.0 (X11; Linux x86_64) AppleWebKit/537.36 (KHTML, like Gecko) Chrome/131.0.0.0 Safari/537.36"
20.104.49.130 - - [02/Sep/2026:11:36:23 -0700] "GET /cp2.php HTTP/1.1" 404 100511 "-" "-"
34.92.176.191 - - [02/Sep/2026:11:36:23 -0700] "GET /react/.env HTTP/1.1" 404 100591 "-" "Mozilla/5.0 (Windows NT 10.0; Win64; x64) AppleWebKit/537.36 (KHTML, like Gecko) Chrome/131.0.0.0 Safari/537.36"
20.104.49.130 - - [02/Sep/2026:11:36:23 -0700] "GET /ms-edit.php HTTP/1.1" 404 100543 "-" "-"
34.92.176.191 - - [02/Sep/2026:11:36:24 -0700] "GET /react/.env HTTP/1.1" 404 100543 "-" "Mozilla/5.0 (X11; Linux x86_64) AppleWebKit/537.36 (KHTML, like Gecko) Chrome/131.0.0.0 Safari/537.36"
20.104.49.130 - - [02/Sep/2026:11:36:24 -0700] "GET /test1.php HTTP/1.1" 404 100527 "-" "-"
34.92.176.191 - - [02/Sep/2026:11:36:24 -0700] "GET /vue/.env HTTP/1.1" 404 100575 "-" "Mozilla/5.0 (Windows NT 10.0; Win64; x64) AppleWebKit/537.36 (KHTML, like Gecko) Chrome/131.0.0.0 Safari/537.36"
20.104.49.130 - - [02/Sep/2026:11:36:25 -0700] "GET /fraro.php HTTP/1.1" 404 100527 "-" "-"
34.92.176.191 - - [02/Sep/2026:11:36:25 -0700] "GET /vue/.env HTTP/1.1" 404 100527 "-" "Mozilla/5.0 (X11; Linux x86_64) AppleWebKit/537.36 (KHTML, like Gecko) Chrome/131.0.0.0 Safari/537.36"
34.92.176.191 - - [02/Sep/2026:11:36:25 -0700] "GET /angular/.env HTTP/1.1" 404 100607 "-" "Mozilla/5.0 (Windows NT 10.0; Win64; x64) AppleWebKit/537.36 (KHTML, like Gecko) Chrome/131.0.0.0 Safari/537.36"
20.104.49.130 - - [02/Sep/2026:11:36:26 -0700] "GET /otuz1.php HTTP/1.1" 404 100527 "-" "-"
20.104.49.130 - - [02/Sep/2026:11:36:26 -0700] "GET /4563.php HTTP/1.1" 404 100519 "-" "-"
34.92.176.191 - - [02/Sep/2026:11:36:26 -0700] "GET /angular/.env HTTP/1.1" 404 100559 "-" "Mozilla/5.0 (X11; Linux x86_64) AppleWebKit/537.36 (KHTML, like Gecko) Chrome/131.0.0.0 Safari/537.36"
34.92.176.191 - - [02/Sep/2026:11:36:27 -0700] "GET /svelte/.env HTTP/1.1" 404 100599 "-" "Mozilla/5.0 (Windows NT 10.0; Win64; x64) AppleWebKit/537.36 (KHTML, like Gecko) Chrome/131.0.0.0 Safari/537.36"
20.104.49.130 - - [02/Sep/2026:11:36:27 -0700] "GET /adminfus.php HTTP/1.1" 404 100551 "-" "-"
34.92.176.191 - - [02/Sep/2026:11:36:27 -0700] "GET /svelte/.env HTTP/1.1" 404 100551 "-" "Mozilla/5.0 (X11; Linux x86_64) AppleWebKit/537.36 (KHTML, like Gecko) Chrome/131.0.0.0 Safari/537.36"
20.104.49.130 - - [02/Sep/2026:11:36:28 -0700] "GET /sale.php HTTP/1.1" 404 100519 "-" "-"
34.92.176.191 - - [02/Sep/2026:11:36:28 -0700] "GET /vite/.env HTTP/1.1" 404 100583 "-" "Mozilla/5.0 (Windows NT 10.0; Win64; x64) AppleWebKit/537.36 (KHTML, like Gecko) Chrome/131.0.0.0 Safari/537.36"
20.104.49.130 - - [02/Sep/2026:11:36:29 -0700] "GET /mcebraed.php HTTP/1.1" 404 100551 "-" "-"
34.92.176.191 - - [02/Sep/2026:11:36:29 -0700] "GET /vite/.env HTTP/1.1" 404 100535 "-" "Mozilla/5.0 (X11; Linux x86_64) AppleWebKit/537.36 (KHTML, like Gecko) Chrome/131.0.0.0 Safari/537.36"
20.104.49.130 - - [02/Sep/2026:11:36:29 -0700] "GET /retu11.PhP HTTP/1.1" 404 100535 "-" "-"
34.92.176.191 - - [02/Sep/2026:11:36:29 -0700] "GET /backup/.env HTTP/1.1" 404 100599 "-" "Mozilla/5.0 (Windows NT 10.0; Win64; x64) AppleWebKit/537.36 (KHTML, like Gecko) Chrome/131.0.0.0 Safari/537.36"
20.104.49.130 - - [02/Sep/2026:11:36:30 -0700] "GET /w.php HTTP/1.1" 404 100495 "-" "-"
34.92.176.191 - - [02/Sep/2026:11:36:30 -0700] "GET /backup/.env HTTP/1.1" 404 100551 "-" "Mozilla/5.0 (X11; Linux x86_64) AppleWebKit/537.36 (KHTML, like Gecko) Chrome/131.0.0.0 Safari/537.36"
20.104.49.130 - - [02/Sep/2026:11:36:31 -0700] "GET /paypal.php HTTP/1.1" 404 100535 "-" "-"
34.92.176.191 - - [02/Sep/2026:11:36:31 -0700] "GET /backups/.env HTTP/1.1" 404 100607 "-" "Mozilla/5.0 (Windows NT 10.0; Win64; x64) AppleWebKit/537.36 (KHTML, like Gecko) Chrome/131.0.0.0 Safari/537.36"
20.104.49.130 - - [02/Sep/2026:11:36:32 -0700] "GET /man.php HTTP/1.1" 404 100511 "-" "-"
34.92.176.191 - - [02/Sep/2026:11:36:32 -0700] "GET /backups/.env HTTP/1.1" 404 100559 "-" "Mozilla/5.0 (X11; Linux x86_64) AppleWebKit/537.36 (KHTML, like Gecko) Chrome/131.0.0.0 Safari/537.36"
34.92.176.191 - - [02/Sep/2026:11:36:32 -0700] "GET /old/.env HTTP/1.1" 404 100575 "-" "Mozilla/5.0 (Windows NT 10.0; Win64; x64) AppleWebKit/537.36 (KHTML, like Gecko) Chrome/131.0.0.0 Safari/537.36"
20.104.49.130 - - [02/Sep/2026:11:36:32 -0700] "GET /conf.php HTTP/1.1" 404 100519 "-" "-"
20.104.49.130 - - [02/Sep/2026:11:36:33 -0700] "GET /db.php HTTP/1.1" 404 100503 "-" "-"
34.92.176.191 - - [02/Sep/2026:11:36:33 -0700] "GET /old/.env HTTP/1.1" 404 100527 "-" "Mozilla/5.0 (X11; Linux x86_64) AppleWebKit/537.36 (KHTML, like Gecko) Chrome/131.0.0.0 Safari/537.36"
34.92.176.191 - - [02/Sep/2026:11:36:33 -0700] "GET /tmp/.env HTTP/1.1" 404 100575 "-" "Mozilla/5.0 (Windows NT 10.0; Win64; x64) AppleWebKit/537.36 (KHTML, like Gecko) Chrome/131.0.0.0 Safari/537.36"
20.104.49.130 - - [02/Sep/2026:11:36:34 -0700] "GET /ffile.php HTTP/1.1" 404 100527 "-" "-"
34.92.176.191 - - [02/Sep/2026:11:36:34 -0700] "GET /tmp/.env HTTP/1.1" 404 100527 "-" "Mozilla/5.0 (X11; Linux x86_64) AppleWebKit/537.36 (KHTML, like Gecko) Chrome/131.0.0.0 Safari/537.36"
20.104.49.130 - - [02/Sep/2026:11:36:35 -0700] "GET /ff123.php HTTP/1.1" 404 100527 "-" "-"
34.92.176.191 - - [02/Sep/2026:11:36:35 -0700] "GET /temp/.env HTTP/1.1" 404 100583 "-" "Mozilla/5.0 (Windows NT 10.0; Win64; x64) AppleWebKit/537.36 (KHTML, like Gecko) Chrome/131.0.0.0 Safari/537.36"
20.104.49.130 - - [02/Sep/2026:11:36:35 -0700] "GET /a.php HTTP/1.1" 404 100495 "-" "-"
34.92.176.191 - - [02/Sep/2026:11:36:36 -0700] "GET /temp/.env HTTP/1.1" 404 100535 "-" "Mozilla/5.0 (X11; Linux x86_64) AppleWebKit/537.36 (KHTML, like Gecko) Chrome/131.0.0.0 Safari/537.36"
20.104.49.130 - - [02/Sep/2026:11:36:36 -0700] "GET /acces.php HTTP/1.1" 404 100527 "-" "-"
34.92.176.191 - - [02/Sep/2026:11:36:36 -0700] "GET /lab/.env HTTP/1.1" 404 100575 "-" "Mozilla/5.0 (Windows NT 10.0; Win64; x64) AppleWebKit/537.36 (KHTML, like Gecko) Chrome/131.0.0.0 Safari/537.36"
20.104.49.130 - - [02/Sep/2026:11:36:37 -0700] "GET /Sanskrit.php HTTP/1.1" 404 100551 "-" "-"
34.92.176.191 - - [02/Sep/2026:11:36:37 -0700] "GET /lab/.env HTTP/1.1" 404 100527 "-" "Mozilla/5.0 (X11; Linux x86_64) AppleWebKit/537.36 (KHTML, like Gecko) Chrome/131.0.0.0 Safari/537.36"
20.104.49.130 - - [02/Sep/2026:11:36:38 -0700] "GET /133.php HTTP/1.1" 404 100511 "-" "-"
34.92.176.191 - - [02/Sep/2026:11:36:38 -0700] "GET /cronlab/.env HTTP/1.1" 404 100607 "-" "Mozilla/5.0 (Windows NT 10.0; Win64; x64) AppleWebKit/537.36 (KHTML, like Gecko) Chrome/131.0.0.0 Safari/537.36"
20.104.49.130 - - [02/Sep/2026:11:36:38 -0700] "GET /reune.php HTTP/1.1" 404 100527 "-" "-"
34.92.176.191 - - [02/Sep/2026:11:36:39 -0700] "GET /cronlab/.env HTTP/1.1" 404 100559 "-" "Mozilla/5.0 (X11; Linux x86_64) AppleWebKit/537.36 (KHTML, like Gecko) Chrome/131.0.0.0 Safari/537.36"
20.104.49.130 - - [02/Sep/2026:11:36:40 -0700] "GET /pol.php HTTP/1.1" 404 100511 "-" "-"
34.92.176.191 - - [02/Sep/2026:11:36:39 -0700] "GET /cron/.env HTTP/1.1" 404 100583 "-" "Mozilla/5.0 (Windows NT 10.0; Win64; x64) AppleWebKit/537.36 (KHTML, like Gecko) Chrome/131.0.0.0 Safari/537.36"
185.19.40.62 - - [02/Sep/2026:11:36:40 -0700] "GET / HTTP/1.1" 301 - "-" "Mozilla/5.0 (Windows NT 10.0; Win64; x64) AppleWebKit/537.36 (KHTML, like Gecko) Chrome/78.0.3904.108 Safari/537.36"
20.104.49.130 - - [02/Sep/2026:11:36:40 -0700] "GET /phpinfo2.php HTTP/1.1" 404 100551 "-" "-"
34.92.176.191 - - [02/Sep/2026:11:36:40 -0700] "GET /cron/.env HTTP/1.1" 404 100535 "-" "Mozilla/5.0 (X11; Linux x86_64) AppleWebKit/537.36 (KHTML, like Gecko) Chrome/131.0.0.0 Safari/537.36"
185.19.40.62 - - [02/Sep/2026:11:36:41 -0700] "GET //wp-includes/wlwmanifest.xml HTTP/1.1" 301 - "-" "Mozilla/5.0 (Windows NT 10.0; Win64; x64) AppleWebKit/537.36 (KHTML, like Gecko) Chrome/78.0.3904.108 Safari/537.36"
20.104.49.130 - - [02/Sep/2026:11:36:41 -0700] "GET /BDKR28WP.php HTTP/1.1" 404 100551 "-" "-"
34.92.176.191 - - [02/Sep/2026:11:36:41 -0700] "GET /en/.env HTTP/1.1" 404 100567 "-" "Mozilla/5.0 (Windows NT 10.0; Win64; x64) AppleWebKit/537.36 (KHTML, like Gecko) Chrome/131.0.0.0 Safari/537.36"
185.19.40.62 - - [02/Sep/2026:11:36:42 -0700] "GET //xmlrpc.php?rsd HTTP/1.1" 200 774 "-" "Mozilla/5.0 (Windows NT 10.0; Win64; x64) AppleWebKit/537.36 (KHTML, like Gecko) Chrome/78.0.3904.108 Safari/537.36"
185.19.40.62 - - [02/Sep/2026:11:36:42 -0700] "GET //?author=1 HTTP/1.1" 301 - "-" "Mozilla/5.0 (Windows NT 10.0; Win64; x64) AppleWebKit/537.36 (KHTML, like Gecko) Chrome/78.0.3904.108 Safari/537.36"
20.104.49.130 - - [02/Sep/2026:11:36:42 -0700] "GET /jlex.php HTTP/1.1" 404 100519 "-" "-"
185.19.40.62 - - [02/Sep/2026:11:36:42 -0700] "GET //?author=2 HTTP/1.1" 301 - "-" "Mozilla/5.0 (Windows NT 10.0; Win64; x64) AppleWebKit/537.36 (KHTML, like Gecko) Chrome/78.0.3904.108 Safari/537.36"
34.92.176.191 - - [02/Sep/2026:11:36:42 -0700] "GET /en/.env HTTP/1.1" 404 100519 "-" "Mozilla/5.0 (X11; Linux x86_64) AppleWebKit/537.36 (KHTML, like Gecko) Chrome/131.0.0.0 Safari/537.36"
185.19.40.62 - - [02/Sep/2026:11:36:43 -0700] "GET //wp-json/wp/v2/users/ HTTP/1.1" 200 903 "-" "Mozilla/5.0 (Windows NT 10.0; Win64; x64) AppleWebKit/537.36 (KHTML, like Gecko) Chrome/78.0.3904.108 Safari/537.36"
216.244.66.236 - - [02/Sep/2026:11:36:43 -0700] "GET /athlete_form.cfm?CFID=725891de-1d77-49ae-962b-7cc5387eaf2c&CFTOKEN=0 HTTP/1.1" 301 - "-" "Mozilla/5.0 (compatible; DotBot/1.2; +https://opensiteexplorer.org/dotbot; help@moz.com)"
185.19.40.62 - - [02/Sep/2026:11:36:43 -0700] "POST //xmlrpc.php HTTP/1.1" 200 401 "-" "Mozilla/5.0 (Windows NT 10.0; Win64; x64) AppleWebKit/537.36 (KHTML, like Gecko) Chrome/78.0.3904.108 Safari/537.36"
20.104.49.130 - - [02/Sep/2026:11:36:43 -0700] "GET /v.php HTTP/1.1" 404 100495 "-" "-"
34.92.176.191 - - [02/Sep/2026:11:36:43 -0700] "GET /administrator/.env HTTP/1.1" 404 100655 "-" "Mozilla/5.0 (Windows NT 10.0; Win64; x64) AppleWebKit/537.36 (KHTML, like Gecko) Chrome/131.0.0.0 Safari/537.36"
185.19.40.62 - - [02/Sep/2026:11:36:44 -0700] "POST //xmlrpc.php HTTP/1.1" 200 401 "-" "Mozilla/5.0 (Windows NT 10.0; Win64; x64) AppleWebKit/537.36 (KHTML, like Gecko) Chrome/78.0.3904.108 Safari/537.36"
173.231.200.77 - - [02/Sep/2026:11:36:44 -0700] "POST /wp-cron.php?doing_wp_cron=1788374204.6368000507354736328125 HTTP/1.1" 200 - "-" "WordPress/7.1; https://usaigc.com"
20.104.49.130 - - [02/Sep/2026:11:36:44 -0700] "GET /dejavu.php HTTP/1.1" 404 100535 "-" "-"
34.92.176.191 - - [02/Sep/2026:11:36:44 -0700] "GET /administrator/.env HTTP/1.1" 404 100607 "-" "Mozilla/5.0 (X11; Linux x86_64) AppleWebKit/537.36 (KHTML, like Gecko) Chrome/131.0.0.0 Safari/537.36"
20.104.49.130 - - [02/Sep/2026:11:36:44 -0700] "GET /ey5.php HTTP/1.1" 404 100511 "-" "-"
34.92.176.191 - - [02/Sep/2026:11:36:44 -0700] "GET /psnlink/.env HTTP/1.1" 404 100607 "-" "Mozilla/5.0 (Windows NT 10.0; Win64; x64) AppleWebKit/537.36 (KHTML, like Gecko) Chrome/131.0.0.0 Safari/537.36"
185.19.40.62 - - [02/Sep/2026:11:36:45 -0700] "POST //xmlrpc.php HTTP/1.1" 200 401 "-" "Mozilla/5.0 (Windows NT 10.0; Win64; x64) AppleWebKit/537.36 (KHTML, like Gecko) Chrome/78.0.3904.108 Safari/537.36"
20.104.49.130 - - [02/Sep/2026:11:36:45 -0700] "GET /app.php HTTP/1.1" 404 100511 "-" "-"
34.92.176.191 - - [02/Sep/2026:11:36:45 -0700] "GET /psnlink/.env HTTP/1.1" 404 100559 "-" "Mozilla/5.0 (X11; Linux x86_64) AppleWebKit/537.36 (KHTML, like Gecko) Chrome/131.0.0.0 Safari/537.36"
185.19.40.62 - - [02/Sep/2026:11:36:46 -0700] "POST //xmlrpc.php HTTP/1.1" 200 401 "-" "Mozilla/5.0 (Windows NT 10.0; Win64; x64) AppleWebKit/537.36 (KHTML, like Gecko) Chrome/78.0.3904.108 Safari/537.36"
20.104.49.130 - - [02/Sep/2026:11:36:46 -0700] "GET /shell.php HTTP/1.1" 404 100527 "-" "-"
34.92.176.191 - - [02/Sep/2026:11:36:46 -0700] "GET /exapi/.env HTTP/1.1" 404 100591 "-" "Mozilla/5.0 (Windows NT 10.0; Win64; x64) AppleWebKit/537.36 (KHTML, like Gecko) Chrome/131.0.0.0 Safari/537.36"
185.19.40.62 - - [02/Sep/2026:11:36:47 -0700] "POST //xmlrpc.php HTTP/1.1" 200 401 "-" "Mozilla/5.0 (Windows NT 10.0; Win64; x64) AppleWebKit/537.36 (KHTML, like Gecko) Chrome/78.0.3904.108 Safari/537.36"
223.109.252.198 - - [02/Sep/2026:11:36:47 -0700] "GET /parents.cfm HTTP/1.1" 301 - "-" "Sogou web spider/4.0(+http://www.sogou.com/docs/help/webmasters.htm#07)"
20.104.49.130 - - [02/Sep/2026:11:36:47 -0700] "GET /aa.php HTTP/1.1" 404 100503 "-" "-"
34.92.176.191 - - [02/Sep/2026:11:36:47 -0700] "GET /exapi/.env HTTP/1.1" 404 100543 "-" "Mozilla/5.0 (X11; Linux x86_64) AppleWebKit/537.36 (KHTML, like Gecko) Chrome/131.0.0.0 Safari/537.36"
185.19.40.62 - - [02/Sep/2026:11:36:48 -0700] "POST //xmlrpc.php HTTP/1.1" 200 401 "-" "Mozilla/5.0 (Windows NT 10.0; Win64; x64) AppleWebKit/537.36 (KHTML, like Gecko) Chrome/78.0.3904.108 Safari/537.36"
20.104.49.130 - - [02/Sep/2026:11:36:48 -0700] "GET /diidi.php HTTP/1.1" 404 100527 "-" "-"
34.92.176.191 - - [02/Sep/2026:11:36:47 -0700] "GET /sitemaps/.env HTTP/1.1" 404 100615 "-" "Mozilla/5.0 (Windows NT 10.0; Win64; x64) AppleWebKit/537.36 (KHTML, like Gecko) Chrome/131.0.0.0 Safari/537.36"
20.104.49.130 - - [02/Sep/2026:11:36:48 -0700] "GET /php.php HTTP/1.1" 404 100511 "-" "-"
185.19.40.62 - - [02/Sep/2026:11:36:49 -0700] "POST //xmlrpc.php HTTP/1.1" 200 401 "-" "Mozilla/5.0 (Windows NT 10.0; Win64; x64) AppleWebKit/537.36 (KHTML, like Gecko) Chrome/78.0.3904.108 Safari/537.36"
223.109.252.198 - - [02/Sep/2026:11:36:48 -0700] "GET /parents.cfm HTTP/1.1" 404 100543 "-" "Sogou web spider/4.0(+http://www.sogou.com/docs/help/webmasters.htm#07)"
34.92.176.191 - - [02/Sep/2026:11:36:48 -0700] "GET /sitemaps/.env HTTP/1.1" 404 100567 "-" "Mozilla/5.0 (X11; Linux x86_64) AppleWebKit/537.36 (KHTML, like Gecko) Chrome/131.0.0.0 Safari/537.36"
20.104.49.130 - - [02/Sep/2026:11:36:49 -0700] "GET /browse.php HTTP/1.1" 404 100535 "-" "-"
34.92.176.191 - - [02/Sep/2026:11:36:49 -0700] "GET /.env.backup1 HTTP/1.1" 404 100599 "-" "Mozilla/5.0 (Windows NT 10.0; Win64; x64) AppleWebKit/537.36 (KHTML, like Gecko) Chrome/131.0.0.0 Safari/537.36"
185.19.40.62 - - [02/Sep/2026:11:36:50 -0700] "POST //xmlrpc.php HTTP/1.1" 200 401 "-" "Mozilla/5.0 (Windows NT 10.0; Win64; x64) AppleWebKit/537.36 (KHTML, like Gecko) Chrome/78.0.3904.108 Safari/537.36"
20.104.49.130 - - [02/Sep/2026:11:36:50 -0700] "GET /pepe.php HTTP/1.1" 404 100519 "-" "-"
34.92.176.191 - - [02/Sep/2026:11:36:50 -0700] "GET /.env.backup1 HTTP/1.1" 404 100551 "-" "Mozilla/5.0 (X11; Linux x86_64) AppleWebKit/537.36 (KHTML, like Gecko) Chrome/131.0.0.0 Safari/537.36"
20.104.49.130 - - [02/Sep/2026:11:36:51 -0700] "GET /babu.php HTTP/1.1" 404 100519 "-" "-"
34.92.176.191 - - [02/Sep/2026:11:36:51 -0700] "GET /.env.backup2 HTTP/1.1" 404 100599 "-" "Mozilla/5.0 (Windows NT 10.0; Win64; x64) AppleWebKit/537.36 (KHTML, like Gecko) Chrome/131.0.0.0 Safari/537.36"
20.104.49.130 - - [02/Sep/2026:11:36:51 -0700] "GET /b.php HTTP/1.1" 404 100495 "-" "-"
34.92.176.191 - - [02/Sep/2026:11:36:52 -0700] "GET /.env.backup2 HTTP/1.1" 404 100551 "-" "Mozilla/5.0 (X11; Linux x86_64) AppleWebKit/537.36 (KHTML, like Gecko) Chrome/131.0.0.0 Safari/537.36"
20.104.49.130 - - [02/Sep/2026:11:36:52 -0700] "GET /d2.php HTTP/1.1" 404 100503 "-" "-"
34.92.176.191 - - [02/Sep/2026:11:36:52 -0700] "GET /logs/.env HTTP/1.1" 404 100583 "-" "Mozilla/5.0 (Windows NT 10.0; Win64; x64) AppleWebKit/537.36 (KHTML, like Gecko) Chrome/131.0.0.0 Safari/537.36"
20.104.49.130 - - [02/Sep/2026:11:36:53 -0700] "GET /makeasmtp.php HTTP/1.1" 404 100559 "-" "-"
34.92.176.191 - - [02/Sep/2026:11:36:53 -0700] "GET /logs/.env HTTP/1.1" 404 100535 "-" "Mozilla/5.0 (X11; Linux x86_64) AppleWebKit/537.36 (KHTML, like Gecko) Chrome/131.0.0.0 Safari/537.36"
20.104.49.130 - - [02/Sep/2026:11:36:54 -0700] "GET /d12.php HTTP/1.1" 404 100511 "-" "-"
34.92.176.191 - - [02/Sep/2026:11:36:54 -0700] "GET /cache/.env HTTP/1.1" 404 100591 "-" "Mozilla/5.0 (Windows NT 10.0; Win64; x64) AppleWebKit/537.36 (KHTML, like Gecko) Chrome/131.0.0.0 Safari/537.36"
20.104.49.130 - - [02/Sep/2026:11:36:54 -0700] "GET /palsy.php HTTP/1.1" 404 100527 "-" "-"
34.92.176.191 - - [02/Sep/2026:11:36:55 -0700] "GET /cache/.env HTTP/1.1" 404 100543 "-" "Mozilla/5.0 (X11; Linux x86_64) AppleWebKit/537.36 (KHTML, like Gecko) Chrome/131.0.0.0 Safari/537.36"
20.104.49.130 - - [02/Sep/2026:11:36:55 -0700] "GET /Njima.php HTTP/1.1" 404 100527 "-" "-"
34.92.176.191 - - [02/Sep/2026:11:36:55 -0700] "GET /mailer/.env HTTP/1.1" 404 100599 "-" "Mozilla/5.0 (Windows NT 10.0; Win64; x64) AppleWebKit/537.36 (KHTML, like Gecko) Chrome/131.0.0.0 Safari/537.36"
20.104.49.130 - - [02/Sep/2026:11:36:56 -0700] "GET /ms-users.php HTTP/1.1" 404 100551 "-" "-"
34.92.176.191 - - [02/Sep/2026:11:36:56 -0700] "GET /mailer/.env HTTP/1.1" 404 100551 "-" "Mozilla/5.0 (X11; Linux x86_64) AppleWebKit/537.36 (KHTML, like Gecko) Chrome/131.0.0.0 Safari/537.36"
34.92.176.191 - - [02/Sep/2026:11:36:57 -0700] "GET /mail/.env HTTP/1.1" 404 100583 "-" "Mozilla/5.0 (Windows NT 10.0; Win64; x64) AppleWebKit/537.36 (KHTML, like Gecko) Chrome/131.0.0.0 Safari/537.36"
20.104.49.130 - - [02/Sep/2026:11:36:57 -0700] "GET /7.php HTTP/1.1" 404 100495 "-" "-"
20.104.49.130 - - [02/Sep/2026:11:36:58 -0700] "GET /file25.php HTTP/1.1" 404 100535 "-" "-"
34.92.176.191 - - [02/Sep/2026:11:36:58 -0700] "GET /mail/.env HTTP/1.1" 404 100535 "-" "Mozilla/5.0 (X11; Linux x86_64) AppleWebKit/537.36 (KHTML, like Gecko) Chrome/131.0.0.0 Safari/537.36"
34.92.176.191 - - [02/Sep/2026:11:36:58 -0700] "GET /email/.env HTTP/1.1" 404 100591 "-" "Mozilla/5.0 (Windows NT 10.0; Win64; x64) AppleWebKit/537.36 (KHTML, like Gecko) Chrome/131.0.0.0 Safari/537.36"
20.104.49.130 - - [02/Sep/2026:11:36:59 -0700] "GET /geju.php HTTP/1.1" 404 100519 "-" "-"
20.104.49.130 - - [02/Sep/2026:11:36:59 -0700] "GET /mailchimp.php HTTP/1.1" 404 100559 "-" "-"
34.92.176.191 - - [02/Sep/2026:11:36:59 -0700] "GET /email/.env HTTP/1.1" 404 100543 "-" "Mozilla/5.0 (X11; Linux x86_64) AppleWebKit/537.36 (KHTML, like Gecko) Chrome/131.0.0.0 Safari/537.36"
34.92.176.191 - - [02/Sep/2026:11:37:00 -0700] "GET /smtp/.env HTTP/1.1" 404 100583 "-" "Mozilla/5.0 (Windows NT 10.0; Win64; x64) AppleWebKit/537.36 (KHTML, like Gecko) Chrome/131.0.0.0 Safari/537.36"
20.104.49.130 - - [02/Sep/2026:11:37:00 -0700] "GET /bnm.php HTTP/1.1" 404 100511 "-" "-"
20.104.49.130 - - [02/Sep/2026:11:37:01 -0700] "GET /indo.php HTTP/1.1" 404 100519 "-" "-"
34.92.176.191 - - [02/Sep/2026:11:37:01 -0700] "GET /smtp/.env HTTP/1.1" 404 100535 "-" "Mozilla/5.0 (X11; Linux x86_64) AppleWebKit/537.36 (KHTML, like Gecko) Chrome/131.0.0.0 Safari/537.36"
34.92.176.191 - - [02/Sep/2026:11:37:01 -0700] "GET /mailing/.env HTTP/1.1" 404 100607 "-" "Mozilla/5.0 (Windows NT 10.0; Win64; x64) AppleWebKit/537.36 (KHTML, like Gecko) Chrome/131.0.0.0 Safari/537.36"
20.104.49.130 - - [02/Sep/2026:11:37:02 -0700] "GET /faq.php HTTP/1.1" 404 100511 "-" "-"
114.119.148.184 - - [02/Sep/2026:11:37:02 -0700] "GET /membership HTTP/1.1" 301 - "https://usaigc.com/membership" "Mozilla/5.0 (Linux; Android 7.0;) AppleWebKit/537.36 (HTML, like Gecko) Mobile Safari/537.36 (compatible; PetalBot;+https://webmaster.petalsearch.com/site/petalbot)"
20.104.49.130 - - [02/Sep/2026:11:37:02 -0700] "GET /gecko-new.php HTTP/1.1" 404 100559 "-" "-"
34.92.176.191 - - [02/Sep/2026:11:37:02 -0700] "GET /mailing/.env HTTP/1.1" 404 100559 "-" "Mozilla/5.0 (X11; Linux x86_64) AppleWebKit/537.36 (KHTML, like Gecko) Chrome/131.0.0.0 Safari/537.36"
114.119.148.184 - - [02/Sep/2026:11:37:03 -0700] "GET /membership/ HTTP/1.1" 200 121242 "https://usaigc.com/membership" "Mozilla/5.0 (Linux; Android 7.0;) AppleWebKit/537.36 (HTML, like Gecko) Mobile Safari/537.36 (compatible; PetalBot;+https://webmaster.petalsearch.com/site/petalbot)"
20.104.49.130 - - [02/Sep/2026:11:37:03 -0700] "GET /1.php HTTP/1.1" 404 100495 "-" "-"
34.92.176.191 - - [02/Sep/2026:11:37:03 -0700] "GET /notifications/.env HTTP/1.1" 404 100655 "-" "Mozilla/5.0 (Windows NT 10.0; Win64; x64) AppleWebKit/537.36 (KHTML, like Gecko) Chrome/131.0.0.0 Safari/537.36"
20.104.49.130 - - [02/Sep/2026:11:37:04 -0700] "GET /lx.php HTTP/1.1" 404 100503 "-" "-"
34.92.176.191 - - [02/Sep/2026:11:37:04 -0700] "GET /notifications/.env HTTP/1.1" 404 100607 "-" "Mozilla/5.0 (X11; Linux x86_64) AppleWebKit/537.36 (KHTML, like Gecko) Chrome/131.0.0.0 Safari/537.36"
34.92.176.191 - - [02/Sep/2026:11:37:04 -0700] "GET /notify/.env HTTP/1.1" 404 100599 "-" "Mozilla/5.0 (Windows NT 10.0; Win64; x64) AppleWebKit/537.36 (KHTML, like Gecko) Chrome/131.0.0.0 Safari/537.36"
20.104.49.130 - - [02/Sep/2026:11:37:05 -0700] "GET /payment.php HTTP/1.1" 404 100543 "-" "-"
34.92.176.191 - - [02/Sep/2026:11:37:05 -0700] "GET /notify/.env HTTP/1.1" 404 100551 "-" "Mozilla/5.0 (X11; Linux x86_64) AppleWebKit/537.36 (KHTML, like Gecko) Chrome/131.0.0.0 Safari/537.36"
20.104.49.130 - - [02/Sep/2026:11:37:06 -0700] "GET /hanna1337.php HTTP/1.1" 404 100559 "-" "-"
34.92.176.191 - - [02/Sep/2026:11:37:06 -0700] "GET /sender/.env HTTP/1.1" 404 100599 "-" "Mozilla/5.0 (Windows NT 10.0; Win64; x64) AppleWebKit/537.36 (KHTML, like Gecko) Chrome/131.0.0.0 Safari/537.36"
20.104.49.130 - - [02/Sep/2026:11:37:06 -0700] "GET /cu.php HTTP/1.1" 404 100503 "-" "-"
34.92.176.191 - - [02/Sep/2026:11:37:06 -0700] "GET /sender/.env HTTP/1.1" 404 100551 "-" "Mozilla/5.0 (X11; Linux x86_64) AppleWebKit/537.36 (KHTML, like Gecko) Chrome/131.0.0.0 Safari/537.36"
20.104.49.130 - - [02/Sep/2026:11:37:07 -0700] "GET /gk.php HTTP/1.1" 404 100503 "-" "-"
34.92.176.191 - - [02/Sep/2026:11:37:07 -0700] "GET /campaign/.env HTTP/1.1" 404 100615 "-" "Mozilla/5.0 (Windows NT 10.0; Win64; x64) AppleWebKit/537.36 (KHTML, like Gecko) Chrome/131.0.0.0 Safari/537.36"
20.104.49.130 - - [02/Sep/2026:11:37:08 -0700] "GET /site2.php HTTP/1.1" 404 100527 "-" "-"
34.92.176.191 - - [02/Sep/2026:11:37:08 -0700] "GET /campaign/.env HTTP/1.1" 404 100567 "-" "Mozilla/5.0 (X11; Linux x86_64) AppleWebKit/537.36 (KHTML, like Gecko) Chrome/131.0.0.0 Safari/537.36"
20.104.49.130 - - [02/Sep/2026:11:37:09 -0700] "GET /ecvvhlei.php HTTP/1.1" 404 100551 "-" "-"
34.92.176.191 - - [02/Sep/2026:11:37:09 -0700] "GET /newsletter/.env HTTP/1.1" 404 100631 "-" "Mozilla/5.0 (Windows NT 10.0; Win64; x64) AppleWebKit/537.36 (KHTML, like Gecko) Chrome/131.0.0.0 Safari/537.36"
34.92.176.191 - - [02/Sep/2026:11:37:09 -0700] "GET /newsletter/.env HTTP/1.1" 404 100583 "-" "Mozilla/5.0 (X11; Linux x86_64) AppleWebKit/537.36 (KHTML, like Gecko) Chrome/131.0.0.0 Safari/537.36"
34.92.176.191 - - [02/Sep/2026:11:37:10 -0700] "GET /ses/.env HTTP/1.1" 404 100575 "-" "Mozilla/5.0 (Windows NT 10.0; Win64; x64) AppleWebKit/537.36 (KHTML, like Gecko) Chrome/131.0.0.0 Safari/537.36"
216.244.66.236 - - [02/Sep/2026:11:37:11 -0700] "GET /athlete_form.cfm?CFID=7262295b-9163-46a9-bb8c-daa0d2117b7b&CFTOKEN=0 HTTP/1.1" 301 - "-" "Mozilla/5.0 (compatible; DotBot/1.2; +https://opensiteexplorer.org/dotbot; help@moz.com)"
34.92.176.191 - - [02/Sep/2026:11:37:11 -0700] "GET /ses/.env HTTP/1.1" 404 100527 "-" "Mozilla/5.0 (X11; Linux x86_64) AppleWebKit/537.36 (KHTML, like Gecko) Chrome/131.0.0.0 Safari/537.36"
20.104.49.130 - - [02/Sep/2026:11:37:11 -0700] "GET /reop3.php HTTP/1.1" 404 100527 "-" "-"
34.92.176.191 - - [02/Sep/2026:11:37:11 -0700] "GET /sendgrid/.env HTTP/1.1" 404 100615 "-" "Mozilla/5.0 (Windows NT 10.0; Win64; x64) AppleWebKit/537.36 (KHTML, like Gecko) Chrome/131.0.0.0 Safari/537.36"
20.104.49.130 - - [02/Sep/2026:11:37:12 -0700] "GET /special.php HTTP/1.1" 404 100543 "-" "-"
34.92.176.191 - - [02/Sep/2026:11:37:12 -0700] "GET /sendgrid/.env HTTP/1.1" 404 100567 "-" "Mozilla/5.0 (X11; Linux x86_64) AppleWebKit/537.36 (KHTML, like Gecko) Chrome/131.0.0.0 Safari/537.36"
20.104.49.130 - - [02/Sep/2026:11:37:13 -0700] "GET /arig.php HTTP/1.1" 404 100519 "-" "-"
34.92.176.191 - - [02/Sep/2026:11:37:13 -0700] "GET /sparkpost/.env HTTP/1.1" 404 100623 "-" "Mozilla/5.0 (Windows NT 10.0; Win64; x64) AppleWebKit/537.36 (KHTML, like Gecko) Chrome/131.0.0.0 Safari/537.36"
20.104.49.130 - - [02/Sep/2026:11:37:14 -0700] "GET /phprelease.php HTTP/1.1" 404 100567 "-" "-"
34.92.176.191 - - [02/Sep/2026:11:37:13 -0700] "GET /sparkpost/.env HTTP/1.1" 404 100575 "-" "Mozilla/5.0 (X11; Linux x86_64) AppleWebKit/537.36 (KHTML, like Gecko) Chrome/131.0.0.0 Safari/537.36"
20.104.49.130 - - [02/Sep/2026:11:37:14 -0700] "GET /SDsadqwrf.php HTTP/1.1" 404 100559 "-" "-"
34.92.176.191 - - [02/Sep/2026:11:37:14 -0700] "GET /postmark/.env HTTP/1.1" 404 100615 "-" "Mozilla/5.0 (Windows NT 10.0; Win64; x64) AppleWebKit/537.36 (KHTML, like Gecko) Chrome/131.0.0.0 Safari/537.36"
20.104.49.130 - - [02/Sep/2026:11:37:15 -0700] "GET /acp.php HTTP/1.1" 404 100511 "-" "-"
34.92.176.191 - - [02/Sep/2026:11:37:15 -0700] "GET /postmark/.env HTTP/1.1" 404 100567 "-" "Mozilla/5.0 (X11; Linux x86_64) AppleWebKit/537.36 (KHTML, like Gecko) Chrome/131.0.0.0 Safari/537.36"
20.104.49.130 - - [02/Sep/2026:11:37:15 -0700] "GET /aafewc0k.php HTTP/1.1" 404 100551 "-" "-"
34.92.176.191 - - [02/Sep/2026:11:37:15 -0700] "GET /mailgun/.env HTTP/1.1" 404 100607 "-" "Mozilla/5.0 (Windows NT 10.0; Win64; x64) AppleWebKit/537.36 (KHTML, like Gecko) Chrome/131.0.0.0 Safari/537.36"
20.104.49.130 - - [02/Sep/2026:11:37:16 -0700] "GET /berlin.php HTTP/1.1" 404 100535 "-" "-"
34.92.176.191 - - [02/Sep/2026:11:37:16 -0700] "GET /mailgun/.env HTTP/1.1" 404 100559 "-" "Mozilla/5.0 (X11; Linux x86_64) AppleWebKit/537.36 (KHTML, like Gecko) Chrome/131.0.0.0 Safari/537.36"
20.104.49.130 - - [02/Sep/2026:11:37:17 -0700] "GET /9.php HTTP/1.1" 404 100495 "-" "-"
34.92.176.191 - - [02/Sep/2026:11:37:17 -0700] "GET /mandrill/.env HTTP/1.1" 404 100615 "-" "Mozilla/5.0 (Windows NT 10.0; Win64; x64) AppleWebKit/537.36 (KHTML, like Gecko) Chrome/131.0.0.0 Safari/537.36"
34.92.176.191 - - [02/Sep/2026:11:37:17 -0700] "GET /mandrill/.env HTTP/1.1" 404 100567 "-" "Mozilla/5.0 (X11; Linux x86_64) AppleWebKit/537.36 (KHTML, like Gecko) Chrome/131.0.0.0 Safari/537.36"
20.104.49.130 - - [02/Sep/2026:11:37:18 -0700] "GET /3.php HTTP/1.1" 404 100495 "-" "-"
34.92.176.191 - - [02/Sep/2026:11:37:18 -0700] "GET /mailjet/.env HTTP/1.1" 404 100607 "-" "Mozilla/5.0 (Windows NT 10.0; Win64; x64) AppleWebKit/537.36 (KHTML, like Gecko) Chrome/131.0.0.0 Safari/537.36"
34.92.176.191 - - [02/Sep/2026:11:37:19 -0700] "GET /mailjet/.env HTTP/1.1" 404 100559 "-" "Mozilla/5.0 (X11; Linux x86_64) AppleWebKit/537.36 (KHTML, like Gecko) Chrome/131.0.0.0 Safari/537.36"
34.92.176.191 - - [02/Sep/2026:11:37:20 -0700] "GET /brevo/.env HTTP/1.1" 404 100591 "-" "Mozilla/5.0 (Windows NT 10.0; Win64; x64) AppleWebKit/537.36 (KHTML, like Gecko) Chrome/131.0.0.0 Safari/537.36"
173.231.200.77 - - [02/Sep/2026:11:37:21 -0700] "POST /wp-cron.php?doing_wp_cron=1788374241.0346429347991943359375 HTTP/1.1" 200 - "-" "WordPress/7.1; https://usaigc.com"
34.92.176.191 - - [02/Sep/2026:11:37:20 -0700] "GET /brevo/.env HTTP/1.1" 404 100543 "-" "Mozilla/5.0 (X11; Linux x86_64) AppleWebKit/537.36 (KHTML, like Gecko) Chrome/131.0.0.0 Safari/537.36"
34.92.176.191 - - [02/Sep/2026:11:37:21 -0700] "GET /transactional/.env HTTP/1.1" 404 100655 "-" "Mozilla/5.0 (Windows NT 10.0; Win64; x64) AppleWebKit/537.36 (KHTML, like Gecko) Chrome/131.0.0.0 Safari/537.36"
34.92.176.191 - - [02/Sep/2026:11:37:21 -0700] "GET /transactional/.env HTTP/1.1" 404 100607 "-" "Mozilla/5.0 (X11; Linux x86_64) AppleWebKit/537.36 (KHTML, like Gecko) Chrome/131.0.0.0 Safari/537.36"
34.92.176.191 - - [02/Sep/2026:11:37:22 -0700] "GET /bulk/.env HTTP/1.1" 404 100583 "-" "Mozilla/5.0 (Windows NT 10.0; Win64; x64) AppleWebKit/537.36 (KHTML, like Gecko) Chrome/131.0.0.0 Safari/537.36"
34.92.176.191 - - [02/Sep/2026:11:37:23 -0700] "GET /bulk/.env HTTP/1.1" 404 100535 "-" "Mozilla/5.0 (X11; Linux x86_64) AppleWebKit/537.36 (KHTML, like Gecko) Chrome/131.0.0.0 Safari/537.36"
34.92.176.191 - - [02/Sep/2026:11:37:24 -0700] "GET /aws/.env HTTP/1.1" 404 100575 "-" "Mozilla/5.0 (Windows NT 10.0; Win64; x64) AppleWebKit/537.36 (KHTML, like Gecko) Chrome/131.0.0.0 Safari/537.36"
34.92.176.191 - - [02/Sep/2026:11:37:24 -0700] "GET /aws/.env HTTP/1.1" 404 100527 "-" "Mozilla/5.0 (X11; Linux x86_64) AppleWebKit/537.36 (KHTML, like Gecko) Chrome/131.0.0.0 Safari/537.36"
34.92.176.191 - - [02/Sep/2026:11:37:25 -0700] "GET /azure/.env HTTP/1.1" 404 100591 "-" "Mozilla/5.0 (Windows NT 10.0; Win64; x64) AppleWebKit/537.36 (KHTML, like Gecko) Chrome/131.0.0.0 Safari/537.36"
34.92.176.191 - - [02/Sep/2026:11:37:25 -0700] "GET /azure/.env HTTP/1.1" 404 100543 "-" "Mozilla/5.0 (X11; Linux x86_64) AppleWebKit/537.36 (KHTML, like Gecko) Chrome/131.0.0.0 Safari/537.36"
34.92.176.191 - - [02/Sep/2026:11:37:26 -0700] "GET /gcp/.env HTTP/1.1" 404 100575 "-" "Mozilla/5.0 (Windows NT 10.0; Win64; x64) AppleWebKit/537.36 (KHTML, like Gecko) Chrome/131.0.0.0 Safari/537.36"
34.92.176.191 - - [02/Sep/2026:11:37:27 -0700] "GET /gcp/.env HTTP/1.1" 404 100527 "-" "Mozilla/5.0 (X11; Linux x86_64) AppleWebKit/537.36 (KHTML, like Gecko) Chrome/131.0.0.0 Safari/537.36"
34.92.176.191 - - [02/Sep/2026:11:37:28 -0700] "GET /cloud/.env HTTP/1.1" 404 100591 "-" "Mozilla/5.0 (Windows NT 10.0; Win64; x64) AppleWebKit/537.36 (KHTML, like Gecko) Chrome/131.0.0.0 Safari/537.36"
34.92.176.191 - - [02/Sep/2026:11:37:28 -0700] "GET /cloud/.env HTTP/1.1" 404 100543 "-" "Mozilla/5.0 (X11; Linux x86_64) AppleWebKit/537.36 (KHTML, like Gecko) Chrome/131.0.0.0 Safari/537.36"
34.92.176.191 - - [02/Sep/2026:11:37:29 -0700] "GET /infrastructure/.env HTTP/1.1" 404 100663 "-" "Mozilla/5.0 (Windows NT 10.0; Win64; x64) AppleWebKit/537.36 (KHTML, like Gecko) Chrome/131.0.0.0 Safari/537.36"
34.92.176.191 - - [02/Sep/2026:11:37:30 -0700] "GET /infrastructure/.env HTTP/1.1" 404 100615 "-" "Mozilla/5.0 (X11; Linux x86_64) AppleWebKit/537.36 (KHTML, like Gecko) Chrome/131.0.0.0 Safari/537.36"
34.92.176.191 - - [02/Sep/2026:11:37:31 -0700] "GET /docker/.env HTTP/1.1" 404 100599 "-" "Mozilla/5.0 (Windows NT 10.0; Win64; x64) AppleWebKit/537.36 (KHTML, like Gecko) Chrome/131.0.0.0 Safari/537.36"
34.92.176.191 - - [02/Sep/2026:11:37:31 -0700] "GET /docker/.env HTTP/1.1" 404 100551 "-" "Mozilla/5.0 (X11; Linux x86_64) AppleWebKit/537.36 (KHTML, like Gecko) Chrome/131.0.0.0 Safari/537.36"
34.92.176.191 - - [02/Sep/2026:11:37:32 -0700] "GET /k8s/.env HTTP/1.1" 404 100575 "-" "Mozilla/5.0 (Windows NT 10.0; Win64; x64) AppleWebKit/537.36 (KHTML, like Gecko) Chrome/131.0.0.0 Safari/537.36"
34.92.176.191 - - [02/Sep/2026:11:37:33 -0700] "GET /k8s/.env HTTP/1.1" 404 100527 "-" "Mozilla/5.0 (X11; Linux x86_64) AppleWebKit/537.36 (KHTML, like Gecko) Chrome/131.0.0.0 Safari/537.36"
34.92.176.191 - - [02/Sep/2026:11:37:33 -0700] "GET /kubernetes/.env HTTP/1.1" 404 100631 "-" "Mozilla/5.0 (Windows NT 10.0; Win64; x64) AppleWebKit/537.36 (KHTML, like Gecko) Chrome/131.0.0.0 Safari/537.36"
34.92.176.191 - - [02/Sep/2026:11:37:34 -0700] "GET /kubernetes/.env HTTP/1.1" 404 100583 "-" "Mozilla/5.0 (X11; Linux x86_64) AppleWebKit/537.36 (KHTML, like Gecko) Chrome/131.0.0.0 Safari/537.36"
34.92.176.191 - - [02/Sep/2026:11:37:35 -0700] "GET /terraform/.env HTTP/1.1" 404 100623 "-" "Mozilla/5.0 (Windows NT 10.0; Win64; x64) AppleWebKit/537.36 (KHTML, like Gecko) Chrome/131.0.0.0 Safari/537.36"
34.92.176.191 - - [02/Sep/2026:11:37:36 -0700] "GET /terraform/.env HTTP/1.1" 404 100575 "-" "Mozilla/5.0 (X11; Linux x86_64) AppleWebKit/537.36 (KHTML, like Gecko) Chrome/131.0.0.0 Safari/537.36"
34.92.176.191 - - [02/Sep/2026:11:37:36 -0700] "GET /ansible/.env HTTP/1.1" 404 100607 "-" "Mozilla/5.0 (Windows NT 10.0; Win64; x64) AppleWebKit/537.36 (KHTML, like Gecko) Chrome/131.0.0.0 Safari/537.36"
34.92.176.191 - - [02/Sep/2026:11:37:37 -0700] "GET /ansible/.env HTTP/1.1" 404 100559 "-" "Mozilla/5.0 (X11; Linux x86_64) AppleWebKit/537.36 (KHTML, like Gecko) Chrome/131.0.0.0 Safari/537.36"
216.244.66.236 - - [02/Sep/2026:11:37:38 -0700] "GET /athlete_form.cfm?CFID=72690c5d-7013-45e6-a2a0-e48353925e2c&CFTOKEN=0 HTTP/1.1" 301 - "-" "Mozilla/5.0 (compatible; DotBot/1.2; +https://opensiteexplorer.org/dotbot; help@moz.com)"
34.92.176.191 - - [02/Sep/2026:11:37:38 -0700] "GET /.git/.env HTTP/1.1" 404 100583 "-" "Mozilla/5.0 (Windows NT 10.0; Win64; x64) AppleWebKit/537.36 (KHTML, like Gecko) Chrome/131.0.0.0 Safari/537.36"
34.92.176.191 - - [02/Sep/2026:11:37:38 -0700] "GET /.git/.env HTTP/1.1" 404 100535 "-" "Mozilla/5.0 (X11; Linux x86_64) AppleWebKit/537.36 (KHTML, like Gecko) Chrome/131.0.0.0 Safari/537.36"
34.92.176.191 - - [02/Sep/2026:11:37:39 -0700] "GET /ci/.env HTTP/1.1" 404 100567 "-" "Mozilla/5.0 (Windows NT 10.0; Win64; x64) AppleWebKit/537.36 (KHTML, like Gecko) Chrome/131.0.0.0 Safari/537.36"
34.92.176.191 - - [02/Sep/2026:11:37:40 -0700] "GET /ci/.env HTTP/1.1" 404 100519 "-" "Mozilla/5.0 (X11; Linux x86_64) AppleWebKit/537.36 (KHTML, like Gecko) Chrome/131.0.0.0 Safari/537.36"
34.92.176.191 - - [02/Sep/2026:11:37:41 -0700] "GET /cd/.env HTTP/1.1" 404 100567 "-" "Mozilla/5.0 (Windows NT 10.0; Win64; x64) AppleWebKit/537.36 (KHTML, like Gecko) Chrome/131.0.0.0 Safari/537.36"
34.92.176.191 - - [02/Sep/2026:11:37:41 -0700] "GET /cd/.env HTTP/1.1" 404 100519 "-" "Mozilla/5.0 (X11; Linux x86_64) AppleWebKit/537.36 (KHTML, like Gecko) Chrome/131.0.0.0 Safari/537.36"
34.92.176.191 - - [02/Sep/2026:11:37:42 -0700] "GET /jenkins/.env HTTP/1.1" 404 100607 "-" "Mozilla/5.0 (Windows NT 10.0; Win64; x64) AppleWebKit/537.36 (KHTML, like Gecko) Chrome/131.0.0.0 Safari/537.36"
34.92.176.191 - - [02/Sep/2026:11:37:43 -0700] "GET /jenkins/.env HTTP/1.1" 404 100559 "-" "Mozilla/5.0 (X11; Linux x86_64) AppleWebKit/537.36 (KHTML, like Gecko) Chrome/131.0.0.0 Safari/537.36"
34.92.176.191 - - [02/Sep/2026:11:37:44 -0700] "GET /gitlab/.env HTTP/1.1" 404 100599 "-" "Mozilla/5.0 (Windows NT 10.0; Win64; x64) AppleWebKit/537.36 (KHTML, like Gecko) Chrome/131.0.0.0 Safari/537.36"
34.92.176.191 - - [02/Sep/2026:11:37:44 -0700] "GET /gitlab/.env HTTP/1.1" 404 100551 "-" "Mozilla/5.0 (X11; Linux x86_64) AppleWebKit/537.36 (KHTML, like Gecko) Chrome/131.0.0.0 Safari/537.36"
